-- Table structure for table `ab_languages`
--

CREATE TABLE `ab_languages` (
  `language_id` int(11) NOT NULL AUTO_INCREMENT,
  `name` varchar(32) COLLATE utf8_bin NOT NULL DEFAULT '',
  `code` varchar(5) COLLATE utf8_bin NOT NULL,
  `locale` varchar(255) COLLATE utf8_bin NOT NULL,
  `image` varchar(255) COLLATE utf8_bin NOT NULL,
  `directory` varchar(32) COLLATE utf8_bin NOT NULL DEFAULT '',
  `filename` varchar(64) COLLATE utf8_bin NOT NULL DEFAULT '',
  `sort_order` int(3) NOT NULL DEFAULT '0',
  `status` int(1) NOT NULL,
  PRIMARY KEY (`language_id`),
  KEY `name` (`name`)
) ENGINE=MyISAM AUTO_INCREMENT=11 DEFAULT CHARSET=utf8 COLLATE=utf8_bin;

--
-- Dumping data for table `ab_languages`
--

INSERT INTO `ab_languages` (`language_id`, `name`, `code`, `locale`, `image`, `directory`, `filename`, `sort_order`, `status`) VALUES (1,'English','en','en_US.UTF-8,en_US,en-gb,english','','english','english',1,1),(9,'Español','es','es_ES.UTF-8,es_ES,spanish','','spanish','spanish',2,1),(10,'indonesia','IDN','ID','','ID','ID',1,1);

--
-- Table structure for table `ab_layouts`
--

CREATE TABLE `ab_layouts` (
  `layout_id` int(10) NOT NULL AUTO_INCREMENT,
  `template_id` varchar(100) NOT NULL,
  `store_id` int(11) NOT NULL DEFAULT '0',
  `layout_name` varchar(255) NOT NULL DEFAULT '',
  `layout_type` smallint(1) NOT NULL DEFAULT '0',
  `created` timestamp NOT NULL DEFAULT '0000-00-00 00:00:00',
  `updated` timestamp NOT NULL DEFAULT CURRENT_TIMESTAMP ON UPDATE CURRENT_TIMESTAMP,
  PRIMARY KEY (`layout_id`)
) ENGINE=MyISAM AUTO_INCREMENT=19 DEFAULT CHARSET=utf8;

--
-- Dumping data for table `ab_layouts`
--

INSERT INTO `ab_layouts` (`layout_id`, `template_id`, `store_id`, `layout_name`, `layout_type`, `created`, `updated`) VALUES (1,'default',0,'Default Page Layout',0,'2014-01-25 12:13:53','2014-01-25 12:13:53'),(2,'default',0,'Home Page',1,'2014-01-25 12:13:53','2014-01-25 12:13:53'),(4,'default',0,'Product Listing Page',1,'2014-01-25 12:13:53','2014-01-25 12:13:53'),(5,'default',0,'Login Page',1,'2014-01-25 12:13:53','2014-01-25 12:13:53'),(6,'default',0,'Default Product Page',1,'2014-01-25 12:13:53','2014-01-25 12:13:53'),(7,'default',0,'Checkout Pages',1,'2014-01-25 12:13:53','2014-01-25 12:13:53'),(11,'default_html5',0,'Default Page Layout',0,'2014-01-25 12:13:53','2014-01-25 12:13:53'),(12,'default_html5',0,'Home Page',1,'2014-01-25 12:13:53','2014-01-25 12:13:53'),(13,'default_html5',0,'Login Page',1,'2014-01-25 12:13:53','2014-01-25 12:13:53'),(14,'default_html5',0,'Default Product Page',1,'2014-01-25 12:13:53','2014-01-25 12:13:53'),(15,'default_html5',0,'Checkout Pages',1,'2014-01-25 12:13:53','2014-01-25 12:13:53'),(16,'default_html5',0,'Product Listing Page',1,'2014-01-25 12:13:53','2014-01-25 12:13:53'),(17,'default_html5',0,'Maintanance Page',1,'2014-01-25 12:13:53','2014-01-25 12:13:53'),(18,'default_html5',0,'Customer Account Pages',1,'2014-01-25 12:13:53','2014-01-25 12:13:53'),(8,'default',0,'Product: Pro-V Color Hair Solutions Color Preserve Shine Conditioner (product_id=101)',1,'2014-01-25 12:13:53','2014-01-25 12:13:53'),(9,'default',0,'Product: Flora By Gucci Eau Fraiche (product_id=110)',1,'2014-01-25 12:13:53','2014-01-25 12:13:53'),(10,'default',0,'Product: Lancome Slimissime 360 Slimming Activating Concentrate Unisex Treatment (product_id=107)',1,'2014-01-25 12:13:53','2014-01-25 12:13:53');

--
-- Table structure for table `ab_length_class_descriptions`
--

CREATE TABLE `ab_length_class_descriptions` (
  `length_class_id` int(11) NOT NULL,
  `language_id` int(11) NOT NULL,
  `title` varchar(32) COLLATE utf8_bin NOT NULL COMMENT 'translatable',
  `unit` varchar(4) COLLATE utf8_bin NOT NULL COMMENT 'translatable',
  PRIMARY KEY (`length_class_id`,`language_id`)
) ENGINE=MyISAM DEFAULT CHARSET=utf8 COLLATE=utf8_bin;

--
-- Dumping data for table `ab_length_class_descriptions`
--

INSERT INTO `ab_length_class_descriptions` (`length_class_id`, `language_id`, `title`, `unit`) VALUES (1,1,'Centimeter','cm'),(2,1,'Millimeter','mm'),(3,1,'Inch','in'),(1,9,'Centímetro','cm'),(2,9,'Milímetro','mm'),(3,9,'Pulgada','in');

--
-- Table structure for table `ab_length_classes`
--

CREATE TABLE `ab_length_classes` (
  `length_class_id` int(11) NOT NULL AUTO_INCREMENT,
  `value` decimal(15,8) NOT NULL,
  PRIMARY KEY (`length_class_id`)
) ENGINE=MyISAM AUTO_INCREMENT=4 DEFAULT CHARSET=utf8 COLLATE=utf8_bin;

--
-- Dumping data for table `ab_length_classes`
--

INSERT INTO `ab_length_classes` (`length_class_id`, `value`) VALUES (1,1.00000000),(2,10.00000000),(3,0.39370000);

--
-- Table structure for table `ab_locations`
--

CREATE TABLE `ab_locations` (
  `location_id` int(11) NOT NULL AUTO_INCREMENT,
  `name` varchar(32) COLLATE utf8_bin NOT NULL DEFAULT '',
  `description` varchar(255) COLLATE utf8_bin NOT NULL DEFAULT '',
  `date_modified` datetime NOT NULL DEFAULT '0000-00-00 00:00:00',
  `date_added` datetime NOT NULL DEFAULT '0000-00-00 00:00:00',
  PRIMARY KEY (`location_id`)
) ENGINE=MyISAM AUTO_INCREMENT=2 DEFAULT CHARSET=utf8 COLLATE=utf8_bin;

--
-- Dumping data for table `ab_locations`
--

INSERT INTO `ab_locations` (`location_id`, `name`, `description`, `date_modified`, `date_added`) VALUES (1,'USA','All States','0000-00-00 00:00:00','2014-01-25 12:13:53');

--
-- Table structure for table `ab_manufacturers`
--

CREATE TABLE `ab_manufacturers` (
  `manufacturer_id` int(11) NOT NULL AUTO_INCREMENT,
  `name` varchar(64) COLLATE utf8_bin NOT NULL DEFAULT '',
  `sort_order` int(3) NOT NULL,
  PRIMARY KEY (`manufacturer_id`)
) ENGINE=MyISAM AUTO_INCREMENT=21 DEFAULT CHARSET=utf8 COLLATE=utf8_bin;

--
-- Dumping data for table `ab_manufacturers`
--

INSERT INTO `ab_manufacturers` (`manufacturer_id`, `name`, `sort_order`) VALUES (14,'Bvlgari',0),(13,'Calvin Klein',0),(12,'Benefit',0),(11,'M·A·C',0),(15,'Lancôme',0),(16,'Sephora',0),(17,'Pantene',0),(18,'Dove',0),(19,'Giorgio Armani',0),(20,'Gucci',0);

--
-- Table structure for table `ab_manufacturers_to_stores`
--

CREATE TABLE `ab_manufacturers_to_stores` (
  `manufacturer_id` int(11) NOT NULL,
  `store_id` int(11) NOT NULL,
  PRIMARY KEY (`manufacturer_id`,`store_id`)
) ENGINE=MyISAM DEFAULT CHARSET=utf8 COLLATE=utf8_bin;

--
-- Dumping data for table `ab_manufacturers_to_stores`
--

INSERT INTO `ab_manufacturers_to_stores` (`manufacturer_id`, `store_id`) VALUES (11,0),(12,0),(13,0),(14,0),(15,0),(16,0),(17,0),(18,0),(19,0),(20,0);

--
-- Table structure for table `ab_messages`
--

CREATE TABLE `ab_messages` (
  `msg_id` int(11) NOT NULL AUTO_INCREMENT,
  `title` varchar(128) COLLATE utf8_bin NOT NULL DEFAULT '',
  `message` text COLLATE utf8_bin NOT NULL,
  `status` char(1) COLLATE utf8_bin NOT NULL DEFAULT '',
  `update_date` timestamp NOT NULL DEFAULT CURRENT_TIMESTAMP ON UPDATE CURRENT_TIMESTAMP,
  `create_date` timestamp NOT NULL DEFAULT '0000-00-00 00:00:00',
  `viewed` int(11) NOT NULL DEFAULT '0',
  `repeated` int(11) NOT NULL DEFAULT '0',
  PRIMARY KEY (`msg_id`)
) ENGINE=MyISAM DEFAULT CHARSET=utf8 COLLATE=utf8_bin;

--
-- Dumping data for table `ab_messages`
--


--
-- Table structure for table `ab_order_downloads`
--

CREATE TABLE `ab_order_downloads` (
  `order_download_id` int(11) NOT NULL AUTO_INCREMENT,
  `order_id` int(11) NOT NULL,
  `order_product_id` int(11) NOT NULL,
  `name` varchar(64) COLLATE utf8_bin NOT NULL DEFAULT '',
  `filename` varchar(128) COLLATE utf8_bin NOT NULL DEFAULT '',
  `mask` varchar(128) COLLATE utf8_bin NOT NULL DEFAULT '',
  `remaining` int(3) NOT NULL DEFAULT '0',
  PRIMARY KEY (`order_download_id`)
) ENGINE=MyISAM DEFAULT CHARSET=utf8 COLLATE=utf8_bin;

--
-- Dumping data for table `ab_order_downloads`
--


--
-- Table structure for table `ab_order_history`
--

CREATE TABLE `ab_order_history` (
  `order_history_id` int(11) NOT NULL AUTO_INCREMENT,
  `order_id` int(11) NOT NULL,
  `order_status_id` int(5) NOT NULL,
  `notify` int(1) NOT NULL DEFAULT '0',
  `comment` text COLLATE utf8_bin NOT NULL,
  `date_added` datetime NOT NULL DEFAULT '0000-00-00 00:00:00',
  PRIMARY KEY (`order_history_id`)
) ENGINE=MyISAM AUTO_INCREMENT=14 DEFAULT CHARSET=utf8 COLLATE=utf8_bin;

--
-- Dumping data for table `ab_order_history`
--

INSERT INTO `ab_order_history` (`order_history_id`, `order_id`, `order_status_id`, `notify`, `comment`, `date_added`) VALUES (1,1,1,1,'','0000-00-00 00:00:00'),(2,2,1,1,'','2013-09-07 04:02:31'),(3,3,1,1,'','2013-09-07 04:41:25'),(4,4,1,1,'','2013-09-07 04:51:07'),(5,5,1,1,'','2013-09-07 05:20:22'),(6,6,1,1,'','2013-09-07 05:21:56'),(7,7,1,1,'','2013-09-07 05:24:11'),(8,8,1,1,'','2013-09-07 05:36:21'),(9,9,1,1,'','2013-09-07 05:37:20'),(10,10,1,1,'','2013-09-07 05:39:30'),(11,11,1,1,'','2013-09-07 05:40:03'),(12,12,1,1,'','2012-03-15 10:04:06'),(13,13,1,1,'','2012-03-15 10:05:40');

--
-- Table structure for table `ab_order_options`
--

CREATE TABLE `ab_order_options` (
  `order_option_id` int(11) NOT NULL AUTO_INCREMENT,
  `order_id` int(11) NOT NULL,
  `order_product_id` int(11) NOT NULL,
  `product_option_value_id` int(11) NOT NULL DEFAULT '0',
  `name` varchar(255) COLLATE utf8_bin NOT NULL,
  `value` text COLLATE utf8_bin NOT NULL,
  `price` decimal(15,4) NOT NULL DEFAULT '0.0000',
  `prefix` char(1) COLLATE utf8_bin NOT NULL DEFAULT '',
  PRIMARY KEY (`order_option_id`)
) ENGINE=MyISAM AUTO_INCREMENT=26 DEFAULT CHARSET=utf8 COLLATE=utf8_bin;

--
-- Dumping data for table `ab_order_options`
--

INSERT INTO `ab_order_options` (`order_option_id`, `order_id`, `order_product_id`, `product_option_value_id`, `name`, `value`, `price`, `prefix`) VALUES (1,1,2,588,'Memory','8GB',99.0000,'+'),(2,2,7,684,'Color','brown',10.0000,'+'),(3,3,9,651,'Size','33.8 oz',49.0000,'+'),(4,3,10,650,'Size','8 oz',19.0000,'+'),(5,3,15,646,'Color','Brown',20.0000,'-'),(6,4,16,613,'Color','Mandarin Sky',29.5000,'+'),(7,4,18,664,'Fragrance Size','3.4 oz',84.0000,'+'),(8,4,19,673,'Fragrance Size','6.7 oz',92.0000,'+'),(9,4,21,661,'Fragrance Size','150ml',45.0000,'+'),(10,5,23,627,'Color','Jade Fever',48.0000,'+'),(11,5,24,626,'Color','Gris Fatale',48.0000,'+'),(12,5,25,622,'Color','Shirelle',15.0000,'+'),(13,5,26,619,'Color','Lacewood',27.0000,'+'),(14,5,27,657,'Color','Light Bisque',30.5000,'+'),(15,5,30,651,'Size','33.8 oz',49.0000,'+'),(16,6,31,666,'Size','30 ml',30.0000,'+'),(17,7,33,649,'Fragrance Size','1.7 oz',88.0000,'+'),(18,7,34,660,'Fragrance Size','100ml',37.0000,'+'),(19,8,35,646,'Color','Brown',20.0000,'-'),(20,8,36,681,'Color','beige',10.0000,'+'),(21,12,45,721,'Size','Eau de Toilette',78.5000,'$'),(22,12,45,1,'Gift Wrapping','1',78.5000,'$'),(23,12,47,738,'Size','30ml',90.0000,'$'),(24,13,49,713,'Size','1.7 oz',72.0000,'$'),(25,13,49,1,'Gift Wrapping','1',72.0000,'$');

--
-- Table structure for table `ab_order_products`
--

CREATE TABLE `ab_order_products` (
  `order_product_id` int(11) NOT NULL AUTO_INCREMENT,
  `order_id` int(11) NOT NULL,
  `product_id` int(11) NOT NULL,
  `name` varchar(255) COLLATE utf8_bin NOT NULL,
  `model` varchar(24) COLLATE utf8_bin NOT NULL,
  `price` decimal(15,4) NOT NULL DEFAULT '0.0000',
  `total` decimal(15,4) NOT NULL DEFAULT '0.0000',
  `tax` decimal(15,4) NOT NULL DEFAULT '0.0000',
  `quantity` int(4) NOT NULL DEFAULT '0',
  `subtract` int(1) NOT NULL DEFAULT '0',
  PRIMARY KEY (`order_product_id`)
) ENGINE=MyISAM AUTO_INCREMENT=50 DEFAULT CHARSET=utf8 COLLATE=utf8_bin;

--
-- Dumping data for table `ab_order_products`
--

INSERT INTO `ab_order_products` (`order_product_id`, `order_id`, `product_id`, `name`, `model`, `price`, `total`, `tax`, `quantity`, `subtract`) VALUES (1,1,46,'Sony VAIO','Product 19',1000.0000,1000.0000,0.0000,1,0),(2,1,36,'iPod Nano','Product 9',100.0000,100.0000,0.0000,1,0),(3,1,42,'Apple Cinema 30&quot;','Product 15',100.0000,100.0000,0.0000,1,0),(4,2,48,'iPod Classic','product 20',100.0000,100.0000,0.0000,1,0),(5,2,41,'iMac','Product 14',500.0000,500.0000,0.0000,1,0),(6,2,97,'Eye Rejuvenating Serum','GRMBC004',126.0000,126.0000,8.5000,1,0),(7,2,100,'Smooth silk lip pencils','GRMBC007',10.0000,40.0000,8.5000,4,0),(8,2,93,'Creme Precieuse Nuit 50ml','BVLG003',220.0000,220.0000,8.5000,1,0),(9,3,69,'Seaweed Conditioner','SCND001',49.0000,49.0000,0.0000,1,0),(10,3,69,'Seaweed Conditioner','SCND001',19.0000,19.0000,0.0000,1,0),(11,3,77,'Men+Care Active Clean Shower Tool','DMBW0014',6.0000,6.0000,0.0000,1,0),(12,3,98,'Shaving cream','GRMBC005',98.0000,98.0000,0.0000,1,0),(13,3,62,'ck one shock for him Deodorant','601232',14.0000,14.0000,0.0000,1,0),(14,3,66,'Total Moisture Facial Cream','556240',38.0000,38.0000,0.0000,1,0),(15,3,54,'L\'EXTRÊME Instant Extensions Lengthening Mascara','74144',20.0000,20.0000,0.0000,1,0),(16,4,57,'Delicate Oil-Free Powder Blush','117148',29.5000,29.5000,8.5000,1,0),(17,4,67,'Flash Bronzer Body Gel','463686',29.0000,29.0000,8.5000,1,0),(18,4,80,'Acqua Di Gio Pour Homme','GRM001',84.0000,84.0000,8.5000,1,0),(19,4,89,'Secret Obsession Perfume','CK0012',92.0000,92.0000,8.5000,1,0),(20,4,75,'Dove Men +Care Body Wash','DMBW0012',6.7000,6.7000,8.5000,1,0),(21,4,78,'ck IN2U Eau De Toilette Spray for Him','Cl0001',45.0000,45.0000,8.5000,1,0),(22,5,97,'Eye Rejuvenating Serum','GRMBC004',126.0000,126.0000,8.5000,1,0),(23,5,61,'Color Design Eye Brightening All in One 5 Shadow &amp; Liner Palette','529071',48.0000,48.0000,8.5000,1,0),(24,5,61,'Color Design Eye Brightening All in One 5 Shadow &amp; Liner Palette','529071',48.0000,96.0000,8.5000,2,0),(25,5,60,'Nail Lacquer','112423',15.0000,15.0000,8.5000,1,0),(26,5,55,'LE ROUGE ABSOLU Reshaping &amp; Replenishing LipColour SPF 15','tw152236',27.0000,27.0000,8.5000,1,0),(27,5,56,'Waterproof Protective Undereye Concealer','35190',30.5000,30.5000,8.5000,1,0),(28,5,51,'BeneFit Girl Meets Pearl','483857',19.0000,19.0000,8.5000,1,0),(29,5,93,'Creme Precieuse Nuit 50ml','BVLG003',220.0000,220.0000,8.5000,1,0),(30,5,69,'Seaweed Conditioner','SCND001',49.0000,49.0000,8.5000,1,0),(31,6,84,'Armani Code Pour Femme','GRM005',30.0000,30.0000,8.5000,1,0),(32,6,92,'Body Cream by Bulgari','BVLG002',57.0000,171.0000,8.5000,3,0),(33,7,63,'Pour Homme Eau de Toilette','374622',88.0000,88.0000,8.5000,1,0),(34,7,78,'ck IN2U Eau De Toilette Spray for Him','Cl0001',37.0000,74.0000,8.5000,2,0),(35,8,54,'L\'EXTRÊME Instant Extensions Lengthening Mascara','74144',20.0000,20.0000,0.0000,1,0),(36,8,100,'Smooth silk lip pencils','GRMBC007',10.0000,40.0000,0.0000,4,0),(37,9,94,'Night Care Crema Nera Obsidian Mineral Complex','GRMBC001',263.0000,263.0000,0.0000,1,0),(38,9,67,'Flash Bronzer Body Gel','463686',29.0000,29.0000,0.0000,1,0),(39,9,91,'Jasmin Noir Body Lotion 6.8 fl oz','BVLG001',29.0000,58.0000,0.0000,2,0),(40,10,72,'Brunette expressions Conditioner','PCND002',24.0000,24.0000,8.5000,1,0),(41,10,81,'Armani Eau de Toilette Spray ','GRM002',61.0000,61.0000,8.5000,1,0),(42,10,88,'ck one Summer 3.4 oz','CK0011',27.0000,27.0000,8.5000,1,0),(43,10,70,'Eau Parfumee au The Vert Shampoo','522823',31.0000,31.0000,8.5000,1,0),(44,11,51,'BeneFit Girl Meets Pearl','483857',19.0000,19.0000,0.0000,1,0),(45,12,105,'Bvlgari Aqua','PRF00273',78.5000,78.5000,0.0000,1,0),(46,12,65,'Absolue Eye Precious Cells','427847',105.0000,105.0000,8.5000,1,0),(47,12,110,'Flora By Gucci Eau Fraiche','PRF00278',90.0000,270.0000,8.5000,3,0),(48,12,95,'Skin Minerals For Men Cleansing Cream','GRMBC002',104.0000,0.0000,8.5000,0,0),(49,13,104,'Calvin Klein Obsession For Women EDP Spray','PRF00271',72.0000,576.0000,8.5000,8,0);

--
-- Table structure for table `ab_order_statuses`
--

CREATE TABLE `ab_order_statuses` (
  `order_status_id` int(11) NOT NULL,
  `language_id` int(11) NOT NULL,
  `name` varchar(32) COLLATE utf8_bin NOT NULL COMMENT 'translatable',
  PRIMARY KEY (`order_status_id`,`language_id`)
) ENGINE=MyISAM DEFAULT CHARSET=utf8 COLLATE=utf8_bin;

--
-- Dumping data for table `ab_order_statuses`
--

INSERT INTO `ab_order_statuses` (`order_status_id`, `language_id`, `name`) VALUES (1,1,'Pending'),(2,1,'Processing'),(3,1,'Shipped'),(7,1,'Canceled'),(5,1,'Complete'),(8,1,'Denied'),(9,1,'Canceled Reversal'),(10,1,'Failed'),(11,1,'Refunded'),(12,1,'Reversed'),(13,1,'Chargeback'),(1,9,'Pendiente'),(2,9,'Tratamiento'),(3,9,'Enviado'),(7,9,'Cancelado'),(5,9,'Completo'),(8,9,'Denegado'),(9,9,'Reversión cancelado'),(10,9,'Fracasado'),(11,9,'Devuelto'),(12,9,'Invertido'),(13,9,'Devolución de cargo');

--
-- Table structure for table `ab_order_totals`
--

CREATE TABLE `ab_order_totals` (
  `order_total_id` int(10) NOT NULL AUTO_INCREMENT,
  `order_id` int(11) NOT NULL,
  `title` varchar(255) COLLATE utf8_bin NOT NULL DEFAULT '',
  `text` varchar(255) COLLATE utf8_bin NOT NULL DEFAULT '',
  `value` decimal(15,4) NOT NULL DEFAULT '0.0000',
  `sort_order` int(3) NOT NULL,
  `type` varchar(255) COLLATE utf8_bin NOT NULL DEFAULT '',
  PRIMARY KEY (`order_total_id`),
  KEY `idx_orders_total_orders_id` (`order_id`)
) ENGINE=MyISAM AUTO_INCREMENT=43 DEFAULT CHARSET=utf8 COLLATE=utf8_bin;

--
-- Dumping data for table `ab_order_totals`
--

INSERT INTO `ab_order_totals` (`order_total_id`, `order_id`, `title`, `text`, `value`, `sort_order`, `type`) VALUES (1,1,'Sub-Total:','?1,583.44',1583.4400,1,'subtotal'),(2,1,'Flat Shipping Rate:','?2.00',2.0000,3,'shipping'),(3,1,'Total:','?1,585.44',1585.4400,6,'total'),(4,2,'Sub-Total:','$386.00',386.0000,1,'subtotal'),(5,2,'Retail 8.5%:','$32.81',32.8100,5,'tax'),(6,2,'Total:','$418.81',418.8100,6,'total'),(7,3,'Sub-Total:','$244.00',244.0000,1,'subtotal'),(8,3,'Flat Shipping Rate:','$2.00',2.0000,3,'shipping'),(9,3,'Total:','$246.00',246.0000,6,'total'),(10,4,'Sub-Total:','$286.20',286.2000,1,'subtotal'),(11,4,'Retail 8.5%:','$24.33',24.3270,5,'tax'),(12,4,'Total:','$310.53',310.5270,6,'total'),(13,5,'Sub-Total:','$630.50',630.5000,1,'subtotal'),(14,5,'Flat Shipping Rate:','$2.00',2.0000,3,'shipping'),(15,5,'Retail 8.5%:','$53.59',53.5925,5,'tax'),(16,5,'Total:','$686.09',686.0925,6,'total'),(17,6,'Sub-Total:','$201.00',201.0000,1,'subtotal'),(18,6,'Retail 8.5%:','$17.09',17.0850,5,'tax'),(19,6,'Total:','$218.09',218.0850,6,'total'),(20,7,'Sub-Total:','$162.00',162.0000,1,'subtotal'),(21,7,'Retail 8.5%:','$13.77',13.7700,5,'tax'),(22,7,'Total:','$175.77',175.7700,6,'total'),(23,8,'Sub-Total:','$60.00',60.0000,1,'subtotal'),(24,8,'Flat Shipping Rate:','$2.00',2.0000,3,'shipping'),(25,8,'Total:','$62.00',62.0000,6,'total'),(26,9,'Sub-Total:','$350.00',350.0000,1,'subtotal'),(27,9,'Flat Shipping Rate:','$2.00',2.0000,3,'shipping'),(28,9,'Total:','$352.00',352.0000,6,'total'),(29,10,'Sub-Total:','$143.00',143.0000,1,'subtotal'),(30,10,'Retail 8.5%:','$12.16',12.1550,5,'tax'),(31,10,'Total:','$155.16',155.1550,6,'total'),(32,11,'Sub-Total:','$19.00',19.0000,1,'subtotal'),(33,11,'Flat Shipping Rate:','$2.00',2.0000,3,'shipping'),(34,11,'Total:','$21.00',21.0000,6,'total'),(35,12,'Sub-Total:','£289.42',453.5000,1,'subtotal'),(36,12,'Flat Shipping Rate:','£1.28',2.0000,3,'shipping'),(37,12,'Retail 8.5%:','£20.34',31.8750,5,'tax'),(38,12,'Total:','£311.04',487.3750,6,'total'),(39,13,'Sub-Total:','£367.60',576.0000,1,'subtotal'),(40,13,'Flat Shipping Rate:','£1.28',2.0000,3,'shipping'),(41,13,'Retail 8.5%:','£31.25',48.9600,5,'tax'),(42,13,'Total:','£400.13',626.9600,6,'total');

--
-- Table structure for table `ab_orders`
--

CREATE TABLE `ab_orders` (
  `order_id` int(11) NOT NULL AUTO_INCREMENT,
  `invoice_id` int(11) NOT NULL DEFAULT '0',
  `invoice_prefix` varchar(10) COLLATE utf8_bin NOT NULL,
  `store_id` int(11) NOT NULL DEFAULT '0',
  `store_name` varchar(64) COLLATE utf8_bin NOT NULL,
  `store_url` varchar(255) COLLATE utf8_bin NOT NULL,
  `customer_id` int(11) NOT NULL DEFAULT '0',
  `customer_group_id` int(11) NOT NULL DEFAULT '0',
  `firstname` varchar(32) COLLATE utf8_bin NOT NULL DEFAULT '',
  `lastname` varchar(32) COLLATE utf8_bin NOT NULL,
  `telephone` varchar(32) COLLATE utf8_bin NOT NULL DEFAULT '',
  `fax` varchar(32) COLLATE utf8_bin NOT NULL DEFAULT '',
  `email` varchar(96) COLLATE utf8_bin NOT NULL DEFAULT '',
  `shipping_firstname` varchar(32) COLLATE utf8_bin NOT NULL,
  `shipping_lastname` varchar(32) COLLATE utf8_bin NOT NULL DEFAULT '',
  `shipping_company` varchar(32) COLLATE utf8_bin NOT NULL,
  `shipping_address_1` varchar(128) COLLATE utf8_bin NOT NULL,
  `shipping_address_2` varchar(128) COLLATE utf8_bin NOT NULL,
  `shipping_city` varchar(128) COLLATE utf8_bin NOT NULL,
  `shipping_postcode` varchar(10) COLLATE utf8_bin NOT NULL DEFAULT '',
  `shipping_zone` varchar(128) COLLATE utf8_bin NOT NULL,
  `shipping_zone_id` int(11) NOT NULL,
  `shipping_country` varchar(128) COLLATE utf8_bin NOT NULL,
  `shipping_country_id` int(11) NOT NULL,
  `shipping_address_format` text COLLATE utf8_bin NOT NULL,
  `shipping_method` varchar(128) COLLATE utf8_bin NOT NULL DEFAULT '',
  `payment_firstname` varchar(32) COLLATE utf8_bin NOT NULL DEFAULT '',
  `payment_lastname` varchar(32) COLLATE utf8_bin NOT NULL DEFAULT '',
  `payment_company` varchar(32) COLLATE utf8_bin NOT NULL,
  `payment_address_1` varchar(128) COLLATE utf8_bin NOT NULL,
  `payment_address_2` varchar(128) COLLATE utf8_bin NOT NULL,
  `payment_city` varchar(128) COLLATE utf8_bin NOT NULL,
  `payment_postcode` varchar(10) COLLATE utf8_bin NOT NULL DEFAULT '',
  `payment_zone` varchar(128) COLLATE utf8_bin NOT NULL,
  `payment_zone_id` int(11) NOT NULL,
  `payment_country` varchar(128) COLLATE utf8_bin NOT NULL,
  `payment_country_id` int(11) NOT NULL,
  `payment_address_format` text COLLATE utf8_bin NOT NULL,
  `payment_method` varchar(128) COLLATE utf8_bin NOT NULL DEFAULT '',
  `comment` text COLLATE utf8_bin NOT NULL,
  `total` decimal(15,4) NOT NULL DEFAULT '0.0000',
  `order_status_id` int(11) NOT NULL DEFAULT '0',
  `language_id` int(11) NOT NULL,
  `currency_id` int(11) NOT NULL,
  `currency` varchar(3) COLLATE utf8_bin NOT NULL,
  `value` decimal(15,8) NOT NULL,
  `coupon_id` int(11) NOT NULL,
  `date_modified` datetime NOT NULL DEFAULT '0000-00-00 00:00:00',
  `date_added` datetime NOT NULL DEFAULT '0000-00-00 00:00:00',
  `ip` varchar(15) COLLATE utf8_bin NOT NULL DEFAULT '',
  `payment_method_data` text COLLATE utf8_bin NOT NULL,
  PRIMARY KEY (`order_id`)
) ENGINE=MyISAM AUTO_INCREMENT=14 DEFAULT CHARSET=utf8 COLLATE=utf8_bin;

--
-- Dumping data for table `ab_orders`
--

INSERT INTO `ab_orders` (`order_id`, `invoice_id`, `invoice_prefix`, `store_id`, `store_name`, `store_url`, `customer_id`, `customer_group_id`, `firstname`, `lastname`, `telephone`, `fax`, `email`, `shipping_firstname`, `shipping_lastname`, `shipping_company`, `shipping_address_1`, `shipping_address_2`, `shipping_city`, `shipping_postcode`, `shipping_zone`, `shipping_zone_id`, `shipping_country`, `shipping_country_id`, `shipping_address_format`, `shipping_method`, `payment_firstname`, `payment_lastname`, `payment_company`, `payment_address_1`, `payment_address_2`, `payment_city`, `payment_postcode`, `payment_zone`, `payment_zone_id`, `payment_country`, `payment_country_id`, `payment_address_format`, `payment_method`, `comment`, `total`, `order_status_id`, `language_id`, `currency_id`, `currency`, `value`, `coupon_id`, `date_modified`, `date_added`, `ip`, `payment_method_data`) VALUES (1,0,'',0,'Your Store','http://localhost/',1,8,'fdsfdsf','czx','(092) 222-2222','','demo@abantecart.com','fdsfdsf','czx','','addresss','','testing','55555','Maryland',3643,'United States',223,'{firstname} {lastname} {company} {address_1} {address_2} {city}, {zone} {postcode} {country}','Flat Shipping Rate','fdsfdsf','czx','','addresss','','testing','55555','Maryland',3643,'United States',223,'{firstname} {lastname} {company} {address_1} {address_2} {city}, {zone} {postcode} {country}','Cash On Delivery','',1585.4400,1,1,1,'GBP',1.00000000,0,'0000-00-00 00:00:00','0000-00-00 00:00:00','127.0.0.1',''),(2,0,'',0,'Web Store Name','http://abantecart/public_html/',11,8,'Anthony','Blair','+1 907-842-2240','','anthonyblair@abantecart.com','','','','','','','','',0,'',0,'','','Anthony','Blair','','104 Main Street','','Dillingham','','North Dakota',3657,'United States',223,'{firstname} {lastname}\r\n{company}\r\n{address_1}\r\n{address_2}\r\n{city}, {zone} {postcode}\r\n{country}','Cash On Delivery','',418.8100,1,1,1,'USD',1.00000000,0,'2014-01-25 12:13:53','2014-01-25 12:13:53','109.104.166.98',''),(3,0,'',0,'Web Store Name','http://abantecart/public_html/',5,8,'Gloria','Macias','+1 418-461-2440','','gloriamacias@abantecart.com','Gloria','Macias','','Camille Marcoux 15','','Blanc-Sablon','1569','Nunavut',609,'Canada',38,'','Flat Shipping Rate','Gloria','Macias','','Camille Marcoux 15','','Blanc-Sablon','1569','Nunavut',609,'Canada',38,'','Cash On Delivery','Please ASAP',246.0000,1,1,1,'USD',1.00000000,0,'2014-01-25 12:13:53','2014-01-25 12:13:53','109.104.166.98',''),(4,0,'',0,'Web Store Name','http://abantecart/public_html/',5,8,'Gloria','Macias','+1 418-461-2440','','gloriamacias@abantecart.com','','','','','','','','',0,'',0,'','','Gloria','Macias','','Camille Marcoux 15','','Blanc-Sablon','1569','Nunavut',609,'Canada',38,'','Cash On Delivery','',310.5270,1,1,1,'USD',1.00000000,0,'2014-01-25 12:13:53','2014-01-25 12:13:53','109.104.166.98',''),(5,0,'',0,'Web Store Name','http://abantecart/public_html/',3,8,'Keely','Mccoy','+44 1324 483784 ','','keelymccoy@abantecart.com','Keely','Mccoy','','4842 Amet','','Grangemouth','','Gloucestershire',3552,'United Kingdom',222,'','Flat Shipping Rate','Keely','Mccoy','','4842 Amet','','Grangemouth','','Gloucestershire',3552,'United Kingdom',222,'','Cash On Delivery','',686.0925,1,1,1,'USD',1.00000000,0,'2014-01-25 12:13:53','2014-01-25 12:13:53','109.104.166.98',''),(6,0,'',0,'Web Store Name','http://abantecart/public_html/',2,8,'Juliana','Davis','+44 1688 308321','','julidavis@abantecart.com','','','','','','','','',0,'',0,'','','Juliana','Davis','','Highlands and Islands PA75 6QE','','Isle of Mull','','Highlands',3559,'United Kingdom',222,'','Cash On Delivery','Bulgari',218.0850,1,1,1,'USD',1.00000000,0,'2014-01-25 12:13:53','2014-01-25 12:13:53','109.104.166.98',''),(7,0,'',0,'Web Store Name','http://abantecart/public_html/',9,8,'Carlos','Compton','+1 867-874-22391','','carloscmpton@abantecart.com','','','','','','','','',0,'',0,'','','Carlos','Compton','','31 Capital Drive','','Hay River','','Nova Scotia',608,'Canada',38,'','Cash On Delivery','',175.7700,1,1,1,'USD',1.00000000,0,'2014-01-25 12:13:53','2014-01-25 12:13:53','109.104.166.98',''),(8,0,'',0,'Web Store Name','http://abantecart/public_html/',8,8,'Bruce','Rosarini','+1 807-346-10763','','brucerosarini@abantecart.com','Bruce','Rosarini','','61 Cumberland ST','','Thunder Bay','','Minnesota',3646,'United States',223,'{firstname} {lastname}\r\n{company}\r\n{address_1}\r\n{address_2}\r\n{city}, {zone} {postcode}\r\n{country}','Flat Shipping Rate','Bruce','Rosarini','','61 Cumberland ST','','Thunder Bay','','Minnesota',3646,'United States',223,'{firstname} {lastname}\r\n{company}\r\n{address_1}\r\n{address_2}\r\n{city}, {zone} {postcode}\r\n{country}','Cash On Delivery','',62.0000,1,1,1,'USD',1.00000000,0,'2014-01-25 12:13:53','2014-01-25 12:13:53','109.104.166.98',''),(9,0,'',0,'Web Store Name','http://abantecart/public_html/',8,8,'Bruce','Rosarini','+1 807-346-10763','','brucerosarini@abantecart.com','Bruce','Rosarini','','61 Cumberland ST','','Thunder Bay','','Minnesota',3646,'United States',223,'{firstname} {lastname}\r\n{company}\r\n{address_1}\r\n{address_2}\r\n{city}, {zone} {postcode}\r\n{country}','Flat Shipping Rate','Bruce','Rosarini','','61 Cumberland ST','','Thunder Bay','','Minnesota',3646,'United States',223,'{firstname} {lastname}\r\n{company}\r\n{address_1}\r\n{address_2}\r\n{city}, {zone} {postcode}\r\n{country}','Cash On Delivery','',352.0000,1,1,1,'USD',1.00000000,0,'2014-01-25 12:13:53','2014-01-25 12:13:53','109.104.166.98',''),(10,0,'',0,'Web Store Name','http://abantecart/public_html/',12,8,'Allen','Waters','+1 540-985-59700','','allenwaters@abantecart.com','','','','','','','','',0,'',0,'','','Allen','Waters','','110 Shenandoah Avenue','','Roanoke','','Virginia',3673,'United States',223,'{firstname} {lastname}\r\n{company}\r\n{address_1}\r\n{address_2}\r\n{city}, {zone} {postcode}\r\n{country}','Cash On Delivery','',155.1550,1,1,1,'USD',1.00000000,0,'2014-01-25 12:13:53','2014-01-25 12:13:53','109.104.166.98',''),(11,0,'',0,'Web Store Name','http://abantecart/public_html/',12,8,'Allen','Waters','+1 540-985-59700','','allenwaters@abantecart.com','Allen','Waters','','110 Shenandoah Avenue','','Roanoke','','Virginia',3673,'United States',223,'{firstname} {lastname}\r\n{company}\r\n{address_1}\r\n{address_2}\r\n{city}, {zone} {postcode}\r\n{country}','Flat Shipping Rate','Allen','Waters','','110 Shenandoah Avenue','','Roanoke','','Virginia',3673,'United States',223,'{firstname} {lastname}\r\n{company}\r\n{address_1}\r\n{address_2}\r\n{city}, {zone} {postcode}\r\n{country}','Cash On Delivery','',21.0000,1,1,1,'USD',1.00000000,0,'2014-01-25 12:13:53','2014-01-25 12:13:53','109.104.166.98',''),(12,0,'',0,'Web Store Name','http://abantecart/public_html/',11,8,'Anthony','Blair','+1 907-842-2240','','anthonyblair@abantecart.com','Anthony','Blair','','104 Main Street','','Dillingham','','North Dakota',3657,'United States',223,'{firstname} {lastname}\r\n{company}\r\n{address_1}\r\n{address_2}\r\n{city}, {zone} {postcode}\r\n{country}','Flat Shipping Rate','Anthony','Blair','','104 Main Street','','Dillingham','','North Dakota',3657,'United States',223,'{firstname} {lastname}\r\n{company}\r\n{address_1}\r\n{address_2}\r\n{city}, {zone} {postcode}\r\n{country}','Cash On Delivery','',487.3750,2,1,3,'GBP',0.63820000,0,'2014-01-25 12:13:53','2014-01-25 12:13:53','171.98.12.12',''),(13,0,'',0,'Web Store Name','http://abantecart/public_html/',11,8,'Anthony','Blair','+1 907-842-2240','','anthonyblair@abantecart.com','Anthony','Blair','','104 Main Street','','Dillingham','','North Dakota',3657,'United States',223,'{firstname} {lastname}\r\n{company}\r\n{address_1}\r\n{address_2}\r\n{city}, {zone} {postcode}\r\n{country}','Flat Shipping Rate','Anthony','Blair','','104 Main Street','','Dillingham','','North Dakota',3657,'United States',223,'{firstname} {lastname}\r\n{company}\r\n{address_1}\r\n{address_2}\r\n{city}, {zone} {postcode}\r\n{country}','Cash On Delivery','',626.9600,1,1,3,'GBP',0.63820000,0,'2014-01-25 12:13:53','2014-01-25 12:13:53','171.98.12.12','');

--
-- Table structure for table `ab_page_descriptions`
--

CREATE TABLE `ab_page_descriptions` (
  `page_id` int(10) NOT NULL DEFAULT '0',
  `language_id` int(11) NOT NULL,
  `name` varchar(255) NOT NULL COMMENT 'translatable',
  `title` varchar(255) NOT NULL COMMENT 'translatable',
  `seo_url` varchar(100) NOT NULL DEFAULT '',
  `keywords` varchar(255) NOT NULL DEFAULT '' COMMENT 'translatable',
  `description` varchar(255) NOT NULL DEFAULT '' COMMENT 'translatable',
  `content` text COMMENT 'translatable',
  `created` timestamp NOT NULL DEFAULT '0000-00-00 00:00:00',
  `updated` timestamp NOT NULL DEFAULT CURRENT_TIMESTAMP ON UPDATE CURRENT_TIMESTAMP,
  PRIMARY KEY (`page_id`,`language_id`)
) ENGINE=MyISAM DEFAULT CHARSET=utf8;

--
-- Dumping data for table `ab_page_descriptions`
--

INSERT INTO `ab_page_descriptions` (`page_id`, `language_id`, `name`, `title`, `seo_url`, `keywords`, `description`, `content`, `created`, `updated`) VALUES (1,1,'All Other Pages','','','','','','2014-01-25 12:13:53','2014-01-25 12:13:53'),(2,1,'Home Page','','','','','','2014-01-25 12:13:53','2014-01-25 12:13:53'),(3,1,'Checkout Pages','','','','','','2014-01-25 12:13:53','2014-01-25 12:13:53'),(4,1,'Login Page','','','','','','2014-01-25 12:13:53','2014-01-25 12:13:53'),(5,1,'Default Product Page','','','','','','2014-01-25 12:13:53','2014-01-25 12:13:53'),(10,1,'Maintenance Page','','','','','','2014-01-25 12:13:53','2014-01-25 12:13:53'),(11,1,'Customer Account Pages','','','','','','2014-01-25 12:13:53','2014-01-25 12:13:53'),(1,9,'Las demás páginas','','','','','','2014-01-25 12:13:53','2014-01-25 12:13:53'),(2,9,'Página de inicio','','','','','','2014-01-25 12:13:53','2014-01-25 12:13:53'),(3,9,'Pedido Páginas','','','','','','2014-01-25 12:13:53','2014-01-25 12:13:53'),(4,9,'La página de acceso','','','','','','2014-01-25 12:13:53','2014-01-25 12:13:53'),(5,9,'Por defecto la Hoja de Producto','','','','','','2014-01-25 12:13:53','2014-01-25 12:13:53'),(10,9,'Mantenimiento de la página.','','','','','','2014-01-25 12:13:53','2014-01-25 12:13:53'),(11,9,'Cuenta Cliente Páginas','','','','','','2014-01-25 12:13:53','2014-01-25 12:13:53'),(6,1,'Pro-V Color Hair Solutions Color Preserve Shine Conditioner','','','','','','2014-01-25 12:13:53','2014-01-25 12:13:53'),(6,9,'Pro-V Color Hair Solutions Color Preserve Shine Conditioner with Pump','','','','','','2014-01-25 12:13:53','2014-01-25 12:13:53'),(7,1,'Flora By Gucci Eau Fraiche','','','','','','2014-01-25 12:13:53','2014-01-25 12:13:53'),(7,9,'Flora By Gucci Eau Fraiche','','','','','','2014-01-25 12:13:53','2014-01-25 12:13:53'),(8,1,'Lancome Slimissime 360 Slimming Activating Concentrate Unisex Treatment','','','','','','2014-01-25 12:13:53','2014-01-25 12:13:53'),(8,9,'Lancome Slimissime 360 Slimming Activating Concentrate Unisex Treatment','','','','','','2014-01-25 12:13:53','2014-01-25 12:13:53');

--
-- Table structure for table `ab_pages`
--

CREATE TABLE `ab_pages` (
  `page_id` int(10) NOT NULL AUTO_INCREMENT,
  `parent_page_id` int(10) NOT NULL DEFAULT '0',
  `controller` varchar(100) NOT NULL,
  `key_param` varchar(40) NOT NULL DEFAULT '',
  `key_value` varchar(40) NOT NULL DEFAULT '',
  `created` timestamp NOT NULL DEFAULT '0000-00-00 00:00:00',
  `updated` timestamp NOT NULL DEFAULT CURRENT_TIMESTAMP ON UPDATE CURRENT_TIMESTAMP,
  PRIMARY KEY (`page_id`),
  UNIQUE KEY `pages_index` (`page_id`,`controller`,`key_param`,`key_value`)
) ENGINE=MyISAM AUTO_INCREMENT=12 DEFAULT CHARSET=utf8;

--
-- Dumping data for table `ab_pages`
--

INSERT INTO `ab_pages` (`page_id`, `parent_page_id`, `controller`, `key_param`, `key_value`, `created`, `updated`) VALUES (1,0,'generic','','','2014-01-25 12:13:53','2014-01-25 12:13:53'),(2,0,'pages/index/home','','','2014-01-25 12:13:53','2014-01-25 12:13:53'),(3,0,'pages/checkout','','','2014-01-25 12:13:53','2014-01-25 12:13:53'),(4,0,'pages/account/login','','','2014-01-25 12:13:53','2014-01-25 12:13:53'),(5,0,'pages/product/product','','','2014-01-25 12:13:53','2014-01-25 12:13:53'),(10,0,'pages/index/maintenance','','','2014-01-25 12:13:53','2014-01-25 12:13:53'),(11,0,'pages/account','','','2014-01-25 12:13:53','2014-01-25 12:13:53'),(6,0,'pages/product/product','product_id','101','2014-01-25 12:13:53','2014-01-25 12:13:53'),(7,0,'pages/product/product','product_id','110','2014-01-25 12:13:53','2014-01-25 12:13:53'),(8,0,'pages/product/product','product_id','107','2014-01-25 12:13:53','2014-01-25 12:13:53');

--
-- Table structure for table `ab_pages_forms`
--

CREATE TABLE `ab_pages_forms` (
  `page_id` int(10) NOT NULL,
  `form_id` int(10) NOT NULL,
  PRIMARY KEY (`form_id`,`page_id`)
) ENGINE=MyISAM DEFAULT CHARSET=utf8;

--
-- Dumping data for table `ab_pages_forms`
--


--
-- Table structure for table `ab_pages_layouts`
--

CREATE TABLE `ab_pages_layouts` (
  `layout_id` int(10) NOT NULL,
  `page_id` int(10) NOT NULL,
  PRIMARY KEY (`layout_id`,`page_id`)
) ENGINE=MyISAM DEFAULT CHARSET=utf8;

--
-- Dumping data for table `ab_pages_layouts`
--

INSERT INTO `ab_pages_layouts` (`layout_id`, `page_id`) VALUES (1,1),(2,2),(5,4),(6,5),(7,3),(8,6),(9,7),(10,8),(11,1),(12,2),(13,4),(14,5),(15,3),(17,10),(18,11);

--
-- Table structure for table `ab_product_descriptions`
--

CREATE TABLE `ab_product_descriptions` (
  `product_id` int(11) NOT NULL,
  `language_id` int(11) NOT NULL,
  `name` varchar(255) COLLATE utf8_bin NOT NULL COMMENT 'translatable',
  `meta_keywords` varchar(255) COLLATE utf8_bin NOT NULL COMMENT 'translatable',
  `meta_description` varchar(255) COLLATE utf8_bin NOT NULL COMMENT 'translatable',
  `description` text COLLATE utf8_bin NOT NULL COMMENT 'translatable',
  PRIMARY KEY (`product_id`,`language_id`),
  KEY `name` (`name`)
) ENGINE=MyISAM DEFAULT CHARSET=utf8 COLLATE=utf8_bin;

--
-- Dumping data for table `ab_product_descriptions`
--

INSERT INTO `ab_product_descriptions` (`product_id`, `language_id`, `name`, `meta_keywords`, `meta_description`, `description`) VALUES (78,1,'ck IN2U Eau De Toilette Spray for Him','','','&lt;p&gt;\r\n	Fresh but warm; a tension that creates sexiness.Spontaneous - sexy - connectedCK IN2U him is a fresh woody oriental that penetrates with lime gin fizz and rushes into a combination of cool musks that radiate from top to bottom and leaves you wanting more.&lt;/p&gt;\r\n'),(78,9,'ck IN2U Eau De Toilette Spray para él','','','&lt;p&gt;\r\n	Fresca pero cálida, una tensión que crea sexiness.Spontaneous - sexy - connectedCK le IN2U es un oriental amaderado fresco que penetra con gin fizz y la cal se precipita en una combinación de almizcles frescos que irradia desde arriba hacia abajo y te deja con ganas de más.&lt;/p&gt;\r\n'),(79,1,'ck One Gift Set','','','&lt;p&gt;\r\n	2 PC Gift Set includes 3.4 oz EDT Spray + Magnets. Ck One Cologne by Calvin Klein, Two bodies, two minds, and two souls are merged into the heat and passion of one. This erotic cologne combines man and woman with one provocative scent. This clean, refreshing fragrance has notes of bergamot, cardamom, pineapple, papaya, amber, and green tea.&lt;/p&gt;\r\n'),(79,9,'ck One Set de regalo','','','&lt;p&gt;\r\n	2 Gift Set incluye PC 3.4 oz EDT Spray + imanes. CK One de Calvin Klein Colonia, dos cuerpos, dos mentes y dos almas se funden en el calor y la pasión de uno. Esta colonia erótica combina el hombre y la mujer con un aroma provocativo. Esta fragancia limpia y refrescante con notas de bergamota, cardamomo, piña, papaya, naranja, y té verde.&lt;/p&gt;\r\n'),(51,1,'BeneFit Girl Meets Pearl','','','&lt;p&gt;\r\n	Luxurious liquid pearl…the perfect accessory! This soft golden pink liquid pearl glides on for a breathtakingly luminous complexion. Customise your pearlessence with the easy to use twist up package … a few clicks for a subtle sheen, more clicks for a whoa! glow. Pat the luminous liquid over make up or wear alone for dewy lit from within radiance. It\'s pure pearly pleasure. Raspberry and chamomile for soothing. Light reflecting pigments for exquisite radiance. Sweet almond seed for firming and smoothing. Sesame seed oil for moisturising.Fresh red raspberry scent.&lt;/p&gt;\r\n'),(51,9,'BeneFit Girl Meets Pearl','','','&lt;p&gt;\r\n	&lt;span class=&quot;hps&quot;&gt;Este&lt;/span&gt;&lt;span class=&quot;Apple-converted-space&quot;&gt;&amp;nbsp;&lt;/span&gt;&lt;span class=&quot;hps&quot;&gt;oro suave&lt;/span&gt;&lt;span class=&quot;Apple-converted-space&quot;&gt;&amp;nbsp;&lt;/span&gt;&lt;span class=&quot;hps&quot;&gt;de color rosa&lt;/span&gt;&lt;span class=&quot;Apple-converted-space&quot;&gt;&amp;nbsp;&lt;/span&gt;&lt;span class=&quot;hps&quot;&gt;perla&lt;/span&gt;&lt;span class=&quot;Apple-converted-space&quot;&gt;&amp;nbsp;&lt;/span&gt;&lt;span class=&quot;hps&quot;&gt;líquido&lt;/span&gt;&lt;span class=&quot;Apple-converted-space&quot;&gt;&amp;nbsp;&lt;/span&gt;&lt;span class=&quot;hps&quot;&gt;se desliza&lt;/span&gt;&lt;span class=&quot;Apple-converted-space&quot;&gt;&amp;nbsp;&lt;/span&gt;&lt;span class=&quot;hps&quot;&gt;por&lt;/span&gt;&lt;span class=&quot;Apple-converted-space&quot;&gt;&amp;nbsp;&lt;/span&gt;&lt;span class=&quot;hps&quot;&gt;una tez&lt;/span&gt;&lt;span class=&quot;Apple-converted-space&quot;&gt;&amp;nbsp;&lt;/span&gt;&lt;span class=&quot;hps&quot;&gt;increíblemente&lt;/span&gt;&lt;span class=&quot;hps&quot;&gt;luminosa&lt;/span&gt;&lt;span&gt;.&lt;/span&gt;&lt;span class=&quot;Apple-converted-space&quot;&gt;&amp;nbsp;&lt;/span&gt;&lt;span class=&quot;hps&quot;&gt;Giro&lt;/span&gt;&lt;span class=&quot;Apple-converted-space&quot;&gt;&amp;nbsp;&lt;/span&gt;&lt;span class=&quot;hps&quot;&gt;hacia arriba y&lt;/span&gt;&lt;span class=&quot;Apple-converted-space&quot;&gt;&amp;nbsp;&lt;/span&gt;&lt;span class=&quot;hps&quot;&gt;una palmadita en&lt;/span&gt;&lt;span class=&quot;Apple-converted-space&quot;&gt;&amp;nbsp;&lt;/span&gt;&lt;span class=&quot;hps&quot;&gt;más de&lt;/span&gt;&lt;span class=&quot;Apple-converted-space&quot;&gt;&amp;nbsp;&lt;/span&gt;&lt;span class=&quot;hps&quot;&gt;maquillaje o&lt;/span&gt;&lt;span class=&quot;Apple-converted-space&quot;&gt;&amp;nbsp;&lt;/span&gt;&lt;span class=&quot;hps&quot;&gt;llevar&lt;/span&gt;&lt;span class=&quot;Apple-converted-space&quot;&gt;&amp;nbsp;&lt;/span&gt;&lt;span class=&quot;hps&quot;&gt;solo por un&lt;/span&gt;&lt;span class=&quot;Apple-converted-space&quot;&gt;&amp;nbsp;&lt;/span&gt;&lt;span class=&quot;hps&quot;&gt;resplandor&lt;/span&gt;&lt;span class=&quot;Apple-converted-space&quot;&gt;&amp;nbsp;&lt;/span&gt;&lt;span class=&quot;hps&quot;&gt;rocío&lt;/span&gt;&lt;span class=&quot;Apple-converted-space&quot;&gt;&amp;nbsp;&lt;/span&gt;&lt;span class=&quot;hps&quot;&gt;de lujo&lt;/span&gt;&lt;span class=&quot;Apple-converted-space&quot;&gt;&amp;nbsp;&lt;/span&gt;&lt;span class=&quot;hps&quot;&gt;iluminado&lt;/span&gt;&lt;span class=&quot;Apple-converted-space&quot;&gt;&amp;nbsp;&lt;/span&gt;&lt;span class=&quot;hps&quot;&gt;desde adentro&lt;/span&gt;&lt;span&gt;.&lt;/span&gt;&lt;span class=&quot;Apple-converted-space&quot;&gt;&amp;nbsp;&lt;/span&gt;&lt;span class=&quot;hps&quot;&gt;Es un placer&lt;/span&gt;&lt;span class=&quot;Apple-converted-space&quot;&gt;&amp;nbsp;&lt;/span&gt;&lt;span class=&quot;hps&quot;&gt;perla&lt;/span&gt;&lt;span class=&quot;Apple-converted-space&quot;&gt;&amp;nbsp;&lt;/span&gt;&lt;span class=&quot;hps&quot;&gt;pura&lt;/span&gt;&lt;span&gt;!&lt;/span&gt;&lt;/p&gt;\r\n'),(52,1,'Benefit Bella Bamba','','','&lt;p&gt;\r\n	Amplify cheekbones and create the illusion of sculpted features with this 3D watermelon blush. Laced with shimmering gold undertones, bellabamba is taking eye popping pretty to the third dimension…you’ll never use traditional blush again! Tip: For a poreless complexion that pops, sweep bellabamba on cheeks after applying porefessional&lt;/p&gt;\r\n'),(52,9,'Benefit Bella Bamba','','','&lt;p&gt;\r\n	&lt;span class=&quot;hps&quot;&gt;Amplificar&lt;/span&gt;&lt;span class=&quot;Apple-converted-space&quot;&gt;&amp;nbsp;&lt;/span&gt;&lt;span class=&quot;hps&quot;&gt;los pómulos&lt;/span&gt;&lt;span class=&quot;Apple-converted-space&quot;&gt;&amp;nbsp;&lt;/span&gt;&lt;span class=&quot;hps&quot;&gt;y crear la ilusión&lt;/span&gt;&lt;span class=&quot;Apple-converted-space&quot;&gt;&amp;nbsp;&lt;/span&gt;&lt;span class=&quot;hps&quot;&gt;de características&lt;/span&gt;&lt;span class=&quot;Apple-converted-space&quot;&gt;&amp;nbsp;&lt;/span&gt;&lt;span class=&quot;hps&quot;&gt;esculpidas&lt;/span&gt;&lt;span class=&quot;Apple-converted-space&quot;&gt;&amp;nbsp;&lt;/span&gt;&lt;span class=&quot;hps&quot;&gt;con esta&lt;/span&gt;&lt;span class=&quot;hps&quot;&gt;vista&lt;/span&gt;&lt;span class=&quot;Apple-converted-space&quot;&gt;&amp;nbsp;&lt;/span&gt;&lt;span class=&quot;hps&quot;&gt;3D&lt;/span&gt;&lt;span class=&quot;Apple-converted-space&quot;&gt;&amp;nbsp;&lt;/span&gt;&lt;span class=&quot;hps&quot;&gt;de sandía&lt;/span&gt;&lt;span&gt;.&lt;/span&gt;&lt;span class=&quot;Apple-converted-space&quot;&gt;&amp;nbsp;&lt;/span&gt;&lt;span class=&quot;hps&quot;&gt;Mezclada con&lt;/span&gt;&lt;span class=&quot;Apple-converted-space&quot;&gt;&amp;nbsp;&lt;/span&gt;&lt;span class=&quot;hps&quot;&gt;tintes&lt;/span&gt;&lt;span class=&quot;Apple-converted-space&quot;&gt;&amp;nbsp;&lt;/span&gt;&lt;span class=&quot;hps&quot;&gt;de oro brillante&lt;/span&gt;&lt;span&gt;,&lt;/span&gt;&lt;span class=&quot;Apple-converted-space&quot;&gt;&amp;nbsp;&lt;/span&gt;&lt;span class=&quot;hps&quot;&gt;bellabamba&lt;/span&gt;&lt;span class=&quot;Apple-converted-space&quot;&gt;&amp;nbsp;&lt;/span&gt;&lt;span class=&quot;hps&quot;&gt;está tomando&lt;/span&gt;&lt;span class=&quot;Apple-converted-space&quot;&gt;&amp;nbsp;&lt;/span&gt;&lt;span class=&quot;hps&quot;&gt;ojo haciendo estallar&lt;/span&gt;&lt;span class=&quot;Apple-converted-space&quot;&gt;&amp;nbsp;&lt;/span&gt;&lt;span class=&quot;hps&quot;&gt;bastante&lt;/span&gt;&lt;span class=&quot;Apple-converted-space&quot;&gt;&amp;nbsp;&lt;/span&gt;&lt;span class=&quot;hps&quot;&gt;a la tercera dimensión&lt;/span&gt;&lt;span class=&quot;Apple-converted-space&quot;&gt;&amp;nbsp;&lt;/span&gt;&lt;span class=&quot;hps&quot;&gt;…&lt;/span&gt;&lt;span class=&quot;Apple-converted-space&quot;&gt;&amp;nbsp;&lt;/span&gt;&lt;span class=&quot;hps&quot;&gt;que nunca uso&lt;/span&gt;&lt;span class=&quot;hps&quot;&gt;vista&lt;/span&gt;&lt;span class=&quot;Apple-converted-space&quot;&gt;&amp;nbsp;&lt;/span&gt;&lt;span class=&quot;hps&quot;&gt;tradicional&lt;/span&gt;&lt;span class=&quot;Apple-converted-space&quot;&gt;&amp;nbsp;&lt;/span&gt;&lt;span class=&quot;hps&quot;&gt;una vez más&lt;/span&gt;&lt;span&gt;!&lt;/span&gt;&lt;span class=&quot;Apple-converted-space&quot;&gt;&amp;nbsp;&lt;/span&gt;&lt;span class=&quot;hps&quot;&gt;Sugerencia: Para obtener&lt;/span&gt;&lt;span class=&quot;Apple-converted-space&quot;&gt;&amp;nbsp;&lt;/span&gt;&lt;span class=&quot;hps&quot;&gt;un cutis&lt;/span&gt;&lt;span class=&quot;Apple-converted-space&quot;&gt;&amp;nbsp;&lt;/span&gt;&lt;span class=&quot;hps&quot;&gt;sin poros&lt;/span&gt;&lt;span class=&quot;Apple-converted-space&quot;&gt;&amp;nbsp;&lt;/span&gt;&lt;span class=&quot;hps&quot;&gt;que aparece&lt;/span&gt;&lt;span&gt;,&lt;/span&gt;&lt;span class=&quot;Apple-converted-space&quot;&gt;&amp;nbsp;&lt;/span&gt;&lt;span class=&quot;hps&quot;&gt;barrido&lt;/span&gt;&lt;span class=&quot;Apple-converted-space&quot;&gt;&amp;nbsp;&lt;/span&gt;&lt;span class=&quot;hps&quot;&gt;bellabamba&lt;/span&gt;&lt;span class=&quot;Apple-converted-space&quot;&gt;&amp;nbsp;&lt;/span&gt;&lt;span class=&quot;hps&quot;&gt;en las mejillas&lt;/span&gt;&lt;span class=&quot;Apple-converted-space&quot;&gt;&amp;nbsp;&lt;/span&gt;&lt;span class=&quot;hps&quot;&gt;después de aplicar&lt;/span&gt;&lt;span class=&quot;Apple-converted-space&quot;&gt;&amp;nbsp;&lt;/span&gt;&lt;span class=&quot;hps&quot;&gt;porefessional&lt;/span&gt;&lt;/p&gt;\r\n'),(53,1,'Tropiques Minerale Loose Bronzer','','','&lt;p&gt;\r\n	Precious earths, exclusively selected for their luxurious silky texture and gentle quality, are layered with mineral pigments in this lightweight powder to mimic the true color of tanned skin. Unique technology with inalterable earths ensures exquisite wear all day. Mineral blend smoothes complexion, while Aloe Vera helps protect skin from dryness.&lt;/p&gt;\r\n'),(53,9,'Tropiques Minerale Loose Bronzer','','','&lt;p&gt;\r\n	Tierras preciosas, exclusivamente seleccionados por su rica textura sedosa y suave calidad, se colocan en capas de pigmentos minerales en este polvo ligero para imitar el verdadero color de la piel bronceada. Tecnología única con tierras inalterable asegura exquisita llevar todo el día. Mezcla mineral suaviza el cutis, mientras que Aloe Vera ayuda a proteger la piel de la sequedad.&lt;br /&gt;\r\n	&amp;nbsp;&lt;/p&gt;\r\n'),(54,1,'L\'EXTRÊME Instant Extensions Lengthening Mascara','','','&lt;p&gt;\r\n	Extend your lashes up to 60% instantly! This exclusive Fibrestretch formula takes even the smallest natural lashes to dramatic lengths. The patented Extreme Lash brush attaches supple fibers to every eyelash for an instant lash extension effect.&lt;/p&gt;\r\n'),(54,9,'L\'EXTRÊME Instant Extensions Lengthening Mascara','','','&lt;p&gt;\r\n	Extender las pestañas hasta un 60% al instante! Esta fórmula exclusiva Fibrestretch lleva hasta el más mínimo natural de las pestañas a las longitudes dramático. El cepillo patentado Lash extrema une las fibras flexibles a cada pestaña para un efecto de latigazo extensión instantánea.&lt;/p&gt;\r\n'),(55,1,'LE ROUGE ABSOLU Reshaping &amp; Replenishing LipColour SPF 15','','','&lt;p&gt;\r\n	Smoother. Fuller. Absolutely replenished lips. This advanced lip color provides 6-hour care with continuous moisture and protective Vitamin E. Features plumping polymer and non-feathering color to define and reshape lips. Choose from an array of absolutely luxurious shades with a lustrous pearl or satin cream finish.&lt;/p&gt;\r\n'),(55,9,'LE ROUGE ABSOLU Reshaping &amp; Replenishing LipColour SPF 15','','','&lt;p&gt;\r\n	Más suave. Fuller. Absolutamente repone los labios. Este color de los labios avanzado proporciona seis horas de cuidado con la humedad continua y protección vitamina E. Características plumping polímero y no de plumas de colores para definir y remodelar los labios. Elija entre una amplia gama de tonos absolutamente de lujo con una perla brillante o acabado satinado crema.&lt;br /&gt;\r\n	&amp;nbsp;&lt;/p&gt;\r\n'),(56,1,'Waterproof Protective Undereye Concealer','','','&lt;p&gt;\r\n	This natural coverage concealer lets you instantly eliminate tell-tale signs of stress and fatigue. Provides complete, natural-looking coverage, evens skin tone, covers dark circles and minimizes fine lines around the eyes. The Result: A soft, matte finish&lt;/p&gt;\r\n'),(56,9,'Waterproof Protective Undereye Concealer','','','&lt;p&gt;\r\n	Este corrector cobertura natural permite eliminar instantáneamente señales indicadoras de estrés y fatiga. Proporciona un completo y de apariencia natural de cobertura, empareja el tono de la piel, cubre las ojeras y reduce las líneas finas alrededor de los ojos. El resultado: un acabado suave y mate&lt;/p&gt;\r\n'),(57,1,'Delicate Oil-Free Powder Blush','','','&lt;p&gt;\r\n	A sparkling shimmer of colour for a radiant glow. Silky soft, micro-bubble formula glides on easily and evenly. Lasts for hours. Oil-free and oil-absorbing, yet moisture-balancing. Perfect for all skin types.&lt;/p&gt;\r\n'),(57,9,'Delicada Oil-Free Powder Blush','','','&lt;p&gt;\r\n	Un brillo resplandeciente de color para un brillo radiante. Suave como la seda, de micro-burbujas se desliza sobre la fórmula fácil y uniforme. Dura por horas. Libre de aceite y el aceite que absorbe, sin embargo, la humedad de equilibrio. Perfecto para todo tipo de piel.&lt;/p&gt;\r\n'),(58,1,'&quot;hello flawless!&quot; custom powder foundation with SPF 15','','','&lt;p&gt;\r\n	There are degrees of cover-up…some like less, some like more! Our blendable powder formula with SPF 15 goes on beautifully sheer &amp;amp; builds easily for customized coverage. Sweep on with the accompanying brush for a sheer, natural finish or apply with the sponge for full coverage or spot cover-up. Our 6 flattering shades (2 light, 2 medium, 2 deep) make it incredibly easy to find your perfect shade. Once gals apply &quot;hello flawless!&quot; they\'ll finally have met their match q!&lt;/p&gt;\r\n'),(58,9,'&quot;hello flawless!&quot; polvo personalizado foundation with SPF 15','','','&lt;p&gt;\r\n	Hay grados de encubrimiento … a algunos les gusta menos, a algunos les gustamás! Nuestra fórmula en polvo con SPF 15 blendable pasa maravillosamentepura y construye fácilmente para una cobertura personalizada. Barrer con el pincelde acompañamiento para un acabado simple, natural o aplicar con la esponjapara una cobertura completa o el punto de encubrimiento. Nuestro hijo de 6 tonoshalagadores (2 luz, 2 medianas y 2 de profundidad) que sea increíblemente fácil de encontrar su tono perfecto. Una vez que se aplican chicas &quot;hola impecable!&quot;que finalmente tendrá encontrado a esa persona!&lt;br /&gt;\r\n	&amp;nbsp;&lt;/p&gt;\r\n'),(59,1,'Viva Glam Lipstick','','','&lt;p&gt;\r\n	Time to wham up the GLAM in VIVA GLAM! It\'s a gaga-glamorous look at our abiding passion: The M·A·C AIDS Fund and the VIVA GLAM program are the heart and soul of M·A·C Cosmetics. Ladies and gentlemen, we give you the sensational Cyndi Lauper and the electric Lady Gaga&lt;/p&gt;\r\n'),(59,9,'Viva Glam Lipstick','','','&lt;p&gt;\r\n	Es hora de Wham el GLAM de VIVA GLAM! Es una mirada gaga-glamoroso en nuestra pasión perdurable: El M · A · C AIDS Fund y el Programa VIVA GLAM son el corazón y el alma de M · A · C Cosmetics. Señoras y señores, le damos la sensacional Cyndi Lauper y los Electric Lady Gaga&lt;/p&gt;\r\n'),(80,1,'Acqua Di Gio Pour Homme','','','&lt;p&gt;\r\n	A resolutely masculine fragrance born from the sea, the sun, the earth, and the breeze of a Mediterranean island. Transparent, aromatic, and woody in nature Aqua Di Gio Pour Homme is a contemporary expression of masculinity, in an aura of marine notes, fruits, herbs, and woods.&lt;/p&gt;\r\n&lt;p&gt;\r\n	Notes:&lt;br /&gt;\r\n	Marine Notes, Mandarin, Bergamot, Neroli, Persimmon, Rosemary, Nasturtium, Jasmine, Amber, Patchouli, Cistus.&lt;br /&gt;\r\n	Style:&lt;br /&gt;\r\n	Transparent, modern, and masculine.&lt;/p&gt;\r\n'),(80,9,'Acqua Di Gio Pour Homme','','','&lt;p&gt;\r\n	Una fragancia decidida masculino nace de la mar, el sol, la tierra, y la brisa de una isla del Mediterráneo. Transparente, aromático y amaderado en la naturaleza de Aqua Di Gio Pour Homme es una expresión contemporánea de la masculinidad, en un aura de notas marinas, frutas, hierbas y maderas.&lt;/p&gt;\r\n&lt;p&gt;\r\n	notas:&lt;br /&gt;\r\n	Notas marinas, mandarina, bergamota, neroli, caqui, romero, capuchina, jazmín, ámbar, pachulí, Cistus.&lt;br /&gt;\r\n	estilo:&lt;br /&gt;\r\n	Moderna transparente, y lo masculino.&lt;/p&gt;\r\n'),(81,1,'Armani Eau de Toilette Spray ','','','&lt;p&gt;\r\n	This confidently masculine embodiment of the sophisticated ease and understated elegance of Giorgio Armani fashions - is a simply tailored, yet intensely sensual combination of sparkling fresh fruits, robust spices, and rich wood notes.&lt;br /&gt;\r\n	Notes:&lt;br /&gt;\r\n	Lime, Bergamot, Mandarin, Sweet Orange, Petitgrain, Cinnamon, Clove, Nutmeg, Jasmine, Neroli, Coriander, Lavender, Oakmoss, Sandalwood, Patchouli, Vetiver, Cedar.&lt;br /&gt;\r\n	Style:&lt;br /&gt;\r\n	Fresh, masculine, and discreet.&lt;/p&gt;\r\n'),(81,9,'Armani Eau de Toilette Spray ','','','&lt;p&gt;\r\n	&lt;span class=&quot;hps&quot;&gt;Esta realización&lt;/span&gt;&lt;span class=&quot;Apple-converted-space&quot;&gt;&amp;nbsp;&lt;/span&gt;&lt;span class=&quot;hps&quot;&gt;confianza&lt;/span&gt;&lt;span class=&quot;Apple-converted-space&quot;&gt;&amp;nbsp;&lt;/span&gt;&lt;span class=&quot;hps&quot;&gt;masculina de&lt;/span&gt;&lt;span class=&quot;Apple-converted-space&quot;&gt;&amp;nbsp;&lt;/span&gt;&lt;span class=&quot;hps&quot;&gt;la facilidad&lt;/span&gt;&lt;span class=&quot;Apple-converted-space&quot;&gt;&amp;nbsp;&lt;/span&gt;&lt;span class=&quot;hps&quot;&gt;sofisticada y&lt;/span&gt;&lt;span class=&quot;Apple-converted-space&quot;&gt;&amp;nbsp;&lt;/span&gt;&lt;span class=&quot;hps&quot;&gt;sobria elegancia de&lt;/span&gt;&lt;span class=&quot;Apple-converted-space&quot;&gt;&amp;nbsp;&lt;/span&gt;&lt;span class=&quot;hps&quot;&gt;Giorgio&lt;/span&gt;&lt;span class=&quot;Apple-converted-space&quot;&gt;&amp;nbsp;&lt;/span&gt;&lt;span class=&quot;hps&quot;&gt;Armani&lt;/span&gt;&lt;span class=&quot;Apple-converted-space&quot;&gt;&amp;nbsp;&lt;/span&gt;&lt;span class=&quot;hps&quot;&gt;moda&lt;/span&gt;&lt;span class=&quot;Apple-converted-space&quot;&gt;&amp;nbsp;&lt;/span&gt;&lt;span class=&quot;hps&quot;&gt;-&lt;/span&gt;&lt;span class=&quot;Apple-converted-space&quot;&gt;&amp;nbsp;&lt;/span&gt;&lt;span class=&quot;hps&quot;&gt;es una&lt;/span&gt;&lt;span class=&quot;Apple-converted-space&quot;&gt;&amp;nbsp;&lt;/span&gt;&lt;span class=&quot;hps&quot;&gt;simple&lt;/span&gt;&lt;span class=&quot;Apple-converted-space&quot;&gt;&amp;nbsp;&lt;/span&gt;&lt;span class=&quot;hps&quot;&gt;medida,&lt;/span&gt;&lt;span class=&quot;Apple-converted-space&quot;&gt;&amp;nbsp;&lt;/span&gt;&lt;span class=&quot;hps&quot;&gt;sin embargo,&lt;/span&gt;&lt;span class=&quot;hps&quot;&gt;intensamente&lt;/span&gt;&lt;span class=&quot;Apple-converted-space&quot;&gt;&amp;nbsp;&lt;/span&gt;&lt;span class=&quot;hps&quot;&gt;sensual&lt;/span&gt;&lt;span class=&quot;Apple-converted-space&quot;&gt;&amp;nbsp;&lt;/span&gt;&lt;span class=&quot;hps&quot;&gt;combinación&lt;/span&gt;&lt;span class=&quot;Apple-converted-space&quot;&gt;&amp;nbsp;&lt;/span&gt;&lt;span class=&quot;hps&quot;&gt;de brillantes&lt;/span&gt;&lt;span class=&quot;Apple-converted-space&quot;&gt;&amp;nbsp;&lt;/span&gt;&lt;span class=&quot;hps&quot;&gt;frutas frescas&lt;/span&gt;&lt;span&gt;, las especias&lt;/span&gt;&lt;span class=&quot;hps&quot;&gt;robusto,&lt;/span&gt;&lt;span class=&quot;Apple-converted-space&quot;&gt;&amp;nbsp;&lt;/span&gt;&lt;span class=&quot;hps&quot;&gt;y las notas&lt;/span&gt;&lt;span class=&quot;Apple-converted-space&quot;&gt;&amp;nbsp;&lt;/span&gt;&lt;span class=&quot;hps&quot;&gt;ricas&lt;/span&gt;&lt;span class=&quot;Apple-converted-space&quot;&gt;&amp;nbsp;&lt;/span&gt;&lt;span class=&quot;hps&quot;&gt;de madera.&lt;/span&gt;&lt;br /&gt;\r\n	&lt;span class=&quot;hps&quot;&gt;notas:&lt;/span&gt;&lt;br /&gt;\r\n	&lt;span class=&quot;hps&quot;&gt;Lima,&lt;/span&gt;&lt;span class=&quot;Apple-converted-space&quot;&gt;&amp;nbsp;&lt;/span&gt;&lt;span class=&quot;hps&quot;&gt;bergamota, mandarina,&lt;/span&gt;&lt;span class=&quot;Apple-converted-space&quot;&gt;&amp;nbsp;&lt;/span&gt;&lt;span class=&quot;hps&quot;&gt;naranja dulce&lt;/span&gt;&lt;span&gt;,&lt;/span&gt;&lt;span class=&quot;Apple-converted-space&quot;&gt;&amp;nbsp;&lt;/span&gt;&lt;span class=&quot;hps&quot;&gt;Petitgrain&lt;/span&gt;&lt;span&gt;,&lt;/span&gt;&lt;span class=&quot;Apple-converted-space&quot;&gt;&amp;nbsp;&lt;/span&gt;&lt;span class=&quot;hps&quot;&gt;canela, clavo,&lt;/span&gt;&lt;span class=&quot;Apple-converted-space&quot;&gt;&amp;nbsp;&lt;/span&gt;&lt;span class=&quot;hps&quot;&gt;nuez moscada&lt;/span&gt;&lt;span&gt;, jazmín, neroli&lt;/span&gt;&lt;span&gt;, cilantro,&lt;/span&gt;&lt;span class=&quot;Apple-converted-space&quot;&gt;&amp;nbsp;&lt;/span&gt;&lt;span class=&quot;hps&quot;&gt;lavanda&lt;/span&gt;&lt;span&gt;,&lt;/span&gt;&lt;span class=&quot;Apple-converted-space&quot;&gt;&amp;nbsp;&lt;/span&gt;&lt;span class=&quot;hps&quot;&gt;musgo de roble,&lt;/span&gt;&lt;span class=&quot;Apple-converted-space&quot;&gt;&amp;nbsp;&lt;/span&gt;&lt;span class=&quot;hps&quot;&gt;madera de sándalo&lt;/span&gt;&lt;span&gt;,&lt;/span&gt;&lt;span class=&quot;hps&quot;&gt;pachulí&lt;/span&gt;&lt;span&gt;,&lt;/span&gt;&lt;span class=&quot;Apple-converted-space&quot;&gt;&amp;nbsp;&lt;/span&gt;&lt;span class=&quot;hps&quot;&gt;vetiver, cedro&lt;/span&gt;&lt;span&gt;.&lt;/span&gt;&lt;br /&gt;\r\n	&lt;span class=&quot;hps&quot;&gt;estilo:&lt;/span&gt;&lt;br /&gt;\r\n	&lt;span class=&quot;hps&quot;&gt;Fresco&lt;/span&gt;&lt;span&gt;, masculino&lt;/span&gt;&lt;span class=&quot;Apple-converted-space&quot;&gt;&amp;nbsp;&lt;/span&gt;&lt;span class=&quot;hps&quot;&gt;y discreto&lt;/span&gt;&lt;span&gt;.&lt;/span&gt;&lt;/p&gt;\r\n'),(82,1,'Armani Code after shave balm','','','&lt;p&gt;\r\n	Splash on this refreshing balm post-shave to soothe and calm the skin. Scents skin with a hint of seductive Code.&lt;br /&gt;\r\n	&lt;br /&gt;\r\n	Ingredients&lt;br /&gt;\r\n	Alcohol, Aqua/Water/Eau, Parfum/Fragrance, PEG 8, PEG 60 Hydrogenated Castor Oil, BHT, Allantoin (Comfrey Root), Linalool, Geraniol, Alpha Isomethyl Ionone, Coumarin, Limonene, Hydroxyisohexl 3 Cyclohexene Carboxaldehyde, Hydroxycitronellal, Citronellol, Citral, Butylphenyl Methlyproprional, Hexylcinnamal&lt;/p&gt;\r\n'),(82,9,'Armani Code after shave balm','','','&lt;p&gt;\r\n	Splash on this refreshing balm post-shave to soothe and calm the skin. Scents skin with a hint of seductive Code.&lt;span class=&quot;Apple-converted-space&quot;&gt; &lt;/span&gt;&lt;/p&gt;\r\n'),(83,1,'Armani Code Sport','','','&lt;p&gt;\r\n	Sport. It\'s a rite of seduction. A vision of Giorgio Armani, translated into a fragrance.&lt;br /&gt;\r\n	&lt;br /&gt;\r\n	This scent opens with an explosive freshness that features spearmint, peppermint, and wild mint—surprising and unusual top notes with a stunning effect. The citrusy heart of the fragrance reveals Code Sport\'s seductive power. Notes of vetiver from Haiti reveal a woody and distinguished character, at once wet and dry. Like a crisp coating of ice, a note of hivernal prolongs the dialogue between the scent\'s cool crispness and sensual breath, giving the fragrance an almost unlimited life.&lt;br /&gt;\r\n	&lt;br /&gt;\r\n	Notes:&lt;br /&gt;\r\n	Spearmint, Peppermint, Wild Mint, Citrus, Hivernal, Hatian Vetiver, Nigerian Ginger.&lt;br /&gt;\r\n	Style:&lt;br /&gt;\r\n	Stunning. Cool. Seductive.&lt;/p&gt;\r\n'),(83,9,'Armani Code Sport','','','&lt;p&gt;\r\n	Es un rito de la seducción. Una visión de Giorgio Armani, se tradujo en una fragancia.&lt;br /&gt;\r\n	&lt;br /&gt;\r\n	Esta fragancia se abre con una frescura explosivo que cuenta con menta menta verde, y salvajes notas altas sorprendente e inusual de menta con un efecto impresionante. El corazón de la fragancia cítrica revela poder de seducciónCódigo Sport. Notas de vetiver de Haití revela un personaje de Woody y distinguido, a la vez húmeda y seca. Como una capa crujiente de hielo, una notade hivernal prolonga el diálogo entre el aroma fresco frescura y aire sensual, lo que la fragancia de una vida casi ilimitada.&lt;br /&gt;\r\n	&lt;br /&gt;\r\n	notas:&lt;br /&gt;\r\n	Hierbabuena, menta, menta silvestre, Citrus, Hivernal, haitiano vetiver, jengibrenigeriano.&lt;br /&gt;\r\n	estilo:&lt;br /&gt;\r\n	Impresionante. Cool. Seductora.&lt;/p&gt;\r\n'),(84,1,'Armani Code Pour Femme','','','&lt;p&gt;\r\n	A seductive new fragrance for women, Armani Code Pour Femme is a fresh, sexy, feminine blend of zesty blood orange, ginger, and pear sorbet softened with hints of sambac jasmine, orange blossom, and lavender honey, warmed with precious woods and vanilla.&lt;br /&gt;\r\n	&lt;br /&gt;\r\n	Notes:&lt;br /&gt;\r\n	Blood Orange, Ginger, Pear Sorbet, Sambac Jasmine, Orange Blossom, Seringa Flower, Lavender Honey, Precious Woods Complex, Vanilla.&lt;br /&gt;\r\n	Style:&lt;br /&gt;\r\n	Fresh. Sexy. Feminine.&lt;/p&gt;\r\n'),(84,9,'Armani Code Pour Femme','','','&lt;p&gt;\r\n	Una fragancia seductora para las mujeres, Armani Code Pour Femme es una fresca, mezcla de sexy y femenina de la sangre sabrosa naranja, jengibre, sorbete de pera y suavizado con toques de jazmín sambac, azahar, lavanda y miel, se calienta con maderas preciosas y la vainilla.&lt;br /&gt;\r\n	&lt;br /&gt;\r\n	notas:&lt;br /&gt;\r\n	La sangre de naranja, jengibre, sorbete de pera, jazmín Sambac, flor de naranjo, flor Seringa, miel de lavanda, maderas preciosas complejo, Vainilla.&lt;br /&gt;\r\n	estilo:&lt;br /&gt;\r\n	Fresco. Sexy. Femenino.&lt;/p&gt;\r\n'),(85,1,'Forbidden euphoria Eau de Parfum Spray ','','','&lt;p&gt;\r\n	Possessing an innate confidence and sophistication, she is just starting to explore her sexuality. What she doesn\'t yet know is that she already is every man\'s fantasy.&lt;br /&gt;\r\n	&lt;br /&gt;\r\n	A younger interpretation of Euphoria, this fruity floriental scent capitalizes on a modern, fresh sexiness with a mysterious twist. Its sparkling top notes seduce the senses with a blend of forbidden fruit such as mandarin, passion fruit, and iced raspberry. The heart blooms with a hypnotic bouquet of tiger orchid and jasmine. Underneath its exotic floralcy lies a layer of addictive patchouli and a sophisticated blend of musks and cashmere woods for an everlasting impression.&lt;br /&gt;\r\n	&lt;br /&gt;\r\n	Notes:&lt;br /&gt;\r\n	Sparkling Mandarin, Peach Blossom, Iced Raspberry, Pink Peony, Tiger Orchid, Jasmine, Cashmere Woods, Patchouli Absolute, Skin Musk.&lt;br /&gt;\r\n	Style:&lt;br /&gt;\r\n	Sophisticated. Confident. Forbidden.&lt;/p&gt;\r\n'),(85,9,'Forbidden euphoria Eau de Parfum Spray ','','','&lt;p&gt;\r\n	Poseedora de una confianza innata y sofisticación, que apenas está comenzando a explorar su sexualidad. Lo que todavía no sabe es que ella ya es una fantasía de todo hombre.&lt;/p&gt;\r\n&lt;p&gt;\r\n	Una interpretación más joven de Euphoria, este aroma afrutado floriental provecho de una sensualidad moderna, fresca con un toque misterioso. Sus notas de cabeza chispeantes seducir los sentidos con una mezcla de la fruta prohibida, tales como mandarina, maracuyá, frambuesa y helado. Las flores del corazón con un ramo de orquídeas hipnótico de tigre y el jazmín. Bajo su floralcy exóticos se encuentra una capa de adictivo pachulí y una sofisticada mezcla de almizcle y maderas de cachemira para una impresión inolvidable.&lt;/p&gt;\r\n&lt;p&gt;\r\n	notas:&lt;br /&gt;\r\n	Espumoso mandarín, flor de durazno, frambuesa helado, rosa peonía, Orquídea Tigre, jazmín, maderas de cachemira, Absolute pachulí, almizcle de piel.&lt;br /&gt;\r\n	estilo:&lt;br /&gt;\r\n	Sofisticados. Confianza. Prohibida.&lt;/p&gt;\r\n'),(86,1,'Euphoria Men Intense Eau De Toilette Spray','','','&lt;p&gt;\r\n	Launched by the design house of Calvin Klein in 2008, EUPHORIA MEN INTENSE is a men\'s fragrance that possesses a blend of Rain Water, Pepper, Ginger, Sage, Frosted Sudachi, Cedar leaf, Patchouli, Myrrh, Labdanum, Amber Solid, Vetiver&lt;/p&gt;\r\n'),(86,9,'Euphoria Men Intense Eau De Toilette Spray','','','&lt;p&gt;\r\n	Lanzado al mercado por la casa de diseño de Calvin Klein en 2008, Euphoria Men Intense es una fragancia masculina que posee una mezcla de agua de lluvia, pimienta, jengibre, salvia, Frosted Sudachi, hoja de cedro, pachulí, mirra, ládano, ámbar, vetiver&lt;/p&gt;\r\n'),(87,1,'MAN Eau de Toilette Spray','','','&lt;p&gt;\r\n	Man by Calvin Klein was launched in October of 2007 and proposed as a new classic for the modern Calvin Klein man, aged from 25 to 40. The name itself is programmatic and unambiguous, like an English translation of L\'Homme by Yves Saint Laurent. Simple, brief, to the point. You are going to smell the essence of masculinity if you are to take your cue from the name of the fragrance. The packaging is sleek, modernist, with an architectural sense of proportions and looks good. The fragrance was created by perfumers Jacques Cavallier and Harry Fremont from Firmenich in collaboration with consultant Ann Gottlieb. All these people are old hands at marketing successful mainstream fragrances. Man offers therefore a mainstream palatability but without coming across as depersonalized. It plays the distinctiveness card, but in a well reined in manner. The fragrance bears a typical masculine fresh aromatic, woody and spicy signature around the linear heart of the scent which itself is dark, fruity, and sweet enough to feel feminine. This rich amber-fruity accord is made even more seductive thanks to just the right amount of citrus-y counterpoint, which never clarifies the scent but on the contrary helps to deepen the dark fruity sensation.&lt;br /&gt;\r\n	&amp;nbsp;&lt;/p&gt;\r\n'),(87,9,'MAN Eau de Toilette Spray','','','&lt;p&gt;\r\n	El hombre de Calvin Klein se lanzó en octubre de 2007 y se propone como un nuevo clásico para el hombre moderno Calvin Klein, con edades de 25 a 40. El nombre en sí es programática y sin ambigüedades, como una traducción al Inglés de L\'Homme de Yves Saint Laurent. Sencillo y breve, al grano. Usted va a oler la esencia de la masculinidad si va a tomar su punto de partida el nombre de la fragancia. El envase es elegante, moderno, con un sentido arquitectónico de proporciones y se ve bien. La fragancia fue creada por los perfumistas Jacques Cavallier y Harry Fremont de Firmenich en colaboración con el consultor de Ann Gottlieb. Todas estas personas son veteranos en la comercialización de fragancias éxito general. El hombre ofrece por lo tanto un buen sabor de masas, pero sin aparentar ser despersonalizado. Se juega la carta de carácter distintivo, pero de una manera bien frenó. La fragancia tiene una firma normal masculino fresco aromático, amaderado y picante alrededor del corazón lineal de la esencia que en sí es oscuro, afrutado y dulce suficiente para sentirse femenina. Este rico color ámbar con sabor a fruta acuerdo se hace aún más atractivo gracias a la cantidad justa de contrapunto y de cítricos, que nunca se aclara el olor sino por el contrario ayuda a profundizar la sensación de sabor a fruta oscura.&lt;br /&gt;\r\n	&amp;nbsp;&lt;/p&gt;\r\n'),(88,1,'ck one Summer 3.4 oz','','','&lt;p&gt;\r\n	It\'s a concert on a hot summer night. The stage is set and the show\'s about to start. Feel the breeze, catch the vibe, and move to the beat with the pulsating energy of this limited-edition fragrance. A unisex scent, it is fresh, clean, and easy to wear. The fragrance opens with a burst of crisp melon. In the heart notes, an invigorating blend of green citrus and the zesty herbaceous effect of verbena creates a cool, edgy freshness. A base of exotic incense and earthy oakmoss is wrapped in the light, sensuous warmth of cedarwood, musk, and peach skin. Notes:Tangerine, Water Fern, Melon, Lemon, Sea Breeze Accord, Blue Freesia, Verbena, Rhubarb, Cedarwood, Skin Musk, Incense, Peach Skin. Style:Invigorating. Crisp. Cool.&lt;/p&gt;\r\n'),(88,9,'ck one Summer 3.4 oz','','','&lt;p&gt;\r\n	Es un concierto en una noche de verano. El escenario está listo y el espectáculo está a punto de comenzar. Sienta la brisa, la captura el ambiente, y se mueven al ritmo con la energía pulsante de esta fragancia de edición limitada. Un perfume unisex, es fresco, limpio, y fácil de llevar. La fragancia se abre con una explosión de melón fresco. En las notas de corazón, una mezcla estimulante de cítricos verdes y el efecto herbáceas zesty de verbena crea una frescura y atrevido. Una base de incienso y musgo de roble exótica tierra está envuelta en la luz, calor sensual de madera de cedro, almizcle y piel de melocotón. Notas: mandarina, melón de agua Fern, limón, Acuerdo de la brisa marina, azul Freesia, Verbena, ruibarbo, madera de cedro, almizcle de piel, incienso, piel de melocotón. Estilo: vigorizante. Crisp. Cool.&lt;/p&gt;\r\n'),(89,1,'Secret Obsession Perfume','','','&lt;p&gt;\r\n	Calvin Klein Secret Obsession eau de parfum spray for women blends notes of forbidden fruits, exotic flowers and a sultry wood signature to create an intoxicating aroma that is provocative and addictive.Calvin Klein is one of World of Shops most popular brands, and this Calvin Klein Secret Obsession eau de parfum spray for women is a firm favourite amongst our customers for its deep, feminine aroma that is perfect for those special evenings out.&lt;/p&gt;\r\n'),(89,9,'Secret Obsession Perfume','','','&lt;p&gt;\r\n	Calvin Klein secreta obsesión eau de parfum spray para las mujeres combina notas de frutas prohibidas, flores exóticas y una firma de madera sensual para crear un aroma embriagador que es provocativo y addictive.Calvin Klein es una de las Tiendas del Mundo de las marcas más populares, y esto Calvin Kleinsecreta obsesión eau de parfum spray para las mujeres es uno de los favoritosentre nuestros clientes por su aroma profundo, lo femenino que es perfecto para esas noches especiales hacia fuera.&lt;br /&gt;\r\n	&amp;nbsp;&lt;/p&gt;\r\n'),(90,1,'Obsession Night Perfume','','','&lt;p&gt;\r\n	Launched by the design house of Calvin Klein in 2005, OBSESSION NIGHT is a women\'s fragrance that possesses a blend of gardenia, tonka bean, bergamot, vanilla, sandalwood, jasmine, rose, amber, muguet and mandarin. It is recommended for evening wear.&lt;/p&gt;\r\n&lt;p&gt;\r\n	Ingredients&lt;br /&gt;\r\n	Notes: Bergamot, Bitter Orange, Mandarin, White Floral, Angelica Root, Gardenia, Rose, Muguet, Night-Blooming Jasmine, Vanilla, Tonka Bean, Amber, Labdanum, Sandalwood, Cashmere Wood&lt;/p&gt;\r\n'),(90,9,'Obsession Night Perfume','','','&lt;p&gt;\r\n	&lt;span class=&quot;hps&quot;&gt;Lanzado al mercado por&lt;/span&gt;&lt;span class=&quot;Apple-converted-space&quot;&gt;&amp;nbsp;&lt;/span&gt;&lt;span class=&quot;hps&quot;&gt;la casa de diseño&lt;/span&gt;&lt;span class=&quot;Apple-converted-space&quot;&gt;&amp;nbsp;&lt;/span&gt;&lt;span class=&quot;hps&quot;&gt;de&lt;/span&gt;&lt;span class=&quot;Apple-converted-space&quot;&gt;&amp;nbsp;&lt;/span&gt;&lt;span class=&quot;hps&quot;&gt;Calvin&lt;/span&gt;&lt;span class=&quot;Apple-converted-space&quot;&gt;&amp;nbsp;&lt;/span&gt;&lt;span class=&quot;hps&quot;&gt;Klein&lt;/span&gt;&lt;span class=&quot;Apple-converted-space&quot;&gt;&amp;nbsp;&lt;/span&gt;&lt;span class=&quot;hps&quot;&gt;en 2005&lt;/span&gt;&lt;span&gt;,&lt;/span&gt;&lt;span class=&quot;Apple-converted-space&quot;&gt;&amp;nbsp;&lt;/span&gt;&lt;span class=&quot;hps&quot;&gt;Obsession Night&lt;/span&gt;&lt;span class=&quot;Apple-converted-space&quot;&gt;&amp;nbsp;&lt;/span&gt;&lt;span class=&quot;hps&quot;&gt;es&lt;/span&gt;&lt;span class=&quot;Apple-converted-space&quot;&gt;&amp;nbsp;&lt;/span&gt;&lt;span class=&quot;hps&quot;&gt;una fragancia para&lt;/span&gt;&lt;span class=&quot;Apple-converted-space&quot;&gt;&amp;nbsp;&lt;/span&gt;&lt;span class=&quot;hps&quot;&gt;la mujer&lt;/span&gt;&lt;span class=&quot;Apple-converted-space&quot;&gt;&amp;nbsp;&lt;/span&gt;&lt;span class=&quot;hps&quot;&gt;que&lt;/span&gt;&lt;span class=&quot;Apple-converted-space&quot;&gt;&amp;nbsp;&lt;/span&gt;&lt;span class=&quot;hps&quot;&gt;posee una mezcla de&lt;/span&gt;&lt;span class=&quot;Apple-converted-space&quot;&gt;&amp;nbsp;&lt;/span&gt;&lt;span class=&quot;hps&quot;&gt;gardenia,&lt;/span&gt;&lt;span class=&quot;Apple-converted-space&quot;&gt;&amp;nbsp;&lt;/span&gt;&lt;span class=&quot;hps&quot;&gt;haba tonka&lt;/span&gt;&lt;span&gt;, bergamota&lt;/span&gt;&lt;span&gt;, vainilla&lt;/span&gt;&lt;span&gt;, sándalo,&lt;/span&gt;&lt;span class=&quot;Apple-converted-space&quot;&gt;&amp;nbsp;&lt;/span&gt;&lt;span class=&quot;hps&quot;&gt;jazmín, rosa,&lt;/span&gt;&lt;span class=&quot;Apple-converted-space&quot;&gt;&amp;nbsp;&lt;/span&gt;&lt;span class=&quot;hps&quot;&gt;ámbar,&lt;/span&gt;&lt;span class=&quot;Apple-converted-space&quot;&gt;&amp;nbsp;&lt;/span&gt;&lt;span class=&quot;hps&quot;&gt;muguet&lt;/span&gt;&lt;span class=&quot;Apple-converted-space&quot;&gt;&amp;nbsp;&lt;/span&gt;&lt;span class=&quot;hps&quot;&gt;y mandarina&lt;/span&gt;&lt;span&gt;.&lt;/span&gt;&lt;span class=&quot;Apple-converted-space&quot;&gt;&amp;nbsp;&lt;/span&gt;&lt;span class=&quot;hps&quot;&gt;Se recomienda&lt;/span&gt;&lt;span class=&quot;Apple-converted-space&quot;&gt;&amp;nbsp;&lt;/span&gt;&lt;span class=&quot;hps&quot;&gt;para la noche&lt;/span&gt;&lt;span&gt;.&lt;/span&gt;&lt;br /&gt;\r\n	&lt;br /&gt;\r\n	&lt;span class=&quot;hps&quot;&gt;ingredientes&lt;/span&gt;&lt;br /&gt;\r\n	&lt;span class=&quot;hps&quot;&gt;Notas:&lt;/span&gt;&lt;span class=&quot;Apple-converted-space&quot;&gt;&amp;nbsp;&lt;/span&gt;&lt;span class=&quot;hps&quot;&gt;Bergamota&lt;/span&gt;&lt;span&gt;,&lt;/span&gt;&lt;span class=&quot;Apple-converted-space&quot;&gt;&amp;nbsp;&lt;/span&gt;&lt;span class=&quot;hps&quot;&gt;naranja amarga&lt;/span&gt;&lt;span&gt;,&lt;/span&gt;&lt;span class=&quot;Apple-converted-space&quot;&gt;&amp;nbsp;&lt;/span&gt;&lt;span class=&quot;hps&quot;&gt;mandarina,&lt;/span&gt;&lt;span class=&quot;Apple-converted-space&quot;&gt;&amp;nbsp;&lt;/span&gt;&lt;span class=&quot;hps&quot;&gt;flores&lt;/span&gt;&lt;span class=&quot;Apple-converted-space&quot;&gt;&amp;nbsp;&lt;/span&gt;&lt;span class=&quot;hps&quot;&gt;blancas&lt;/span&gt;&lt;span&gt;, raíz de angélica&lt;/span&gt;&lt;span&gt;,&lt;/span&gt;&lt;span class=&quot;hps&quot;&gt;Gardenia&lt;/span&gt;&lt;span&gt;, Rosa,&lt;/span&gt;&lt;span class=&quot;Apple-converted-space&quot;&gt;&amp;nbsp;&lt;/span&gt;&lt;span class=&quot;hps&quot;&gt;Muguet&lt;/span&gt;&lt;span&gt;, Noche de&lt;/span&gt;&lt;span class=&quot;Apple-converted-space&quot;&gt;&amp;nbsp;&lt;/span&gt;&lt;span class=&quot;hps&quot;&gt;jazmín&lt;/span&gt;&lt;span&gt;,&lt;/span&gt;&lt;span class=&quot;Apple-converted-space&quot;&gt;&amp;nbsp;&lt;/span&gt;&lt;span class=&quot;hps&quot;&gt;vainilla&lt;/span&gt;&lt;span&gt;, haba tonka&lt;/span&gt;&lt;span&gt;, ámbar,&lt;/span&gt;&lt;span class=&quot;Apple-converted-space&quot;&gt;&amp;nbsp;&lt;/span&gt;&lt;span class=&quot;hps&quot;&gt;ládano&lt;/span&gt;&lt;span&gt;,&lt;/span&gt;&lt;span class=&quot;hps&quot;&gt;madera de sándalo&lt;/span&gt;&lt;span&gt;,&lt;/span&gt;&lt;span class=&quot;Apple-converted-space&quot;&gt;&amp;nbsp;&lt;/span&gt;&lt;span class=&quot;hps&quot;&gt;madera&lt;/span&gt;&lt;span class=&quot;Apple-converted-space&quot;&gt;&amp;nbsp;&lt;/span&gt;&lt;span class=&quot;hps&quot;&gt;de cachemira&lt;/span&gt;&lt;/p&gt;\r\n'),(91,1,'Jasmin Noir Body Lotion 6.8 fl oz','','','&lt;p&gt;\r\n	A bath collection for the body, scented with the Jasmin Noir fragrance. A tribute to ultimate femininity. Seduction and personal indulgence.&lt;br /&gt;\r\n	Body Lotion Fragrance: The new emblematic creation within the Bvlgari Pour Femme Collection Jasmin Noir, perfectly embodies the luxury and prestige of Bvlgari fine jewelry.&lt;br /&gt;\r\n	Jasmin Noir is a flower of the imagination. Precious jasmine, white and immaculate, in its noire interpretation. A flower of pure mystery. A rich and delicate flower that at nightfall, reveals its intriguing sensuality. A precious floral woody fragrance with ambery accents centered around one of the true jewels of perfumery: the jasmin flower. A scent that conjures forth the bewildering seductiveness of feminity as elegant as it is profoundly sensual.&lt;br /&gt;\r\n	Jasmin Noir tells a voluptuous floral story that begins with the pure radiance of luminous light given by green and scintillating notes: Vegetal Sap and fresh Gardenia Petals. Then, tender and seductive, the Sambac Jasmine Absolute, delivers its generous and bewitching notes. Unexpectedly allied with a transparent silky almond accord, it reveals a heart that is light yet thoroughly exhilarating and marvelously addictive. The scent\'s sumptuously rich notes repose on a bed of Precious Wood and ambery undertones, bringing together the depth and mystery of Patchouli, the warmth of Tonka Bean and the comfort of silky Musks for an elegant and intimate sensuality.&lt;br /&gt;\r\n	An exquisite fragrance of incomparable prestige, Jasmin Noir captures the very essence of the jeweler.&lt;br /&gt;\r\n	Made in Italy&lt;br /&gt;\r\n	&amp;nbsp;&lt;/p&gt;\r\n'),(91,9,'Jasmin Noir Body Lotion 6.8 fl oz','','','&lt;p&gt;\r\n	Una colección de baño para el cuerpo, perfumado con la fragancia Noir Jasmin. Un homenaje a la feminidad definitiva. La seducción y placer personal.&lt;br /&gt;\r\n	Perfume Body Lotion: La nueva creación emblemática dentro de la colección Bvlgari Pour Femme Jasmin Noir, encarna a la perfección el lujo y el prestigio de la joyería Bvlgari bien.&lt;br /&gt;\r\n	Jasmin Noir es una flor de la imaginación. Jazmín preciosas, blanca e inmaculada, en su interpretación noire. Una flor de misterio puro. Una flor rico y delicado, que al caer la noche, revela su sensualidad fascinante. Una fragancia floral preciosa madera con detalles en ambarino en torno a una de las verdaderas joyas de la perfumería: la flor de jazmín. Un aroma que evoca sucesivamente la seducción desconcertantes de la feminidad tan elegante como es profundamente sensual.&lt;br /&gt;\r\n	Jasmin Noir cuenta una historia voluptuosa floral que comienza con el puro resplandor de la luz luminosa dada por notas verdes y brillante: Vegetal Sap y pétalos frescos Gardenia. Entonces, tierna y seductora, el absoluto de jazmín Sambac, entrega sus notas generoso y encantador. Inesperadamente, aliado con un acuerdo transparente y sedoso de almendra, que revela un corazón que es ligero pero excitante y adictivo maravillosamente bien. El olor de reposo suntuosamente rica notas sobre un lecho de maderas preciosas y matices ambarino, que reúne a la profundidad y el misterio del pachulí, el calor de la Haba Tonka y la comodidad de almizcle suave de una sensualidad elegante e íntimo.&lt;br /&gt;\r\n	Una exquisita fragancia de prestigio incomparable, Jasmin Noir captura la esencia misma de la joyería.&lt;br /&gt;\r\n	Made in Italy&lt;/p&gt;\r\n'),(92,1,'Body Cream by Bulgari','','','&lt;p&gt;\r\n	BVLGARI (Bulgari) by Bvlgari Body Cream 6.7 oz for Women Launched by the design house of Bvlgari in 1994, BVLGARI is classified as a refined, floral fragrance. This feminine scent possesses a blend of violet, orange blossom, and jasmine. Common spellings: Bulgari, Bvlgary, Bulgary.&lt;/p&gt;\r\n'),(92,9,'Body Cream by Bulgari','','','&lt;p&gt;\r\n	BVLGARI (Bulgari) por el Consejo de Bvlgari Crema 6.7 oz para la Mujer puso en marcha por la casa de diseño de Bvlgari en 1994, BVLGARI está clasificada como una fragancia refinada, floral. Este aroma femenino posee una mezcla devioleta, flor de azahar y jazmín. Ortografía comunes: Bulgari, Bvlgary, Bulgaria.&lt;br /&gt;\r\n	&amp;nbsp;&lt;/p&gt;\r\n'),(93,1,'Creme Precieuse Nuit 50ml','','','&lt;p&gt;\r\n	A luxurious, melting night cream to repair skin during sleep Features Polypeptides that boost production of collagen &amp;amp; elastin Improves skin elasticity &amp;amp; firmness Visibly reduces appearance of wrinkles, fine lines &amp;amp; brown spots Enriched with Bvlgari Gem Essence to restore radiance Skin appears smooth, energized &amp;amp; luminous in morning Perfect for all skin types&lt;/p&gt;\r\n'),(93,9,'Creme Precieuse Nuit 50ml','','','&lt;p&gt;\r\n	Una crema lujosa, la noche de fusión para reparar la piel durante el sueñoCaracterísticas polipéptidos que estimulan la producción de colágeno y elastinaMejora la elasticidad de la piel y la firmeza Reduce visiblemente la apariencia de las arrugas, líneas finas y manchas de color marrón Enriquecido con BvlgariEsencia gema para restaurar la piel aparece radiante suave, lleno de energía yluminosa en la mañana Perfecto para todo tipo de piel&lt;br /&gt;\r\n	&amp;nbsp;&lt;/p&gt;\r\n'),(94,1,'Night Care Crema Nera Obsidian Mineral Complex','','','&lt;p&gt;\r\n	When it comes to body, skin or eye care, you want to look to our products and you will find the best there is. These are the most exceptional personal care products available. They meet the strictest standards for quality sourcing, environmental impact, results and safety. Our body care products truly allows you to be good to your whole body.&lt;/p&gt;\r\n&lt;p&gt;\r\n	Giorgio Armani - Cream Nera - Night Care Crema Nera Obsidian Mineral Complex3 Restoring Cream SPF 15 50ml/1.69oz A lavish, fresh &amp;amp; weightless anti-aging creamProvides shielding &amp;amp; moisturizing benefitsDeveloped with Obsidian Mineral Complex technology Formulated with iron, silicon &amp;amp; perlite to create a potent dermal restructuring system Contains Pro-XylaneTM &amp;amp; Hyaluronique Acid Targets loss of substance, sagging of features &amp;amp; deepening of wrinkles Reveals firmer, sleeker &amp;amp; plumper skin in a youthful look. With a fabulous Skincare product like this one, you\'ll be sure to enjoy the ultimate in a Skincare experience with promising results.&lt;/p&gt;\r\n'),(94,9,'Night Care Crema Nera Obsidian Mineral Complex','','','&lt;p&gt;\r\n	Cuando se trata de cuidado del cuerpo, la piel o los ojos, quieres mirar a nuestros productos y se encuentra mejor que hay. Estos son los productos más excepcionales de atención personal disponible. Cumplen los más estrictos estándares de calidad de abastecimiento, el impacto ambiental, los resultados y la seguridad. Nuestros productos para el cuidado del cuerpo realmente le permite ser bueno para todo el cuerpo.&lt;/p&gt;\r\n&lt;p&gt;\r\n	Giorgio Armani - Crema Nera - Cuidado Noche Crema Nera Obsidiana mineral Complex3 Restauración Cream SPF 15 50ml/1.69oz A creamProvides lujoso, fresco y sin peso anti-envejecimiento de la protección y la hidratación benefitsDeveloped con la tecnología de Mineral de Obsidiana Complejo Formulado con hierro, silicio y perlita para crear un potente sistema de reestructuración dérmica Contiene Pro-XylaneTM y Acido Hyaluronique objetivos pérdida de sustancia, la flacidez de las características y la profundización de las arrugas revela una piel más firme, más liso y más gordo en un aspecto juvenil. Cuidado de la piel con un producto fabuloso como este, usted estará seguro de disfrutar de lo último en una experiencia de cuidado de la piel, con resultados prometedores.&lt;/p&gt;\r\n'),(95,1,'Skin Minerals For Men Cleansing Cream','','','&lt;p&gt;\r\n	Ultra-purifying skincare enriched with essential moisturizing minerals, designed to instantly moisturize / purify the skin.&lt;br /&gt;\r\n	Active Ingredients&lt;br /&gt;\r\n	- Sodium and Potassium System: to preserve cutaneous hydration.&lt;br /&gt;\r\n	- Salicylic Acid and Hamamelis Extract: to tighten the pores and tone skin.&lt;br /&gt;\r\n	High Performances: the figures.&lt;br /&gt;\r\n	Self-assessment*:&lt;br /&gt;\r\n	- leaves the skin clean 100%&lt;br /&gt;\r\n	- leaves the skin comfortable 93%&lt;br /&gt;\r\n	- leaves the skin smooth 95%&lt;br /&gt;\r\n	- skin complexion is uniform 89%&lt;br /&gt;\r\n	- skin texture is refined 80%&lt;br /&gt;\r\n	* use test: 60 men 20 -65 years old 4 weeks of self-assessment&lt;/p&gt;\r\n'),(95,9,'Skin Minerals For Men Cleansing Cream','','','&lt;p&gt;\r\n	Ultra-purificación de cuidado de la piel enriquecidos con minerales esenciales hidratantes, diseñado para hidratar la piel al instante / purificar la piel.&lt;br /&gt;\r\n	Ingredientes activos&lt;br /&gt;\r\n	- Sodio y potasio del sistema: para preservar la hidratación cutánea.&lt;br /&gt;\r\n	- Ácido salicílico y Hamamelis Extracto: para apretar los poros y tonificar la piel.&lt;br /&gt;\r\n	Prestaciones superiores: las cifras.&lt;br /&gt;\r\n	Autoevaluación *:&lt;br /&gt;\r\n	- Deja la piel limpia al 100%&lt;br /&gt;\r\n	- Deja la piel confortable 93%&lt;br /&gt;\r\n	- Deja la piel suave 95%&lt;br /&gt;\r\n	- Flexibilidad de la piel es uniforme en un 89%&lt;br /&gt;\r\n	- Textura de la piel se refina el 80%&lt;br /&gt;\r\n	* Test de uso: 60 hombres de 20 -65 años de edad de 4 semanas de auto-evaluación&lt;/p&gt;\r\n'),(96,1,'Eye master','','','&lt;p&gt;\r\n	The volcanic force of minerals concentrated in multi action skincare specifically designed to target wrinkles, bags and dark circles of the delicate eye area. To combat signs of aging and fatigue and visibly improve skin quality.&lt;br /&gt;\r\n	Active Ingredients&lt;br /&gt;\r\n	- Volcanic Complex: an innovative combination of energy charged minerals, inspired by volcanic rocks&lt;br /&gt;\r\n	- Caffeine extract: to fight puffiness&lt;br /&gt;\r\n	- Conker and butcher’s broom extracts to stimulate cutaneous blood micro-circulation&lt;br /&gt;\r\n	High Performances: the figures.&lt;br /&gt;\r\n	Proven immediate anti-puffiness action*:&lt;br /&gt;\r\n	- 15 minutes after application –19%&lt;br /&gt;\r\n	*instrumental test, 40 men, 42-65 years old&lt;br /&gt;\r\n	Self-assessment&lt;br /&gt;\r\n	- instantly revitalizes skin 77%**&lt;br /&gt;\r\n	- wrinkles appear reduced 78%***&lt;br /&gt;\r\n	- diminishes the appearance of dark circles 68%***&lt;br /&gt;\r\n	** use test, 40 men 42-65 years old, single application, self-assessment&lt;br /&gt;\r\n	*** use test, 40 men 42-65 years old, 4 weeks, self-assessment&lt;/p&gt;\r\n'),(96,9,'Eye master','','','&lt;p&gt;\r\n	La fuerza volcánica de los minerales concentrados en cuidado de la piel la acción de múltiples diseñadas específicamente para las arrugas objetivo, bolsas y ojeras del contorno de los ojos. Para combatir los signos del envejecimiento y la fatiga y mejorar visiblemente la calidad de la piel.&lt;br /&gt;\r\n	Ingredientes activos&lt;br /&gt;\r\n	- Complejo Volcánico: una innovadora combinación de minerales energía cargada, inspirada en las rocas volcánicas&lt;br /&gt;\r\n	- Extracto de la cafeína: para luchar contra las bolsas&lt;br /&gt;\r\n	- Conker y rusco extrae la sangre para estimular la microcirculación cutánea&lt;br /&gt;\r\n	Prestaciones superiores: las cifras.&lt;br /&gt;\r\n	Demostrado inmediata contra las bolsas de acción *:&lt;br /&gt;\r\n	- 15 minutos después de la aplicación -19%&lt;br /&gt;\r\n	* prueba instrumental, 40 hombres, 42 a 65 años de edad&lt;br /&gt;\r\n	Auto-evaluación&lt;br /&gt;\r\n	- Revitaliza la piel al instante del 77% **&lt;br /&gt;\r\n	- Reducción de las arrugas aparecen *** 78%&lt;br /&gt;\r\n	- Disminuye la apariencia de las ojeras 68% ***&lt;br /&gt;\r\n	** Prueba de uso, 40 hombres 42-65 años de edad, una sola aplicación, la auto-evaluación&lt;br /&gt;\r\n	*** Prueba de uso, 40 hombres 42-65 años, 4 semanas, la auto-evaluación&lt;/p&gt;\r\n'),(97,1,'Eye Rejuvenating Serum','','','&lt;p&gt;\r\n	The first advanced rejuvenating ‘weapon’ thanks to a corrective and smoothing texture and a power amplifying applicator.&lt;br /&gt;\r\n	The alliance of the [3.R] technology combined with an intensive re-smoothing system.&lt;br /&gt;\r\n	The eye rejuvenation serum also comes in an easily portable tube that boasts a silver bevelled applicator to ensure a good delivery of the product to the eye area as well as offering a means to improve circulation and reduce puffiness and eye bags.&lt;/p&gt;\r\n&lt;p&gt;\r\n	Rarely women have been so convinced of its efficiency on skin rejuvenation:&lt;/p&gt;\r\n&lt;p&gt;\r\n	EYE CONTOUR LOOKS SMOOTHER 85%*&lt;br /&gt;\r\n	EYES LOOK YOUNGER 91%*&lt;br /&gt;\r\n	EYE PUFFINESS LOOKS SOFTENED 83%*&lt;/p&gt;\r\n&lt;p&gt;\r\n	*% of women – self assessment on 60 women after 4 weeks&lt;/p&gt;\r\n'),(97,9,'Eye Rejuvenating Serum','','','&lt;p&gt;\r\n	La primera avanzada de rejuvenecimiento \'arma\' gracias a una textura correctivas y alisado y un aplicador de potencia de amplificación.&lt;br /&gt;\r\n	La alianza de los [3.R] tecnología, combinada con una intensa re-alisado del sistema.&lt;br /&gt;\r\n	El suero de rejuvenecimiento de los ojos también viene en un tubo fácil de transportar que cuenta con una de plata aplicador biselado para asegurar una buena entrega del producto a la zona de los ojos, así como ofrecer un medio para mejorar la circulación y reducir la hinchazón y las bolsas de los ojos.&lt;/p&gt;\r\n&lt;p&gt;\r\n	Rara vez las mujeres han estado tan convencido de su eficacia en el rejuvenecimiento de la piel:&lt;/p&gt;\r\n&lt;p&gt;\r\n	CONTORNO DE OJOS se ve más suave * 85%&lt;br /&gt;\r\n	OJOS lucir más jóvenes * 91%&lt;br /&gt;\r\n	Hinchazón de los ojos PARECE * ABLANDADA 83%&lt;/p&gt;\r\n&lt;p&gt;\r\n	*% De las mujeres - auto-evaluación sobre 60 mujeres después de 4 semanas&lt;/p&gt;\r\n'),(98,1,'Shaving cream','','','&lt;p&gt;\r\n	Moisturizing, charged with minerals and enriched with ultra softening agents. Its specific formula ensures an optimal, extremely gentle shave. Even four hours after shaving, the skin remains hydrated, soft and supple.&lt;br /&gt;\r\n	Active Ingredients&lt;br /&gt;\r\n	- Sodium and Potassium System: to preserve cutaneous hydration&lt;br /&gt;\r\n	- Bisabolol: to soothe skin&lt;br /&gt;\r\n	High Performances: the figures.&lt;br /&gt;\r\n	Measurements 4 hours after shaving:&lt;br /&gt;\r\n	- skin hydration +29%*&lt;br /&gt;\r\n	- skin softness +61%**&lt;br /&gt;\r\n	- skin suppleness +18%**&lt;br /&gt;\r\n	- skin dryness -39%**&lt;/p&gt;\r\n&lt;p&gt;\r\n	&lt;br /&gt;\r\n	* instrumental test, 20 men, 20-70 years old&lt;br /&gt;\r\n	** clinical scorage, 20 men, 20-70 years old&lt;/p&gt;\r\n'),(98,9,'Shaving cream','','','&lt;p&gt;\r\n	Hidratantes, acusado de minerales y enriquecida con ultra agentes suavizantes. Su fórmula específica se asegura una óptima y extremadamente suave afeitada. Hasta cuatro horas después del afeitado, la piel queda hidratada, suave y flexible.&lt;br /&gt;\r\n	Ingredientes activos&lt;br /&gt;\r\n	- Sodio y potasio del sistema: para preservar la hidratación cutánea&lt;br /&gt;\r\n	- Bisabolol: para calmar la piel&lt;br /&gt;\r\n	Prestaciones superiores: las cifras.&lt;br /&gt;\r\n	Mediciones de 4 horas después del afeitado:&lt;br /&gt;\r\n	- La piel hidratación * 29%&lt;br /&gt;\r\n	- La piel suavidad 61% **&lt;br /&gt;\r\n	- La piel elasticidad 18% **&lt;br /&gt;\r\n	- Piel de la sequedad -39% **&lt;/p&gt;\r\n&lt;p&gt;\r\n	&lt;br /&gt;\r\n	* Prueba instrumental, 20 hombres, 20 a 70 años de edad&lt;br /&gt;\r\n	** Clínica scorage, 20 hombres, 20 a 70 años de edad&lt;/p&gt;\r\n'),(99,1,'Fluid shine nail polish','','','&lt;p&gt;\r\n	Luxurious color at your fingertips. Fluid shine coats nails with intense shine and long-lasting, sophisticated color. The essential accessory to any makeup wardrobe.&lt;/p&gt;\r\n&lt;p&gt;\r\n	Discover the Bronze collection 2010&lt;br /&gt;\r\n	Finish this season’s high summer look with a cranberry n°43 or blackberry n°44 nail, to echo the wet lips with intense color.&lt;/p&gt;\r\n'),(99,9,'Fluid shine nail polish','','','&lt;p&gt;\r\n	Color de lujo a su alcance. Líquido brillo capas uñas con un brillo intenso y de larga duración, color sofisticados. El accesorio esencial para cualquier armario de maquillaje.&lt;/p&gt;\r\n&lt;p&gt;\r\n	Descubra la colección de Bronce 2010&lt;br /&gt;\r\n	Finalizar aspecto de esta temporada alta de verano con un arándano n ° 43 o n ° 44 blackberry uñas, hacerse eco de los labios húmedos con un color intenso.&lt;/p&gt;\r\n'),(100,1,'Smooth silk lip pencils','','','&lt;p&gt;\r\n	An incredibly soft lip pencil for subtle, precise definition. The silky texture allows for easy application and flawless results. To extend the hold of your lip color, fill lips in completely with Smooth silk lip pencil before applying your lipstick. Choose from a wide range of shades to complement every color in your lipstick wardrobe.&lt;/p&gt;\r\n'),(100,9,'Smooth silk lip pencils','','','&lt;p&gt;\r\n	Un labio increíblemente suave lápiz para la definición sutil y preciso. La textura sedosa permite una fácil aplicación y resultados impecables. Para extender el dominio de su color de labios, rellenar los labios por completo con un lápiz de labios de seda suave antes de aplicar el lápiz labial. Elija entre una amplia gama de tonos para complementar todos los colores en su guardarropa lápiz labial.&lt;/p&gt;\r\n'),(101,1,'Pro-V Color Hair Solutions Color Preserve Shine Conditioner','pantene, shampoo','','&lt;p&gt;\r\n	PANTENE\'s color preserve shine shampoo and conditioner system with micro-polishers smoothes and refinishes the hair’s outer layer. So your hair reflects light and shines brilliantly. Help preserve your multi-dimensional color.&lt;/p&gt;\r\n&lt;p&gt;\r\n	&lt;strong&gt;Product Features&lt;/strong&gt;&lt;br /&gt;\r\n	Micro-polishers smooth the outer layer of hair to help Protect color and leave hair shiny&lt;br /&gt;\r\n	Lightweight moisturizers provide protection against damage&lt;br /&gt;\r\n	Designed for color-treated hair; Gentle enough for permed hair&lt;/p&gt;\r\n&lt;p&gt;\r\n	&lt;strong&gt;Ingredients&lt;/strong&gt;&lt;br /&gt;\r\n	Water, Stearyl Alcohol, Behentrimonium Methosulfate, Cetyl Alcohol, Fragrance, Bis-Aminopropyl Dimethicone, Isopropyl Alcohol, Benzyl Alcohol, Disodium EDTA, Panthenol, Panthenyl Ethyl Ether, Methylchloroisothiazolinone, Methylisothiazolinone&lt;/p&gt;\r\n&lt;p&gt;\r\n	&amp;nbsp;&lt;/p&gt;\r\n'),(101,9,'Pro-V Color Hair Solutions Color Preserve Shine Conditioner with Pump','pantene, shampoo','','&lt;p&gt;\r\n	PANTENE\'s color preserve shine shampoo and conditioner system with micro-polishers smoothes and refinishes the hair’s outer layer. So your hair reflects light and shines brilliantly. Help preserve your multi-dimensional color.&lt;/p&gt;\r\n&lt;p&gt;\r\n	&lt;strong&gt;Product Features&lt;/strong&gt;&lt;br /&gt;\r\n	Micro-polishers smooth the outer layer of hair to help Protect color and leave hair shiny&lt;br /&gt;\r\n	Lightweight moisturizers provide protection against damage&lt;br /&gt;\r\n	Designed for color-treated hair; Gentle enough for permed hair&lt;/p&gt;\r\n&lt;p&gt;\r\n	&lt;strong&gt;Ingredients&lt;/strong&gt;&lt;br /&gt;\r\n	Water, Stearyl Alcohol, Behentrimonium Methosulfate, Cetyl Alcohol, Fragrance, Bis-Aminopropyl Dimethicone, Isopropyl Alcohol, Benzyl Alcohol, Disodium EDTA, Panthenol, Panthenyl Ethyl Ether, Methylchloroisothiazolinone, Methylisothiazolinone&lt;/p&gt;\r\n&lt;p&gt;\r\n	&amp;nbsp;&lt;/p&gt;\r\n'),(102,1,'Gucci Guilty','gicci, spray','','&lt;ul&gt;\r\n	&lt;li&gt;\r\n		Notes Consist Of Mandarin, Pink Pepper, Peach, Lilac, Geranium, Amber And Patchouli&lt;/li&gt;\r\n	&lt;li&gt;\r\n		For Casual Use&lt;/li&gt;\r\n&lt;/ul&gt;\r\n&lt;p&gt;\r\n	&lt;em&gt;Gucci Guilty&lt;/em&gt; is a warm yet striking oriental floral with hedonism at its heart.&lt;br /&gt;\r\n	&lt;br /&gt;\r\n	The scent seizes the attention with a flamboyant opening born of the natural rush that is mandarin shimmering alongside an audacious fist of pink pepper.&lt;br /&gt;\r\n	&lt;br /&gt;\r\n	The middle notes are an alluring concoction of heady lilac and geranium, laced with the succulent tactility of peach - all velvet femininity with a beguiling hint of provocation.&lt;br /&gt;\r\n	&lt;br /&gt;\r\n	The patchouli that is the hallmark of Gucci fragrances here conveys a message of strength, while the voluptuousness of amber suggests deep femininity.&lt;/p&gt;\r\n'),(102,9,'Gucci Guilty','gicci, spray','','&lt;ul&gt;\r\n	&lt;li&gt;\r\n		Notes Consist Of Mandarin, Pink Pepper, Peach, Lilac, Geranium, Amber And Patchouli&lt;/li&gt;\r\n	&lt;li&gt;\r\n		For Casual Use&lt;/li&gt;\r\n&lt;/ul&gt;\r\n&lt;p&gt;\r\n	&lt;em&gt;Gucci Guilty&lt;/em&gt; is a warm yet striking oriental floral with hedonism at its heart.&lt;br /&gt;\r\n	&lt;br /&gt;\r\n	The scent seizes the attention with a flamboyant opening born of the natural rush that is mandarin shimmering alongside an audacious fist of pink pepper.&lt;br /&gt;\r\n	&lt;br /&gt;\r\n	The middle notes are an alluring concoction of heady lilac and geranium, laced with the succulent tactility of peach - all velvet femininity with a beguiling hint of provocation.&lt;br /&gt;\r\n	&lt;br /&gt;\r\n	The patchouli that is the hallmark of Gucci fragrances here conveys a message of strength, while the voluptuousness of amber suggests deep femininity.&lt;/p&gt;\r\n'),(103,1,'Jasmin Noir L\'Essence Eau de Parfum Spray 75ml','','','&lt;p&gt;\r\n	A carnal impression of the immaculate jasmine flower, Bvlgari Jasmin Noir L\'Essence dresses the purity of the bloom in jet black mystery.&lt;br /&gt;\r\n	&lt;br /&gt;\r\n	The fragrance is a more concentrated Eau de Parfum than the original Jasmin Noir, a blend of rare and precious ingredients that are more seductive, and more addictive than ever before. The profoundly sensual elixir captivates the senses, and enchants its wearer with its generous and bewitching touches.&lt;br /&gt;\r\n	&lt;br /&gt;\r\n	A luminous bottle that honours the heritage of Bvlgari.&lt;/p&gt;\r\n'),(103,9,'Jasmin Noir L\'Essence Eau de Parfum Spray ','','','&lt;p&gt;\r\n	A carnal impression of the immaculate jasmine flower, Bvlgari Jasmin Noir L\'Essence dresses the purity of the bloom in jet black mystery.&lt;br /&gt;\r\n	&lt;br /&gt;\r\n	The fragrance is a more concentrated Eau de Parfum than the original Jasmin Noir, a blend of rare and precious ingredients that are more seductive, and more addictive than ever before. The profoundly sensual elixir captivates the senses, and enchants its wearer with its generous and bewitching touches.&lt;br /&gt;\r\n	&lt;br /&gt;\r\n	A luminous bottle that honours the heritage of Bvlgari.&lt;/p&gt;\r\n'),(104,1,'Calvin Klein Obsession For Women EDP Spray','','','&lt;p&gt;\r\n	Citrus, vanilla and greens lowering to notes of sandalwood, spices and musk. Recommended Use daytime&lt;/p&gt;\r\n&lt;p&gt;\r\n	&lt;em&gt;\'Obsession\'&lt;/em&gt; perfume was launched by the design house of Calvin Klein in 1985&lt;/p&gt;\r\n&lt;p&gt;\r\n	When you think about Calvin Klein, initially you think of his clothing line – specifically his jeans and underwear lines (not to mention the famous ad with a young Brooke Shields). But Calvin Klein’s penchant for perfume was equally as cutting edge as his foray into fashion.&lt;/p&gt;\r\n'),(104,9,'Calvin Klein Obsession For Women EDP Spray','','','&lt;p&gt;\r\n	Citrus, vanilla and greens lowering to notes of sandalwood, spices and musk. Recommended Use daytime&lt;/p&gt;\r\n&lt;p&gt;\r\n	&lt;em&gt;\'Obsession\'&lt;/em&gt; perfume was launched by the design house of Calvin Klein in 1985&lt;/p&gt;\r\n&lt;p&gt;\r\n	When you think about Calvin Klein, initially you think of his clothing line – specifically his jeans and underwear lines (not to mention the famous ad with a young Brooke Shields). But Calvin Klein’s penchant for perfume was equally as cutting edge as his foray into fashion.&lt;/p&gt;\r\n'),(105,1,'Bvlgari Aqua','','','&lt;p&gt;\r\n	Bvlgari Aqua (Pour Homme) Eau De Toilette Spray is an enticing and fresh cologne that exudes masculinity from its unique blend of amber santolina, posidonia and mandarin.&lt;/p&gt;\r\n&lt;p&gt;\r\n	Bvlgari Aqua (Pour Homme) Eau De Toilette Spray scent lasts throughout the day without having an overpowering smell. It is subtle enough for daytime use and masculine enough for night wear.&lt;/p&gt;\r\n'),(105,9,'Bvlgari Aqua Eau De Toilette Spray','','','&lt;p&gt;\r\n	Bvlgari Aqua (Pour Homme) Eau De Toilette Spray is an enticing and fresh cologne that exudes masculinity from its unique blend of amber santolina, posidonia and mandarin.&lt;/p&gt;\r\n&lt;p&gt;\r\n	Bvlgari Aqua (Pour Homme) Eau De Toilette Spray scent lasts throughout the day without having an overpowering smell. It is subtle enough for daytime use and masculine enough for night wear.&lt;/p&gt;\r\n'),(106,1,'Omnia Eau de Toilette 65ml','bvlgary, omnia, EDT','','&lt;p&gt;\r\n	Choose Your scent&lt;/p&gt;\r\n&lt;p&gt;\r\n	&amp;nbsp;&lt;/p&gt;\r\n&lt;p&gt;\r\n	&lt;strong&gt;Omnia Coral:&lt;/strong&gt; Inspired by the shimmering hues of precious red coral, Omnia Coral is a radiant floral-fruity Eau de Toilette of tropical Hibiscus and juicy Pomegranate, reminiscent of Summer, the sun, resplendent nature and far-off oceans.&lt;/p&gt;\r\n&lt;p&gt;\r\n	&lt;strong&gt;Omnia Amethyst:&lt;/strong&gt; Inspired by the shimmering hues of the amethyst gemstone, this floral Eau de Toilette captures the myriad scents of Iris and Rose gardens caressed with morning dew.&lt;/p&gt;\r\n&lt;p&gt;\r\n	&lt;strong&gt;Omnia Crystalline:&lt;/strong&gt; Created from the glowing clarity and purity of crystal, Omnia Crystalline is a sparkling jewel of light, illuminating and reflecting the gentle sensuality and luminous femininity. Sparkling like a precious jewel, like the rarest of crystals, in an exquisite jewel flacon.&lt;/p&gt;\r\n'),(106,9,'Omnia Eau de Toilette 65ml','','','&lt;p&gt;\r\n	Choose Your scent&lt;/p&gt;\r\n&lt;p&gt;\r\n	&amp;nbsp;&lt;/p&gt;\r\n&lt;p&gt;\r\n	&lt;strong&gt;Omnia Coral:&lt;/strong&gt; Inspired by the shimmering hues of precious red coral, Omnia Coral is a radiant floral-fruity Eau de Toilette of tropical Hibiscus and juicy Pomegranate, reminiscent of Summer, the sun, resplendent nature and far-off oceans.&lt;/p&gt;\r\n&lt;p&gt;\r\n	&lt;strong&gt;Omnia Amethyst:&lt;/strong&gt; Inspired by the shimmering hues of the amethyst gemstone, this floral Eau de Toilette captures the myriad scents of Iris and Rose gardens caressed with morning dew.&lt;/p&gt;\r\n&lt;p&gt;\r\n	&lt;strong&gt;Omnia Crystalline&lt;/strong&gt;: Created from the glowing clarity and purity of crystal, Omnia Crystalline is a sparkling jewel of light, illuminating and reflecting the gentle sensuality and luminous femininity. Sparkling like a precious jewel, like the rarest of crystals, in an exquisite jewel flacon.&lt;/p&gt;\r\n'),(107,1,'Lancome Slimissime 360 Slimming Activating Concentrate Unisex Treatment','','','&lt;ul&gt;\r\n	&lt;li&gt;\r\n		An anti-cellulite body treatment&lt;/li&gt;\r\n	&lt;li&gt;\r\n		Features a special gel-cream texture &amp;amp; a quick-dissolving formula&lt;/li&gt;\r\n	&lt;li&gt;\r\n		Formulated with an exclusive 360 Complex&lt;/li&gt;\r\n&lt;/ul&gt;\r\n&lt;p&gt;\r\n	An anti-cellulite body treatment. Features a special gel-cream texture &amp;amp; a quick-dissolving formula. Formulated with an exclusive 360 Complex. Helps combat presence of cellulite &amp;amp; reduce existing cellulite. Provides immediate invigorating &amp;amp; firming results. Concentrated with micro-pearl particles to illuminate skin. Creates svelte &amp;amp; re-sculpted body contours....&lt;/p&gt;\r\n'),(107,9,'Lancome Slimissime 360 Slimming Activating Concentrate Unisex Treatment','','','&lt;ul&gt;\r\n	&lt;li&gt;\r\n		An anti-cellulite body treatment&lt;/li&gt;\r\n	&lt;li&gt;\r\n		Features a special gel-cream texture &amp;amp; a quick-dissolving formula&lt;/li&gt;\r\n	&lt;li&gt;\r\n		Formulated with an exclusive 360 Complex&lt;/li&gt;\r\n&lt;/ul&gt;\r\n&lt;p&gt;\r\n	An anti-cellulite body treatment. Features a special gel-cream texture &amp;amp; a quick-dissolving formula. Formulated with an exclusive 360 Complex. Helps combat presence of cellulite &amp;amp; reduce existing cellulite. Provides immediate invigorating &amp;amp; firming results. Concentrated with micro-pearl particles to illuminate skin. Creates svelte &amp;amp; re-sculpted body contours....&lt;/p&gt;\r\n'),(108,1,'Lancome Hypnose Doll Lashes Mascara 4-Piece Gift Set','','','&lt;p&gt;\r\n	&amp;nbsp;Lancome Hypnose Doll Lashes Mascara 4-Piece Gift Set! Limited Edition!&lt;/p&gt;\r\n&lt;ol&gt;\r\n	&lt;li&gt;\r\n		0.22 oz full-size Hypnôse Doll Lashes Mascara in Black&lt;/li&gt;\r\n	&lt;li&gt;\r\n		0.07 oz full-size Le Crayon Khol Eyeliner in Black Ebony&lt;/li&gt;\r\n	&lt;li&gt;\r\n		0.07 oz travel-size Cils Booster XL Super Enhancing Mascara Base&lt;/li&gt;\r\n	&lt;li&gt;\r\n		1.7 fl oz travel-size Bi-Facil Double-Action Eye Makeup Remover&lt;/li&gt;\r\n&lt;/ol&gt;\r\n'),(108,9,'Lancome Hypnose Doll Lashes Mascara 4-Piece Gift Set','','','&lt;p&gt;\r\n	&amp;nbsp;Lancome Hypnose Doll Lashes Mascara 4-Piece Gift Set! Limited Edition!&lt;/p&gt;\r\n&lt;ol&gt;\r\n	&lt;li&gt;\r\n		0.22 oz full-size Hypnôse Doll Lashes Mascara in Black&lt;/li&gt;\r\n	&lt;li&gt;\r\n		0.07 oz full-size Le Crayon Khol Eyeliner in Black Ebony&lt;/li&gt;\r\n	&lt;li&gt;\r\n		0.07 oz travel-size Cils Booster XL Super Enhancing Mascara Base&lt;/li&gt;\r\n	&lt;li&gt;\r\n		1.7 fl oz travel-size Bi-Facil Double-Action Eye Makeup Remover&lt;/li&gt;\r\n&lt;/ol&gt;\r\n'),(109,1,'Lancome Visionnaire Advanced Skin Corrector','','','&lt;p&gt;\r\n	Lancôme innovates with VISIONNAIRE [LR 2412 &amp;nbsp;4%], its ﬁrst&amp;nbsp;skincare product formulated to fundamentally recreate truly&amp;nbsp;beautiful skin.&lt;br /&gt;\r\n	&lt;br /&gt;\r\n	A Lancôme technological breakthrough has identiﬁed&amp;nbsp;a miraculous new molecule.&lt;br /&gt;\r\n	&lt;br /&gt;\r\n	The name of this molecule: LR 2412.&lt;br /&gt;\r\n	&lt;br /&gt;\r\n	A molecule that is able to “self-propel” through the layers&amp;nbsp;of the epidermis, to set off a series of tissular micro-transformations.&amp;nbsp;The result is that skin is visibly transformed: the texture is ﬁner,&amp;nbsp;wrinkles are erased, pigmentary and vascular irregularities are&amp;nbsp;reduced and pores are tightened.&lt;/p&gt;\r\n&lt;p&gt;\r\n	&amp;nbsp;&lt;/p&gt;\r\n&lt;p&gt;\r\n	&lt;em&gt;Download Presentation file after order.&lt;/em&gt;&lt;/p&gt;\r\n'),(109,9,'Lancome Visionnaire Advanced Skin Corrector','','','&lt;p&gt;\r\n	Lancôme innovates with VISIONNAIRE [LR 2412 &amp;nbsp;4%], its ﬁrst&amp;nbsp;skincare product formulated to fundamentally recreate truly&amp;nbsp;beautiful skin.&lt;br /&gt;\r\n	&lt;br /&gt;\r\n	A Lancôme technological breakthrough has identiﬁed&amp;nbsp;a miraculous new molecule.&lt;br /&gt;\r\n	&lt;br /&gt;\r\n	The name of this molecule: LR 2412.&lt;br /&gt;\r\n	&lt;br /&gt;\r\n	A molecule that is able to “self-propel” through the layers&amp;nbsp;of the epidermis, to set off a series of tissular micro-transformations.&amp;nbsp;The result is that skin is visibly transformed: the texture is ﬁner,&amp;nbsp;wrinkles are erased, pigmentary and vascular irregularities are&amp;nbsp;reduced and pores are tightened.&lt;/p&gt;\r\n'),(110,1,'Flora By Gucci Eau Fraiche','','','&lt;ul&gt;\r\n	&lt;li&gt;\r\n		Perfect for all occasions&lt;/li&gt;\r\n	&lt;li&gt;\r\n		This item is not a tester; New and sealed&lt;/li&gt;\r\n	&lt;li&gt;\r\n		Contains natural ingredients&lt;/li&gt;\r\n&lt;/ul&gt;\r\n&lt;p&gt;\r\n	Gucci presents the new spring version of this perfume called flora by Gucci eau fraiche in 2011. Even younger, more airy, vivid, sparkling and fresher than the original, the new fragrance is enriched with additional aromas of citruses in the top notes and aquatic and green nuances in the heart, while the base remains unchanged. The composition begins with mandarin, bergamot, kumquat, lemon and peony. The heart is made of rose petals and Osman thus with green and aquatic additions, laid on the base of sandalwood, patchouli and pink pepper.&lt;/p&gt;\r\n'),(110,9,'Flora By Gucci Eau Fraiche','','','&lt;ul&gt;\r\n	&lt;li&gt;\r\n		Perfect for all occasions&lt;/li&gt;\r\n	&lt;li&gt;\r\n		This item is not a tester; New and sealed&lt;/li&gt;\r\n	&lt;li&gt;\r\n		Contains natural ingredients&lt;/li&gt;\r\n&lt;/ul&gt;\r\n&lt;p&gt;\r\n	Gucci presents the new spring version of this perfume called flora by Gucci eau fraiche in 2011. Even younger, more airy, vivid, sparkling and fresher than the original, the new fragrance is enriched with additional aromas of citruses in the top notes and aquatic and green nuances in the heart, while the base remains unchanged. The composition begins with mandarin, bergamot, kumquat, lemon and peony. The heart is made of rose petals and Osman thus with green and aquatic additions, laid on the base of sandalwood, patchouli and pink pepper.&lt;/p&gt;\r\n');

--
-- Table structure for table `ab_product_discounts`
--

CREATE TABLE `ab_product_discounts` (
  `product_discount_id` int(11) NOT NULL AUTO_INCREMENT,
  `product_id` int(11) NOT NULL,
  `customer_group_id` int(11) NOT NULL,
  `quantity` int(4) NOT NULL DEFAULT '0',
  `priority` int(5) NOT NULL DEFAULT '1',
  `price` decimal(15,4) NOT NULL DEFAULT '0.0000',
  `date_start` date NOT NULL DEFAULT '0000-00-00',
  `date_end` date NOT NULL DEFAULT '0000-00-00',
  PRIMARY KEY (`product_discount_id`)
) ENGINE=MyISAM DEFAULT CHARSET=utf8 COLLATE=utf8_bin;

--
-- Dumping data for table `ab_product_discounts`
--


--
-- Table structure for table `ab_product_filter_descriptions`
--

CREATE TABLE `ab_product_filter_descriptions` (
  `filter_id` int(11) NOT NULL,
  `value` varchar(255) NOT NULL DEFAULT '' COMMENT 'translatable',
  `language_id` int(11) NOT NULL,
  PRIMARY KEY (`filter_id`,`language_id`)
) ENGINE=MyISAM DEFAULT CHARSET=utf8;

--
-- Dumping data for table `ab_product_filter_descriptions`
--


--
-- Table structure for table `ab_product_filter_ranges`
--

CREATE TABLE `ab_product_filter_ranges` (
  `range_id` int(11) NOT NULL AUTO_INCREMENT,
  `feature_id` int(11) DEFAULT NULL,
  `filter_id` int(11) NOT NULL,
  `from` decimal(12,2) NOT NULL DEFAULT '0.00',
  `to` decimal(12,2) NOT NULL DEFAULT '0.00',
  `sort_order` int(3) NOT NULL DEFAULT '0',
  PRIMARY KEY (`range_id`),
  KEY `from` (`from`,`to`),
  KEY `filter_id` (`filter_id`),
  KEY `feature_id` (`feature_id`)
) ENGINE=MyISAM DEFAULT CHARSET=utf8;

--
-- Dumping data for table `ab_product_filter_ranges`
--


--
-- Table structure for table `ab_product_filter_ranges_descriptions`
--

CREATE TABLE `ab_product_filter_ranges_descriptions` (
  `range_id` int(11) NOT NULL,
  `name` varchar(255) NOT NULL DEFAULT '' COMMENT 'translatable',
  `language_id` int(11) NOT NULL,
  PRIMARY KEY (`range_id`,`language_id`)
) ENGINE=MyISAM DEFAULT CHARSET=utf8;

--
-- Dumping data for table `ab_product_filter_ranges_descriptions`
--


--
-- Table structure for table `ab_product_filters`
--

CREATE TABLE `ab_product_filters` (
  `filter_id` int(11) NOT NULL AUTO_INCREMENT,
  `filter_type` char(1) NOT NULL DEFAULT '',
  `categories_hash` text NOT NULL,
  `feature_id` int(11) DEFAULT NULL,
  `sort_order` int(3) NOT NULL DEFAULT '0',
  `status` smallint(1) NOT NULL DEFAULT '0',
  PRIMARY KEY (`filter_id`),
  KEY `feature_id` (`feature_id`)
) ENGINE=MyISAM DEFAULT CHARSET=utf8;

--
-- Dumping data for table `ab_product_filters`
--


--
-- Table structure for table `ab_product_option_descriptions`
--

CREATE TABLE `ab_product_option_descriptions` (
  `product_option_id` int(11) NOT NULL,
  `language_id` int(11) NOT NULL,
  `product_id` int(11) NOT NULL,
  `name` varchar(255) COLLATE utf8_bin NOT NULL COMMENT 'translatable',
  `option_placeholder` varchar(255) COLLATE utf8_bin DEFAULT '' COMMENT 'translatable',
  `error_text` varchar(255) COLLATE utf8_bin NOT NULL COMMENT 'translatable',
  PRIMARY KEY (`product_option_id`,`language_id`)
) ENGINE=MyISAM DEFAULT CHARSET=utf8 COLLATE=utf8_bin;

--
-- Dumping data for table `ab_product_option_descriptions`
--

INSERT INTO `ab_product_option_descriptions` (`product_option_id`, `language_id`, `product_id`, `name`, `option_placeholder`, `error_text`) VALUES (315,9,54,'Color','',''),(318,9,53,'Color','',''),(318,1,53,'Color','',''),(315,1,54,'Color','',''),(319,9,56,'Color','',''),(319,1,56,'Color','',''),(304,1,57,'Color','',''),(304,9,57,'Color','',''),(305,1,59,'Color','',''),(305,9,59,'Color','',''),(306,1,55,'Color','',''),(306,9,55,'Color','',''),(320,9,78,'Tamaño fragancia','',''),(320,1,78,'Fragrance Size','',''),(321,1,80,'Fragrance Size','',''),(321,9,80,'Tamaño fragancia','',''),(322,1,84,'Size','',''),(322,9,84,'Tamaño','',''),(323,1,85,'Fragrance Size','',''),(323,9,85,'Tamaño fragancia','',''),(324,1,89,'Fragrance Size','',''),(324,9,89,'Tamaño fragancia','',''),(326,9,90,'Tamaño fragancia','',''),(326,1,90,'Fragrance Size','',''),(327,1,99,'Color','',''),(327,9,99,'Color','',''),(328,1,100,'Color','',''),(328,9,100,'Color','',''),(329,1,101,'Size','',''),(329,9,101,'Tamaño','',''),(330,1,102,'Size','',''),(330,9,102,'Tamaño','',''),(331,1,104,'Size','',''),(331,9,104,'Tamaño','',''),(332,1,104,'Gift Wrapping','',''),(332,9,104,'Papel de Regalo','',''),(335,1,105,'Fragrance Type','',''),(335,9,105,'Fragancia Tipo','',''),(336,1,105,'Gift Wrapping','',''),(336,9,105,'Papel de Regalo','',''),(337,1,105,'Size','',''),(337,9,105,'Tamaño','',''),(338,1,106,'Choose Scent','',''),(338,9,0,'Elija Scent','',''),(339,1,106,'Gift Wrapping','',''),(339,9,106,'Papel de Regalo','',''),(340,1,109,'Gift Wrapping','',''),(340,9,109,'Papel de Regalo','',''),(341,1,110,'Size','',''),(341,9,110,'Tamaño','','');

--
-- Table structure for table `ab_product_option_value_descriptions`
--

CREATE TABLE `ab_product_option_value_descriptions` (
  `product_option_value_id` int(11) NOT NULL,
  `language_id` int(11) NOT NULL,
  `product_id` int(11) NOT NULL,
  `name` text COLLATE utf8_bin COMMENT 'translatable',
  `grouped_attribute_names` text COLLATE utf8_bin,
  PRIMARY KEY (`product_option_value_id`,`language_id`)
) ENGINE=MyISAM DEFAULT CHARSET=utf8 COLLATE=utf8_bin;

--
-- Dumping data for table `ab_product_option_value_descriptions`
--

INSERT INTO `ab_product_option_value_descriptions` (`product_option_value_id`, `language_id`, `product_id`, `name`, `grouped_attribute_names`) VALUES (652,9,53,'Natural de Oro',NULL),(653,1,53,'Natural Ambre',NULL),(652,1,53,'Natural Golden',NULL),(646,9,54,'Marrón',NULL),(646,1,54,'Brown',NULL),(653,9,53,'Natural de Ambre',NULL),(645,9,54,'Negro',NULL),(645,1,54,'Black',NULL),(658,9,56,'Suede',NULL),(658,1,56,'Suede',NULL),(657,9,56,'Bisque de luz',NULL),(657,1,56,'Light Bisque',NULL),(656,9,56,'Ivore',NULL),(656,1,56,'Ivore',NULL),(655,9,56,'Dore',NULL),(655,1,56,'Dore',NULL),(654,9,56,'Bronce',NULL),(654,1,56,'Bronze',NULL),(612,1,57,'Pink Pool',NULL),(612,9,57,'Pink Pool',NULL),(613,1,57,'Mandarin Sky',NULL),(613,9,57,'Mandarin Sky',NULL),(614,1,57,'Brilliant Berry',NULL),(614,9,57,'Brilliant Berry',NULL),(615,1,59,'Viva Glam IV',NULL),(615,9,59,'Viva Glam IV',NULL),(616,1,59,'Viva Glam II',NULL),(616,9,59,'Viva Glam II',NULL),(617,1,59,'Viva Glam VI',NULL),(617,9,59,'Viva Glam VI',NULL),(618,1,55,'La Base',NULL),(618,9,55,'La Base',NULL),(619,1,55,'Lacewood',NULL),(619,9,55,'Lacewood',NULL),(620,1,55,'Smoky Rouge',NULL),(620,9,55,'Smoky Rouge',NULL),(621,1,55,'Tulipwood',NULL),(621,9,55,'Tulipwood',NULL),(662,9,78,'50ml',NULL),(662,1,78,'50ml',NULL),(661,9,78,'150ml',NULL),(661,1,78,'150ml',NULL),(660,9,78,'100ml',NULL),(660,1,78,'100ml',NULL),(659,1,56,'Light Buff',NULL),(659,9,56,'Buff luz',NULL),(663,1,80,'1.7 oz',NULL),(663,9,80,'1.7 oz',NULL),(664,1,80,'3.4 oz',NULL),(664,9,80,'3.4 oz',NULL),(665,1,80,'6.7 oz',NULL),(665,9,80,'6.7 oz',NULL),(666,1,84,'30 ml',NULL),(666,9,84,'30 ml',NULL),(667,1,84,'50 ml',NULL),(667,9,84,'50 ml',NULL),(668,1,84,'75 ml',NULL),(668,9,84,'75 ml',NULL),(669,1,85,'1 oz',NULL),(669,9,85,'1 oz',NULL),(670,1,85,'1.7 oz',NULL),(670,9,85,'1.7 oz',NULL),(671,1,85,'3.4 oz',NULL),(671,9,85,'3.4 oz',NULL),(672,1,89,'0.04 oz',NULL),(672,9,89,'0.04 oz',NULL),(673,1,89,'6.7 oz',NULL),(673,9,89,'6.7 oz',NULL),(674,1,89,'1.7 oz',NULL),(674,9,89,'1.7 oz',NULL),(676,9,90,'1.7 oz EDP Spray',NULL),(676,1,90,'1.7 oz EDP Spray',NULL),(677,1,90,'3.4 oz EDP Spray',NULL),(677,9,90,'3.4 oz EDP Spray',NULL),(678,1,99,'rose beige',NULL),(678,9,99,'rose beige',NULL),(679,1,99,'cranberry',NULL),(679,9,99,'cranberry',NULL),(680,1,99,'cassis',NULL),(680,9,99,'cassis',NULL),(681,1,100,'beige',NULL),(681,9,100,'beige',NULL),(682,1,100,'red beige',NULL),(682,9,100,'red beige',NULL),(683,1,100,'brique',NULL),(683,9,100,'brique',NULL),(684,1,100,'brown',NULL),(684,9,100,'marrón',NULL),(685,1,100,'mauve',NULL),(685,9,100,'mauve',NULL),(686,1,100,'red',NULL),(686,9,100,'rojo',NULL),(687,1,101,'8.45 oz',NULL),(688,1,101,'15.2 oz',NULL),(689,1,101,'33.8 oz',NULL),(690,1,102,'30ml',NULL),(691,1,102,'50ml',NULL),(692,1,102,'75ml',NULL),(714,1,104,'1 oz',NULL),(713,1,104,'1.7 oz',NULL),(700,9,104,'sí',NULL),(722,1,105,'Eau de Cologne',NULL),(721,1,105,'Eau de Toilette',NULL),(720,1,105,'Eau de Parfum',NULL),(719,1,105,'yes',NULL),(723,1,105,'1 oz',NULL),(724,1,105,'1.7 oz',NULL),(733,1,106,'Crystalline',NULL),(732,1,106,'Amethyst',NULL),(731,1,106,'Coral',NULL),(735,1,106,'yes',NULL),(737,1,109,'yes',NULL),(738,1,110,'30ml',NULL),(739,1,110,'50ml',NULL),(740,1,110,'75ml',NULL);

--
-- Table structure for table `ab_product_option_values`
--

CREATE TABLE `ab_product_option_values` (
  `product_option_value_id` int(11) NOT NULL AUTO_INCREMENT,
  `product_option_id` int(11) NOT NULL,
  `product_id` int(11) NOT NULL,
  `group_id` int(11) NOT NULL DEFAULT '0',
  `sku` varchar(255) COLLATE utf8_bin DEFAULT NULL,
  `quantity` int(4) NOT NULL DEFAULT '0',
  `subtract` int(1) NOT NULL DEFAULT '0',
  `price` decimal(15,4) NOT NULL,
  `prefix` char(1) COLLATE utf8_bin NOT NULL,
  `weight` decimal(15,8) NOT NULL,
  `weight_type` varchar(3) COLLATE utf8_bin NOT NULL,
  `attribute_value_id` int(11) DEFAULT NULL,
  `grouped_attribute_data` text COLLATE utf8_bin,
  `sort_order` int(3) NOT NULL,
  `default` smallint(6) DEFAULT '0',
  PRIMARY KEY (`product_option_value_id`)
) ENGINE=MyISAM AUTO_INCREMENT=741 DEFAULT CHARSET=utf8 COLLATE=utf8_bin;

--
-- Dumping data for table `ab_product_option_values`
--

INSERT INTO `ab_product_option_values` (`product_option_value_id`, `product_option_id`, `product_id`, `group_id`, `sku`, `quantity`, `subtract`, `price`, `prefix`, `weight`, `weight_type`, `attribute_value_id`, `grouped_attribute_data`, `sort_order`, `default`) VALUES (646,315,54,0,'',983,1,5.0000,'$',0.00000000,'lb',0,NULL,0,0),(653,318,53,0,'',2000,1,0.0000,'$',0.00000000,'lb',0,NULL,0,0),(652,318,53,0,'',0,0,0.0000,'$',0.00000000,'lb',0,NULL,0,0),(645,315,54,0,'',1000,1,0.0000,'$',0.00000000,'lb',0,NULL,0,0),(659,319,56,0,'',999,1,0.0000,'$',0.00000000,'lb',0,NULL,2,0),(658,319,56,0,'',0,0,0.0000,'$',0.00000000,'lb',0,NULL,1,0),(657,319,56,0,'',998,1,1.0000,'$',0.00000000,'lb',0,NULL,0,0),(656,319,56,0,'',0,0,0.0000,'$',0.00000000,'lb',0,NULL,0,0),(655,319,56,0,'',0,0,0.0000,'$',0.00000000,'lb',0,NULL,0,0),(654,319,56,0,'',555,0,0.0000,'$',0.00000000,'lb',0,NULL,0,0),(612,304,57,0,'',0,0,0.0000,'$',0.00000000,'lb',0,NULL,0,0),(613,304,57,0,'',999,1,0.0000,'$',0.00000000,'lb',0,NULL,0,0),(614,304,57,0,'',0,0,0.0000,'$',0.00000000,'lb',0,NULL,0,0),(615,305,59,0,'',0,0,0.0000,'$',0.00000000,'lb',0,NULL,0,0),(616,305,59,0,'',0,0,0.0000,'$',0.00000000,'lb',0,NULL,0,0),(617,305,59,0,'',1000,1,2.0000,'$',0.00000000,'lb',0,NULL,0,0),(618,306,55,0,'',0,0,0.0000,'$',0.00000000,'lb',0,NULL,0,0),(619,306,55,0,'',0,0,0.0000,'$',0.00000000,'lb',0,NULL,0,0),(620,306,55,0,'',0,0,0.0000,'$',0.00000000,'lb',0,NULL,0,0),(621,306,55,0,'',0,0,0.0000,'$',0.00000000,'lb',0,NULL,0,0),(662,320,78,0,'',59,1,0.0000,'$',0.00000000,'lb',0,NULL,0,0),(661,320,78,0,'',887,1,16.0000,'$',0.00000000,'lb',0,NULL,0,0),(660,320,78,0,'',998,1,8.0000,'$',0.00000000,'lb',0,NULL,0,0),(663,321,80,0,'',0,0,0.0000,'$',0.00000000,'lb',0,NULL,0,0),(664,321,80,0,'',0,0,25.0000,'$',0.00000000,'lb',0,NULL,0,0),(665,321,80,0,'',0,0,45.0000,'$',0.00000000,'lb',0,NULL,0,0),(666,322,84,0,'',0,0,0.0000,'$',0.00000000,'lb',0,NULL,0,0),(667,322,84,0,'',1000,1,20.0000,'$',0.00000000,'lb',0,NULL,0,0),(668,322,84,0,'',0,0,32.0000,'$',0.00000000,'lb',0,NULL,0,0),(669,323,85,0,'',0,0,0.0000,'$',0.00000000,'lb',0,NULL,0,0),(670,323,85,0,'',100,0,18.0000,'$',0.00000000,'lb',0,NULL,0,0),(671,323,85,0,'',0,0,23.5000,'$',0.00000000,'lb',0,NULL,0,0),(672,324,89,0,'',0,0,0.0000,'$',0.00000000,'lb',0,NULL,0,0),(673,324,89,0,'',0,0,30.0000,'$',0.00000000,'lb',0,NULL,0,0),(674,324,89,0,'',1000,1,10.0000,'$',0.00000000,'lb',0,NULL,0,0),(676,326,90,0,'',0,0,0.0000,'$',0.00000000,'lb',0,NULL,0,0),(677,326,90,0,'',556,1,15.0000,'$',0.00000000,'lb',0,NULL,0,0),(678,327,99,0,'',0,0,0.0000,'$',0.00000000,'lb',0,NULL,0,0),(679,327,99,0,'',50,1,0.0000,'$',0.00000000,'lb',0,NULL,0,0),(680,327,99,0,'',48,1,0.0000,'$',0.00000000,'lb',0,NULL,0,0),(681,328,100,0,'',0,0,0.0000,'$',0.00000000,'lb',0,NULL,0,0),(682,328,100,0,'',0,0,0.0000,'$',0.00000000,'lb',0,NULL,0,0),(683,328,100,0,'',0,0,0.0000,'$',0.00000000,'lb',0,NULL,0,0),(684,328,100,0,'',46,1,0.0000,'$',0.00000000,'lb',0,NULL,0,0),(685,328,100,0,'',0,0,0.0000,'$',0.00000000,'lb',0,NULL,0,0),(686,328,100,0,'',0,0,0.0000,'$',0.00000000,'lb',0,NULL,0,0),(687,329,101,0,'',256,0,-2.0000,'$',0.80000000,'lb',4,NULL,0,0),(688,329,101,0,'',155,0,4.0000,'$',0.15000000,'lb',5,NULL,0,0),(689,329,101,0,'',100,1,10.0000,'$',0.33000000,'lb',6,NULL,0,0),(690,330,102,0,'',55,0,0.0000,'$',0.00000000,'lb',17,NULL,0,0),(691,330,102,0,'',55,0,20.0000,'$',0.00000000,'lb',18,NULL,0,0),(692,330,102,0,'',55,0,30.0000,'$',0.00000000,'lb',19,NULL,0,0),(714,331,104,0,'',50,0,0.0000,'$',0.00000000,'lb',53,NULL,0,0),(713,331,104,0,'',50,0,20.0000,'$',0.00000000,'lb',54,NULL,0,0),(700,332,104,0,'',0,0,3.0000,'$',0.00000000,'lb',0,NULL,0,0),(722,335,105,0,'',100,1,24.0000,'$',0.00000000,'lb',77,NULL,0,0),(721,335,105,0,'',44,1,21.0000,'$',0.00000000,'lb',76,NULL,0,0),(720,335,105,0,'',25,1,60.0000,'$',0.00000000,'lb',75,NULL,0,0),(719,336,105,0,'',0,0,2.5000,'$',0.00000000,'lb',0,NULL,0,0),(723,337,105,0,'',0,0,0.0000,'$',0.00000000,'lb',53,NULL,0,0),(724,337,105,0,'',0,0,25.0000,'%',0.00000000,'lb',54,NULL,0,0),(733,338,106,0,'',80,1,0.0000,'$',0.00000000,'lb',0,NULL,0,0),(732,338,106,0,'',59,1,0.0000,'$',0.00000000,'lb',0,NULL,0,0),(731,338,106,0,'',120,1,0.0000,'$',0.00000000,'lb',0,NULL,0,0),(735,339,106,0,'',0,0,1.5000,'$',0.00000000,'lb',0,NULL,0,0),(737,340,109,0,'',0,0,0.0000,'$',0.00000000,'lb',0,NULL,0,0),(738,341,110,0,'',97,1,0.0000,'$',0.00000000,'lb',50,NULL,0,0),(739,341,110,0,'',120,1,15.0000,'$',0.00000000,'lb',51,NULL,0,0),(740,341,110,0,'',56,1,30.0000,'$',0.00000000,'lb',52,NULL,0,0);

--
-- Table structure for table `ab_product_options`
--

CREATE TABLE `ab_product_options` (
  `product_option_id` int(11) NOT NULL AUTO_INCREMENT,
  `attribute_id` int(11) NOT NULL,
  `product_id` int(11) NOT NULL,
  `group_id` int(11) NOT NULL DEFAULT '0',
  `sort_order` int(3) NOT NULL DEFAULT '0',
  `status` int(1) NOT NULL DEFAULT '1',
  `element_type` char(1) COLLATE utf8_bin NOT NULL DEFAULT 'I',
  `required` smallint(1) NOT NULL DEFAULT '0',
  `regexp_pattern` varchar(255) COLLATE utf8_bin NOT NULL DEFAULT '',
  PRIMARY KEY (`product_option_id`)
) ENGINE=MyISAM AUTO_INCREMENT=342 DEFAULT CHARSET=utf8 COLLATE=utf8_bin;

--
-- Dumping data for table `ab_product_options`
--

INSERT INTO `ab_product_options` (`product_option_id`, `attribute_id`, `product_id`, `group_id`, `sort_order`, `status`, `element_type`, `required`, `regexp_pattern`) VALUES (315,0,54,0,0,1,'S',0,''),(318,0,53,0,2,1,'S',0,''),(319,0,56,0,0,1,'S',0,''),(304,0,57,0,0,1,'S',0,''),(305,0,59,0,0,1,'S',0,''),(306,0,55,0,0,1,'S',0,''),(320,0,78,0,0,1,'S',0,''),(321,0,80,0,0,1,'S',0,''),(322,0,84,0,0,1,'S',0,''),(323,0,85,0,0,1,'S',0,''),(324,0,89,0,0,1,'S',0,''),(326,0,90,0,0,1,'S',0,''),(327,0,99,0,0,1,'S',0,''),(328,0,100,0,0,1,'S',0,''),(329,1,101,0,0,1,'S',1,''),(330,1,102,0,0,1,'S',0,''),(331,1,104,0,0,1,'S',1,''),(332,2,104,0,0,1,'C',0,''),(335,5,105,0,0,1,'G',1,''),(336,2,105,0,5,1,'C',0,''),(337,1,105,0,2,1,'S',1,''),(338,0,106,0,1,1,'S',1,''),(339,2,106,0,2,1,'C',0,''),(340,2,109,0,0,1,'C',0,''),(341,1,110,0,0,1,'S',1,'');

--
-- Table structure for table `ab_product_specials`
--

CREATE TABLE `ab_product_specials` (
  `product_special_id` int(11) NOT NULL AUTO_INCREMENT,
  `product_id` int(11) NOT NULL,
  `customer_group_id` int(11) NOT NULL,
  `priority` int(5) NOT NULL DEFAULT '1',
  `price` decimal(15,4) NOT NULL DEFAULT '0.0000',
  `date_start` date NOT NULL DEFAULT '0000-00-00',
  `date_end` date NOT NULL DEFAULT '0000-00-00',
  PRIMARY KEY (`product_special_id`)
) ENGINE=MyISAM AUTO_INCREMENT=259 DEFAULT CHARSET=utf8 COLLATE=utf8_bin;

--
-- Dumping data for table `ab_product_specials`
--

INSERT INTO `ab_product_specials` (`product_special_id`, `product_id`, `customer_group_id`, `priority`, `price`, `date_start`, `date_end`) VALUES (251,32,8,1,50.0000,'2010-02-01','2010-02-28'),(242,39,8,1,50.0000,'2010-02-01','2010-02-28'),(243,40,8,1,50.0000,'2010-02-01','2010-02-28'),(244,41,8,1,50.0000,'2010-02-01','2010-02-28'),(246,42,8,1,50.0000,'2010-02-01','2010-02-28'),(249,43,8,1,50.0000,'2010-02-01','2010-02-28'),(252,51,8,0,19.0000,'0000-00-00','0000-00-00'),(253,55,8,0,27.0000,'0000-00-00','0000-00-00'),(254,67,8,0,29.0000,'0000-00-00','0000-00-00'),(255,72,8,0,24.0000,'0000-00-00','0000-00-00'),(256,88,8,0,27.0000,'0000-00-00','0000-00-00'),(257,93,8,0,220.0000,'0000-00-00','0000-00-00'),(258,103,8,0,42.0000,'2012-02-05','2016-05-14');

--
-- Table structure for table `ab_product_tags`
--

CREATE TABLE `ab_product_tags` (
  `product_id` int(11) NOT NULL,
  `tag` varchar(32) COLLATE utf8_bin NOT NULL COMMENT 'translatable',
  `language_id` int(11) NOT NULL,
  PRIMARY KEY (`product_id`,`tag`,`language_id`)
) ENGINE=MyISAM DEFAULT CHARSET=utf8 COLLATE=utf8_bin;

--
-- Dumping data for table `ab_product_tags`
--

INSERT INTO `ab_product_tags` (`product_id`, `tag`, `language_id`) VALUES (51,'cheeks',1),(51,'cheeks',9),(51,'makeup',1),(51,'makeup',9),(54,'eye',1),(54,'eye',9),(54,'makeup',1),(54,'makeup',9),(78,'fragrance',1),(78,'fragrance',9),(78,'men',1),(78,'men',9),(79,'fragrance',1),(79,'men',1),(79,'unisex',1),(79,'women',1),(83,'fragrance',9),(83,'men',9),(85,'fragrance',1),(85,'fragrance',9),(85,'women',1),(85,'women',9),(87,'fragrance',1),(87,'fragrance',9),(89,'fragrance',1),(89,'fragrance',9),(89,'woman',1),(89,'woman',9),(95,'gift',1),(95,'gift',9),(95,'man',1),(95,'man',9),(96,'man',1),(96,'skincare',1),(96,'skincare',9),(96,'woman',9),(98,'man',1),(98,'man',9),(99,'nail',1),(99,'nail',9),(99,'women',1),(99,'women',9),(101,'conditioner',1),(101,'conditioner',9),(103,'spray',1),(103,'spray',9),(108,'gift',1),(108,'pen',1),(108,'set',1);

--
-- Table structure for table `ab_products`
--

CREATE TABLE `ab_products` (
  `product_id` int(11) NOT NULL AUTO_INCREMENT,
  `model` varchar(64) COLLATE utf8_bin NOT NULL,
  `sku` varchar(64) COLLATE utf8_bin NOT NULL,
  `location` varchar(128) COLLATE utf8_bin NOT NULL,
  `quantity` int(4) NOT NULL DEFAULT '0',
  `stock_status_id` int(11) NOT NULL,
  `manufacturer_id` int(11) NOT NULL,
  `shipping` int(1) NOT NULL DEFAULT '1',
  `ship_individually` int(1) NOT NULL DEFAULT '0',
  `free_shipping` int(1) NOT NULL DEFAULT '0',
  `shipping_price` decimal(15,4) NOT NULL DEFAULT '0.0000',
  `price` decimal(15,4) NOT NULL DEFAULT '0.0000',
  `tax_class_id` int(11) NOT NULL,
  `date_available` date NOT NULL,
  `weight` decimal(5,2) NOT NULL DEFAULT '0.00',
  `weight_class_id` int(11) NOT NULL DEFAULT '0',
  `length` decimal(5,2) NOT NULL DEFAULT '0.00',
  `width` decimal(5,2) NOT NULL DEFAULT '0.00',
  `height` decimal(5,2) NOT NULL DEFAULT '0.00',
  `length_class_id` int(11) NOT NULL DEFAULT '0',
  `status` int(1) NOT NULL DEFAULT '0',
  `date_added` datetime NOT NULL DEFAULT '0000-00-00 00:00:00',
  `date_modified` datetime NOT NULL DEFAULT '0000-00-00 00:00:00',
  `viewed` int(5) NOT NULL DEFAULT '0',
  `sort_order` int(11) NOT NULL DEFAULT '0',
  `subtract` int(1) NOT NULL DEFAULT '1',
  `minimum` int(11) NOT NULL DEFAULT '1',
  `maximum` int(11) NOT NULL DEFAULT '0',
  `cost` decimal(15,4) NOT NULL DEFAULT '0.0000',
  PRIMARY KEY (`product_id`)
) ENGINE=MyISAM AUTO_INCREMENT=111 DEFAULT CHARSET=utf8 COLLATE=utf8_bin;

--
-- Dumping data for table `ab_products`
--

INSERT INTO `ab_products` (`product_id`, `model`, `sku`, `location`, `quantity`, `stock_status_id`, `manufacturer_id`, `shipping`, `ship_individually`, `free_shipping`, `shipping_price`, `price`, `tax_class_id`, `date_available`, `weight`, `weight_class_id`, `length`, `width`, `height`, `length_class_id`, `status`, `date_added`, `date_modified`, `viewed`, `sort_order`, `subtract`, `minimum`, `maximum`, `cost`) VALUES (51,'483857','','',98,1,12,1,0,0,0.0000,30.0000,1,'2013-08-29',0.05,1,0.00,0.00,0.00,0,1,'2014-01-25 12:13:53','2014-01-25 12:13:53',7,1,1,1,0,0.0000),(52,'523755','','',99,1,12,1,0,0,0.0000,28.0000,0,'2013-08-29',0.80,1,0.00,0.00,0.00,0,1,'2014-01-25 12:13:53','2014-01-25 12:13:53',2,1,1,2,0,0.0000),(53,'380440','','',1000,3,15,1,0,0,0.0000,38.5000,1,'2013-08-29',100.00,2,0.00,0.00,0.00,0,1,'2014-01-25 12:13:53','2014-01-25 12:13:53',5,1,1,1,0,22.0000),(54,'74144','','',999,1,15,1,0,0,0.0000,25.0000,1,'2013-08-29',0.15,1,0.00,0.00,0.00,0,1,'2014-01-25 12:13:53','2014-01-25 12:13:53',10,1,1,1,0,0.0000),(55,'tw152236','','',1000,1,15,1,0,0,0.0000,29.0000,1,'2013-08-29',0.08,1,0.00,0.00,0.00,0,1,'2014-01-25 12:13:53','2014-01-25 12:13:53',5,1,1,1,0,22.0000),(56,'35190','','',1000,1,15,1,0,0,0.0000,29.5000,1,'2013-08-29',85.00,2,0.00,0.00,0.00,0,1,'2014-01-25 12:13:53','2014-01-25 12:13:53',9,1,1,1,0,0.0000),(57,'117148','','',1000,1,15,1,0,0,0.0000,29.5000,1,'2013-08-29',0.20,1,0.00,0.00,0.00,0,1,'2014-01-25 12:13:53','2014-01-25 12:13:53',12,1,1,1,0,0.0000),(58,'374002','','',0,2,12,1,0,0,0.0000,34.0000,1,'2013-08-29',25.00,2,0.00,0.00,0.00,0,1,'2014-01-25 12:13:53','2014-01-25 12:13:53',2,1,1,1,0,10.0000),(59,'14.50','','',1000,1,11,1,0,0,0.0000,5.0000,1,'2013-08-29',75.00,2,0.00,0.00,0.00,0,1,'2014-01-25 12:13:53','2014-01-25 12:13:53',2,1,1,1,0,0.0000),(78,'Cl0001','','',1000,1,13,1,0,0,0.0000,29.0000,1,'2013-08-30',125.00,2,0.00,0.00,0.00,0,1,'2014-01-25 12:13:53','2014-01-25 12:13:53',10,1,1,1,0,0.0000),(79,'CKGS01','','',1000,1,13,1,0,0,0.0000,36.0000,1,'2013-08-30',250.00,2,0.00,0.00,0.00,0,1,'2014-01-25 12:13:53','2014-01-25 12:13:53',2,1,1,1,0,28.0000),(80,'GRM001','','',850,1,19,1,0,0,0.0000,59.0000,1,'2013-09-01',80.00,2,0.00,0.00,0.00,0,1,'2014-01-25 12:13:53','2014-01-25 12:13:53',5,1,1,1,0,33.0000),(81,'GRM002','','',1000,1,19,1,0,0,0.0000,61.0000,1,'2013-09-01',150.00,2,0.00,0.00,0.00,0,1,'2014-01-25 12:13:53','2014-01-25 12:13:53',2,1,1,1,0,0.0000),(82,'GRM003','','',1000,1,19,1,0,0,0.0000,42.0000,1,'2013-09-01',100.00,2,0.00,0.00,0.00,0,1,'2014-01-25 12:13:53','2014-01-25 12:13:53',2,1,1,1,0,0.0000),(83,'GRM004','','',1000,1,19,1,0,0,0.0000,37.5000,1,'2013-09-01',15.00,2,0.00,0.00,0.00,0,1,'2014-01-25 12:13:53','2014-01-25 12:13:53',2,1,1,1,0,0.0000),(84,'GRM005','','',1000,1,19,1,0,0,0.0000,30.0000,1,'2013-09-01',175.00,2,0.00,0.00,0.00,0,1,'2014-01-25 12:13:53','2014-01-25 12:13:53',7,1,1,1,0,0.0000),(85,'Ck0010','','',1000,1,13,1,0,0,0.0000,45.0000,1,'2013-09-01',0.08,5,0.00,0.00,0.00,0,1,'2014-01-25 12:13:53','2014-01-25 12:13:53',3,1,1,1,0,0.0000),(86,'CK0009','','',1,1,13,1,0,0,0.0000,44.1000,1,'2013-09-04',0.17,2,0.00,0.00,0.00,0,1,'2014-01-25 12:13:53','2014-01-25 12:13:53',2,1,1,1,0,0.0000),(87,'CK0010','','',10000,1,13,1,0,0,0.0000,37.5000,1,'2013-09-04',0.20,1,0.00,0.00,0.00,0,1,'2014-01-25 12:13:53','2014-01-25 12:13:53',1,1,1,1,0,0.0000),(88,'CK0011','','',1,1,13,1,0,0,0.0000,31.0000,1,'2013-09-04',340.00,2,0.00,0.00,0.00,0,1,'2014-01-25 12:13:53','2014-01-25 12:13:53',1,1,1,1,0,19.0000),(89,'CK0012','','',1000,3,13,1,0,0,0.0000,62.0000,1,'2013-09-04',0.12,1,0.00,0.00,0.00,0,1,'2014-01-25 12:13:53','2014-01-25 12:13:53',5,1,1,1,0,40.0000),(90,'CK0013','','',1000,1,13,1,0,0,0.0000,39.0000,1,'2013-09-04',0.33,2,0.00,0.00,0.00,0,1,'2014-01-25 12:13:53','2014-01-25 12:13:53',2,1,1,1,0,0.0000),(91,'BVLG001','','',1000,1,14,1,0,0,0.0000,29.0000,1,'2013-09-04',0.16,2,0.00,0.00,0.00,0,1,'2014-01-25 12:13:53','2014-01-25 12:13:53',2,1,1,1,0,20.0000),(92,'BVLG002','','',1000,1,14,1,0,0,0.0000,57.0000,1,'2013-09-04',0.40,5,0.00,0.00,0.00,0,1,'2014-01-25 12:13:53','2014-01-25 12:13:53',7,1,1,1,0,44.0000),(93,'BVLG003','','',1000,1,14,1,0,0,0.0000,280.0000,1,'2013-09-04',0.30,5,0.00,0.00,0.00,0,1,'2014-01-25 12:13:53','2014-01-25 12:13:53',8,1,1,1,0,100.0000),(94,'GRMBC001','','',589,1,19,1,0,0,0.0000,263.0000,1,'2013-09-04',0.15,1,0.00,0.00,0.00,0,1,'2014-01-25 12:13:53','2014-01-25 12:13:53',3,1,1,1,0,125.0000),(95,'GRMBC002','','',100,3,19,1,0,0,0.0000,104.0000,1,'2013-09-04',0.15,1,0.00,0.00,0.00,0,1,'2014-01-25 12:13:53','2014-01-25 12:13:53',5,1,1,1,0,0.0000),(96,'GRMBC003','','',100,1,19,1,0,0,0.0000,82.0000,1,'2013-09-04',80.00,2,0.00,0.00,0.00,0,1,'2014-01-25 12:13:53','2014-01-25 12:13:53',8,1,0,2,0,67.0000),(97,'GRMBC004','','',1,1,19,1,0,0,0.0000,126.0000,1,'2013-09-04',20.00,2,0.00,0.00,0.00,0,1,'2014-01-25 12:13:53','2014-01-25 12:13:53',9,1,1,1,0,0.0000),(98,'GRMBC005','','',1000,1,19,1,0,0,0.0000,98.0000,1,'2013-09-04',40.00,2,0.00,0.00,0.00,0,1,'2014-01-25 12:13:53','2014-01-25 12:13:53',2,1,1,1,0,87.0000),(99,'GRMBC006','','',1000,1,19,1,0,0,0.0000,137.0000,1,'2013-09-04',0.09,6,0.00,0.00,0.00,0,1,'2014-01-25 12:13:53','2014-01-25 12:13:53',12,1,1,1,0,0.0000),(100,'GRMBC007','','',1000,1,19,1,0,0,0.0000,10.0000,1,'2013-09-04',15.00,2,0.00,0.00,0.00,0,0,'2014-01-25 12:13:53','2014-01-25 12:13:53',13,1,1,4,0,8.0000),(101,'Pro-V','','',1000,1,17,1,0,0,0.0000,8.2300,1,'2012-03-13',8.45,6,2.00,3.00,15.00,1,1,'2014-01-25 12:13:53','2014-01-25 12:13:53',35,1,0,1,0,0.0000),(102,'PRF00269','','',1000,1,20,1,0,0,0.0000,105.0000,1,'2012-03-14',2.50,6,0.00,0.00,0.00,3,1,'2014-01-25 12:13:53','2014-01-25 12:13:53',6,1,0,1,0,0.0000),(103,'PRF00270','','',100,1,14,1,0,0,0.0000,78.0000,1,'2012-03-14',80.00,2,0.00,0.00,0.00,3,1,'2014-01-25 12:13:53','2014-01-25 12:13:53',4,1,0,1,0,0.0000),(104,'PRF00271','','',1000,1,13,1,0,0,0.0000,49.0000,1,'2012-03-14',0.00,5,0.00,0.00,0.00,3,1,'2014-01-25 12:13:53','2014-01-25 12:13:53',19,1,1,1,0,0.0000),(105,'PRF00273','','',100,2,14,1,0,0,0.0000,55.0000,0,'2012-03-14',0.00,5,0.00,0.00,0.00,3,1,'2014-01-25 12:13:53','2014-01-25 12:13:53',18,1,1,1,0,0.0000),(106,'PRF00274','','',185,1,14,1,0,0,0.0000,70.0000,1,'2012-03-14',80.00,5,0.00,0.00,0.00,3,1,'2014-01-25 12:13:53','2014-01-25 12:13:53',8,1,1,1,0,0.0000),(107,'PRF00274','','',0,2,15,1,0,0,0.0000,66.0000,1,'2012-03-14',7.00,6,0.00,0.00,0.00,3,1,'2014-01-25 12:13:53','2014-01-25 12:13:53',5,1,1,1,0,0.0000),(108,'PRF00268','','',420,1,15,1,0,0,0.0000,125.0000,1,'2012-03-14',2.00,6,0.00,0.00,0.00,3,1,'2014-01-25 12:13:53','2014-01-25 12:13:53',6,1,1,2,0,0.0000),(109,'PRF00279','','',1,1,15,1,0,0,0.0000,84.0000,1,'2012-03-14',50.00,6,3.00,2.00,10.00,1,1,'2014-01-25 12:13:53','2014-01-25 12:13:53',6,1,1,1,0,0.0000),(110,'PRF00278','','',1000,1,20,1,0,0,0.0000,90.0000,1,'2012-03-14',0.00,6,0.00,0.00,0.00,3,1,'2014-01-25 12:13:53','2014-01-25 12:13:53',21,1,0,1,0,0.0000);

--
-- Table structure for table `ab_products_featured`
--

CREATE TABLE `ab_products_featured` (
  `product_id` int(11) NOT NULL DEFAULT '0'
) ENGINE=MyISAM DEFAULT CHARSET=utf8 COLLATE=utf8_bin;

--
-- Dumping data for table `ab_products_featured`
--

INSERT INTO `ab_products_featured` (`product_id`) VALUES (50),(51),(52),(53),(54),(55),(56),(57);

--
-- Table structure for table `ab_products_related`
--

CREATE TABLE `ab_products_related` (
  `product_id` int(11) NOT NULL,
  `related_id` int(11) NOT NULL,
  PRIMARY KEY (`product_id`,`related_id`)
) ENGINE=MyISAM DEFAULT CHARSET=utf8 COLLATE=utf8_bin;

--
-- Dumping data for table `ab_products_related`
--

INSERT INTO `ab_products_related` (`product_id`, `related_id`) VALUES (100,108),(101,71),(108,100);

--
-- Table structure for table `ab_products_to_categories`
--

CREATE TABLE `ab_products_to_categories` (
  `product_id` int(11) NOT NULL,
  `category_id` int(11) NOT NULL,
  PRIMARY KEY (`product_id`,`category_id`)
) ENGINE=MyISAM DEFAULT CHARSET=utf8 COLLATE=utf8_bin;

--
-- Dumping data for table `ab_products_to_categories`
--

INSERT INTO `ab_products_to_categories` (`product_id`, `category_id`) VALUES (51,40),(52,40),(53,36),(53,40),(54,36),(54,39),(55,41),(56,36),(56,39),(57,36),(57,38),(58,36),(58,38),(59,36),(59,41),(78,58),(78,59),(78,62),(79,50),(79,62),(80,49),(80,51),(81,51),(82,51),(82,59),(83,51),(84,49),(84,50),(85,49),(85,50),(86,51),(86,59),(87,51),(87,59),(88,50),(89,49),(89,50),(90,50),(90,59),(91,46),(92,46),(93,43),(93,46),(94,45),(95,45),(95,60),(96,47),(96,60),(97,47),(98,61),(99,42),(100,36),(100,41),(101,54),(102,49),(102,50),(104,49),(104,50),(105,50),(106,49),(106,50),(107,45),(107,63),(108,37),(108,39),(108,41),(108,45),(109,46),(110,50);

--
-- Table structure for table `ab_products_to_downloads`
--

CREATE TABLE `ab_products_to_downloads` (
  `product_id` int(11) NOT NULL,
  `download_id` int(11) NOT NULL,
  PRIMARY KEY (`product_id`,`download_id`)
) ENGINE=MyISAM DEFAULT CHARSET=utf8 COLLATE=utf8_bin;

--
-- Dumping data for table `ab_products_to_downloads`
--

INSERT INTO `ab_products_to_downloads` (`product_id`, `download_id`) VALUES (109,1);

--
-- Table structure for table `ab_products_to_stores`
--

CREATE TABLE `ab_products_to_stores` (
  `product_id` int(11) NOT NULL,
  `store_id` int(11) NOT NULL DEFAULT '0',
  PRIMARY KEY (`product_id`,`store_id`)
) ENGINE=MyISAM DEFAULT CHARSET=utf8 COLLATE=utf8_bin;

--
-- Dumping data for table `ab_products_to_stores`
--

INSERT INTO `ab_products_to_stores` (`product_id`, `store_id`) VALUES (51,0),(52,0),(53,0),(54,0),(55,0),(56,0),(57,0),(58,0),(59,0),(78,0),(79,0),(80,0),(81,0),(82,0),(83,0),(84,0),(85,0),(86,0),(87,0),(88,0),(89,0),(90,0),(91,0),(92,0),(93,0),(94,0),(95,0),(96,0),(97,0),(98,0),(99,0),(100,0),(101,0),(102,0),(103,0),(104,0),(105,0),(106,0),(107,0),(108,0),(109,0),(110,0);

--
-- Table structure for table `ab_resource_descriptions`
--

CREATE TABLE `ab_resource_descriptions` (
  `resource_id` int(10) NOT NULL DEFAULT '0',
  `language_id` int(11) NOT NULL,
  `name` varchar(255) DEFAULT '' COMMENT 'translatable',
  `title` varchar(255) DEFAULT '' COMMENT 'translatable',
  `description` text COMMENT 'translatable',
  `resource_path` varchar(255) CHARACTER SET utf8 COLLATE utf8_bin DEFAULT NULL,
  `resource_code` text,
  `created` timestamp NOT NULL DEFAULT '0000-00-00 00:00:00',
  `updated` timestamp NOT NULL DEFAULT CURRENT_TIMESTAMP ON UPDATE CURRENT_TIMESTAMP,
  PRIMARY KEY (`resource_id`,`language_id`)
) ENGINE=MyISAM DEFAULT CHARSET=utf8;

--
-- Dumping data for table `ab_resource_descriptions`
--

INSERT INTO `ab_resource_descriptions` (`resource_id`, `language_id`, `name`, `title`, `description`, `resource_path`, `resource_code`, `created`, `updated`) VALUES (100010,1,'az_demo_product_15_1.jpg','','','18/6a/a.jpg','','2014-01-25 12:13:53','2014-01-25 12:13:53'),(100012,1,'az_demo_product_07.jpg','','','18/6a/c.jpg','','2014-01-25 12:13:53','2014-01-25 12:13:53'),(100011,1,'az_demo_product_15.jpg','','','18/6a/b.jpg','','2014-01-25 12:13:53','2014-01-25 12:13:53'),(100007,1,'az_demo_product_14_2.jpg','','','18/6a/7.jpg','','2014-01-25 12:13:53','2014-01-25 12:13:53'),(100008,1,'az_demo_product_14.jpg','','','18/6a/8.jpg','','2014-01-25 12:13:53','2014-01-25 12:13:53'),(100009,1,'az_demo_product_14_1.jpg','','','18/6a/9.jpg','','2014-01-25 12:13:53','2014-01-25 12:13:53'),(100013,1,'az_demo_product_18.jpg','','','18/6a/d.jpg','','2014-01-25 12:13:53','2014-01-25 12:13:53'),(100014,1,'az_demo_product_30.jpg','','','18/6a/e.jpg','','2014-01-25 12:13:53','2014-01-25 12:13:53'),(100015,1,'az_demo_product_30_2.jpg','','','18/6a/f.jpg','','2014-01-25 12:13:53','2014-01-25 12:13:53'),(100016,1,'az_demo_product_30_1.jpg','','','18/6b/0.jpg','','2014-01-25 12:13:53','2014-01-25 12:13:53'),(100017,1,'az_demo_product_30_3.jpg','','','18/6b/1.jpg','','2014-01-25 12:13:53','2014-01-25 12:13:53'),(100018,1,'az_demo_product_34.jpg','','','18/6b/2.jpg','','2014-01-25 12:13:53','2014-01-25 12:13:53'),(100019,1,'az_demo_product_34_2.jpg','','','18/6b/3.jpg','','2014-01-25 12:13:53','2014-01-25 12:13:53'),(100020,1,'az_demo_product_34_1.jpg','','','18/6b/4.jpg','','2014-01-25 12:13:53','2014-01-25 12:13:53'),(100021,1,'az_demo_product_32.jpg','','','18/6b/5.jpg','','2014-01-25 12:13:53','2014-01-25 12:13:53'),(100022,1,'az_demo_product_32.png','','','18/6b/6.png','','2014-01-25 12:13:53','2014-01-25 12:13:53'),(100023,1,'az_demo_product_33.jpg','','','18/6b/7.jpg','','2014-01-25 12:13:53','2014-01-25 12:13:53'),(100024,1,'az_demo_product_32_1.jpg','','','18/6b/8.jpg','','2014-01-25 12:13:53','2014-01-25 12:13:53'),(100025,1,'az_demo_product_31.jpg','','','18/6b/9.jpg','','2014-01-25 12:13:53','2014-01-25 12:13:53'),(100026,1,'az_demo_product_02.jpg','','','18/6b/a.jpg','','2014-01-25 12:13:53','2014-01-25 12:13:53'),(100027,1,'az_demo_product_02_2.jpg','','','18/6b/b.jpg','','2014-01-25 12:13:53','2014-01-25 12:13:53'),(100028,1,'az_demo_product_02_1.jpg','','','18/6b/c.jpg','','2014-01-25 12:13:53','2014-01-25 12:13:53'),(100029,1,'az_demo_product_02_3.jpg','','','18/6b/d.jpg','','2014-01-25 12:13:53','2014-01-25 12:13:53'),(100030,1,'az_demo_product_42.jpg','','','18/6b/e.jpg','','2014-01-25 12:13:53','2014-01-25 12:13:53'),(100031,1,'az_demo_product_22.jpg','','','18/6b/f.jpg','','2014-01-25 12:13:53','2014-01-25 12:13:53'),(100032,1,'az_demo_product_11_1.jpg','','','18/6c/0.jpg','','2014-01-25 12:13:53','2014-01-25 12:13:53'),(100033,1,'az_demo_product_11_2.jpg','','','18/6c/1.jpg','','2014-01-25 12:13:53','2014-01-25 12:13:53'),(100034,1,'az_demo_product_11.jpg','','','18/6c/2.jpg','','2014-01-25 12:13:53','2014-01-25 12:13:53'),(100035,1,'az_demo_product_43.jpg','','','18/6c/3.jpg','','2014-01-25 12:13:53','2014-01-25 12:13:53'),(100036,1,'az_demo_product_24.jpg','','','18/6c/4.jpg','','2014-01-25 12:13:53','2014-01-25 12:13:53'),(100037,1,'az_demo_product_06_6.jpg','','','18/6c/5.jpg','','2014-01-25 12:13:53','2014-01-25 12:13:53'),(100038,1,'az_demo_product_06_2.jpg','','','18/6c/6.jpg','','2014-01-25 12:13:53','2014-01-25 12:13:53'),(100039,1,'az_demo_product_06_1.jpg','','','18/6c/7.jpg','','2014-01-25 12:13:53','2014-01-25 12:13:53'),(100040,1,'az_demo_product_06.jpg','','','18/6c/8.jpg','','2014-01-25 12:13:53','2014-01-25 12:13:53'),(100041,1,'az_demo_product_06_4.jpg','','','18/6c/9.jpg','','2014-01-25 12:13:53','2014-01-25 12:13:53'),(100042,1,'az_demo_product_06_3.jpg','','','18/6c/a.jpg','','2014-01-25 12:13:53','2014-01-25 12:13:53'),(100043,1,'az_demo_product_06_5.jpg','','','18/6c/b.jpg','','2014-01-25 12:13:53','2014-01-25 12:13:53'),(100044,1,'az_demo_product_25_1.jpg','','','18/6c/c.jpg','','2014-01-25 12:13:53','2014-01-25 12:13:53'),(100045,1,'az_demo_product_25_2.jpg','','','18/6c/d.jpg','','2014-01-25 12:13:53','2014-01-25 12:13:53'),(100046,1,'az_demo_product_25.jpg','','','18/6c/e.jpg','','2014-01-25 12:13:53','2014-01-25 12:13:53'),(100047,1,'az_demo_product_20.jpg','','','18/6c/f.jpg','','2014-01-25 12:13:53','2014-01-25 12:13:53'),(100048,1,'az_demo_product_36.jpg','','','18/6d/0.jpg','','2014-01-25 12:13:53','2014-01-25 12:13:53'),(100049,1,'az_demo_product_47.png','','','18/6d/1.png','','2014-01-25 12:13:53','2014-01-25 12:13:53'),(100050,1,'az_demo_product_46.jpg','','','18/6d/2.jpg','','2014-01-25 12:13:53','2014-01-25 12:13:53'),(100051,1,'az_demo_product_46.png','','','18/6d/3.png','','2014-01-25 12:13:53','2014-01-25 12:13:53'),(100052,1,'az_demo_product_17.jpg','','','18/6d/4.jpg','','2014-01-25 12:13:53','2014-01-25 12:13:53'),(100053,1,'az_demo_product_49_1.png','','','18/6d/5.png','','2014-01-25 12:13:53','2014-01-25 12:13:53'),(100054,1,'az_demo_product_35_1.jpg','','','18/6d/6.jpg','','2014-01-25 12:13:53','2014-01-25 12:13:53'),(100055,1,'az_demo_product_35_2.jpg','','','18/6d/7.jpg','','2014-01-25 12:13:53','2014-01-25 12:13:53'),(100056,1,'az_demo_product_35.jpg','','','18/6d/8.jpg','','2014-01-25 12:13:53','2014-01-25 12:13:53'),(100057,1,'az_demo_product_23.jpg','','','18/6d/9.jpg','','2014-01-25 12:13:53','2014-01-25 12:13:53'),(100058,1,'az_demo_product_41.jpg','','','18/6d/a.jpg','','2014-01-25 12:13:53','2014-01-25 12:13:53'),(100059,1,'az_demo_product_09_4.jpg','','','18/6d/b.jpg','','2014-01-25 12:13:53','2014-01-25 12:13:53'),(100060,1,'az_demo_product_09_1.jpg','','','18/6d/c.jpg','','2014-01-25 12:13:53','2014-01-25 12:13:53'),(100061,1,'az_demo_product_09.jpg','','','18/6d/d.jpg','','2014-01-25 12:13:53','2014-01-25 12:13:53'),(100062,1,'az_demo_product_09_3.jpg','','','18/6d/e.jpg','','2014-01-25 12:13:53','2014-01-25 12:13:53'),(100063,1,'az_demo_product_09_2.jpg','','','18/6d/f.jpg','','2014-01-25 12:13:53','2014-01-25 12:13:53'),(100064,1,'az_demo_product_37.jpg','','','18/6e/0.jpg','','2014-01-25 12:13:53','2014-01-25 12:13:53'),(100065,1,'az_demo_product_26_2.jpg','','','18/6e/1.jpg','','2014-01-25 12:13:53','2014-01-25 12:13:53'),(100066,1,'az_demo_product_26_3.jpg','','','18/6e/2.jpg','','2014-01-25 12:13:53','2014-01-25 12:13:53'),(100067,1,'az_demo_product_26.jpg','','','18/6e/3.jpg','','2014-01-25 12:13:53','2014-01-25 12:13:53'),(100068,1,'az_demo_product_26_1.jpg','','','18/6e/4.jpg','','2014-01-25 12:13:53','2014-01-25 12:13:53'),(100069,1,'az_demo_product_27_1.jpg','','','18/6e/5.jpg','','2014-01-25 12:13:53','2014-01-25 12:13:53'),(100070,1,'az_demo_product_27.jpg','','','18/6e/6.jpg','','2014-01-25 12:13:53','2014-01-25 12:13:53'),(100071,1,'az_demo_product_10.jpg','','','18/6e/7.jpg','','2014-01-25 12:13:53','2014-01-25 12:13:53'),(100072,1,'az_demo_product_10_1.jpg','','','18/6e/8.jpg','','2014-01-25 12:13:53','2014-01-25 12:13:53'),(100073,1,'az_demo_product_10_2.jpg','','','18/6e/9.jpg','','2014-01-25 12:13:53','2014-01-25 12:13:53'),(100074,1,'az_demo_product_10_3.jpg','','','18/6e/a.jpg','','2014-01-25 12:13:53','2014-01-25 12:13:53'),(100075,1,'az_demo_product_44.jpg','','','18/6e/b.jpg','','2014-01-25 12:13:53','2014-01-25 12:13:53'),(100076,1,'az_demo_product_40_1.jpg','','','18/6e/c.jpg','','2014-01-25 12:13:53','2014-01-25 12:13:53'),(100077,1,'az_demo_product_40.jpg','','','18/6e/d.jpg','','2014-01-25 12:13:53','2014-01-25 12:13:53'),(100078,1,'az_demo_product_40_2.jpg','','','18/6e/e.jpg','','2014-01-25 12:13:53','2014-01-25 12:13:53'),(100079,1,'az_demo_product_21.jpg','','','18/6e/f.jpg','','2014-01-25 12:13:53','2014-01-25 12:13:53'),(100080,1,'az_demo_product_13_2.jpg','','','18/6f/0.jpg','','2014-01-25 12:13:53','2014-01-25 12:13:53'),(100081,1,'az_demo_product_13_1.jpg','','','18/6f/1.jpg','','2014-01-25 12:13:53','2014-01-25 12:13:53'),(100082,1,'az_demo_product_19.jpg','','','18/6f/2.jpg','','2014-01-25 12:13:53','2014-01-25 12:13:53'),(100083,1,'az_demo_product_39.jpg','','','18/6f/3.jpg','','2014-01-25 12:13:53','2014-01-25 12:13:53'),(100084,1,'az_demo_product_39_3.jpg','','','18/6f/4.jpg','','2014-01-25 12:13:53','2014-01-25 12:13:53'),(100085,1,'az_demo_product_39_2.jpg','','','18/6f/5.jpg','','2014-01-25 12:13:53','2014-01-25 12:13:53'),(100086,1,'az_demo_product_39_1.jpg','','','18/6f/6.jpg','','2014-01-25 12:13:53','2014-01-25 12:13:53'),(100087,1,'az_demo_product_45.png','','','18/6f/7.png','','2014-01-25 12:13:53','2014-01-25 12:13:53'),(100088,1,'az_demo_product_48.png','','','18/6f/8.png','','2014-01-25 12:13:53','2014-01-25 12:13:53'),(100089,1,'az_demo_product_01.jpg','','','18/6f/9.jpg','','2014-01-25 12:13:53','2014-01-25 12:13:53'),(100090,1,'az_demo_product_50.jpg','','','18/6f/a.jpg','','2014-01-25 12:13:53','2014-01-25 12:13:53'),(100091,1,'az_demo_product_16_1.jpg','','','18/6f/b.jpg','','2014-01-25 12:13:53','2014-01-25 12:13:53'),(100092,1,'az_demo_product_16.jpg','','','18/6f/c.jpg','','2014-01-25 12:13:53','2014-01-25 12:13:53'),(100093,1,'az_demo_product_16_2.jpg','','','18/6f/d.jpg','','2014-01-25 12:13:53','2014-01-25 12:13:53'),(100094,1,'az_demo_product_03.jpg','','','18/6f/e.jpg','','2014-01-25 12:13:53','2014-01-25 12:13:53'),(100095,1,'az_demo_product_03_1.jpg','','','18/6f/f.jpg','','2014-01-25 12:13:53','2014-01-25 12:13:53'),(100096,1,'az_demo_product_03_2.jpg','','','18/70/0.jpg','','2014-01-25 12:13:53','2014-01-25 12:13:53'),(100097,1,'az_demo_product_08.jpg','','','18/70/1.jpg','','2014-01-25 12:13:53','2014-01-25 12:13:53'),(100098,1,'az_demo_product_08_2.jpg','','','18/70/2.jpg','','2014-01-25 12:13:53','2014-01-25 12:13:53'),(100099,1,'az_demo_product_08_3.jpg','','','18/70/3.jpg','','2014-01-25 12:13:53','2014-01-25 12:13:53'),(100100,1,'az_demo_product_08_1.jpg','','','18/70/4.jpg','','2014-01-25 12:13:53','2014-01-25 12:13:53'),(100101,1,'az_demo_product_05.jpg','','','18/70/5.jpg','','2014-01-25 12:13:53','2014-01-25 12:13:53'),(100102,1,'az_demo_product_29_2.jpg','','','18/70/6.jpg','','2014-01-25 12:13:53','2014-01-25 12:13:53'),(100103,1,'az_demo_product_29.jpg','','','18/70/7.jpg','','2014-01-25 12:13:53','2014-01-25 12:13:53'),(100104,1,'az_demo_product_29_1.jpg','','','18/70/8.jpg','','2014-01-25 12:13:53','2014-01-25 12:13:53'),(100105,1,'az_demo_product_29.jpg','','','18/70/9.jpg','','2014-01-25 12:13:53','2014-01-25 12:13:53'),(100106,1,'az_demo_product_29_2.jpg','','','18/70/a.jpg','','2014-01-25 12:13:53','2014-01-25 12:13:53'),(100107,1,'az_demo_product_29_1.jpg','','','18/70/b.jpg','','2014-01-25 12:13:53','2014-01-25 12:13:53'),(100108,1,'az_demo_product_28_1.jpg','','','18/70/c.jpg','','2014-01-25 12:13:53','2014-01-25 12:13:53'),(100109,1,'az_demo_product_28.jpg','','','18/70/d.jpg','','2014-01-25 12:13:53','2014-01-25 12:13:53'),(100110,1,'az_demo_product_28_2.jpg','','','18/70/e.jpg','','2014-01-25 12:13:53','2014-01-25 12:13:53'),(100111,1,'az_demo_product_38.jpg','','','18/70/f.jpg','','2014-01-25 12:13:53','2014-01-25 12:13:53'),(100112,1,'az_demo_product_12.jpg','','','18/71/0.jpg','','2014-01-25 12:13:53','2014-01-25 12:13:53'),(100113,1,'az_demo_product_12.png','','','18/71/1.png','','2014-01-25 12:13:53','2014-01-25 12:13:53'),(100114,1,'mf_sephora_ba_logo_black.jpg','','','18/71/2.jpg','','2014-01-25 12:13:53','2014-01-25 12:13:53'),(100115,1,'mf_Bvlgari.jpg','','','18/71/3.jpg','','2014-01-25 12:13:53','2014-01-25 12:13:53'),(100116,1,'mf_calvin_klein.jpg','','','18/71/4.jpg','','2014-01-25 12:13:53','2014-01-25 12:13:53'),(100117,1,'mf_benefit_logo_black.jpg','','','18/71/5.jpg','','2014-01-25 12:13:53','2014-01-25 12:13:53'),(100118,1,'mf_mac_logo.jpg','','','18/71/6.jpg','','2014-01-25 12:13:53','2014-01-25 12:13:53'),(100119,1,'mf_lancome_logo.gif','','','18/71/7.gif','','2014-01-25 12:13:53','2014-01-25 12:13:53'),(100120,1,'mf_pantene_logo.jpg','','','18/71/8.jpg','','2014-01-25 12:13:53','2014-01-25 12:13:53'),(100121,1,'mf_dove_logo.jpg','','','18/71/9.jpg','','2014-01-25 12:13:53','2014-01-25 12:13:53'),(100122,1,'mf_armani_logo.gif','','','18/71/a.gif','','2014-01-25 12:13:53','2014-01-25 12:13:53'),(100123,1,'demo_product_23.jpg','','','18/71/b.jpg','','2014-01-25 12:13:53','2014-01-25 12:13:53'),(100124,1,'demo_product_04.jpg','','','18/71/c.jpg','','2014-01-25 12:13:53','2014-01-25 12:13:53'),(100125,1,'demo_product_15.jpg','','','18/71/d.jpg','','2014-01-25 12:13:53','2014-01-25 12:13:53'),(100126,1,'demo_product_14_2.jpg','','','18/71/e.jpg','','2014-01-25 12:13:53','2014-01-25 12:13:53'),(100127,1,'demo_product_31.jpg','','','18/71/f.jpg','','2014-01-25 12:13:53','2014-01-25 12:13:53'),(100128,1,'demo_product_34.jpg','','','18/72/0.jpg','','2014-01-25 12:13:53','2014-01-25 12:13:53'),(100129,1,'demo_product_30_2.jpg','','','18/72/1.jpg','','2014-01-25 12:13:53','2014-01-25 12:13:53'),(100130,1,'demo_product_24.jpg','','','18/72/2.jpg','','2014-01-25 12:13:53','2014-01-25 12:13:53'),(100131,1,'demo_product_23.jpg','','','18/72/3.jpg','','2014-01-25 12:13:53','2014-01-25 12:13:53'),(100132,1,'demo_product_05.jpg','','','18/72/4.jpg','','2014-01-25 12:13:53','2014-01-25 12:13:53'),(100133,1,'demo_product_07.jpg','','','18/72/5.jpg','','2014-01-25 12:13:53','2014-01-25 12:13:53'),(100134,1,'demo_product_08_3.jpg','','','18/72/6.jpg','','2014-01-25 12:13:53','2014-01-25 12:13:53'),(100135,1,'demo_product_10_2.jpg','','','18/72/7.jpg','','2014-01-25 12:13:53','2014-01-25 12:13:53'),(100136,1,'demo_product_47.png','','','18/72/8.png','','2014-01-25 12:13:53','2014-01-25 12:13:53'),(100137,1,'demo_product_11_2.jpg','','','18/72/9.jpg','','2014-01-25 12:13:53','2014-01-25 12:13:53'),(100138,1,'demo_product_40_2.jpg','','','18/72/a.jpg','','2014-01-25 12:13:53','2014-01-25 12:13:53'),(100139,1,'demo_product_44.jpg','','','18/72/b.jpg','','2014-01-25 12:13:53','2014-01-25 12:13:53'),(100140,1,'demo_product_29.jpg','','','18/72/c.jpg','','2014-01-25 12:13:53','2014-01-25 12:13:53'),(100141,1,'demo_product_27.jpg','','','18/72/d.jpg','','2014-01-25 12:13:53','2014-01-25 12:13:53'),(100142,1,'demo_product_42.jpg','','','18/72/e.jpg','','2014-01-25 12:13:53','2014-01-25 12:13:53'),(100143,1,'demo_product_46.jpg','','','18/72/f.jpg','','2014-01-25 12:13:53','2014-01-25 12:13:53'),(100144,1,'demo_product_18.jpg','','','18/73/0.jpg','','2014-01-25 12:13:53','2014-01-25 12:13:53'),(100145,1,'demo_product_37.jpg','','','18/73/1.jpg','','2014-01-25 12:13:53','2014-01-25 12:13:53'),(100146,1,'demo_product_49_1.png','','','18/73/2.png','','2014-01-25 12:13:53','2014-01-25 12:13:53'),(100147,1,'store_logo.png','','','18/73/3.png','','2014-01-25 12:13:53','2014-01-25 12:13:53'),(100148,1,'favicon.ico','','','18/73/4.ico','','2014-01-25 12:13:53','2014-01-25 12:13:53'),(100010,9,'az_demo_product_15_1.jpg','','','18/6a/a.jpg','','2014-01-25 12:13:53','2014-01-25 12:13:53'),(100012,9,'az_demo_product_07.jpg','','','18/6a/c.jpg','','2014-01-25 12:13:53','2014-01-25 12:13:53'),(100011,9,'az_demo_product_15.jpg','','','18/6a/b.jpg','','2014-01-25 12:13:53','2014-01-25 12:13:53'),(100007,9,'az_demo_product_14_2.jpg','','','18/6a/7.jpg','','2014-01-25 12:13:53','2014-01-25 12:13:53'),(100008,9,'az_demo_product_14.jpg','','','18/6a/8.jpg','','2014-01-25 12:13:53','2014-01-25 12:13:53'),(100009,9,'az_demo_product_14_1.jpg','','','18/6a/9.jpg','','2014-01-25 12:13:53','2014-01-25 12:13:53'),(100013,9,'az_demo_product_18.jpg','','','18/6a/d.jpg','','2014-01-25 12:13:53','2014-01-25 12:13:53'),(100014,9,'az_demo_product_30.jpg','','','18/6a/e.jpg','','2014-01-25 12:13:53','2014-01-25 12:13:53'),(100015,9,'az_demo_product_30_2.jpg','','','18/6a/f.jpg','','2014-01-25 12:13:53','2014-01-25 12:13:53'),(100016,9,'az_demo_product_30_1.jpg','','','18/6b/0.jpg','','2014-01-25 12:13:53','2014-01-25 12:13:53'),(100017,9,'az_demo_product_30_3.jpg','','','18/6b/1.jpg','','2014-01-25 12:13:53','2014-01-25 12:13:53'),(100018,9,'az_demo_product_34.jpg','','','18/6b/2.jpg','','2014-01-25 12:13:53','2014-01-25 12:13:53'),(100019,9,'az_demo_product_34_2.jpg','','','18/6b/3.jpg','','2014-01-25 12:13:53','2014-01-25 12:13:53'),(100020,9,'az_demo_product_34_1.jpg','','','18/6b/4.jpg','','2014-01-25 12:13:53','2014-01-25 12:13:53'),(100021,9,'az_demo_product_32.jpg','','','18/6b/5.jpg','','2014-01-25 12:13:53','2014-01-25 12:13:53'),(100022,9,'az_demo_product_32.png','','','18/6b/6.png','','2014-01-25 12:13:53','2014-01-25 12:13:53'),(100023,9,'az_demo_product_33.jpg','','','18/6b/7.jpg','','2014-01-25 12:13:53','2014-01-25 12:13:53'),(100024,9,'az_demo_product_32_1.jpg','','','18/6b/8.jpg','','2014-01-25 12:13:53','2014-01-25 12:13:53'),(100025,9,'az_demo_product_31.jpg','','','18/6b/9.jpg','','2014-01-25 12:13:53','2014-01-25 12:13:53'),(100026,9,'az_demo_product_02.jpg','','','18/6b/a.jpg','','2014-01-25 12:13:53','2014-01-25 12:13:53'),(100027,9,'az_demo_product_02_2.jpg','','','18/6b/b.jpg','','2014-01-25 12:13:53','2014-01-25 12:13:53'),(100028,9,'az_demo_product_02_1.jpg','','','18/6b/c.jpg','','2014-01-25 12:13:53','2014-01-25 12:13:53'),(100029,9,'az_demo_product_02_3.jpg','','','18/6b/d.jpg','','2014-01-25 12:13:53','2014-01-25 12:13:53'),(100030,9,'az_demo_product_42.jpg','','','18/6b/e.jpg','','2014-01-25 12:13:53','2014-01-25 12:13:53'),(100031,9,'az_demo_product_22.jpg','','','18/6b/f.jpg','','2014-01-25 12:13:53','2014-01-25 12:13:53'),(100032,9,'az_demo_product_11_1.jpg','','','18/6c/0.jpg','','2014-01-25 12:13:53','2014-01-25 12:13:53'),(100033,9,'az_demo_product_11_2.jpg','','','18/6c/1.jpg','','2014-01-25 12:13:53','2014-01-25 12:13:53'),(100034,9,'az_demo_product_11.jpg','','','18/6c/2.jpg','','2014-01-25 12:13:53','2014-01-25 12:13:53'),(100035,9,'az_demo_product_43.jpg','','','18/6c/3.jpg','','2014-01-25 12:13:53','2014-01-25 12:13:53'),(100036,9,'az_demo_product_24.jpg','','','18/6c/4.jpg','','2014-01-25 12:13:53','2014-01-25 12:13:53'),(100037,9,'az_demo_product_06_6.jpg','','','18/6c/5.jpg','','2014-01-25 12:13:53','2014-01-25 12:13:53'),(100038,9,'az_demo_product_06_2.jpg','','','18/6c/6.jpg','','2014-01-25 12:13:53','2014-01-25 12:13:53'),(100039,9,'az_demo_product_06_1.jpg','','','18/6c/7.jpg','','2014-01-25 12:13:53','2014-01-25 12:13:53'),(100040,9,'az_demo_product_06.jpg','','','18/6c/8.jpg','','2014-01-25 12:13:53','2014-01-25 12:13:53'),(100041,9,'az_demo_product_06_4.jpg','','','18/6c/9.jpg','','2014-01-25 12:13:53','2014-01-25 12:13:53'),(100042,9,'az_demo_product_06_3.jpg','','','18/6c/a.jpg','','2014-01-25 12:13:53','2014-01-25 12:13:53'),(100043,9,'az_demo_product_06_5.jpg','','','18/6c/b.jpg','','2014-01-25 12:13:53','2014-01-25 12:13:53'),(100044,9,'az_demo_product_25_1.jpg','','','18/6c/c.jpg','','2014-01-25 12:13:53','2014-01-25 12:13:53'),(100045,9,'az_demo_product_25_2.jpg','','','18/6c/d.jpg','','2014-01-25 12:13:53','2014-01-25 12:13:53'),(100046,9,'az_demo_product_25.jpg','','','18/6c/e.jpg','','2014-01-25 12:13:53','2014-01-25 12:13:53'),(100047,9,'az_demo_product_20.jpg','','','18/6c/f.jpg','','2014-01-25 12:13:53','2014-01-25 12:13:53'),(100048,9,'az_demo_product_36.jpg','','','18/6d/0.jpg','','2014-01-25 12:13:53','2014-01-25 12:13:53'),(100049,9,'az_demo_product_47.png','','','18/6d/1.png','','2014-01-25 12:13:53','2014-01-25 12:13:53'),(100050,9,'az_demo_product_46.jpg','','','18/6d/2.jpg','','2014-01-25 12:13:53','2014-01-25 12:13:53'),(100051,9,'az_demo_product_46.png','','','18/6d/3.png','','2014-01-25 12:13:53','2014-01-25 12:13:53'),(100052,9,'az_demo_product_17.jpg','','','18/6d/4.jpg','','2014-01-25 12:13:53','2014-01-25 12:13:53'),(100053,9,'az_demo_product_49_1.png','','','18/6d/5.png','','2014-01-25 12:13:53','2014-01-25 12:13:53'),(100054,9,'az_demo_product_35_1.jpg','','','18/6d/6.jpg','','2014-01-25 12:13:53','2014-01-25 12:13:53'),(100055,9,'az_demo_product_35_2.jpg','','','18/6d/7.jpg','','2014-01-25 12:13:53','2014-01-25 12:13:53'),(100056,9,'az_demo_product_35.jpg','','','18/6d/8.jpg','','2014-01-25 12:13:53','2014-01-25 12:13:53'),(100057,9,'az_demo_product_23.jpg','','','18/6d/9.jpg','','2014-01-25 12:13:53','2014-01-25 12:13:53'),(100058,9,'az_demo_product_41.jpg','','','18/6d/a.jpg','','2014-01-25 12:13:53','2014-01-25 12:13:53'),(100059,9,'az_demo_product_09_4.jpg','','','18/6d/b.jpg','','2014-01-25 12:13:53','2014-01-25 12:13:53'),(100060,9,'az_demo_product_09_1.jpg','','','18/6d/c.jpg','','2014-01-25 12:13:53','2014-01-25 12:13:53'),(100061,9,'az_demo_product_09.jpg','','','18/6d/d.jpg','','2014-01-25 12:13:53','2014-01-25 12:13:53'),(100062,9,'az_demo_product_09_3.jpg','','','18/6d/e.jpg','','2014-01-25 12:13:53','2014-01-25 12:13:53'),(100063,9,'az_demo_product_09_2.jpg','','','18/6d/f.jpg','','2014-01-25 12:13:53','2014-01-25 12:13:53'),(100064,9,'az_demo_product_37.jpg','','','18/6e/0.jpg','','2014-01-25 12:13:53','2014-01-25 12:13:53'),(100065,9,'az_demo_product_26_2.jpg','','','18/6e/1.jpg','','2014-01-25 12:13:53','2014-01-25 12:13:53'),(100066,9,'az_demo_product_26_3.jpg','','','18/6e/2.jpg','','2014-01-25 12:13:53','2014-01-25 12:13:53'),(100067,9,'az_demo_product_26.jpg','','','18/6e/3.jpg','','2014-01-25 12:13:53','2014-01-25 12:13:53'),(100068,9,'az_demo_product_26_1.jpg','','','18/6e/4.jpg','','2014-01-25 12:13:53','2014-01-25 12:13:53'),(100069,9,'az_demo_product_27_1.jpg','','','18/6e/5.jpg','','2014-01-25 12:13:53','2014-01-25 12:13:53'),(100070,9,'az_demo_product_27.jpg','','','18/6e/6.jpg','','2014-01-25 12:13:53','2014-01-25 12:13:53'),(100071,9,'az_demo_product_10.jpg','','','18/6e/7.jpg','','2014-01-25 12:13:53','2014-01-25 12:13:53'),(100072,9,'az_demo_product_10_1.jpg','','','18/6e/8.jpg','','2014-01-25 12:13:53','2014-01-25 12:13:53'),(100073,9,'az_demo_product_10_2.jpg','','','18/6e/9.jpg','','2014-01-25 12:13:53','2014-01-25 12:13:53'),(100074,9,'az_demo_product_10_3.jpg','','','18/6e/a.jpg','','2014-01-25 12:13:53','2014-01-25 12:13:53'),(100075,9,'az_demo_product_44.jpg','','','18/6e/b.jpg','','2014-01-25 12:13:53','2014-01-25 12:13:53'),(100076,9,'az_demo_product_40_1.jpg','','','18/6e/c.jpg','','2014-01-25 12:13:53','2014-01-25 12:13:53'),(100077,9,'az_demo_product_40.jpg','','','18/6e/d.jpg','','2014-01-25 12:13:53','2014-01-25 12:13:53'),(100078,9,'az_demo_product_40_2.jpg','','','18/6e/e.jpg','','2014-01-25 12:13:53','2014-01-25 12:13:53'),(100079,9,'az_demo_product_21.jpg','','','18/6e/f.jpg','','2014-01-25 12:13:53','2014-01-25 12:13:53'),(100080,9,'az_demo_product_13_2.jpg','','','18/6f/0.jpg','','2014-01-25 12:13:53','2014-01-25 12:13:53'),(100081,9,'az_demo_product_13_1.jpg','','','18/6f/1.jpg','','2014-01-25 12:13:53','2014-01-25 12:13:53'),(100082,9,'az_demo_product_19.jpg','','','18/6f/2.jpg','','2014-01-25 12:13:53','2014-01-25 12:13:53'),(100083,9,'az_demo_product_39.jpg','','','18/6f/3.jpg','','2014-01-25 12:13:53','2014-01-25 12:13:53'),(100084,9,'az_demo_product_39_3.jpg','','','18/6f/4.jpg','','2014-01-25 12:13:53','2014-01-25 12:13:53'),(100085,9,'az_demo_product_39_2.jpg','','','18/6f/5.jpg','','2014-01-25 12:13:53','2014-01-25 12:13:53'),(100086,9,'az_demo_product_39_1.jpg','','','18/6f/6.jpg','','2014-01-25 12:13:53','2014-01-25 12:13:53'),(100087,9,'az_demo_product_45.png','','','18/6f/7.png','','2014-01-25 12:13:53','2014-01-25 12:13:53'),(100088,9,'az_demo_product_48.png','','','18/6f/8.png','','2014-01-25 12:13:53','2014-01-25 12:13:53'),(100089,9,'az_demo_product_01.jpg','','','18/6f/9.jpg','','2014-01-25 12:13:53','2014-01-25 12:13:53'),(100090,9,'az_demo_product_50.jpg','','','18/6f/a.jpg','','2014-01-25 12:13:53','2014-01-25 12:13:53'),(100091,9,'az_demo_product_16_1.jpg','','','18/6f/b.jpg','','2014-01-25 12:13:53','2014-01-25 12:13:53'),(100092,9,'az_demo_product_16.jpg','','','18/6f/c.jpg','','2014-01-25 12:13:53','2014-01-25 12:13:53'),(100093,9,'az_demo_product_16_2.jpg','','','18/6f/d.jpg','','2014-01-25 12:13:53','2014-01-25 12:13:53'),(100094,9,'az_demo_product_03.jpg','','','18/6f/e.jpg','','2014-01-25 12:13:53','2014-01-25 12:13:53'),(100095,9,'az_demo_product_03_1.jpg','','','18/6f/f.jpg','','2014-01-25 12:13:53','2014-01-25 12:13:53'),(100096,9,'az_demo_product_03_2.jpg','','','18/70/0.jpg','','2014-01-25 12:13:53','2014-01-25 12:13:53'),(100097,9,'az_demo_product_08.jpg','','','18/70/1.jpg','','2014-01-25 12:13:53','2014-01-25 12:13:53'),(100098,9,'az_demo_product_08_2.jpg','','','18/70/2.jpg','','2014-01-25 12:13:53','2014-01-25 12:13:53'),(100099,9,'az_demo_product_08_3.jpg','','','18/70/3.jpg','','2014-01-25 12:13:53','2014-01-25 12:13:53'),(100100,9,'az_demo_product_08_1.jpg','','','18/70/4.jpg','','2014-01-25 12:13:53','2014-01-25 12:13:53'),(100101,9,'az_demo_product_05.jpg','','','18/70/5.jpg','','2014-01-25 12:13:53','2014-01-25 12:13:53'),(100102,9,'az_demo_product_29_2.jpg','','','18/70/6.jpg','','2014-01-25 12:13:53','2014-01-25 12:13:53'),(100103,9,'az_demo_product_29.jpg','','','18/70/7.jpg','','2014-01-25 12:13:53','2014-01-25 12:13:53'),(100104,9,'az_demo_product_29_1.jpg','','','18/70/8.jpg','','2014-01-25 12:13:53','2014-01-25 12:13:53'),(100105,9,'az_demo_product_29.jpg','','','18/70/9.jpg','','2014-01-25 12:13:53','2014-01-25 12:13:53'),(100106,9,'az_demo_product_29_2.jpg','','','18/70/a.jpg','','2014-01-25 12:13:53','2014-01-25 12:13:53'),(100107,9,'az_demo_product_29_1.jpg','','','18/70/b.jpg','','2014-01-25 12:13:53','2014-01-25 12:13:53'),(100108,9,'az_demo_product_28_1.jpg','','','18/70/c.jpg','','2014-01-25 12:13:53','2014-01-25 12:13:53'),(100109,9,'az_demo_product_28.jpg','','','18/70/d.jpg','','2014-01-25 12:13:53','2014-01-25 12:13:53'),(100110,9,'az_demo_product_28_2.jpg','','','18/70/e.jpg','','2014-01-25 12:13:53','2014-01-25 12:13:53'),(100111,9,'az_demo_product_38.jpg','','','18/70/f.jpg','','2014-01-25 12:13:53','2014-01-25 12:13:53'),(100112,9,'az_demo_product_12.jpg','','','18/71/0.jpg','','2014-01-25 12:13:53','2014-01-25 12:13:53'),(100113,9,'az_demo_product_12.png','','','18/71/1.png','','2014-01-25 12:13:53','2014-01-25 12:13:53'),(100114,9,'mf_sephora_ba_logo_black.jpg','','','18/71/2.jpg','','2014-01-25 12:13:53','2014-01-25 12:13:53'),(100115,9,'mf_Bvlgari.jpg','','','18/71/3.jpg','','2014-01-25 12:13:53','2014-01-25 12:13:53'),(100116,9,'mf_calvin_klein.jpg','','','18/71/4.jpg','','2014-01-25 12:13:53','2014-01-25 12:13:53'),(100117,9,'mf_benefit_logo_black.jpg','','','18/71/5.jpg','','2014-01-25 12:13:53','2014-01-25 12:13:53'),(100118,9,'mf_mac_logo.jpg','','','18/71/6.jpg','','2014-01-25 12:13:53','2014-01-25 12:13:53'),(100119,9,'mf_lancome_logo.gif','','','18/71/7.gif','','2014-01-25 12:13:53','2014-01-25 12:13:53'),(100120,9,'mf_pantene_logo.jpg','','','18/71/8.jpg','','2014-01-25 12:13:53','2014-01-25 12:13:53'),(100121,9,'mf_dove_logo.jpg','','','18/71/9.jpg','','2014-01-25 12:13:53','2014-01-25 12:13:53'),(100122,9,'mf_armani_logo.gif','','','18/71/a.gif','','2014-01-25 12:13:53','2014-01-25 12:13:53'),(100123,9,'demo_product_23.jpg','','','18/71/b.jpg','','2014-01-25 12:13:53','2014-01-25 12:13:53'),(100124,9,'demo_product_04.jpg','','','18/71/c.jpg','','2014-01-25 12:13:53','2014-01-25 12:13:53'),(100125,9,'demo_product_15.jpg','','','18/71/d.jpg','','2014-01-25 12:13:53','2014-01-25 12:13:53'),(100126,9,'demo_product_14_2.jpg','','','18/71/e.jpg','','2014-01-25 12:13:53','2014-01-25 12:13:53'),(100127,9,'demo_product_31.jpg','','','18/71/f.jpg','','2014-01-25 12:13:53','2014-01-25 12:13:53'),(100128,9,'demo_product_34.jpg','','','18/72/0.jpg','','2014-01-25 12:13:53','2014-01-25 12:13:53'),(100129,9,'demo_product_30_2.jpg','','','18/72/1.jpg','','2014-01-25 12:13:53','2014-01-25 12:13:53'),(100130,9,'demo_product_24.jpg','','','18/72/2.jpg','','2014-01-25 12:13:53','2014-01-25 12:13:53'),(100131,9,'demo_product_23.jpg','','','18/72/3.jpg','','2014-01-25 12:13:53','2014-01-25 12:13:53'),(100132,9,'demo_product_05.jpg','','','18/72/4.jpg','','2014-01-25 12:13:53','2014-01-25 12:13:53'),(100133,9,'demo_product_07.jpg','','','18/72/5.jpg','','2014-01-25 12:13:53','2014-01-25 12:13:53'),(100134,9,'demo_product_08_3.jpg','','','18/72/6.jpg','','2014-01-25 12:13:53','2014-01-25 12:13:53'),(100135,9,'demo_product_10_2.jpg','','','18/72/7.jpg','','2014-01-25 12:13:53','2014-01-25 12:13:53'),(100136,9,'demo_product_47.png','','','18/72/8.png','','2014-01-25 12:13:53','2014-01-25 12:13:53'),(100137,9,'demo_product_11_2.jpg','','','18/72/9.jpg','','2014-01-25 12:13:53','2014-01-25 12:13:53'),(100138,9,'demo_product_40_2.jpg','','','18/72/a.jpg','','2014-01-25 12:13:53','2014-01-25 12:13:53'),(100139,9,'demo_product_44.jpg','','','18/72/b.jpg','','2014-01-25 12:13:53','2014-01-25 12:13:53'),(100140,9,'demo_product_29.jpg','','','18/72/c.jpg','','2014-01-25 12:13:53','2014-01-25 12:13:53'),(100141,9,'demo_product_27.jpg','','','18/72/d.jpg','','2014-01-25 12:13:53','2014-01-25 12:13:53'),(100142,9,'demo_product_42.jpg','','','18/72/e.jpg','','2014-01-25 12:13:53','2014-01-25 12:13:53'),(100143,9,'demo_product_46.jpg','','','18/72/f.jpg','','2014-01-25 12:13:53','2014-01-25 12:13:53'),(100144,9,'demo_product_18.jpg','','','18/73/0.jpg','','2014-01-25 12:13:53','2014-01-25 12:13:53'),(100145,9,'demo_product_37.jpg','','','18/73/1.jpg','','2014-01-25 12:13:53','2014-01-25 12:13:53'),(100146,9,'demo_product_49_1.png','','','18/73/2.png','','2014-01-25 12:13:53','2014-01-25 12:13:53'),(100147,9,'store_logo.png','','','18/73/3.png','','2014-01-25 12:13:53','2014-01-25 12:13:53'),(100148,9,'favicon.ico','','','18/73/4.ico','','2014-01-25 12:13:53','2014-01-25 12:13:53'),(100150,9,'az_demo_product_51.png','','','18/73/6.png','','2014-01-25 12:13:53','2014-01-25 12:13:53'),(100150,1,'az_demo_product_51.png','','','18/73/6.png','','2014-01-25 12:13:53','2014-01-25 12:13:53'),(100178,9,'abantecart video','','','','<object width=\"640\" height=\"360\"><param name=\"movie\" value=\"http://www.youtube.com/v/IQ5SLJUWbdA\"></param><param name=\"allowFullScreen\" value=\"true\"></param><param name=\"allowscriptaccess\" value=\"always\"></param><embed src=\"http://www.youtube.com/v/IQ5SLJUWbdA\" type=\"application/x-shockwave-flash\" width=\"640\" height=\"360\" allowscriptaccess=\"always\" allowfullscreen=\"true\"></embed></object>','2014-01-25 12:13:53','2014-01-25 12:13:53'),(100153,1,'demo_mf_gucci.jpg','','','18/73/9.jpg','','2014-01-25 12:13:53','2014-01-25 12:13:53'),(100153,9,'demo_mf_gucci.jpg','','','18/73/9.jpg','','2014-01-25 12:13:53','2014-01-25 12:13:53'),(100154,1,'az_demo_product_52_1.jpg','','','18/73/a.jpg','','2014-01-25 12:13:53','2014-01-25 12:13:53'),(100154,9,'az_demo_product_52_1.jpg','','','18/73/a.jpg','','2014-01-25 12:13:53','2014-01-25 12:13:53'),(100155,1,'az_demo_product_52_2.png','','','18/73/b.png','','2014-01-25 12:13:53','2014-01-25 12:13:53'),(100155,9,'az_demo_product_52_2.png','','','18/73/b.png','','2014-01-25 12:13:53','2014-01-25 12:13:53'),(100156,1,'az_demo_product_52_3.png','','','18/73/c.png','','2014-01-25 12:13:53','2014-01-25 12:13:53'),(100156,9,'az_demo_product_52_3.png','','','18/73/c.png','','2014-01-25 12:13:53','2014-01-25 12:13:53'),(100157,1,'az_demo_product_53_3.jpg','','','18/73/d.jpg','','2014-01-25 12:13:53','2014-01-25 12:13:53'),(100157,9,'az_demo_product_53_3.jpg','','','18/73/d.jpg','','2014-01-25 12:13:53','2014-01-25 12:13:53'),(100159,1,'az_demo_product_53_2.png','','','18/73/f.png','','2014-01-25 12:13:53','2014-01-25 12:13:53'),(100159,9,'az_demo_product_53_2.png','','','18/73/f.png','','2014-01-25 12:13:53','2014-01-25 12:13:53'),(100160,1,'az_demo_product_54_1.jpg','','','18/74/0.jpg','','2014-01-25 12:13:53','2014-01-25 12:13:53'),(100160,9,'az_demo_product_54_1.jpg','','','18/74/0.jpg','','2014-01-25 12:13:53','2014-01-25 12:13:53'),(100162,9,'az_demo_product_55_1.jpg','','','18/74/2.jpg','','2014-01-25 12:13:53','2014-01-25 12:13:53'),(100162,1,'az_demo_product_55_1.jpg','','','18/74/2.jpg','','2014-01-25 12:13:53','2014-01-25 12:13:53'),(100163,1,'az_demo_product_56_3.jpg','','','18/74/3.jpg','','2014-01-25 12:13:53','2014-01-25 12:13:53'),(100163,9,'az_demo_product_56_3.jpg','','','18/74/3.jpg','','2014-01-25 12:13:53','2014-01-25 12:13:53'),(100164,1,'az_demo_product_56_2.jpg','','','18/74/4.jpg','','2014-01-25 12:13:53','2014-01-25 12:13:53'),(100164,9,'az_demo_product_56_2.jpg','','','18/74/4.jpg','','2014-01-25 12:13:53','2014-01-25 12:13:53'),(100165,1,'az_demo_product_56_1.jpg','','','18/74/5.jpg','','2014-01-25 12:13:53','2014-01-25 12:13:53'),(100165,9,'az_demo_product_56_1.jpg','','','18/74/5.jpg','','2014-01-25 12:13:53','2014-01-25 12:13:53'),(100166,1,'az_demo_product_57_1.jpg','','','18/74/6.jpg','','2014-01-25 12:13:53','2014-01-25 12:13:53'),(100166,9,'az_demo_product_57_1.jpg','','','18/74/6.jpg','','2014-01-25 12:13:53','2014-01-25 12:13:53'),(100167,1,'az_demo_product_57_2.jpg','','','18/74/7.jpg','','2014-01-25 12:13:53','2014-01-25 12:13:53'),(100167,9,'az_demo_product_57_2.jpg','','','18/74/7.jpg','','2014-01-25 12:13:53','2014-01-25 12:13:53'),(100168,1,'az_demo_product_58_1.jpg','','','18/74/8.jpg','','2014-01-25 12:13:53','2014-01-25 12:13:53'),(100168,9,'az_demo_product_58_1.jpg','','','18/74/8.jpg','','2014-01-25 12:13:53','2014-01-25 12:13:53'),(100169,1,'az_demo_product_58_3.jpg','','','18/74/9.jpg','','2014-01-25 12:13:53','2014-01-25 12:13:53'),(100169,9,'az_demo_product_58_3.jpg','','','18/74/9.jpg','','2014-01-25 12:13:53','2014-01-25 12:13:53'),(100170,1,'az_demo_product_58_4.jpg','','','18/74/a.jpg','','2014-01-25 12:13:53','2014-01-25 12:13:53'),(100170,9,'az_demo_product_58_4.jpg','','','18/74/a.jpg','','2014-01-25 12:13:53','2014-01-25 12:13:53'),(100171,1,'az_demo_product_58_2.jpg','','','18/74/b.jpg','','2014-01-25 12:13:53','2014-01-25 12:13:53'),(100171,9,'az_demo_product_58_2.jpg','','','18/74/b.jpg','','2014-01-25 12:13:53','2014-01-25 12:13:53'),(100172,1,'Visionnaire.zip','','','18/74/c.zip','','2014-01-25 12:13:53','2014-01-25 12:13:53'),(100172,9,'Visionnaire.zip','','','18/74/c.zip','','2014-01-25 12:13:53','2014-01-25 12:13:53'),(100173,1,'az_demo_product_59_1.jpg','','','18/74/d.jpg','','2014-01-25 12:13:53','2014-01-25 12:13:53'),(100173,9,'az_demo_product_59_1.jpg','','','18/74/d.jpg','','2014-01-25 12:13:53','2014-01-25 12:13:53'),(100174,1,'az_demo_product_60_1.jpg','','','18/74/e.jpg','','2014-01-25 12:13:53','2014-01-25 12:13:53'),(100174,9,'az_demo_product_60_1.jpg','','','18/74/e.jpg','','2014-01-25 12:13:53','2014-01-25 12:13:53'),(100175,1,'az_demo_product_60_2.jpg','','','18/74/f.jpg','','2014-01-25 12:13:53','2014-01-25 12:13:53'),(100175,9,'az_demo_product_60_2.jpg','','','18/74/f.jpg','','2014-01-25 12:13:53','2014-01-25 12:13:53'),(100176,1,'az_demo_product_60_5.jpg','','','18/75/0.jpg','','2014-01-25 12:13:53','2014-01-25 12:13:53'),(100176,9,'az_demo_product_60_5.jpg','','','18/75/0.jpg','','2014-01-25 12:13:53','2014-01-25 12:13:53'),(100178,1,'abantecart video','','','','<object width=\"640\" height=\"360\"><param name=\"movie\" value=\"http://www.youtube.com/v/IQ5SLJUWbdA\"></param><param name=\"allowFullScreen\" value=\"true\"></param><param name=\"allowscriptaccess\" value=\"always\"></param><embed src=\"http://www.youtube.com/v/IQ5SLJUWbdA\" type=\"application/x-shockwave-flash\" width=\"640\" height=\"360\" allowscriptaccess=\"always\" allowfullscreen=\"true\"></embed></object>','2014-01-25 12:13:53','2014-01-25 12:13:53'),(100188,1,'smbanner.jpg','','','18/75/c.jpg','','2014-01-25 12:13:53','2014-01-25 12:13:53'),(100188,9,'smbanner.jpg','','','18/75/c.jpg','','2014-01-25 12:13:53','2014-01-25 12:13:53'),(100190,1,'AM_mc_vs_dc_ae_319x110.jpg','PayPal Credit Cards','PayPal logo with supported Credit Cards','18/75/e.jpg','','2014-01-25 12:13:53','2014-01-25 12:13:53'),(100190,9,'AM_mc_vs_dc_ae_319x110.jpg','PayPal Credit Cards','PayPal logo with supported Credit Cards','18/75/e.jpg','','2014-01-25 12:13:53','2014-01-25 12:13:53'),(100191,1,'AM_SbyPP_mc_vs_dc_ae_319x110.jpg','PayPal Secure Payments','Secure Payments by PayPal logo','18/75/f.jpg','','2014-01-25 12:13:53','2014-01-25 12:13:53'),(100191,9,'AM_SbyPP_mc_vs_dc_ae_319x110.jpg','PayPal Secure Payments','Secure Payments by PayPal logo','18/75/f.jpg','','2014-01-25 12:13:53','2014-01-25 12:13:53'),(100192,1,'bdg_payments_by_pp_2line_165x56.png','Payments by PayPal','Payments by PayPal Logo','18/76/0.png','','2014-01-25 12:13:53','2014-01-25 12:13:53'),(100192,9,'bdg_payments_by_pp_2line_165x56.png','Payments by PayPal','Payments by PayPal Logo','18/76/0.png','','2014-01-25 12:13:53','2014-01-25 12:13:53'),(100193,1,'pp_cc_mark_76x48.jpg','PayPal Icon','PayPal Small Icon','18/76/1.jpg','','2014-01-25 12:13:53','2014-01-25 12:13:53'),(100193,9,'pp_cc_mark_76x48.jpg','PayPal Icon','PayPal Small Icon','18/76/1.jpg','','2014-01-25 12:13:53','2014-01-25 12:13:53'),(100194,10,'vincomsmall.png','','','18/76/2.png','','2014-01-24 21:26:20','2014-01-25 04:26:20');

--
-- Table structure for table `ab_resource_library`
--

CREATE TABLE `ab_resource_library` (
  `resource_id` int(11) NOT NULL AUTO_INCREMENT,
  `type_id` int(11) NOT NULL,
  `created` timestamp NOT NULL DEFAULT '0000-00-00 00:00:00',
  `updated` timestamp NOT NULL DEFAULT CURRENT_TIMESTAMP ON UPDATE CURRENT_TIMESTAMP,
  PRIMARY KEY (`resource_id`)
) ENGINE=MyISAM AUTO_INCREMENT=100195 DEFAULT CHARSET=utf8 COLLATE=utf8_bin;

--
-- Dumping data for table `ab_resource_library`
--

INSERT INTO `ab_resource_library` (`resource_id`, `type_id`, `created`, `updated`) VALUES (100010,1,'2014-01-25 12:13:53','2014-01-25 12:13:53'),(100012,1,'2014-01-25 12:13:53','2014-01-25 12:13:53'),(100011,1,'2014-01-25 12:13:53','2014-01-25 12:13:53'),(100007,1,'2014-01-25 12:13:53','2014-01-25 12:13:53'),(100008,1,'2014-01-25 12:13:53','2014-01-25 12:13:53'),(100009,1,'2014-01-25 12:13:53','2014-01-25 12:13:53'),(100013,1,'2014-01-25 12:13:53','2014-01-25 12:13:53'),(100014,1,'2014-01-25 12:13:53','2014-01-25 12:13:53'),(100015,1,'2014-01-25 12:13:53','2014-01-25 12:13:53'),(100016,1,'2014-01-25 12:13:53','2014-01-25 12:13:53'),(100017,1,'2014-01-25 12:13:53','2014-01-25 12:13:53'),(100018,1,'2014-01-25 12:13:53','2014-01-25 12:13:53'),(100019,1,'2014-01-25 12:13:53','2014-01-25 12:13:53'),(100020,1,'2014-01-25 12:13:53','2014-01-25 12:13:53'),(100021,1,'2014-01-25 12:13:53','2014-01-25 12:13:53'),(100022,1,'2014-01-25 12:13:53','2014-01-25 12:13:53'),(100023,1,'2014-01-25 12:13:53','2014-01-25 12:13:53'),(100024,1,'2014-01-25 12:13:53','2014-01-25 12:13:53'),(100025,1,'2014-01-25 12:13:53','2014-01-25 12:13:53'),(100026,1,'2014-01-25 12:13:53','2014-01-25 12:13:53'),(100027,1,'2014-01-25 12:13:53','2014-01-25 12:13:53'),(100028,1,'2014-01-25 12:13:53','2014-01-25 12:13:53'),(100029,1,'2014-01-25 12:13:53','2014-01-25 12:13:53'),(100030,1,'2014-01-25 12:13:53','2014-01-25 12:13:53'),(100031,1,'2014-01-25 12:13:53','2014-01-25 12:13:53'),(100032,1,'2014-01-25 12:13:53','2014-01-25 12:13:53'),(100033,1,'2014-01-25 12:13:53','2014-01-25 12:13:53'),(100034,1,'2014-01-25 12:13:53','2014-01-25 12:13:53'),(100035,1,'2014-01-25 12:13:53','2014-01-25 12:13:53'),(100036,1,'2014-01-25 12:13:53','2014-01-25 12:13:53'),(100037,1,'2014-01-25 12:13:53','2014-01-25 12:13:53'),(100038,1,'2014-01-25 12:13:53','2014-01-25 12:13:53'),(100039,1,'2014-01-25 12:13:53','2014-01-25 12:13:53'),(100040,1,'2014-01-25 12:13:53','2014-01-25 12:13:53'),(100041,1,'2014-01-25 12:13:53','2014-01-25 12:13:53'),(100042,1,'2014-01-25 12:13:53','2014-01-25 12:13:53'),(100043,1,'2014-01-25 12:13:53','2014-01-25 12:13:53'),(100044,1,'2014-01-25 12:13:53','2014-01-25 12:13:53'),(100045,1,'2014-01-25 12:13:53','2014-01-25 12:13:53'),(100046,1,'2014-01-25 12:13:53','2014-01-25 12:13:53'),(100047,1,'2014-01-25 12:13:53','2014-01-25 12:13:53'),(100048,1,'2014-01-25 12:13:53','2014-01-25 12:13:53'),(100049,1,'2014-01-25 12:13:53','2014-01-25 12:13:53'),(100050,1,'2014-01-25 12:13:53','2014-01-25 12:13:53'),(100051,1,'2014-01-25 12:13:53','2014-01-25 12:13:53'),(100052,1,'2014-01-25 12:13:53','2014-01-25 12:13:53'),(100053,1,'2014-01-25 12:13:53','2014-01-25 12:13:53'),(100054,1,'2014-01-25 12:13:53','2014-01-25 12:13:53'),(100055,1,'2014-01-25 12:13:53','2014-01-25 12:13:53'),(100056,1,'2014-01-25 12:13:53','2014-01-25 12:13:53'),(100057,1,'2014-01-25 12:13:53','2014-01-25 12:13:53'),(100058,1,'2014-01-25 12:13:53','2014-01-25 12:13:53'),(100059,1,'2014-01-25 12:13:53','2014-01-25 12:13:53'),(100060,1,'2014-01-25 12:13:53','2014-01-25 12:13:53'),(100061,1,'2014-01-25 12:13:53','2014-01-25 12:13:53'),(100062,1,'2014-01-25 12:13:53','2014-01-25 12:13:53'),(100063,1,'2014-01-25 12:13:53','2014-01-25 12:13:53'),(100064,1,'2014-01-25 12:13:53','2014-01-25 12:13:53'),(100065,1,'2014-01-25 12:13:53','2014-01-25 12:13:53'),(100066,1,'2014-01-25 12:13:53','2014-01-25 12:13:53'),(100067,1,'2014-01-25 12:13:53','2014-01-25 12:13:53'),(100068,1,'2014-01-25 12:13:53','2014-01-25 12:13:53'),(100069,1,'2014-01-25 12:13:53','2014-01-25 12:13:53'),(100070,1,'2014-01-25 12:13:53','2014-01-25 12:13:53'),(100071,1,'2014-01-25 12:13:53','2014-01-25 12:13:53'),(100072,1,'2014-01-25 12:13:53','2014-01-25 12:13:53'),(100073,1,'2014-01-25 12:13:53','2014-01-25 12:13:53'),(100074,1,'2014-01-25 12:13:53','2014-01-25 12:13:53'),(100075,1,'2014-01-25 12:13:53','2014-01-25 12:13:53'),(100076,1,'2014-01-25 12:13:53','2014-01-25 12:13:53'),(100077,1,'2014-01-25 12:13:53','2014-01-25 12:13:53'),(100078,1,'2014-01-25 12:13:53','2014-01-25 12:13:53'),(100079,1,'2014-01-25 12:13:53','2014-01-25 12:13:53'),(100080,1,'2014-01-25 12:13:53','2014-01-25 12:13:53'),(100081,1,'2014-01-25 12:13:53','2014-01-25 12:13:53'),(100082,1,'2014-01-25 12:13:53','2014-01-25 12:13:53'),(100083,1,'2014-01-25 12:13:53','2014-01-25 12:13:53'),(100084,1,'2014-01-25 12:13:53','2014-01-25 12:13:53'),(100085,1,'2014-01-25 12:13:53','2014-01-25 12:13:53'),(100086,1,'2014-01-25 12:13:53','2014-01-25 12:13:53'),(100087,1,'2014-01-25 12:13:53','2014-01-25 12:13:53'),(100088,1,'2014-01-25 12:13:53','2014-01-25 12:13:53'),(100089,1,'2014-01-25 12:13:53','2014-01-25 12:13:53'),(100090,1,'2014-01-25 12:13:53','2014-01-25 12:13:53'),(100091,1,'2014-01-25 12:13:53','2014-01-25 12:13:53'),(100092,1,'2014-01-25 12:13:53','2014-01-25 12:13:53'),(100093,1,'2014-01-25 12:13:53','2014-01-25 12:13:53'),(100094,1,'2014-01-25 12:13:53','2014-01-25 12:13:53'),(100095,1,'2014-01-25 12:13:53','2014-01-25 12:13:53'),(100096,1,'2014-01-25 12:13:53','2014-01-25 12:13:53'),(100097,1,'2014-01-25 12:13:53','2014-01-25 12:13:53'),(100098,1,'2014-01-25 12:13:53','2014-01-25 12:13:53'),(100099,1,'2014-01-25 12:13:53','2014-01-25 12:13:53'),(100100,1,'2014-01-25 12:13:53','2014-01-25 12:13:53'),(100101,1,'2014-01-25 12:13:53','2014-01-25 12:13:53'),(100102,1,'2014-01-25 12:13:53','2014-01-25 12:13:53'),(100103,1,'2014-01-25 12:13:53','2014-01-25 12:13:53'),(100104,1,'2014-01-25 12:13:53','2014-01-25 12:13:53'),(100105,1,'2014-01-25 12:13:53','2014-01-25 12:13:53'),(100106,1,'2014-01-25 12:13:53','2014-01-25 12:13:53'),(100107,1,'2014-01-25 12:13:53','2014-01-25 12:13:53'),(100108,1,'2014-01-25 12:13:53','2014-01-25 12:13:53'),(100109,1,'2014-01-25 12:13:53','2014-01-25 12:13:53'),(100110,1,'2014-01-25 12:13:53','2014-01-25 12:13:53'),(100111,1,'2014-01-25 12:13:53','2014-01-25 12:13:53'),(100112,1,'2014-01-25 12:13:53','2014-01-25 12:13:53'),(100113,1,'2014-01-25 12:13:53','2014-01-25 12:13:53'),(100114,1,'2014-01-25 12:13:53','2014-01-25 12:13:53'),(100115,1,'2014-01-25 12:13:53','2014-01-25 12:13:53'),(100116,1,'2014-01-25 12:13:53','2014-01-25 12:13:53'),(100117,1,'2014-01-25 12:13:53','2014-01-25 12:13:53'),(100118,1,'2014-01-25 12:13:53','2014-01-25 12:13:53'),(100119,1,'2014-01-25 12:13:53','2014-01-25 12:13:53'),(100120,1,'2014-01-25 12:13:53','2014-01-25 12:13:53'),(100121,1,'2014-01-25 12:13:53','2014-01-25 12:13:53'),(100122,1,'2014-01-25 12:13:53','2014-01-25 12:13:53'),(100123,1,'2014-01-25 12:13:53','2014-01-25 12:13:53'),(100124,1,'2014-01-25 12:13:53','2014-01-25 12:13:53'),(100125,1,'2014-01-25 12:13:53','2014-01-25 12:13:53'),(100126,1,'2014-01-25 12:13:53','2014-01-25 12:13:53'),(100127,1,'2014-01-25 12:13:53','2014-01-25 12:13:53'),(100128,1,'2014-01-25 12:13:53','2014-01-25 12:13:53'),(100129,1,'2014-01-25 12:13:53','2014-01-25 12:13:53'),(100130,1,'2014-01-25 12:13:53','2014-01-25 12:13:53'),(100131,1,'2014-01-25 12:13:53','2014-01-25 12:13:53'),(100132,1,'2014-01-25 12:13:53','2014-01-25 12:13:53'),(100133,1,'2014-01-25 12:13:53','2014-01-25 12:13:53'),(100134,1,'2014-01-25 12:13:53','2014-01-25 12:13:53'),(100135,1,'2014-01-25 12:13:53','2014-01-25 12:13:53'),(100136,1,'2014-01-25 12:13:53','2014-01-25 12:13:53'),(100137,1,'2014-01-25 12:13:53','2014-01-25 12:13:53'),(100138,1,'2014-01-25 12:13:53','2014-01-25 12:13:53'),(100139,1,'2014-01-25 12:13:53','2014-01-25 12:13:53'),(100140,1,'2014-01-25 12:13:53','2014-01-25 12:13:53'),(100141,1,'2014-01-25 12:13:53','2014-01-25 12:13:53'),(100142,1,'2014-01-25 12:13:53','2014-01-25 12:13:53'),(100143,1,'2014-01-25 12:13:53','2014-01-25 12:13:53'),(100144,1,'2014-01-25 12:13:53','2014-01-25 12:13:53'),(100145,1,'2014-01-25 12:13:53','2014-01-25 12:13:53'),(100146,1,'2014-01-25 12:13:53','2014-01-25 12:13:53'),(100147,1,'2014-01-25 12:13:53','2014-01-25 12:13:53'),(100148,1,'2014-01-25 12:13:53','2014-01-25 12:13:53'),(100150,1,'2014-01-25 12:13:53','2014-01-25 12:13:53'),(100178,3,'2014-01-25 12:13:53','2014-01-25 12:13:53'),(100153,1,'2014-01-25 12:13:53','2014-01-25 12:13:53'),(100154,1,'2014-01-25 12:13:53','2014-01-25 12:13:53'),(100155,1,'2014-01-25 12:13:53','2014-01-25 12:13:53'),(100156,1,'2014-01-25 12:13:53','2014-01-25 12:13:53'),(100157,1,'2014-01-25 12:13:53','2014-01-25 12:13:53'),(100159,1,'2014-01-25 12:13:53','2014-01-25 12:13:53'),(100160,1,'2014-01-25 12:13:53','2014-01-25 12:13:53'),(100162,1,'2014-01-25 12:13:53','2014-01-25 12:13:53'),(100163,1,'2014-01-25 12:13:53','2014-01-25 12:13:53'),(100164,1,'2014-01-25 12:13:53','2014-01-25 12:13:53'),(100165,1,'2014-01-25 12:13:53','2014-01-25 12:13:53'),(100166,1,'2014-01-25 12:13:53','2014-01-25 12:13:53'),(100167,1,'2014-01-25 12:13:53','2014-01-25 12:13:53'),(100168,1,'2014-01-25 12:13:53','2014-01-25 12:13:53'),(100169,1,'2014-01-25 12:13:53','2014-01-25 12:13:53'),(100170,1,'2014-01-25 12:13:53','2014-01-25 12:13:53'),(100171,1,'2014-01-25 12:13:53','2014-01-25 12:13:53'),(100172,5,'2014-01-25 12:13:53','2014-01-25 12:13:53'),(100173,1,'2014-01-25 12:13:53','2014-01-25 12:13:53'),(100174,1,'2014-01-25 12:13:53','2014-01-25 12:13:53'),(100175,1,'2014-01-25 12:13:53','2014-01-25 12:13:53'),(100176,1,'2014-01-25 12:13:53','2014-01-25 12:13:53'),(100188,1,'2014-01-25 12:13:53','2014-01-25 12:13:53'),(100190,1,'2014-01-25 12:13:53','2014-01-25 12:13:53'),(100191,1,'2014-01-25 12:13:53','2014-01-25 12:13:53'),(100192,1,'2014-01-25 12:13:53','2014-01-25 12:13:53'),(100193,1,'2014-01-25 12:13:53','2014-01-25 12:13:53'),(100194,1,'2014-01-25 04:26:20','2014-01-25 04:26:20');

--
-- Table structure for table `ab_resource_map`
--

CREATE TABLE `ab_resource_map` (
  `resource_id` int(11) DEFAULT NULL,
  `object_name` varchar(40) COLLATE utf8_bin NOT NULL,
  `object_id` int(11) NOT NULL,
  `default` tinyint(1) NOT NULL DEFAULT '0' COMMENT '0-no, 1-Yes',
  `sort_order` int(3) NOT NULL DEFAULT '0',
  `created` timestamp NOT NULL DEFAULT '0000-00-00 00:00:00',
  `updated` timestamp NOT NULL DEFAULT CURRENT_TIMESTAMP ON UPDATE CURRENT_TIMESTAMP,
  UNIQUE KEY `resource_map_index` (`resource_id`,`object_name`,`object_id`),
  KEY `group_id` (`resource_id`,`object_name`,`object_id`)
) ENGINE=MyISAM DEFAULT CHARSET=utf8 COLLATE=utf8_bin;

--
-- Dumping data for table `ab_resource_map`
--

INSERT INTO `ab_resource_map` (`resource_id`, `object_name`, `object_id`, `default`, `sort_order`, `created`, `updated`) VALUES (100012,'products',58,0,0,'2014-01-25 12:13:53','2014-01-25 12:13:53'),(100014,'products',80,0,0,'2014-01-25 12:13:53','2014-01-25 12:13:53'),(100013,'products',68,0,0,'2014-01-25 12:13:53','2014-01-25 12:13:53'),(100015,'products',80,0,0,'2014-01-25 12:13:53','2014-01-25 12:13:53'),(100011,'products',65,0,0,'2014-01-25 12:13:53','2014-01-25 12:13:53'),(100010,'products',65,0,0,'2014-01-25 12:13:53','2014-01-25 12:13:53'),(100007,'products',64,0,0,'2014-01-25 12:13:53','2014-01-25 12:13:53'),(100008,'products',64,0,0,'2014-01-25 12:13:53','2014-01-25 12:13:53'),(100009,'products',64,0,0,'2014-01-25 12:13:53','2014-01-25 12:13:53'),(100016,'products',80,0,0,'2014-01-25 12:13:53','2014-01-25 12:13:53'),(100017,'products',80,0,0,'2014-01-25 12:13:53','2014-01-25 12:13:53'),(100018,'products',84,0,0,'2014-01-25 12:13:53','2014-01-25 12:13:53'),(100019,'products',84,0,0,'2014-01-25 12:13:53','2014-01-25 12:13:53'),(100020,'products',84,0,0,'2014-01-25 12:13:53','2014-01-25 12:13:53'),(100021,'products',83,0,0,'2014-01-25 12:13:53','2014-01-25 12:13:53'),(100022,'products',82,0,0,'2014-01-25 12:13:53','2014-01-25 12:13:53'),(100023,'products',83,0,0,'2014-01-25 12:13:53','2014-01-25 12:13:53'),(100024,'products',83,0,0,'2014-01-25 12:13:53','2014-01-25 12:13:53'),(100025,'products',81,0,0,'2014-01-25 12:13:53','2014-01-25 12:13:53'),(100026,'products',51,0,0,'2014-01-25 12:13:53','2014-01-25 12:13:53'),(100027,'products',51,0,0,'2014-01-25 12:13:53','2014-01-25 12:13:53'),(100028,'products',51,0,0,'2014-01-25 12:13:53','2014-01-25 12:13:53'),(100029,'products',52,0,0,'2014-01-25 12:13:53','2014-01-25 12:13:53'),(100030,'products',92,0,0,'2014-01-25 12:13:53','2014-01-25 12:13:53'),(100031,'products',72,0,0,'2014-01-25 12:13:53','2014-01-25 12:13:53'),(100032,'products',61,0,0,'2014-01-25 12:13:53','2014-01-25 12:13:53'),(100033,'products',61,0,0,'2014-01-25 12:13:53','2014-01-25 12:13:53'),(100034,'products',61,0,0,'2014-01-25 12:13:53','2014-01-25 12:13:53'),(100035,'products',93,0,0,'2014-01-25 12:13:53','2014-01-25 12:13:53'),(100036,'products',74,0,0,'2014-01-25 12:13:53','2014-01-25 12:13:53'),(100037,'products',57,0,0,'2014-01-25 12:13:53','2014-01-25 12:13:53'),(100038,'products',57,0,0,'2014-01-25 12:13:53','2014-01-25 12:13:53'),(100039,'products',57,0,0,'2014-01-25 12:13:53','2014-01-25 12:13:53'),(100040,'products',57,0,0,'2014-01-25 12:13:53','2014-01-25 12:13:53'),(100041,'products',57,0,0,'2014-01-25 12:13:53','2014-01-25 12:13:53'),(100042,'products',57,0,0,'2014-01-25 12:13:53','2014-01-25 12:13:53'),(100043,'products',57,0,0,'2014-01-25 12:13:53','2014-01-25 12:13:53'),(100044,'products',75,0,0,'2014-01-25 12:13:53','2014-01-25 12:13:53'),(100045,'products',75,0,0,'2014-01-25 12:13:53','2014-01-25 12:13:53'),(100046,'products',75,0,0,'2014-01-25 12:13:53','2014-01-25 12:13:53'),(100047,'products',70,0,0,'2014-01-25 12:13:53','2014-01-25 12:13:53'),(100048,'products',86,0,0,'2014-01-25 12:13:53','2014-01-25 12:13:53'),(100049,'products',97,0,0,'2014-01-25 12:13:53','2014-01-25 12:13:53'),(100050,'products',96,0,0,'2014-01-25 12:13:53','2014-01-25 12:13:53'),(100051,'products',96,0,0,'2014-01-25 12:13:53','2014-01-25 12:13:53'),(100052,'products',67,0,0,'2014-01-25 12:13:53','2014-01-25 12:13:53'),(100053,'products',99,0,0,'2014-01-25 12:13:53','2014-01-25 12:13:53'),(100054,'products',85,0,0,'2014-01-25 12:13:53','2014-01-25 12:13:53'),(100055,'products',85,0,0,'2014-01-25 12:13:53','2014-01-25 12:13:53'),(100056,'products',85,0,0,'2014-01-25 12:13:53','2014-01-25 12:13:53'),(100057,'products',73,0,0,'2014-01-25 12:13:53','2014-01-25 12:13:53'),(100058,'products',91,0,0,'2014-01-25 12:13:53','2014-01-25 12:13:53'),(100059,'products',55,0,0,'2014-01-25 12:13:53','2014-01-25 12:13:53'),(100060,'products',55,0,0,'2014-01-25 12:13:53','2014-01-25 12:13:53'),(100061,'products',55,0,0,'2014-01-25 12:13:53','2014-01-25 12:13:53'),(100062,'products',55,0,0,'2014-01-25 12:13:53','2014-01-25 12:13:53'),(100063,'products',55,0,0,'2014-01-25 12:13:53','2014-01-25 12:13:53'),(100064,'products',87,0,0,'2014-01-25 12:13:53','2014-01-25 12:13:53'),(100065,'products',77,0,0,'2014-01-25 12:13:53','2014-01-25 12:13:53'),(100066,'products',77,0,0,'2014-01-25 12:13:53','2014-01-25 12:13:53'),(100067,'products',77,0,0,'2014-01-25 12:13:53','2014-01-25 12:13:53'),(100068,'products',77,0,0,'2014-01-25 12:13:53','2014-01-25 12:13:53'),(100069,'products',76,0,0,'2014-01-25 12:13:53','2014-01-25 12:13:53'),(100070,'products',76,0,0,'2014-01-25 12:13:53','2014-01-25 12:13:53'),(100071,'products',60,0,0,'2014-01-25 12:13:53','2014-01-25 12:13:53'),(100072,'products',60,0,0,'2014-01-25 12:13:53','2014-01-25 12:13:53'),(100073,'products',60,0,0,'2014-01-25 12:13:53','2014-01-25 12:13:53'),(100074,'products',60,0,0,'2014-01-25 12:13:53','2014-01-25 12:13:53'),(100075,'products',94,0,0,'2014-01-25 12:13:53','2014-01-25 12:13:53'),(100076,'products',90,0,0,'2014-01-25 12:13:53','2014-01-25 12:13:53'),(100077,'products',90,0,0,'2014-01-25 12:13:53','2014-01-25 12:13:53'),(100078,'products',90,0,0,'2014-01-25 12:13:53','2014-01-25 12:13:53'),(100079,'products',71,0,0,'2014-01-25 12:13:53','2014-01-25 12:13:53'),(100080,'products',63,0,0,'2014-01-25 12:13:53','2014-01-25 12:13:53'),(100081,'products',63,0,0,'2014-01-25 12:13:53','2014-01-25 12:13:53'),(100082,'products',69,0,0,'2014-01-25 12:13:53','2014-01-25 12:13:53'),(100083,'products',89,0,0,'2014-01-25 12:13:53','2014-01-25 12:13:53'),(100084,'products',89,0,0,'2014-01-25 12:13:53','2014-01-25 12:13:53'),(100085,'products',89,0,0,'2014-01-25 12:13:53','2014-01-25 12:13:53'),(100086,'products',89,0,0,'2014-01-25 12:13:53','2014-01-25 12:13:53'),(100087,'products',98,0,0,'2014-01-25 12:13:53','2014-01-25 12:13:53'),(100088,'products',95,0,0,'2014-01-25 12:13:53','2014-01-25 12:13:53'),(100089,'products',50,0,0,'2014-01-25 12:13:53','2014-01-25 12:13:53'),(100090,'products',100,0,0,'2014-01-25 12:13:53','2014-01-25 12:13:53'),(100091,'products',66,0,0,'2014-01-25 12:13:53','2014-01-25 12:13:53'),(100092,'products',66,0,0,'2014-01-25 12:13:53','2014-01-25 12:13:53'),(100093,'products',66,0,0,'2014-01-25 12:13:53','2014-01-25 12:13:53'),(100094,'products',53,0,0,'2014-01-25 12:13:53','2014-01-25 12:13:53'),(100095,'products',53,0,0,'2014-01-25 12:13:53','2014-01-25 12:13:53'),(100096,'products',53,0,0,'2014-01-25 12:13:53','2014-01-25 12:13:53'),(100097,'products',59,0,0,'2014-01-25 12:13:53','2014-01-25 12:13:53'),(100098,'products',59,0,0,'2014-01-25 12:13:53','2014-01-25 12:13:53'),(100099,'products',59,0,0,'2014-01-25 12:13:53','2014-01-25 12:13:53'),(100100,'products',59,0,0,'2014-01-25 12:13:53','2014-01-25 12:13:53'),(100101,'products',56,0,0,'2014-01-25 12:13:53','2014-01-25 12:13:53'),(100109,'products',78,0,0,'2014-01-25 12:13:53','2014-01-25 12:13:53'),(100108,'products',78,0,0,'2014-01-25 12:13:53','2014-01-25 12:13:53'),(100105,'products',79,0,0,'2014-01-25 12:13:53','2014-01-25 12:13:53'),(100106,'products',79,0,0,'2014-01-25 12:13:53','2014-01-25 12:13:53'),(100107,'products',79,0,0,'2014-01-25 12:13:53','2014-01-25 12:13:53'),(100110,'products',78,0,0,'2014-01-25 12:13:53','2014-01-25 12:13:53'),(100111,'products',88,0,0,'2014-01-25 12:13:53','2014-01-25 12:13:53'),(100112,'products',62,0,0,'2014-01-25 12:13:53','2014-01-25 12:13:53'),(100113,'products',62,0,0,'2014-01-25 12:13:53','2014-01-25 12:13:53'),(100114,'manufacturers',16,0,0,'2014-01-25 12:13:53','2014-01-25 12:13:53'),(100115,'manufacturers',14,0,0,'2014-01-25 12:13:53','2014-01-25 12:13:53'),(100116,'manufacturers',13,0,0,'2014-01-25 12:13:53','2014-01-25 12:13:53'),(100117,'manufacturers',12,0,0,'2014-01-25 12:13:53','2014-01-25 12:13:53'),(100118,'manufacturers',11,0,0,'2014-01-25 12:13:53','2014-01-25 12:13:53'),(100119,'manufacturers',15,0,0,'2014-01-25 12:13:53','2014-01-25 12:13:53'),(100120,'manufacturers',17,0,0,'2014-01-25 12:13:53','2014-01-25 12:13:53'),(100121,'manufacturers',18,0,0,'2014-01-25 12:13:53','2014-01-25 12:13:53'),(100122,'manufacturers',19,0,0,'2014-01-25 12:13:53','2014-01-25 12:13:53'),(100123,'categories',52,0,0,'2014-01-25 12:13:53','2014-01-25 12:13:53'),(100124,'categories',36,0,0,'2014-01-25 12:13:53','2014-01-25 12:13:53'),(100125,'categories',43,0,0,'2014-01-25 12:13:53','2014-01-25 12:13:53'),(100126,'categories',49,0,0,'2014-01-25 12:13:53','2014-01-25 12:13:53'),(100127,'categories',58,0,0,'2014-01-25 12:13:53','2014-01-25 12:13:53'),(100128,'categories',50,0,0,'2014-01-25 12:13:53','2014-01-25 12:13:53'),(100129,'categories',51,0,0,'2014-01-25 12:13:53','2014-01-25 12:13:53'),(100130,'categories',53,0,0,'2014-01-25 12:13:53','2014-01-25 12:13:53'),(100131,'categories',54,0,0,'2014-01-25 12:13:53','2014-01-25 12:13:53'),(100132,'categories',38,0,0,'2014-01-25 12:13:53','2014-01-25 12:13:53'),(100133,'categories',40,0,0,'2014-01-25 12:13:53','2014-01-25 12:13:53'),(100134,'categories',41,0,0,'2014-01-25 12:13:53','2014-01-25 12:13:53'),(100135,'categories',42,0,0,'2014-01-25 12:13:53','2014-01-25 12:13:53'),(100136,'categories',39,0,0,'2014-01-25 12:13:53','2014-01-25 12:13:53'),(100137,'categories',37,0,0,'2014-01-25 12:13:53','2014-01-25 12:13:53'),(100138,'categories',59,0,0,'2014-01-25 12:13:53','2014-01-25 12:13:53'),(100139,'categories',60,0,0,'2014-01-25 12:13:53','2014-01-25 12:13:53'),(100140,'categories',61,0,0,'2014-01-25 12:13:53','2014-01-25 12:13:53'),(100141,'categories',63,0,0,'2014-01-25 12:13:53','2014-01-25 12:13:53'),(100142,'categories',46,0,0,'2014-01-25 12:13:53','2014-01-25 12:13:53'),(100143,'categories',47,0,0,'2014-01-25 12:13:53','2014-01-25 12:13:53'),(100144,'categories',44,0,0,'2014-01-25 12:13:53','2014-01-25 12:13:53'),(100145,'categories',45,0,0,'2014-01-25 12:13:53','2014-01-25 12:13:53'),(100146,'categories',48,0,0,'2014-01-25 12:13:53','2014-01-25 12:13:53'),(100150,'products',101,0,0,'2014-01-25 12:13:53','2014-01-25 12:13:53'),(100178,'products',101,0,0,'2014-01-25 12:13:53','2014-01-25 12:13:53'),(100153,'manufacturers',20,0,0,'2014-01-25 12:13:53','2014-01-25 12:13:53'),(100154,'products',102,0,0,'2014-01-25 12:13:53','2014-01-25 12:13:53'),(100155,'products',102,0,0,'2014-01-25 12:13:53','2014-01-25 12:13:53'),(100156,'products',102,0,0,'2014-01-25 12:13:53','2014-01-25 12:13:53'),(100157,'products',103,0,2,'2014-01-25 12:13:53','2014-01-25 12:13:53'),(100159,'products',103,0,3,'2014-01-25 12:13:53','2014-01-25 12:13:53'),(100160,'products',104,0,0,'2014-01-25 12:13:53','2014-01-25 12:13:53'),(100162,'products',105,0,0,'2014-01-25 12:13:53','2014-01-25 12:13:53'),(100163,'products',106,0,2,'2014-01-25 12:13:53','2014-01-25 12:13:53'),(100164,'products',106,0,2,'2014-01-25 12:13:53','2014-01-25 12:13:53'),(100165,'products',106,0,1,'2014-01-25 12:13:53','2014-01-25 12:13:53'),(100166,'products',107,0,0,'2014-01-25 12:13:53','2014-01-25 12:13:53'),(100167,'products',107,0,0,'2014-01-25 12:13:53','2014-01-25 12:13:53'),(100168,'products',108,0,0,'2014-01-25 12:13:53','2014-01-25 12:13:53'),(100169,'products',108,0,0,'2014-01-25 12:13:53','2014-01-25 12:13:53'),(100170,'products',108,0,0,'2014-01-25 12:13:53','2014-01-25 12:13:53'),(100171,'products',108,0,0,'2014-01-25 12:13:53','2014-01-25 12:13:53'),(100173,'products',109,0,0,'2014-01-25 12:13:53','2014-01-25 12:13:53'),(100174,'products',110,0,0,'2014-01-25 12:13:53','2014-01-25 12:13:53'),(100175,'products',110,0,0,'2014-01-25 12:13:53','2014-01-25 12:13:53'),(100176,'products',110,0,0,'2014-01-25 12:13:53','2014-01-25 12:13:53'),(100188,'banners',13,0,0,'2014-01-25 12:13:53','2014-01-25 12:13:53'),(100188,'banners',14,0,0,'2014-01-25 12:13:53','2014-01-25 12:13:53'),(100188,'banners',15,0,0,'2014-01-25 12:13:53','2014-01-25 12:13:53'),(100188,'banners',16,0,0,'2014-01-25 12:13:53','2014-01-25 12:13:53');

--
-- Table structure for table `ab_resource_types`
--

CREATE TABLE `ab_resource_types` (
  `type_id` int(11) NOT NULL AUTO_INCREMENT,
  `type_name` varchar(40) COLLATE utf8_bin NOT NULL DEFAULT '',
  `default_directory` varchar(255) COLLATE utf8_bin NOT NULL,
  `default_icon` varchar(255) COLLATE utf8_bin DEFAULT NULL,
  `file_types` varchar(40) COLLATE utf8_bin NOT NULL DEFAULT '',
  `access_type` tinyint(1) NOT NULL DEFAULT '0' COMMENT '0-Public, 1-Secured',
  PRIMARY KEY (`type_id`),
  KEY `group_id` (`type_id`,`type_name`)
) ENGINE=MyISAM AUTO_INCREMENT=6 DEFAULT CHARSET=utf8 COLLATE=utf8_bin;

--
-- Dumping data for table `ab_resource_types`
--

INSERT INTO `ab_resource_types` (`type_id`, `type_name`, `default_directory`, `default_icon`, `file_types`, `access_type`) VALUES (1,'image','image/','icon_resource_image.png','/.+(jpe?g|gif|png|ico)$/i',0),(2,'audio','audio/','icon_resource_audio.png','/.+(mp3|wav)$/i',0),(3,'video','video/','icon_resource_video.png','/.+(avi|mpg|mov|flv)$/i',0),(4,'pdf','pdf_document/','icon_resource_pdf.png','/.+(pdf)$/i',0),(5,'archive','download/','icon_resource_archive.png','/.+(zip|rar|gz|7z)$/i',1);

--
-- Table structure for table `ab_reviews`
--

CREATE TABLE `ab_reviews` (
  `review_id` int(11) NOT NULL AUTO_INCREMENT,
  `product_id` int(11) NOT NULL,
  `customer_id` int(11) NOT NULL,
  `author` varchar(64) COLLATE utf8_bin NOT NULL DEFAULT '',
  `text` text COLLATE utf8_bin NOT NULL,
  `rating` int(1) NOT NULL,
  `status` int(1) NOT NULL DEFAULT '0',
  `date_added` datetime NOT NULL DEFAULT '0000-00-00 00:00:00',
  `date_modified` datetime NOT NULL DEFAULT '0000-00-00 00:00:00',
  PRIMARY KEY (`review_id`)
) ENGINE=MyISAM AUTO_INCREMENT=77 DEFAULT CHARSET=utf8 COLLATE=utf8_bin;

--
-- Dumping data for table `ab_reviews`
--

INSERT INTO `ab_reviews` (`review_id`, `product_id`, `customer_id`, `author`, `text`, `rating`, `status`, `date_added`, `date_modified`) VALUES (62,54,2,'Juliana Davis','I\'ve been wearing all Lancome mascara\'s and I\'m just get really upset when I\'m out. I\'ve tried other Brands, but it\'s always right back to the Lancome productss. The extend L\'EXTREME is by far the best!!! Really Long and Great! ',5,1,'2014-01-25 12:13:53','2014-01-25 12:13:53'),(61,56,0,'Cassandra','Fortunately, I got this as a gift. BUT, I am willing to purchase this when I run out. This may be expensive but it is sooooo worth it! I love this concealer and I wouldn\'t even dare to use other brands. One more thing, the little tube lasts for a long time. I\'ve been using it everyday for 8 months now and I still have about 1/4 left.',5,1,'2014-01-25 12:13:53','2014-01-25 12:13:53'),(65,100,0,'Juli','Smooth Silk is an accurate name for this creamy lip liner. It is by far the best lip pencil I have ever encountered.',5,1,'2014-01-25 12:13:53','2014-01-25 12:13:53'),(66,100,0,'Marianne','Nice pencil! This is a smooth, long lasting pencil, wonderful shades!',4,1,'2014-01-25 12:13:53','2014-01-25 12:13:53'),(67,97,0,'Ann','Really reduces shades and swellings)',4,1,'2014-01-25 12:13:53','2014-01-25 12:13:53'),(68,99,0,'Alice','This is much darker than the picture',2,1,'2014-01-25 12:13:53','2014-01-25 12:13:53'),(69,57,0,'Jane','When it arrived, the blush had cracked and was crumbling all over, so I\'m only able to use half of it.',2,1,'2014-01-25 12:13:53','2014-01-25 12:13:53'),(70,55,0,'Kristin K.','These lipsticks are moisturizing and have good pigmentation; however, their lasting power is not as advertised! ',4,1,'2014-01-25 12:13:53','2014-01-25 12:13:53'),(71,55,0,'lara','This is quite simply good stuff. \nThe color payout is rich, the texture creamy and moist, and best of all no scent. No taste.',5,1,'2014-01-25 12:13:53','2014-01-25 12:13:53'),(72,93,0,'L. D.','I totally love it.it smells heavenly . It smells so natural and my skin just loves it. ',5,1,'2014-01-25 12:13:53','2014-01-25 12:13:53'),(73,93,0,'Walton','This creme is a bit heavy for my skin; however, as the day goes on it does not create an oily build-up. A little goes a long way, and I could see improvements in my skin tone within a week. Good product, will be purchasing again.',4,1,'2014-01-25 12:13:53','2014-01-25 12:13:53'),(75,102,0,'Mary','This is more of a evening fragrance. I love it',4,1,'2014-01-25 12:13:53','2014-01-25 12:13:53'),(76,110,0,'Lara','Product was very reasonably priced. It will make a nice gift.',5,1,'2014-01-25 12:13:53','2014-01-25 12:13:53');

--
-- Table structure for table `ab_settings`
--

CREATE TABLE `ab_settings` (
  `setting_id` int(11) NOT NULL AUTO_INCREMENT,
  `store_id` int(11) NOT NULL DEFAULT '0',
  `group` varchar(32) COLLATE utf8_bin NOT NULL,
  `key` varchar(64) COLLATE utf8_bin NOT NULL DEFAULT '',
  `value` text COLLATE utf8_bin NOT NULL,
  PRIMARY KEY (`setting_id`,`store_id`)
) ENGINE=MyISAM AUTO_INCREMENT=240 DEFAULT CHARSET=utf8 COLLATE=utf8_bin;

--
-- Dumping data for table `ab_settings`
--

INSERT INTO `ab_settings` (`setting_id`, `store_id`, `group`, `key`, `value`) VALUES (191,0,'details','store_name','VINCOM ELECTRIC'),(192,0,'details','config_url','http://vinhostmedia.com/tokovincom/'),(199,0,'details','config_owner','vincent salim'),(200,0,'details','config_address','komp bisma sunter blok c no 29 sunter jakarta utara'),(201,0,'details','store_main_email','admin@vinhostmedia.com'),(202,0,'details','config_telephone','02136204007'),(203,0,'details','config_fax',''),(195,0,'details','config_title','Vincom electric'),(196,0,'details','config_meta_description',''),(197,0,'details','config_meta_keywords','keyword1,keyword2,keyword3'),(11,0,'details','config_description_1','Welcome to web store!'),(204,0,'details','config_country_id','100'),(205,0,'details','config_zone_id','1513'),(206,0,'details','config_storefront_language','IDN'),(207,0,'details','admin_language','IDN'),(213,0,'details','config_currency','IDR'),(214,0,'details','config_currency_auto','1'),(215,0,'details','config_length_class',''),(216,0,'details','config_weight_class',''),(208,0,'details','auto_translate_status','1'),(209,0,'details','translate_src_lang_code','en'),(211,0,'details','translate_override_existing','0'),(212,0,'details','warn_lang_text_missing','0'),(24,0,'details','config_description_9','Welcome to web store!'),(25,0,'general','config_admin_limit','10'),(26,0,'general','config_catalog_limit','20'),(27,0,'general','config_bestseller_limit','4'),(28,0,'general','config_featured_limit','4'),(29,0,'general','config_latest_limit','4'),(30,0,'general','config_special_limit','4'),(31,0,'general','config_stock_display','1'),(32,0,'general','config_nostock_autodisable','0'),(33,0,'general','config_stock_status_id','5'),(34,0,'general','enable_reviews','1'),(35,0,'general','config_download','1'),(36,0,'general','config_download_status','5'),(37,0,'general','config_help_links','1'),(38,0,'general','config_show_tree_data','1'),(39,0,'general','config_product_default_sort_order','date_modified-ASC'),(217,0,'checkout','starting_invoice_id','100'),(41,0,'checkout','invoice_prefix','IN#'),(42,0,'checkout','config_cart_weight','0'),(43,0,'checkout','config_shipping_session','0'),(44,0,'checkout','config_tax','0'),(45,0,'checkout','config_tax_store','1'),(46,0,'checkout','config_tax_customer','0'),(47,0,'checkout','config_customer_price','1'),(48,0,'checkout','config_customer_group_id','1'),(49,0,'checkout','config_customer_approval','0'),(50,0,'checkout','prevent_email_as_login','1'),(51,0,'checkout','config_guest_checkout','1'),(52,0,'checkout','config_account_id','2'),(53,0,'checkout','config_checkout_id','3'),(54,0,'checkout','config_stock_checkout','0'),(55,0,'checkout','config_order_status_id','1'),(56,0,'checkout','config_stock_subtract','0'),(57,0,'checkout','config_stock_check','1'),(58,0,'checkout','config_cart_ajax','1'),(59,0,'checkout','total_order_maximum','0'),(60,0,'checkout','total_order_minimum','0'),(61,0,'checkout','config_shipping_tax_estimate','1'),(62,0,'checkout','config_coupon_on_cart_page','1'),(220,0,'appearance','storefront_width','100%'),(222,0,'appearance','config_logo','image/18/76/2.png'),(223,0,'appearance','config_icon',''),(224,0,'appearance','config_image_thumb_width','380'),(225,0,'appearance','config_image_thumb_height','380'),(226,0,'appearance','config_image_popup_width','500'),(227,0,'appearance','config_image_popup_height','500'),(230,0,'appearance','config_image_product_width','250'),(231,0,'appearance','config_image_product_height','250'),(232,0,'appearance','config_image_additional_width','45'),(233,0,'appearance','config_image_additional_height','45'),(234,0,'appearance','config_image_related_width','120'),(235,0,'appearance','config_image_related_height','120'),(236,0,'appearance','config_image_cart_width','75'),(237,0,'appearance','config_image_cart_height','75'),(238,0,'appearance','config_image_grid_width','57'),(239,0,'appearance','config_image_grid_height','57'),(229,0,'appearance','config_image_category_height','120'),(228,0,'appearance','config_image_category_width','120'),(219,0,'appearance','admin_template','default'),(221,0,'appearance','admin_width','100%'),(218,0,'appearance','config_storefront_template','default_html5'),(85,0,'mail','config_mail_protocol','mail'),(86,0,'mail','config_mail_parameter',''),(87,0,'mail','config_smtp_host',''),(88,0,'mail','config_smtp_username',''),(89,0,'mail','config_smtp_password',''),(90,0,'mail','config_smtp_port','25'),(91,0,'mail','config_smtp_timeout','5'),(92,0,'mail','config_alert_mail','0'),(93,0,'mail','config_alert_emails',''),(94,0,'system','config_session_ttl','120'),(95,0,'system','config_ssl','0'),(96,0,'system','config_maintenance','0'),(97,0,'system','encryption_key','12345'),(98,0,'system','enable_seo_url','0'),(99,0,'system','config_compression','0'),(100,0,'system','config_cache_enable','1'),(101,0,'system','config_error_display','1'),(102,0,'system','config_error_log','1'),(103,0,'system','config_debug','0'),(104,0,'system','config_debug_level','0'),(105,0,'system','storefront_template_debug','0'),(106,0,'system','config_error_filename','error.txt'),(107,0,'system','config_upload_max_size','16000'),(108,0,'api','config_storefront_api_status','0'),(109,0,'api','config_storefront_api_key',''),(110,0,'api','config_storefront_api_stock_check','0'),(111,0,'api','config_admin_api_status','0'),(112,0,'api','config_admin_api_key',''),(113,0,'api','config_admin_access_ip_list',''),(114,0,'sub_total','sub_total_sort_order','1'),(115,0,'sub_total','sub_total_calculation_order','1'),(116,0,'sub_total','sub_total_status','1'),(117,0,'sub_total','sub_total_total_type','subtotal'),(118,0,'shipping','shipping_sort_order','3'),(119,0,'shipping','shipping_calculation_order','3'),(120,0,'shipping','shipping_status','1'),(121,0,'shipping','shipping_total_type','shipping'),(122,0,'coupon','coupon_status','1'),(123,0,'coupon','coupon_sort_order','4'),(124,0,'coupon','coupon_calculation_order','4'),(125,0,'coupon','coupon_total_type','discount'),(126,0,'tax','tax_status','1'),(127,0,'tax','tax_sort_order','5'),(128,0,'tax','tax_calculation_order','5'),(129,0,'tax','tax_total_type','tax'),(130,0,'balance','balance_status','1'),(131,0,'balance','balance_sort_order','6'),(132,0,'balance','balance_calculation_order','6'),(133,0,'balance','balance_total_type','balance'),(134,0,'total','total_sort_order','7'),(135,0,'total','total_calculation_order','7'),(136,0,'total','total_status','1'),(137,0,'total','total_total_type','total'),(138,0,'default_cod','default_cod_sort_order','1'),(139,0,'default_cod','default_cod_order_status_id','1'),(140,0,'default_cod','default_cod_status','1'),(141,0,'default_cod','default_cod_location_id','0'),(142,0,'default_cod','default_cod_autoselect','1'),(143,0,'default_flat_rate_shipping','default_flat_rate_shipping_cost','2'),(144,0,'default_flat_rate_shipping','default_flat_rate_shipping_tax_class_id','9'),(145,0,'default_flat_rate_shipping','default_flat_rate_shipping_location_id','0'),(146,0,'default_flat_rate_shipping','default_flat_rate_shipping_status','1'),(147,0,'default_flat_rate_shipping','default_flat_rate_shipping_sort_order','1'),(148,0,'default_flat_rate_shipping','default_flat_rate_shipping_autoselect','1'),(149,0,'banner_manager','banner_manager_layout',''),(150,0,'banner_manager','banner_manager_priority','10'),(151,0,'banner_manager','banner_manager_date_installed','2014-01-25 12:13:53'),(152,0,'banner_manager','store_id','0'),(153,0,'banner_manager','banner_manager_status','1'),(154,0,'config','install_date','2014-01-25 12:13:53'),(193,0,'details','config_ssl','0'),(194,0,'details','config_ssl_url',''),(198,0,'details','config_description_10',''),(210,0,'details','translate_method','copy_source_text');

--
-- Table structure for table `ab_stock_statuses`
--

CREATE TABLE `ab_stock_statuses` (
  `stock_status_id` int(11) NOT NULL,
  `language_id` int(11) NOT NULL,
  `name` varchar(32) COLLATE utf8_bin NOT NULL COMMENT 'translatable',
  PRIMARY KEY (`stock_status_id`,`language_id`)
) ENGINE=MyISAM DEFAULT CHARSET=utf8 COLLATE=utf8_bin;

--
-- Dumping data for table `ab_stock_statuses`
--

INSERT INTO `ab_stock_statuses` (`stock_status_id`, `language_id`, `name`) VALUES (1,1,'In Stock'),(2,1,'Out Of Stock'),(3,1,'Pre-Order'),(1,9,'En stock'),(2,9,'Agotado'),(3,9,'Pre-Orden');

--
-- Table structure for table `ab_store_descriptions`
--

CREATE TABLE `ab_store_descriptions` (
  `store_id` int(11) NOT NULL,
  `language_id` int(11) NOT NULL,
  `description` text COLLATE utf8_bin NOT NULL COMMENT 'translatable',
  PRIMARY KEY (`store_id`,`language_id`)
) ENGINE=MyISAM DEFAULT CHARSET=utf8 COLLATE=utf8_bin;

--
-- Dumping data for table `ab_store_descriptions`
--


--
-- Table structure for table `ab_stores`
--

CREATE TABLE `ab_stores` (
  `store_id` int(11) NOT NULL AUTO_INCREMENT,
  `name` varchar(64) COLLATE utf8_bin NOT NULL,
  `alias` varchar(15) COLLATE utf8_bin NOT NULL,
  `status` int(1) NOT NULL,
  PRIMARY KEY (`store_id`)
) ENGINE=MyISAM DEFAULT CHARSET=utf8 COLLATE=utf8_bin;

--
-- Dumping data for table `ab_stores`
--

INSERT INTO `ab_stores` (`store_id`, `name`, `alias`, `status`) VALUES (0,'default','default',1);

--
-- Table structure for table `ab_tax_classes`
--

CREATE TABLE `ab_tax_classes` (
  `tax_class_id` int(11) NOT NULL AUTO_INCREMENT,
  `title` varchar(32) COLLATE utf8_bin NOT NULL DEFAULT '',
  `description` varchar(255) COLLATE utf8_bin NOT NULL DEFAULT '',
  `date_added` datetime NOT NULL DEFAULT '0000-00-00 00:00:00',
  `date_modified` datetime NOT NULL DEFAULT '0000-00-00 00:00:00',
  PRIMARY KEY (`tax_class_id`)
) ENGINE=MyISAM AUTO_INCREMENT=2 DEFAULT CHARSET=utf8 COLLATE=utf8_bin;

--
-- Dumping data for table `ab_tax_classes`
--

INSERT INTO `ab_tax_classes` (`tax_class_id`, `title`, `description`, `date_added`, `date_modified`) VALUES (1,'Taxable Goods','Taxed Products','2014-01-25 12:13:53','0000-00-00 00:00:00');

--
-- Table structure for table `ab_tax_rates`
--

CREATE TABLE `ab_tax_rates` (
  `tax_rate_id` int(11) NOT NULL AUTO_INCREMENT,
  `location_id` int(11) NOT NULL DEFAULT '0',
  `zone_id` int(11) DEFAULT '0',
  `tax_class_id` int(11) NOT NULL,
  `priority` int(5) NOT NULL DEFAULT '1',
  `rate` decimal(7,4) NOT NULL DEFAULT '0.0000',
  `description` varchar(255) COLLATE utf8_bin NOT NULL DEFAULT '',
  `rate_prefix` char(1) COLLATE utf8_bin NOT NULL DEFAULT '%',
  `threshold_condition` char(2) COLLATE utf8_bin NOT NULL,
  `threshold` decimal(15,4) NOT NULL DEFAULT '0.0000',
  `date_modified` datetime NOT NULL DEFAULT '0000-00-00 00:00:00',
  `date_added` datetime NOT NULL DEFAULT '0000-00-00 00:00:00',
  PRIMARY KEY (`tax_rate_id`)
) ENGINE=MyISAM AUTO_INCREMENT=2 DEFAULT CHARSET=utf8 COLLATE=utf8_bin;

--
-- Dumping data for table `ab_tax_rates`
--

INSERT INTO `ab_tax_rates` (`tax_rate_id`, `location_id`, `zone_id`, `tax_class_id`, `priority`, `rate`, `description`, `rate_prefix`, `threshold_condition`, `threshold`, `date_modified`, `date_added`) VALUES (1,1,0,1,1,8.5000,'Retail 8.5%','%','',0.0000,'0000-00-00 00:00:00','0000-00-00 00:00:00');

--
-- Table structure for table `ab_url_aliases`
--

CREATE TABLE `ab_url_aliases` (
  `url_alias_id` int(11) NOT NULL AUTO_INCREMENT,
  `query` varchar(255) COLLATE utf8_bin NOT NULL,
  `keyword` varchar(255) COLLATE utf8_bin NOT NULL COMMENT 'translatable',
  `language_id` int(11) NOT NULL DEFAULT '1',
  PRIMARY KEY (`url_alias_id`),
  UNIQUE KEY `url_aliases_index` (`keyword`,`language_id`),
  UNIQUE KEY `url_aliases_index2` (`query`,`language_id`)
) ENGINE=MyISAM AUTO_INCREMENT=14 DEFAULT CHARSET=utf8 COLLATE=utf8_bin;

--
-- Dumping data for table `ab_url_aliases`
--

INSERT INTO `ab_url_aliases` (`url_alias_id`, `query`, `keyword`, `language_id`) VALUES (1,'category_id=36','makeup',1),(2,'content_id=1','about_us',1),(3,'product_id=101','pro-v_color_hair_solutions_color_preserve_shine_conditioner_with_pump',1),(4,'product_id=102','gucci_guilty',1),(5,'manufacturer_id=20','gucci',1),(6,'product_id=103','jasmin_noir_l\'essence_eau_de_parfum_spray',1),(7,'product_id=104','calvin_klein_obsession_for_women_edp_spray',1),(8,'product_id=105','bvlgari_aqua_eau_de_toilette_spray',1),(9,'product_id=106','omnia_eau_de_toilette',1),(10,'product_id=107','lancome_slimissime_360_slimming_activating_concentrate_unisex_treatment',1),(11,'product_id=108','lancome_hypnose_doll_lashes_mascara_4-piece_gift_set',1),(12,'product_id=109','lancome_visionnaire_advanced_skin_corrector',1),(13,'product_id=110','flora_by_gucci_eau_fraiche',1);

--
-- Table structure for table `ab_user_groups`
--

CREATE TABLE `ab_user_groups` (
  `user_group_id` int(11) NOT NULL AUTO_INCREMENT,
  `name` varchar(64) COLLATE utf8_bin NOT NULL,
  `permission` text COLLATE utf8_bin NOT NULL,
  `created` timestamp NOT NULL DEFAULT '0000-00-00 00:00:00',
  `updated` timestamp NOT NULL DEFAULT CURRENT_TIMESTAMP ON UPDATE CURRENT_TIMESTAMP,
  PRIMARY KEY (`user_group_id`)
) ENGINE=MyISAM AUTO_INCREMENT=11 DEFAULT CHARSET=utf8 COLLATE=utf8_bin;

--
-- Dumping data for table `ab_user_groups`
--

INSERT INTO `ab_user_groups` (`user_group_id`, `name`, `permission`, `created`, `updated`) VALUES (1,'Top Administrator','','0000-00-00 00:00:00','2014-01-25 12:13:53'),(10,'Demonstration','','0000-00-00 00:00:00','2014-01-25 12:13:53');

--
-- Table structure for table `ab_users`
--

CREATE TABLE `ab_users` (
  `user_id` int(11) NOT NULL AUTO_INCREMENT,
  `user_group_id` int(11) NOT NULL,
  `username` varchar(20) COLLATE utf8_bin NOT NULL DEFAULT '',
  `password` varchar(32) COLLATE utf8_bin NOT NULL DEFAULT '',
  `firstname` varchar(32) COLLATE utf8_bin NOT NULL DEFAULT '',
  `lastname` varchar(32) COLLATE utf8_bin NOT NULL DEFAULT '',
  `email` varchar(96) COLLATE utf8_bin NOT NULL DEFAULT '',
  `status` int(1) NOT NULL,
  `ip` varchar(15) COLLATE utf8_bin NOT NULL DEFAULT '',
  `date_added` datetime NOT NULL DEFAULT '0000-00-00 00:00:00',
  `last_login` datetime NOT NULL DEFAULT '0000-00-00 00:00:00',
  PRIMARY KEY (`user_id`)
) ENGINE=MyISAM AUTO_INCREMENT=2 DEFAULT CHARSET=utf8 COLLATE=utf8_bin;

--
-- Dumping data for table `ab_users`
--

INSERT INTO `ab_users` (`user_id`, `user_group_id`, `username`, `password`, `firstname`, `lastname`, `email`, `status`, `ip`, `date_added`, `last_login`) VALUES (1,1,'admin','c8d42fa9e92cb920bf86c3a69f7c9ce9','','','admin@vinhostmedia.com',1,'118.137.202.109','2014-01-25 12:13:53','2014-01-25 11:16:14');

--
-- Table structure for table `ab_weight_class_descriptions`
--

CREATE TABLE `ab_weight_class_descriptions` (
  `weight_class_id` int(11) NOT NULL,
  `language_id` int(11) NOT NULL,
  `title` varchar(32) COLLATE utf8_bin NOT NULL COMMENT 'translatable',
  `unit` varchar(4) COLLATE utf8_bin NOT NULL DEFAULT '' COMMENT 'translatable',
  PRIMARY KEY (`weight_class_id`,`language_id`)
) ENGINE=MyISAM DEFAULT CHARSET=utf8 COLLATE=utf8_bin;

--
-- Dumping data for table `ab_weight_class_descriptions`
--

INSERT INTO `ab_weight_class_descriptions` (`weight_class_id`, `language_id`, `title`, `unit`) VALUES (1,1,'Kilogram','kg'),(2,1,'Gram','g'),(5,1,'Pound ','lb'),(6,1,'Ounce','oz'),(1,9,'Kilogramo','kg'),(2,9,'Gramo','g'),(5,9,'Libra ','lb'),(6,9,'Onza','oz');

--
-- Table structure for table `ab_weight_classes`
--

CREATE TABLE `ab_weight_classes` (
  `weight_class_id` int(11) NOT NULL AUTO_INCREMENT,
  `value` decimal(15,8) NOT NULL DEFAULT '0.00000000',
  PRIMARY KEY (`weight_class_id`)
) ENGINE=MyISAM AUTO_INCREMENT=7 DEFAULT CHARSET=utf8 COLLATE=utf8_bin;

--
-- Dumping data for table `ab_weight_classes`
--

INSERT INTO `ab_weight_classes` (`weight_class_id`, `value`) VALUES (1,1.00000000),(2,1000.00000000),(5,2.20460000),(6,35.27400000);

--
-- Table structure for table `ab_zones`
--

CREATE TABLE `ab_zones` (
  `zone_id` int(11) NOT NULL AUTO_INCREMENT,
  `country_id` int(11) NOT NULL,
  `code` varchar(32) COLLATE utf8_bin NOT NULL DEFAULT '',
  `name` varchar(128) COLLATE utf8_bin NOT NULL,
  `status` int(1) NOT NULL DEFAULT '1',
  `sort_order` int(3) NOT NULL DEFAULT '0',
  PRIMARY KEY (`zone_id`)
) ENGINE=MyISAM AUTO_INCREMENT=3955 DEFAULT CHARSET=utf8 COLLATE=utf8_bin;

--
-- Dumping data for table `ab_zones`
--

INSERT INTO `ab_zones` (`zone_id`, `country_id`, `code`, `name`, `status`, `sort_order`) VALUES (1,1,'BDS','Badakhshan',1,0),(2,1,'BDG','Badghis',1,0),(3,1,'BGL','Baghlan',1,0),(4,1,'BAL','Balkh',1,0),(5,1,'BAM','Bamian',1,0),(6,1,'FRA','Farah',1,0),(7,1,'FYB','Faryab',1,0),(8,1,'GHA','Ghazni',1,0),(9,1,'GHO','Ghowr',1,0),(10,1,'HEL','Helmand',1,0),(11,1,'HER','Herat',1,0),(12,1,'JOW','Jowzjan',1,0),(13,1,'KAB','Kabul',1,0),(14,1,'KAN','Kandahar',1,0),(15,1,'KAP','Kapisa',1,0),(16,1,'KHO','Khost',1,0),(17,1,'KNR','Konar',1,0),(18,1,'KDZ','Kondoz',1,0),(19,1,'LAG','Laghman',1,0),(20,1,'LOW','Lowgar',1,0),(21,1,'NAN','Nangrahar',1,0),(22,1,'NIM','Nimruz',1,0),(23,1,'NUR','Nurestan',1,0),(24,1,'ORU','Oruzgan',1,0),(25,1,'PIA','Paktia',1,0),(26,1,'PKA','Paktika',1,0),(27,1,'PAR','Parwan',1,0),(28,1,'SAM','Samangan',1,0),(29,1,'SAR','Sar-e Pol',1,0),(30,1,'TAK','Takhar',1,0),(31,1,'WAR','Wardak',1,0),(32,1,'ZAB','Zabol',1,0),(33,2,'BR','Berat',1,0),(34,2,'BU','Bulqize',1,0),(35,2,'DL','Delvine',1,0),(36,2,'DV','Devoll',1,0),(37,2,'DI','Diber',1,0),(38,2,'DR','Durres',1,0),(39,2,'EL','Elbasan',1,0),(40,2,'ER','Kolonje',1,0),(41,2,'FR','Fier',1,0),(42,2,'GJ','Gjirokaster',1,0),(43,2,'GR','Gramsh',1,0),(44,2,'HA','Has',1,0),(45,2,'KA','Kavaje',1,0),(46,2,'KB','Kurbin',1,0),(47,2,'KC','Kucove',1,0),(48,2,'KO','Korce',1,0),(49,2,'KR','Kruje',1,0),(50,2,'KU','Kukes',1,0),(51,2,'LB','Librazhd',1,0),(52,2,'LE','Lezhe',1,0),(53,2,'LU','Lushnje',1,0),(54,2,'MM','Malesi e Madhe',1,0),(55,2,'MK','Mallakaster',1,0),(56,2,'MT','Mat',1,0),(57,2,'MR','Mirdite',1,0),(58,2,'PQ','Peqin',1,0),(59,2,'PR','Permet',1,0),(60,2,'PG','Pogradec',1,0),(61,2,'PU','Puke',1,0),(62,2,'SH','Shkoder',1,0),(63,2,'SK','Skrapar',1,0),(64,2,'SR','Sarande',1,0),(65,2,'TE','Tepelene',1,0),(66,2,'TP','Tropoje',1,0),(67,2,'TR','Tirane',1,0),(68,2,'VL','Vlore',1,0),(69,3,'ADR','Adrar',1,0),(70,3,'ADE','Ain Defla',1,0),(71,3,'ATE','Ain Temouchent',1,0),(72,3,'ALG','Alger',1,0),(73,3,'ANN','Annaba',1,0),(74,3,'BAT','Batna',1,0),(75,3,'BEC','Bechar',1,0),(76,3,'BEJ','Bejaia',1,0),(77,3,'BIS','Biskra',1,0),(78,3,'BLI','Blida',1,0),(79,3,'BBA','Bordj Bou Arreridj',1,0),(80,3,'BOA','Bouira',1,0),(81,3,'BMD','Boumerdes',1,0),(82,3,'CHL','Chlef',1,0),(83,3,'CON','Constantine',1,0),(84,3,'DJE','Djelfa',1,0),(85,3,'EBA','El Bayadh',1,0),(86,3,'EOU','El Oued',1,0),(87,3,'ETA','El Tarf',1,0),(88,3,'GHA','Ghardaia',1,0),(89,3,'GUE','Guelma',1,0),(90,3,'ILL','Illizi',1,0),(91,3,'JIJ','Jijel',1,0),(92,3,'KHE','Khenchela',1,0),(93,3,'LAG','Laghouat',1,0),(94,3,'MUA','Muaskar',1,0),(95,3,'MED','Medea',1,0),(96,3,'MIL','Mila',1,0),(97,3,'MOS','Mostaganem',1,0),(98,3,'MSI','M\'Sila',1,0),(99,3,'NAA','Naama',1,0),(100,3,'ORA','Oran',1,0),(101,3,'OUA','Ouargla',1,0),(102,3,'OEB','Oum el-Bouaghi',1,0),(103,3,'REL','Relizane',1,0),(104,3,'SAI','Saida',1,0),(105,3,'SET','Setif',1,0),(106,3,'SBA','Sidi Bel Abbes',1,0),(107,3,'SKI','Skikda',1,0),(108,3,'SAH','Souk Ahras',1,0),(109,3,'TAM','Tamanghasset',1,0),(110,3,'TEB','Tebessa',1,0),(111,3,'TIA','Tiaret',1,0),(112,3,'TIN','Tindouf',1,0),(113,3,'TIP','Tipaza',1,0),(114,3,'TIS','Tissemsilt',1,0),(115,3,'TOU','Tizi Ouzou',1,0),(116,3,'TLE','Tlemcen',1,0),(117,4,'E','Eastern',1,0),(118,4,'M','Manu\'a',1,0),(119,4,'R','Rose Island',1,0),(120,4,'S','Swains Island',1,0),(121,4,'W','Western',1,0),(122,5,'ALV','Andorra la Vella',1,0),(123,5,'CAN','Canillo',1,0),(124,5,'ENC','Encamp',1,0),(125,5,'ESE','Escaldes-Engordany',1,0),(126,5,'LMA','La Massana',1,0),(127,5,'ORD','Ordino',1,0),(128,5,'SJL','Sant Julia de Loria',1,0),(129,6,'BGO','Bengo',1,0),(130,6,'BGU','Benguela',1,0),(131,6,'BIE','Bie',1,0),(132,6,'CAB','Cabinda',1,0),(133,6,'CCU','Cuando-Cubango',1,0),(134,6,'CNO','Cuanza Norte',1,0),(135,6,'CUS','Cuanza Sul',1,0),(136,6,'CNN','Cunene',1,0),(137,6,'HUA','Huambo',1,0),(138,6,'HUI','Huila',1,0),(139,6,'LUA','Luanda',1,0),(140,6,'LNO','Lunda Norte',1,0),(141,6,'LSU','Lunda Sul',1,0),(142,6,'MAL','Malange',1,0),(143,6,'MOX','Moxico',1,0),(144,6,'NAM','Namibe',1,0),(145,6,'UIG','Uige',1,0),(146,6,'ZAI','Zaire',1,0),(147,9,'ASG','Saint George',1,0),(148,9,'ASJ','Saint John',1,0),(149,9,'ASM','Saint Mary',1,0),(150,9,'ASL','Saint Paul',1,0),(151,9,'ASR','Saint Peter',1,0),(152,9,'ASH','Saint Philip',1,0),(153,9,'BAR','Barbuda',1,0),(154,9,'RED','Redonda',1,0),(155,10,'AN','Antartida e Islas del Atlantico',1,0),(156,10,'BA','Buenos Aires',1,0),(157,10,'CA','Catamarca',1,0),(158,10,'CH','Chaco',1,0),(159,10,'CU','Chubut',1,0),(160,10,'CO','Cordoba',1,0),(161,10,'CR','Corrientes',1,0),(162,10,'DF','Distrito Federal',1,0),(163,10,'ER','Entre Rios',1,0),(164,10,'FO','Formosa',1,0),(165,10,'JU','Jujuy',1,0),(166,10,'LP','La Pampa',1,0),(167,10,'LR','La Rioja',1,0),(168,10,'ME','Mendoza',1,0),(169,10,'MI','Misiones',1,0),(170,10,'NE','Neuquen',1,0),(171,10,'RN','Rio Negro',1,0),(172,10,'SA','Salta',1,0),(173,10,'SJ','San Juan',1,0),(174,10,'SL','San Luis',1,0),(175,10,'SC','Santa Cruz',1,0),(176,10,'SF','Santa Fe',1,0),(177,10,'SD','Santiago del Estero',1,0),(178,10,'TF','Tierra del Fuego',1,0),(179,10,'TU','Tucuman',1,0),(180,11,'AGT','Aragatsotn',1,0),(181,11,'ARR','Ararat',1,0),(182,11,'ARM','Armavir',1,0),(183,11,'GEG','Geghark\'unik\'',1,0),(184,11,'KOT','Kotayk\'',1,0),(185,11,'LOR','Lorri',1,0),(186,11,'SHI','Shirak',1,0),(187,11,'SYU','Syunik\'',1,0),(188,11,'TAV','Tavush',1,0),(189,11,'VAY','Vayots\' Dzor',1,0),(190,11,'YER','Yerevan',1,0),(191,13,'ACT','Australian Capital Territory',1,0),(192,13,'NSW','New South Wales',1,0),(193,13,'NT','Northern Territory',1,0),(194,13,'QLD','Queensland',1,0),(195,13,'SA','South Australia',1,0),(196,13,'TAS','Tasmania',1,0),(197,13,'VIC','Victoria',1,0),(198,13,'WA','Western Australia',1,0),(199,14,'BUR','Burgenland',1,0),(200,14,'KAR','Kärnten',1,0),(201,14,'NOS','Nieder&ouml;sterreich',1,0),(202,14,'OOS','Ober&ouml;sterreich',1,0),(203,14,'SAL','Salzburg',1,0),(204,14,'STE','Steiermark',1,0),(205,14,'TIR','Tirol',1,0),(206,14,'VOR','Vorarlberg',1,0),(207,14,'WIE','Wien',1,0),(208,15,'AB','Ali Bayramli',1,0),(209,15,'ABS','Abseron',1,0),(210,15,'AGC','AgcabAdi',1,0),(211,15,'AGM','Agdam',1,0),(212,15,'AGS','Agdas',1,0),(213,15,'AGA','Agstafa',1,0),(214,15,'AGU','Agsu',1,0),(215,15,'AST','Astara',1,0),(216,15,'BA','Baki',1,0),(217,15,'BAB','BabAk',1,0),(218,15,'BAL','BalakAn',1,0),(219,15,'BAR','BArdA',1,0),(220,15,'BEY','Beylaqan',1,0),(221,15,'BIL','Bilasuvar',1,0),(222,15,'CAB','Cabrayil',1,0),(223,15,'CAL','Calilabab',1,0),(224,15,'CUL','Culfa',1,0),(225,15,'DAS','Daskasan',1,0),(226,15,'DAV','Davaci',1,0),(227,15,'FUZ','Fuzuli',1,0),(228,15,'GA','Ganca',1,0),(229,15,'GAD','Gadabay',1,0),(230,15,'GOR','Goranboy',1,0),(231,15,'GOY','Goycay',1,0),(232,15,'HAC','Haciqabul',1,0),(233,15,'IMI','Imisli',1,0),(234,15,'ISM','Ismayilli',1,0),(235,15,'KAL','Kalbacar',1,0),(236,15,'KUR','Kurdamir',1,0),(237,15,'LA','Lankaran',1,0),(238,15,'LAC','Lacin',1,0),(239,15,'LAN','Lankaran',1,0),(240,15,'LER','Lerik',1,0),(241,15,'MAS','Masalli',1,0),(242,15,'MI','Mingacevir',1,0),(243,15,'NA','Naftalan',1,0),(244,15,'NEF','Neftcala',1,0),(245,15,'OGU','Oguz',1,0),(246,15,'ORD','Ordubad',1,0),(247,15,'QAB','Qabala',1,0),(248,15,'QAX','Qax',1,0),(249,15,'QAZ','Qazax',1,0),(250,15,'QOB','Qobustan',1,0),(251,15,'QBA','Quba',1,0),(252,15,'QBI','Qubadli',1,0),(253,15,'QUS','Qusar',1,0),(254,15,'SA','Saki',1,0),(255,15,'SAT','Saatli',1,0),(256,15,'SAB','Sabirabad',1,0),(257,15,'SAD','Sadarak',1,0),(258,15,'SAH','Sahbuz',1,0),(259,15,'SAK','Saki',1,0),(260,15,'SAL','Salyan',1,0),(261,15,'SM','Sumqayit',1,0),(262,15,'SMI','Samaxi',1,0),(263,15,'SKR','Samkir',1,0),(264,15,'SMX','Samux',1,0),(265,15,'SAR','Sarur',1,0),(266,15,'SIY','Siyazan',1,0),(267,15,'SS','Susa',1,0),(268,15,'SUS','Susa',1,0),(269,15,'TAR','Tartar',1,0),(270,15,'TOV','Tovuz',1,0),(271,15,'UCA','Ucar',1,0),(272,15,'XA','Xankandi',1,0),(273,15,'XAC','Xacmaz',1,0),(274,15,'XAN','Xanlar',1,0),(275,15,'XIZ','Xizi',1,0),(276,15,'XCI','Xocali',1,0),(277,15,'XVD','Xocavand',1,0),(278,15,'YAR','Yardimli',1,0),(279,15,'YEV','Yevlax',1,0),(280,15,'ZAN','Zangilan',1,0),(281,15,'ZAQ','Zaqatala',1,0),(282,15,'ZAR','Zardab',1,0),(283,15,'NX','Naxcivan',1,0),(284,16,'ACK','Acklins',1,0),(285,16,'BER','Berry Islands',1,0),(286,16,'BIM','Bimini',1,0),(287,16,'BLK','Black Point',1,0),(288,16,'CAT','Cat Island',1,0),(289,16,'CAB','Central Abaco',1,0),(290,16,'CAN','Central Andros',1,0),(291,16,'CEL','Central Eleuthera',1,0),(292,16,'FRE','City of Freeport',1,0),(293,16,'CRO','Crooked Island',1,0),(294,16,'EGB','East Grand Bahama',1,0),(295,16,'EXU','Exuma',1,0),(296,16,'GRD','Grand Cay',1,0),(297,16,'HAR','Harbour Island',1,0),(298,16,'HOP','Hope Town',1,0),(299,16,'INA','Inagua',1,0),(300,16,'LNG','Long Island',1,0),(301,16,'MAN','Mangrove Cay',1,0),(302,16,'MAY','Mayaguana',1,0),(303,16,'MOO','Moore\'s Island',1,0),(304,16,'NAB','North Abaco',1,0),(305,16,'NAN','North Andros',1,0),(306,16,'NEL','North Eleuthera',1,0),(307,16,'RAG','Ragged Island',1,0),(308,16,'RUM','Rum Cay',1,0),(309,16,'SAL','San Salvador',1,0),(310,16,'SAB','South Abaco',1,0),(311,16,'SAN','South Andros',1,0),(312,16,'SEL','South Eleuthera',1,0),(313,16,'SWE','Spanish Wells',1,0),(314,16,'WGB','West Grand Bahama',1,0),(315,17,'CAP','Capital',1,0),(316,17,'CEN','Central',1,0),(317,17,'MUH','Muharraq',1,0),(318,17,'NOR','Northern',1,0),(319,17,'SOU','Southern',1,0),(320,18,'BAR','Barisal',1,0),(321,18,'CHI','Chittagong',1,0),(322,18,'DHA','Dhaka',1,0),(323,18,'KHU','Khulna',1,0),(324,18,'RAJ','Rajshahi',1,0),(325,18,'SYL','Sylhet',1,0),(326,19,'CC','Christ Church',1,0),(327,19,'AND','Saint Andrew',1,0),(328,19,'GEO','Saint George',1,0),(329,19,'JAM','Saint James',1,0),(330,19,'JOH','Saint John',1,0),(331,19,'JOS','Saint Joseph',1,0),(332,19,'LUC','Saint Lucy',1,0),(333,19,'MIC','Saint Michael',1,0),(334,19,'PET','Saint Peter',1,0),(335,19,'PHI','Saint Philip',1,0),(336,19,'THO','Saint Thomas',1,0),(337,20,'BR','Brestskaya (Brest)',1,0),(338,20,'HO','Homyel\'skaya (Homyel\')',1,0),(339,20,'HM','Horad Minsk',1,0),(340,20,'HR','Hrodzyenskaya (Hrodna)',1,0),(341,20,'MA','Mahilyowskaya (Mahilyow)',1,0),(342,20,'MI','Minskaya',1,0),(343,20,'VI','Vitsyebskaya (Vitsyebsk)',1,0),(344,21,'VAN','Antwerpen',1,0),(345,21,'WBR','Brabant Wallon',1,0),(346,21,'WHT','Hainaut',1,0),(347,21,'WLG','Liege',1,0),(348,21,'VLI','Limburg',1,0),(349,21,'WLX','Luxembourg',1,0),(350,21,'WNA','Namur',1,0),(351,21,'VOV','Oost-Vlaanderen',1,0),(352,21,'VBR','Vlaams Brabant',1,0),(353,21,'VWV','West-Vlaanderen',1,0),(354,22,'BZ','Belize',1,0),(355,22,'CY','Cayo',1,0),(356,22,'CR','Corozal',1,0),(357,22,'OW','Orange Walk',1,0),(358,22,'SC','Stann Creek',1,0),(359,22,'TO','Toledo',1,0),(360,23,'AL','Alibori',1,0),(361,23,'AK','Atakora',1,0),(362,23,'AQ','Atlantique',1,0),(363,23,'BO','Borgou',1,0),(364,23,'CO','Collines',1,0),(365,23,'DO','Donga',1,0),(366,23,'KO','Kouffo',1,0),(367,23,'LI','Littoral',1,0),(368,23,'MO','Mono',1,0),(369,23,'OU','Oueme',1,0),(370,23,'PL','Plateau',1,0),(371,23,'ZO','Zou',1,0),(372,24,'DS','Devonshire',1,0),(373,24,'HC','Hamilton City',1,0),(374,24,'HA','Hamilton',1,0),(375,24,'PG','Paget',1,0),(376,24,'PB','Pembroke',1,0),(377,24,'GC','Saint George City',1,0),(378,24,'SG','Saint George\'s',1,0),(379,24,'SA','Sandys',1,0),(380,24,'SM','Smith\'s',1,0),(381,24,'SH','Southampton',1,0),(382,24,'WA','Warwick',1,0),(383,25,'BUM','Bumthang',1,0),(384,25,'CHU','Chukha',1,0),(385,25,'DAG','Dagana',1,0),(386,25,'GAS','Gasa',1,0),(387,25,'HAA','Haa',1,0),(388,25,'LHU','Lhuntse',1,0),(389,25,'MON','Mongar',1,0),(390,25,'PAR','Paro',1,0),(391,25,'PEM','Pemagatshel',1,0),(392,25,'PUN','Punakha',1,0),(393,25,'SJO','Samdrup Jongkhar',1,0),(394,25,'SAT','Samtse',1,0),(395,25,'SAR','Sarpang',1,0),(396,25,'THI','Thimphu',1,0),(397,25,'TRG','Trashigang',1,0),(398,25,'TRY','Trashiyangste',1,0),(399,25,'TRO','Trongsa',1,0),(400,25,'TSI','Tsirang',1,0),(401,25,'WPH','Wangdue Phodrang',1,0),(402,25,'ZHE','Zhemgang',1,0),(403,26,'BEN','Beni',1,0),(404,26,'CHU','Chuquisaca',1,0),(405,26,'COC','Cochabamba',1,0),(406,26,'LPZ','La Paz',1,0),(407,26,'ORU','Oruro',1,0),(408,26,'PAN','Pando',1,0),(409,26,'POT','Potosi',1,0),(410,26,'SCZ','Santa Cruz',1,0),(411,26,'TAR','Tarija',1,0),(412,27,'BRO','Brcko district',1,0),(413,27,'FUS','Unsko-Sanski Kanton',1,0),(414,27,'FPO','Posavski Kanton',1,0),(415,27,'FTU','Tuzlanski Kanton',1,0),(416,27,'FZE','Zenicko-Dobojski Kanton',1,0),(417,27,'FBP','Bosanskopodrinjski Kanton',1,0),(418,27,'FSB','Srednjebosanski Kanton',1,0),(419,27,'FHN','Hercegovacko-neretvanski Kanton',1,0),(420,27,'FZH','Zapadnohercegovacka Zupanija',1,0),(421,27,'FSA','Kanton Sarajevo',1,0),(422,27,'FZA','Zapadnobosanska',1,0),(423,27,'SBL','Banja Luka',1,0),(424,27,'SDO','Doboj',1,0),(425,27,'SBI','Bijeljina',1,0),(426,27,'SVL','Vlasenica',1,0),(427,27,'SSR','Sarajevo-Romanija or Sokolac',1,0),(428,27,'SFO','Foca',1,0),(429,27,'STR','Trebinje',1,0),(430,28,'CE','Central',1,0),(431,28,'GH','Ghanzi',1,0),(432,28,'KD','Kgalagadi',1,0),(433,28,'KT','Kgatleng',1,0),(434,28,'KW','Kweneng',1,0),(435,28,'NG','Ngamiland',1,0),(436,28,'NE','North East',1,0),(437,28,'NW','North West',1,0),(438,28,'SE','South East',1,0),(439,28,'SO','Southern',1,0),(440,30,'AC','Acre',1,0),(441,30,'AL','Alagoas',1,0),(442,30,'AP','Amapa',1,0),(443,30,'AM','Amazonas',1,0),(444,30,'BA','Bahia',1,0),(445,30,'CE','Ceara',1,0),(446,30,'DF','Distrito Federal',1,0),(447,30,'ES','Espirito Santo',1,0),(448,30,'GO','Goias',1,0),(449,30,'MA','Maranhao',1,0),(450,30,'MT','Mato Grosso',1,0),(451,30,'MS','Mato Grosso do Sul',1,0),(452,30,'MG','Minas Gerais',1,0),(453,30,'PA','Para',1,0),(454,30,'PB','Paraiba',1,0),(455,30,'PR','Parana',1,0),(456,30,'PE','Pernambuco',1,0),(457,30,'PI','Piaui',1,0),(458,30,'RJ','Rio de Janeiro',1,0),(459,30,'RN','Rio Grande do Norte',1,0),(460,30,'RS','Rio Grande do Sul',1,0),(461,30,'RO','Rondonia',1,0),(462,30,'RR','Roraima',1,0),(463,30,'SC','Santa Catarina',1,0),(464,30,'SP','Sao Paulo',1,0),(465,30,'SE','Sergipe',1,0),(466,30,'TO','Tocantins',1,0),(467,31,'PB','Peros Banhos',1,0),(468,31,'SI','Salomon Islands',1,0),(469,31,'NI','Nelsons Island',1,0),(470,31,'TB','Three Brothers',1,0),(471,31,'EA','Eagle Islands',1,0),(472,31,'DI','Danger Island',1,0),(473,31,'EG','Egmont Islands',1,0),(474,31,'DG','Diego Garcia',1,0),(475,32,'BEL','Belait',1,0),(476,32,'BRM','Brunei and Muara',1,0),(477,32,'TEM','Temburong',1,0),(478,32,'TUT','Tutong',1,0),(479,33,'','Blagoevgrad',1,0),(480,33,'','Burgas',1,0),(481,33,'','Dobrich',1,0),(482,33,'','Gabrovo',1,0),(483,33,'','Haskovo',1,0),(484,33,'','Kardjali',1,0),(485,33,'','Kyustendil',1,0),(486,33,'','Lovech',1,0),(487,33,'','Montana',1,0),(488,33,'','Pazardjik',1,0),(489,33,'','Pernik',1,0),(490,33,'','Pleven',1,0),(491,33,'','Plovdiv',1,0),(492,33,'','Razgrad',1,0),(493,33,'','Shumen',1,0),(494,33,'','Silistra',1,0),(495,33,'','Sliven',1,0),(496,33,'','Smolyan',1,0),(497,33,'','Sofia',1,0),(498,33,'','Sofia - town',1,0),(499,33,'','Stara Zagora',1,0),(500,33,'','Targovishte',1,0),(501,33,'','Varna',1,0),(502,33,'','Veliko Tarnovo',1,0),(503,33,'','Vidin',1,0),(504,33,'','Vratza',1,0),(505,33,'','Yambol',1,0),(506,34,'BAL','Bale',1,0),(507,34,'BAM','Bam',1,0),(508,34,'BAN','Banwa',1,0),(509,34,'BAZ','Bazega',1,0),(510,34,'BOR','Bougouriba',1,0),(511,34,'BLG','Boulgou',1,0),(512,34,'BOK','Boulkiemde',1,0),(513,34,'COM','Comoe',1,0),(514,34,'GAN','Ganzourgou',1,0),(515,34,'GNA','Gnagna',1,0),(516,34,'GOU','Gourma',1,0),(517,34,'HOU','Houet',1,0),(518,34,'IOA','Ioba',1,0),(519,34,'KAD','Kadiogo',1,0),(520,34,'KEN','Kenedougou',1,0),(521,34,'KOD','Komondjari',1,0),(522,34,'KOP','Kompienga',1,0),(523,34,'KOS','Kossi',1,0),(524,34,'KOL','Koulpelogo',1,0),(525,34,'KOT','Kouritenga',1,0),(526,34,'KOW','Kourweogo',1,0),(527,34,'LER','Leraba',1,0),(528,34,'LOR','Loroum',1,0),(529,34,'MOU','Mouhoun',1,0),(530,34,'NAH','Nahouri',1,0),(531,34,'NAM','Namentenga',1,0),(532,34,'NAY','Nayala',1,0),(533,34,'NOU','Noumbiel',1,0),(534,34,'OUB','Oubritenga',1,0),(535,34,'OUD','Oudalan',1,0),(536,34,'PAS','Passore',1,0),(537,34,'PON','Poni',1,0),(538,34,'SAG','Sanguie',1,0),(539,34,'SAM','Sanmatenga',1,0),(540,34,'SEN','Seno',1,0),(541,34,'SIS','Sissili',1,0),(542,34,'SOM','Soum',1,0),(543,34,'SOR','Sourou',1,0),(544,34,'TAP','Tapoa',1,0),(545,34,'TUY','Tuy',1,0),(546,34,'YAG','Yagha',1,0),(547,34,'YAT','Yatenga',1,0),(548,34,'ZIR','Ziro',1,0),(549,34,'ZOD','Zondoma',1,0),(550,34,'ZOW','Zoundweogo',1,0),(551,35,'BB','Bubanza',1,0),(552,35,'BJ','Bujumbura',1,0),(553,35,'BR','Bururi',1,0),(554,35,'CA','Cankuzo',1,0),(555,35,'CI','Cibitoke',1,0),(556,35,'GI','Gitega',1,0),(557,35,'KR','Karuzi',1,0),(558,35,'KY','Kayanza',1,0),(559,35,'KI','Kirundo',1,0),(560,35,'MA','Makamba',1,0),(561,35,'MU','Muramvya',1,0),(562,35,'MY','Muyinga',1,0),(563,35,'MW','Mwaro',1,0),(564,35,'NG','Ngozi',1,0),(565,35,'RT','Rutana',1,0),(566,35,'RY','Ruyigi',1,0),(567,36,'PP','Phnom Penh',1,0),(568,36,'PS','Preah Seihanu (Kompong Som or Sihanoukville)',1,0),(569,36,'PA','Pailin',1,0),(570,36,'KB','Keb',1,0),(571,36,'BM','Banteay Meanchey',1,0),(572,36,'BA','Battambang',1,0),(573,36,'KM','Kampong Cham',1,0),(574,36,'KN','Kampong Chhnang',1,0),(575,36,'KU','Kampong Speu',1,0),(576,36,'KO','Kampong Som',1,0),(577,36,'KT','Kampong Thom',1,0),(578,36,'KP','Kampot',1,0),(579,36,'KL','Kandal',1,0),(580,36,'KK','Kaoh Kong',1,0),(581,36,'KR','Kratie',1,0),(582,36,'MK','Mondul Kiri',1,0),(583,36,'OM','Oddar Meancheay',1,0),(584,36,'PU','Pursat',1,0),(585,36,'PR','Preah Vihear',1,0),(586,36,'PG','Prey Veng',1,0),(587,36,'RK','Ratanak Kiri',1,0),(588,36,'SI','Siemreap',1,0),(589,36,'ST','Stung Treng',1,0),(590,36,'SR','Svay Rieng',1,0),(591,36,'TK','Takeo',1,0),(592,37,'ADA','Adamawa (Adamaoua)',1,0),(593,37,'CEN','Centre',1,0),(594,37,'EST','East (Est)',1,0),(595,37,'EXN','Extreme North (Extreme-Nord)',1,0),(596,37,'LIT','Littoral',1,0),(597,37,'NOR','North (Nord)',1,0),(598,37,'NOT','Northwest (Nord-Ouest)',1,0),(599,37,'OUE','West (Ouest)',1,0),(600,37,'SUD','South (Sud)',1,0),(601,37,'SOU','Southwest (Sud-Ouest).',1,0),(602,38,'AB','Alberta',1,0),(603,38,'BC','British Columbia',1,0),(604,38,'MB','Manitoba',1,0),(605,38,'NB','New Brunswick',1,0),(606,38,'NL','Newfoundland and Labrador',1,0),(607,38,'NT','Northwest Territories',1,0),(608,38,'NS','Nova Scotia',1,0),(609,38,'NU','Nunavut',1,0),(610,38,'ON','Ontario',1,0),(611,38,'PE','Prince Edward Island',1,0),(612,38,'QC','Qu&eacute;bec',1,0),(613,38,'SK','Saskatchewan',1,0),(614,38,'YT','Yukon Territory',1,0),(615,39,'BV','Boa Vista',1,0),(616,39,'BR','Brava',1,0),(617,39,'CS','Calheta de Sao Miguel',1,0),(618,39,'MA','Maio',1,0),(619,39,'MO','Mosteiros',1,0),(620,39,'PA','Paul',1,0),(621,39,'PN','Porto Novo',1,0),(622,39,'PR','Praia',1,0),(623,39,'RG','Ribeira Grande',1,0),(624,39,'SL','Sal',1,0),(625,39,'CA','Santa Catarina',1,0),(626,39,'CR','Santa Cruz',1,0),(627,39,'SD','Sao Domingos',1,0),(628,39,'SF','Sao Filipe',1,0),(629,39,'SN','Sao Nicolau',1,0),(630,39,'SV','Sao Vicente',1,0),(631,39,'TA','Tarrafal',1,0),(632,40,'CR','Creek',1,0),(633,40,'EA','Eastern',1,0),(634,40,'ML','Midland',1,0),(635,40,'ST','South Town',1,0),(636,40,'SP','Spot Bay',1,0),(637,40,'SK','Stake Bay',1,0),(638,40,'WD','West End',1,0),(639,40,'WN','Western',1,0),(640,41,'BBA','Bamingui-Bangoran',1,0),(641,41,'BKO','Basse-Kotto',1,0),(642,41,'HKO','Haute-Kotto',1,0),(643,41,'HMB','Haut-Mbomou',1,0),(644,41,'KEM','Kemo',1,0),(645,41,'LOB','Lobaye',1,0),(646,41,'MKD','Mambere-KadeÔ',1,0),(647,41,'MBO','Mbomou',1,0),(648,41,'NMM','Nana-Mambere',1,0),(649,41,'OMP','Ombella-M\'Poko',1,0),(650,41,'OUK','Ouaka',1,0),(651,41,'OUH','Ouham',1,0),(652,41,'OPE','Ouham-Pende',1,0),(653,41,'VAK','Vakaga',1,0),(654,41,'NGR','Nana-Grebizi',1,0),(655,41,'SMB','Sangha-Mbaere',1,0),(656,41,'BAN','Bangui',1,0),(657,42,'BA','Batha',1,0),(658,42,'BI','Biltine',1,0),(659,42,'BE','Borkou-Ennedi-Tibesti',1,0),(660,42,'CB','Chari-Baguirmi',1,0),(661,42,'GU','Guera',1,0),(662,42,'KA','Kanem',1,0),(663,42,'LA','Lac',1,0),(664,42,'LC','Logone Occidental',1,0),(665,42,'LR','Logone Oriental',1,0),(666,42,'MK','Mayo-Kebbi',1,0),(667,42,'MC','Moyen-Chari',1,0),(668,42,'OU','Ouaddai',1,0),(669,42,'SA','Salamat',1,0),(670,42,'TA','Tandjile',1,0),(671,43,'AI','Aisen del General Carlos Ibanez',1,0),(672,43,'AN','Antofagasta',1,0),(673,43,'AR','Araucania',1,0),(674,43,'AT','Atacama',1,0),(675,43,'BI','Bio-Bio',1,0),(676,43,'CO','Coquimbo',1,0),(677,43,'LI','Libertador General Bernardo O\'Hi',1,0),(678,43,'LL','Los Lagos',1,0),(679,43,'MA','Magallanes y de la Antartica Chi',1,0),(680,43,'ML','Maule',1,0),(681,43,'RM','Region Metropolitana',1,0),(682,43,'TA','Tarapaca',1,0),(683,43,'VS','Valparaiso',1,0),(684,44,'AN','Anhui',1,0),(685,44,'BE','Beijing',1,0),(686,44,'CH','Chongqing',1,0),(687,44,'FU','Fujian',1,0),(688,44,'GA','Gansu',1,0),(689,44,'GU','Guangdong',1,0),(690,44,'GX','Guangxi',1,0),(691,44,'GZ','Guizhou',1,0),(692,44,'HA','Hainan',1,0),(693,44,'HB','Hebei',1,0),(694,44,'HL','Heilongjiang',1,0),(695,44,'HE','Henan',1,0),(696,44,'HK','Hong Kong',1,0),(697,44,'HU','Hubei',1,0),(698,44,'HN','Hunan',1,0),(699,44,'IM','Inner Mongolia',1,0),(700,44,'JI','Jiangsu',1,0),(701,44,'JX','Jiangxi',1,0),(702,44,'JL','Jilin',1,0),(703,44,'LI','Liaoning',1,0),(704,44,'MA','Macau',1,0),(705,44,'NI','Ningxia',1,0),(706,44,'SH','Shaanxi',1,0),(707,44,'SA','Shandong',1,0),(708,44,'SG','Shanghai',1,0),(709,44,'SX','Shanxi',1,0),(710,44,'SI','Sichuan',1,0),(711,44,'TI','Tianjin',1,0),(712,44,'XI','Xinjiang',1,0),(713,44,'YU','Yunnan',1,0),(714,44,'ZH','Zhejiang',1,0),(715,46,'D','Direction Island',1,0),(716,46,'H','Home Island',1,0),(717,46,'O','Horsburgh Island',1,0),(718,46,'S','South Island',1,0),(719,46,'W','West Island',1,0),(720,47,'AMZ','Amazonas',1,0),(721,47,'ANT','Antioquia',1,0),(722,47,'ARA','Arauca',1,0),(723,47,'ATL','Atlantico',1,0),(724,47,'BDC','Bogota D.C.',1,0),(725,47,'BOL','Bolivar',1,0),(726,47,'BOY','Boyaca',1,0),(727,47,'CAL','Caldas',1,0),(728,47,'CAQ','Caqueta',1,0),(729,47,'CAS','Casanare',1,0),(730,47,'CAU','Cauca',1,0),(731,47,'CES','Cesar',1,0),(732,47,'CHO','Choco',1,0),(733,47,'COR','Cordoba',1,0),(734,47,'CAM','Cundinamarca',1,0),(735,47,'GNA','Guainia',1,0),(736,47,'GJR','Guajira',1,0),(737,47,'GVR','Guaviare',1,0),(738,47,'HUI','Huila',1,0),(739,47,'MAG','Magdalena',1,0),(740,47,'MET','Meta',1,0),(741,47,'NAR','Narino',1,0),(742,47,'NDS','Norte de Santander',1,0),(743,47,'PUT','Putumayo',1,0),(744,47,'QUI','Quindio',1,0),(745,47,'RIS','Risaralda',1,0),(746,47,'SAP','San Andres y Providencia',1,0),(747,47,'SAN','Santander',1,0),(748,47,'SUC','Sucre',1,0),(749,47,'TOL','Tolima',1,0),(750,47,'VDC','Valle del Cauca',1,0),(751,47,'VAU','Vaupes',1,0),(752,47,'VIC','Vichada',1,0),(753,48,'G','Grande Comore',1,0),(754,48,'A','Anjouan',1,0),(755,48,'M','Moheli',1,0),(756,49,'BO','Bouenza',1,0),(757,49,'BR','Brazzaville',1,0),(758,49,'CU','Cuvette',1,0),(759,49,'CO','Cuvette-Ouest',1,0),(760,49,'KO','Kouilou',1,0),(761,49,'LE','Lekoumou',1,0),(762,49,'LI','Likouala',1,0),(763,49,'NI','Niari',1,0),(764,49,'PL','Plateaux',1,0),(765,49,'PO','Pool',1,0),(766,49,'SA','Sangha',1,0),(767,50,'PU','Pukapuka',1,0),(768,50,'RK','Rakahanga',1,0),(769,50,'MK','Manihiki',1,0),(770,50,'PE','Penrhyn',1,0),(771,50,'NI','Nassau Island',1,0),(772,50,'SU','Surwarrow',1,0),(773,50,'PA','Palmerston',1,0),(774,50,'AI','Aitutaki',1,0),(775,50,'MA','Manuae',1,0),(776,50,'TA','Takutea',1,0),(777,50,'MT','Mitiaro',1,0),(778,50,'AT','Atiu',1,0),(779,50,'MU','Mauke',1,0),(780,50,'RR','Rarotonga',1,0),(781,50,'MG','Mangaia',1,0),(782,51,'AL','Alajuela',1,0),(783,51,'CA','Cartago',1,0),(784,51,'GU','Guanacaste',1,0),(785,51,'HE','Heredia',1,0),(786,51,'LI','Limon',1,0),(787,51,'PU','Puntarenas',1,0),(788,51,'SJ','San Jose',1,0),(789,52,'ABE','Abengourou',1,0),(790,52,'ABI','Abidjan',1,0),(791,52,'ABO','Aboisso',1,0),(792,52,'ADI','Adiake',1,0),(793,52,'ADZ','Adzope',1,0),(794,52,'AGB','Agboville',1,0),(795,52,'AGN','Agnibilekrou',1,0),(796,52,'ALE','Alepe',1,0),(797,52,'BOC','Bocanda',1,0),(798,52,'BAN','Bangolo',1,0),(799,52,'BEO','Beoumi',1,0),(800,52,'BIA','Biankouma',1,0),(801,52,'BDK','Bondoukou',1,0),(802,52,'BGN','Bongouanou',1,0),(803,52,'BFL','Bouafle',1,0),(804,52,'BKE','Bouake',1,0),(805,52,'BNA','Bouna',1,0),(806,52,'BDL','Boundiali',1,0),(807,52,'DKL','Dabakala',1,0),(808,52,'DBU','Dabou',1,0),(809,52,'DAL','Daloa',1,0),(810,52,'DAN','Danane',1,0),(811,52,'DAO','Daoukro',1,0),(812,52,'DIM','Dimbokro',1,0),(813,52,'DIV','Divo',1,0),(814,52,'DUE','Duekoue',1,0),(815,52,'FER','Ferkessedougou',1,0),(816,52,'GAG','Gagnoa',1,0),(817,52,'GBA','Grand-Bassam',1,0),(818,52,'GLA','Grand-Lahou',1,0),(819,52,'GUI','Guiglo',1,0),(820,52,'ISS','Issia',1,0),(821,52,'JAC','Jacqueville',1,0),(822,52,'KAT','Katiola',1,0),(823,52,'KOR','Korhogo',1,0),(824,52,'LAK','Lakota',1,0),(825,52,'MAN','Man',1,0),(826,52,'MKN','Mankono',1,0),(827,52,'MBA','Mbahiakro',1,0),(828,52,'ODI','Odienne',1,0),(829,52,'OUM','Oume',1,0),(830,52,'SAK','Sakassou',1,0),(831,52,'SPE','San-Pedro',1,0),(832,52,'SAS','Sassandra',1,0),(833,52,'SEG','Seguela',1,0),(834,52,'SIN','Sinfra',1,0),(835,52,'SOU','Soubre',1,0),(836,52,'TAB','Tabou',1,0),(837,52,'TAN','Tanda',1,0),(838,52,'TIE','Tiebissou',1,0),(839,52,'TIN','Tingrela',1,0),(840,52,'TIA','Tiassale',1,0),(841,52,'TBA','Touba',1,0),(842,52,'TLP','Toulepleu',1,0),(843,52,'TMD','Toumodi',1,0),(844,52,'VAV','Vavoua',1,0),(845,52,'YAM','Yamoussoukro',1,0),(846,52,'ZUE','Zuenoula',1,0),(847,53,'BB','Bjelovar-Bilogora',1,0),(848,53,'CZ','City of Zagreb',1,0),(849,53,'DN','Dubrovnik-Neretva',1,0),(850,53,'IS','Istra',1,0),(851,53,'KA','Karlovac',1,0),(852,53,'KK','Koprivnica-Krizevci',1,0),(853,53,'KZ','Krapina-Zagorje',1,0),(854,53,'LS','Lika-Senj',1,0),(855,53,'ME','Medimurje',1,0),(856,53,'OB','Osijek-Baranja',1,0),(857,53,'PS','Pozega-Slavonia',1,0),(858,53,'PG','Primorje-Gorski Kotar',1,0),(859,53,'SI','Sibenik',1,0),(860,53,'SM','Sisak-Moslavina',1,0),(861,53,'SB','Slavonski Brod-Posavina',1,0),(862,53,'SD','Split-Dalmatia',1,0),(863,53,'VA','Varazdin',1,0),(864,53,'VP','Virovitica-Podravina',1,0),(865,53,'VS','Vukovar-Srijem',1,0),(866,53,'ZK','Zadar-Knin',1,0),(867,53,'ZA','Zagreb',1,0),(868,54,'CA','Camaguey',1,0),(869,54,'CD','Ciego de Avila',1,0),(870,54,'CI','Cienfuegos',1,0),(871,54,'CH','Ciudad de La Habana',1,0),(872,54,'GR','Granma',1,0),(873,54,'GU','Guantanamo',1,0),(874,54,'HO','Holguin',1,0),(875,54,'IJ','Isla de la Juventud',1,0),(876,54,'LH','La Habana',1,0),(877,54,'LT','Las Tunas',1,0),(878,54,'MA','Matanzas',1,0),(879,54,'PR','Pinar del Rio',1,0),(880,54,'SS','Sancti Spiritus',1,0),(881,54,'SC','Santiago de Cuba',1,0),(882,54,'VC','Villa Clara',1,0),(883,55,'F','Famagusta',1,0),(884,55,'K','Kyrenia',1,0),(885,55,'A','Larnaca',1,0),(886,55,'I','Limassol',1,0),(887,55,'N','Nicosia',1,0),(888,55,'P','Paphos',1,0),(889,56,'U','Ustecky',1,0),(890,56,'C','Jihocesky',1,0),(891,56,'B','Jihomoravsky',1,0),(892,56,'K','Karlovarsky',1,0),(893,56,'H','Kralovehradecky',1,0),(894,56,'L','Liberecky',1,0),(895,56,'T','Moravskoslezsky',1,0),(896,56,'M','Olomoucky',1,0),(897,56,'E','Pardubicky',1,0),(898,56,'P','Plzensky',1,0),(899,56,'A','Praha',1,0),(900,56,'S','Stredocesky',1,0),(901,56,'J','Vysocina',1,0),(902,56,'Z','Zlinsky',1,0),(903,57,'AR','Arhus',1,0),(904,57,'BH','Bornholm',1,0),(905,57,'CO','Copenhagen',1,0),(906,57,'FO','Faroe Islands',1,0),(907,57,'FR','Frederiksborg',1,0),(908,57,'FY','Fyn',1,0),(909,57,'KO','Kobenhavn',1,0),(910,57,'NO','Nordjylland',1,0),(911,57,'RI','Ribe',1,0),(912,57,'RK','Ringkobing',1,0),(913,57,'RO','Roskilde',1,0),(914,57,'SO','Sonderjylland',1,0),(915,57,'ST','Storstrom',1,0),(916,57,'VK','Vejle',1,0),(917,57,'VJ','Vestj&aelig;lland',1,0),(918,57,'VB','Viborg',1,0),(919,58,'S','\'Ali Sabih',1,0),(920,58,'K','Dikhil',1,0),(921,58,'J','Djibouti',1,0),(922,58,'O','Obock',1,0),(923,58,'T','Tadjoura',1,0),(924,59,'AND','Saint Andrew Parish',1,0),(925,59,'DAV','Saint David Parish',1,0),(926,59,'GEO','Saint George Parish',1,0),(927,59,'JOH','Saint John Parish',1,0),(928,59,'JOS','Saint Joseph Parish',1,0),(929,59,'LUK','Saint Luke Parish',1,0),(930,59,'MAR','Saint Mark Parish',1,0),(931,59,'PAT','Saint Patrick Parish',1,0),(932,59,'PAU','Saint Paul Parish',1,0),(933,59,'PET','Saint Peter Parish',1,0),(934,60,'DN','Distrito Nacional',1,0),(935,60,'AZ','Azua',1,0),(936,60,'BC','Baoruco',1,0),(937,60,'BH','Barahona',1,0),(938,60,'DJ','Dajabon',1,0),(939,60,'DU','Duarte',1,0),(940,60,'EL','Elias Pina',1,0),(941,60,'SY','El Seybo',1,0),(942,60,'ET','Espaillat',1,0),(943,60,'HM','Hato Mayor',1,0),(944,60,'IN','Independencia',1,0),(945,60,'AL','La Altagracia',1,0),(946,60,'RO','La Romana',1,0),(947,60,'VE','La Vega',1,0),(948,60,'MT','Maria Trinidad Sanchez',1,0),(949,60,'MN','Monsenor Nouel',1,0),(950,60,'MC','Monte Cristi',1,0),(951,60,'MP','Monte Plata',1,0),(952,60,'PD','Pedernales',1,0),(953,60,'PR','Peravia (Bani)',1,0),(954,60,'PP','Puerto Plata',1,0),(955,60,'SL','Salcedo',1,0),(956,60,'SM','Samana',1,0),(957,60,'SH','Sanchez Ramirez',1,0),(958,60,'SC','San Cristobal',1,0),(959,60,'JO','San Jose de Ocoa',1,0),(960,60,'SJ','San Juan',1,0),(961,60,'PM','San Pedro de Macoris',1,0),(962,60,'SA','Santiago',1,0),(963,60,'ST','Santiago Rodriguez',1,0),(964,60,'SD','Santo Domingo',1,0),(965,60,'VA','Valverde',1,0),(966,61,'AL','Aileu',1,0),(967,61,'AN','Ainaro',1,0),(968,61,'BA','Baucau',1,0),(969,61,'BO','Bobonaro',1,0),(970,61,'CO','Cova Lima',1,0),(971,61,'DI','Dili',1,0),(972,61,'ER','Ermera',1,0),(973,61,'LA','Lautem',1,0),(974,61,'LI','Liquica',1,0),(975,61,'MT','Manatuto',1,0),(976,61,'MF','Manufahi',1,0),(977,61,'OE','Oecussi',1,0),(978,61,'VI','Viqueque',1,0),(979,62,'AZU','Azuay',1,0),(980,62,'BOL','Bolivar',1,0),(981,62,'CAN','Ca&ntilde;ar',1,0),(982,62,'CAR','Carchi',1,0),(983,62,'CHI','Chimborazo',1,0),(984,62,'COT','Cotopaxi',1,0),(985,62,'EOR','El Oro',1,0),(986,62,'ESM','Esmeraldas',1,0),(987,62,'GPS','Gal&aacute;pagos',1,0),(988,62,'GUA','Guayas',1,0),(989,62,'IMB','Imbabura',1,0),(990,62,'LOJ','Loja',1,0),(991,62,'LRO','Los Rios',1,0),(992,62,'MAN','Manab&iacute;',1,0),(993,62,'MSA','Morona Santiago',1,0),(994,62,'NAP','Napo',1,0),(995,62,'ORE','Orellana',1,0),(996,62,'PAS','Pastaza',1,0),(997,62,'PIC','Pichincha',1,0),(998,62,'SUC','Sucumb&iacute;os',1,0),(999,62,'TUN','Tungurahua',1,0),(1000,62,'ZCH','Zamora Chinchipe',1,0),(1001,63,'DHY','Ad Daqahliyah',1,0),(1002,63,'BAM','Al Bahr al Ahmar',1,0),(1003,63,'BHY','Al Buhayrah',1,0),(1004,63,'FYM','Al Fayyum',1,0),(1005,63,'GBY','Al Gharbiyah',1,0),(1006,63,'IDR','Al Iskandariyah',1,0),(1007,63,'IML','Al Isma\'iliyah',1,0),(1008,63,'JZH','Al Jizah',1,0),(1009,63,'MFY','Al Minufiyah',1,0),(1010,63,'MNY','Al Minya',1,0),(1011,63,'QHR','Al Qahirah',1,0),(1012,63,'QLY','Al Qalyubiyah',1,0),(1013,63,'WJD','Al Wadi al Jadid',1,0),(1014,63,'SHQ','Ash Sharqiyah',1,0),(1015,63,'SWY','As Suways',1,0),(1016,63,'ASW','Aswan',1,0),(1017,63,'ASY','Asyut',1,0),(1018,63,'BSW','Bani Suwayf',1,0),(1019,63,'BSD','Bur Sa\'id',1,0),(1020,63,'DMY','Dumyat',1,0),(1021,63,'JNS','Janub Sina\'',1,0),(1022,63,'KSH','Kafr ash Shaykh',1,0),(1023,63,'MAT','Matruh',1,0),(1024,63,'QIN','Qina',1,0),(1025,63,'SHS','Shamal Sina\'',1,0),(1026,63,'SUH','Suhaj',1,0),(1027,64,'AH','Ahuachapan',1,0),(1028,64,'CA','Cabanas',1,0),(1029,64,'CH','Chalatenango',1,0),(1030,64,'CU','Cuscatlan',1,0),(1031,64,'LB','La Libertad',1,0),(1032,64,'PZ','La Paz',1,0),(1033,64,'UN','La Union',1,0),(1034,64,'MO','Morazan',1,0),(1035,64,'SM','San Miguel',1,0),(1036,64,'SS','San Salvador',1,0),(1037,64,'SV','San Vicente',1,0),(1038,64,'SA','Santa Ana',1,0),(1039,64,'SO','Sonsonate',1,0),(1040,64,'US','Usulutan',1,0),(1041,65,'AN','Provincia Annobon',1,0),(1042,65,'BN','Provincia Bioko Norte',1,0),(1043,65,'BS','Provincia Bioko Sur',1,0),(1044,65,'CS','Provincia Centro Sur',1,0),(1045,65,'KN','Provincia Kie-Ntem',1,0),(1046,65,'LI','Provincia Litoral',1,0),(1047,65,'WN','Provincia Wele-Nzas',1,0),(1048,66,'MA','Central (Maekel)',1,0),(1049,66,'KE','Anseba (Keren)',1,0),(1050,66,'DK','Southern Red Sea (Debub-Keih-Bahri)',1,0),(1051,66,'SK','Northern Red Sea (Semien-Keih-Bahri)',1,0),(1052,66,'DE','Southern (Debub)',1,0),(1053,66,'BR','Gash-Barka (Barentu)',1,0),(1054,67,'HA','Harjumaa (Tallinn)',1,0),(1055,67,'HI','Hiiumaa (Kardla)',1,0),(1056,67,'IV','Ida-Virumaa (Johvi)',1,0),(1057,67,'JA','Jarvamaa (Paide)',1,0),(1058,67,'JO','Jogevamaa (Jogeva)',1,0),(1059,67,'LV','Laane-Virumaa (Rakvere)',1,0),(1060,67,'LA','Laanemaa (Haapsalu)',1,0),(1061,67,'PA','Parnumaa (Parnu)',1,0),(1062,67,'PO','Polvamaa (Polva)',1,0),(1063,67,'RA','Raplamaa (Rapla)',1,0),(1064,67,'SA','Saaremaa (Kuessaare)',1,0),(1065,67,'TA','Tartumaa (Tartu)',1,0),(1066,67,'VA','Valgamaa (Valga)',1,0),(1067,67,'VI','Viljandimaa (Viljandi)',1,0),(1068,67,'VO','Vorumaa (Voru)',1,0),(1069,68,'AF','Afar',1,0),(1070,68,'AH','Amhara',1,0),(1071,68,'BG','Benishangul-Gumaz',1,0),(1072,68,'GB','Gambela',1,0),(1073,68,'HR','Hariai',1,0),(1074,68,'OR','Oromia',1,0),(1075,68,'SM','Somali',1,0),(1076,68,'SN','Southern Nations - Nationalities and Peoples Region',1,0),(1077,68,'TG','Tigray',1,0),(1078,68,'AA','Addis Ababa',1,0),(1079,68,'DD','Dire Dawa',1,0),(1080,71,'C','Central Division',1,0),(1081,71,'N','Northern Division',1,0),(1082,71,'E','Eastern Division',1,0),(1083,71,'W','Western Division',1,0),(1084,71,'R','Rotuma',1,0),(1085,72,'AL','Ahvenanmaan Laani',1,0),(1086,72,'ES','Etela-Suomen Laani',1,0),(1087,72,'IS','Ita-Suomen Laani',1,0),(1088,72,'LS','Lansi-Suomen Laani',1,0),(1089,72,'LA','Lapin Lanani',1,0),(1090,72,'OU','Oulun Laani',1,0),(1091,73,'AL','Alsace',1,0),(1092,73,'AQ','Aquitaine',1,0),(1093,73,'AU','Auvergne',1,0),(1094,73,'BR','Brittany',1,0),(1095,73,'BU','Burgundy',1,0),(1096,73,'CE','Center Loire Valley',1,0),(1097,73,'CH','Champagne',1,0),(1098,73,'CO','Corse',1,0),(1099,73,'FR','France Comte',1,0),(1100,73,'LA','Languedoc Roussillon',1,0),(1101,73,'LI','Limousin',1,0),(1102,73,'LO','Lorraine',1,0),(1103,73,'MI','Midi Pyrenees',1,0),(1104,73,'NO','Nord Pas de Calais',1,0),(1105,73,'NR','Normandy',1,0),(1106,73,'PA','Paris / Ill de France',1,0),(1107,73,'PI','Picardie',1,0),(1108,73,'PO','Poitou Charente',1,0),(1109,73,'PR','Provence',1,0),(1110,73,'RH','Rhone Alps',1,0),(1111,73,'RI','Riviera',1,0),(1112,73,'WE','Western Loire Valley',1,0),(1113,74,'Et','Etranger',1,0),(1114,74,'01','Ain',1,0),(1115,74,'02','Aisne',1,0),(1116,74,'03','Allier',1,0),(1117,74,'04','Alpes de Haute Provence',1,0),(1118,74,'05','Hautes-Alpes',1,0),(1119,74,'06','Alpes Maritimes',1,0),(1120,74,'07','Ard&egrave;che',1,0),(1121,74,'08','Ardennes',1,0),(1122,74,'09','Ari&egrave;ge',1,0),(1123,74,'10','Aube',1,0),(1124,74,'11','Aude',1,0),(1125,74,'12','Aveyron',1,0),(1126,74,'13','Bouches du Rh&ocirc;ne',1,0),(1127,74,'14','Calvados',1,0),(1128,74,'15','Cantal',1,0),(1129,74,'16','Charente',1,0),(1130,74,'17','Charente Maritime',1,0),(1131,74,'18','Cher',1,0),(1132,74,'19','Corr&egrave;ze',1,0),(1133,74,'2A','Corse du Sud',1,0),(1134,74,'2B','Haute Corse',1,0),(1135,74,'21','C&ocirc;te d&#039;or',1,0),(1136,74,'22','C&ocirc;tes d&#039;Armor',1,0),(1137,74,'23','Creuse',1,0),(1138,74,'24','Dordogne',1,0),(1139,74,'25','Doubs',1,0),(1140,74,'26','Dr&ocirc;me',1,0),(1141,74,'27','Eure',1,0),(1142,74,'28','Eure et Loir',1,0),(1143,74,'29','Finist&egrave;re',1,0),(1144,74,'30','Gard',1,0),(1145,74,'31','Haute Garonne',1,0),(1146,74,'32','Gers',1,0),(1147,74,'33','Gironde',1,0),(1148,74,'34','H&eacute;rault',1,0),(1149,74,'35','Ille et Vilaine',1,0),(1150,74,'36','Indre',1,0),(1151,74,'37','Indre et Loire',1,0),(1152,74,'38','Is&eacute;re',1,0),(1153,74,'39','Jura',1,0),(1154,74,'40','Landes',1,0),(1155,74,'41','Loir et Cher',1,0),(1156,74,'42','Loire',1,0),(1157,74,'43','Haute Loire',1,0),(1158,74,'44','Loire Atlantique',1,0),(1159,74,'45','Loiret',1,0),(1160,74,'46','Lot',1,0),(1161,74,'47','Lot et Garonne',1,0),(1162,74,'48','Loz&egrave;re',1,0),(1163,74,'49','Maine et Loire',1,0),(1164,74,'50','Manche',1,0),(1165,74,'51','Marne',1,0),(1166,74,'52','Haute Marne',1,0),(1167,74,'53','Mayenne',1,0),(1168,74,'54','Meurthe et Moselle',1,0),(1169,74,'55','Meuse',1,0),(1170,74,'56','Morbihan',1,0),(1171,74,'57','Moselle',1,0),(1172,74,'58','Ni&egrave;vre',1,0),(1173,74,'59','Nord',1,0),(1174,74,'60','Oise',1,0),(1175,74,'61','Orne',1,0),(1176,74,'62','Pas de Calais',1,0),(1177,74,'63','Puy de D&ocirc;me',1,0),(1178,74,'64','Pyr&eacute;n&eacute;es Atlantiques',1,0),(1179,74,'65','Hautes Pyr&eacute;n&eacute;es',1,0),(1180,74,'66','Pyr&eacute;n&eacute;es Orientales',1,0),(1181,74,'67','Bas Rhin',1,0),(1182,74,'68','Haut Rhin',1,0),(1183,74,'69','Rh&ocirc;ne',1,0),(1184,74,'70','Haute Sa&ocirc;ne',1,0),(1185,74,'71','Sa&ocirc;ne et Loire',1,0),(1186,74,'72','Sarthe',1,0),(1187,74,'73','Savoie',1,0),(1188,74,'74','Haute Savoie',1,0),(1189,74,'75','Paris',1,0),(1190,74,'76','Seine Maritime',1,0),(1191,74,'77','Seine et Marne',1,0),(1192,74,'78','Yvelines',1,0),(1193,74,'79','Deux S&egrave;vres',1,0),(1194,74,'80','Somme',1,0),(1195,74,'81','Tarn',1,0),(1196,74,'82','Tarn et Garonne',1,0),(1197,74,'83','Var',1,0),(1198,74,'84','Vaucluse',1,0),(1199,74,'85','Vend&eacute;e',1,0),(1200,74,'86','Vienne',1,0),(1201,74,'87','Haute Vienne',1,0),(1202,74,'88','Vosges',1,0),(1203,74,'89','Yonne',1,0),(1204,74,'90','Territoire de Belfort',1,0),(1205,74,'91','Essonne',1,0),(1206,74,'92','Hauts de Seine',1,0),(1207,74,'93','Seine St-Denis',1,0),(1208,74,'94','Val de Marne',1,0),(1209,74,'95','Val d\'Oise',1,0),(1210,76,'M','Archipel des Marquises',1,0),(1211,76,'T','Archipel des Tuamotu',1,0),(1212,76,'I','Archipel des Tubuai',1,0),(1213,76,'V','Iles du Vent',1,0),(1214,76,'S','Iles Sous-le-Vent',1,0),(1215,77,'C','Iles Crozet',1,0),(1216,77,'K','Iles Kerguelen',1,0),(1217,77,'A','Ile Amsterdam',1,0),(1218,77,'P','Ile Saint-Paul',1,0),(1219,77,'D','Adelie Land',1,0),(1220,78,'ES','Estuaire',1,0),(1221,78,'HO','Haut-Ogooue',1,0),(1222,78,'MO','Moyen-Ogooue',1,0),(1223,78,'NG','Ngounie',1,0),(1224,78,'NY','Nyanga',1,0),(1225,78,'OI','Ogooue-Ivindo',1,0),(1226,78,'OL','Ogooue-Lolo',1,0),(1227,78,'OM','Ogooue-Maritime',1,0),(1228,78,'WN','Woleu-Ntem',1,0),(1229,79,'BJ','Banjul',1,0),(1230,79,'BS','Basse',1,0),(1231,79,'BR','Brikama',1,0),(1232,79,'JA','Janjangbure',1,0),(1233,79,'KA','Kanifeng',1,0),(1234,79,'KE','Kerewan',1,0),(1235,79,'KU','Kuntaur',1,0),(1236,79,'MA','Mansakonko',1,0),(1237,79,'LR','Lower River',1,0),(1238,79,'CR','Central River',1,0),(1239,79,'NB','North Bank',1,0),(1240,79,'UR','Upper River',1,0),(1241,79,'WE','Western',1,0),(1242,80,'AB','Abkhazia',1,0),(1243,80,'AJ','Ajaria',1,0),(1244,80,'TB','Tbilisi',1,0),(1245,80,'GU','Guria',1,0),(1246,80,'IM','Imereti',1,0),(1247,80,'KA','Kakheti',1,0),(1248,80,'KK','Kvemo Kartli',1,0),(1249,80,'MM','Mtskheta-Mtianeti',1,0),(1250,80,'RL','Racha Lechkhumi and Kvemo Svanet',1,0),(1251,80,'SZ','Samegrelo-Zemo Svaneti',1,0),(1252,80,'SJ','Samtskhe-Javakheti',1,0),(1253,80,'SK','Shida Kartli',1,0),(1254,81,'BAW','Baden-W&uuml;rttemberg',1,0),(1255,81,'BAY','Bayern',1,0),(1256,81,'BER','Berlin',1,0),(1257,81,'BRG','Brandenburg',1,0),(1258,81,'BRE','Bremen',1,0),(1259,81,'HAM','Hamburg',1,0),(1260,81,'HES','Hessen',1,0),(1261,81,'MEC','Mecklenburg-Vorpommern',1,0),(1262,81,'NDS','Niedersachsen',1,0),(1263,81,'NRW','Nordrhein-Westfalen',1,0),(1264,81,'RHE','Rheinland-Pfalz',1,0),(1265,81,'SAR','Saarland',1,0),(1266,81,'SAS','Sachsen',1,0),(1267,81,'SAC','Sachsen-Anhalt',1,0),(1268,81,'SCN','Schleswig-Holstein',1,0),(1269,81,'THE','Th&uuml;ringen',1,0),(1270,82,'AS','Ashanti Region',1,0),(1271,82,'BA','Brong-Ahafo Region',1,0),(1272,82,'CE','Central Region',1,0),(1273,82,'EA','Eastern Region',1,0),(1274,82,'GA','Greater Accra Region',1,0),(1275,82,'NO','Northern Region',1,0),(1276,82,'UE','Upper East Region',1,0),(1277,82,'UW','Upper West Region',1,0),(1278,82,'VO','Volta Region',1,0),(1279,82,'WE','Western Region',1,0),(1280,84,'AT','Attica',1,0),(1281,84,'CN','Central Greece',1,0),(1282,84,'CM','Central Macedonia',1,0),(1283,84,'CR','Crete',1,0),(1284,84,'EM','East Macedonia and Thrace',1,0),(1285,84,'EP','Epirus',1,0),(1286,84,'II','Ionian Islands',1,0),(1287,84,'NA','North Aegean',1,0),(1288,84,'PP','Peloponnesos',1,0),(1289,84,'SA','South Aegean',1,0),(1290,84,'TH','Thessaly',1,0),(1291,84,'WG','West Greece',1,0),(1292,84,'WM','West Macedonia',1,0),(1293,85,'A','Avannaa',1,0),(1294,85,'T','Tunu',1,0),(1295,85,'K','Kitaa',1,0),(1296,86,'A','Saint Andrew',1,0),(1297,86,'D','Saint David',1,0),(1298,86,'G','Saint George',1,0),(1299,86,'J','Saint John',1,0),(1300,86,'M','Saint Mark',1,0),(1301,86,'P','Saint Patrick',1,0),(1302,86,'C','Carriacou',1,0),(1303,86,'Q','Petit Martinique',1,0),(1304,89,'AV','Alta Verapaz',1,0),(1305,89,'BV','Baja Verapaz',1,0),(1306,89,'CM','Chimaltenango',1,0),(1307,89,'CQ','Chiquimula',1,0),(1308,89,'PE','El Peten',1,0),(1309,89,'PR','El Progreso',1,0),(1310,89,'QC','El Quiche',1,0),(1311,89,'ES','Escuintla',1,0),(1312,89,'GU','Guatemala',1,0),(1313,89,'HU','Huehuetenango',1,0),(1314,89,'IZ','Izabal',1,0),(1315,89,'JA','Jalapa',1,0),(1316,89,'JU','Jutiapa',1,0),(1317,89,'QZ','Quetzaltenango',1,0),(1318,89,'RE','Retalhuleu',1,0),(1319,89,'ST','Sacatepequez',1,0),(1320,89,'SM','San Marcos',1,0),(1321,89,'SR','Santa Rosa',1,0),(1322,89,'SO','Solola',1,0),(1323,89,'SU','Suchitepequez',1,0),(1324,89,'TO','Totonicapan',1,0),(1325,89,'ZA','Zacapa',1,0),(1326,90,'CNK','Conakry',1,0),(1327,90,'BYL','Beyla',1,0),(1328,90,'BFA','Boffa',1,0),(1329,90,'BOK','Boke',1,0),(1330,90,'COY','Coyah',1,0),(1331,90,'DBL','Dabola',1,0),(1332,90,'DLB','Dalaba',1,0),(1333,90,'DGR','Dinguiraye',1,0),(1334,90,'DBR','Dubreka',1,0),(1335,90,'FRN','Faranah',1,0),(1336,90,'FRC','Forecariah',1,0),(1337,90,'FRI','Fria',1,0),(1338,90,'GAO','Gaoual',1,0),(1339,90,'GCD','Gueckedou',1,0),(1340,90,'KNK','Kankan',1,0),(1341,90,'KRN','Kerouane',1,0),(1342,90,'KND','Kindia',1,0),(1343,90,'KSD','Kissidougou',1,0),(1344,90,'KBA','Koubia',1,0),(1345,90,'KDA','Koundara',1,0),(1346,90,'KRA','Kouroussa',1,0),(1347,90,'LAB','Labe',1,0),(1348,90,'LLM','Lelouma',1,0),(1349,90,'LOL','Lola',1,0),(1350,90,'MCT','Macenta',1,0),(1351,90,'MAL','Mali',1,0),(1352,90,'MAM','Mamou',1,0),(1353,90,'MAN','Mandiana',1,0),(1354,90,'NZR','Nzerekore',1,0),(1355,90,'PIT','Pita',1,0),(1356,90,'SIG','Siguiri',1,0),(1357,90,'TLM','Telimele',1,0),(1358,90,'TOG','Tougue',1,0),(1359,90,'YOM','Yomou',1,0),(1360,91,'BF','Bafata Region',1,0),(1361,91,'BB','Biombo Region',1,0),(1362,91,'BS','Bissau Region',1,0),(1363,91,'BL','Bolama Region',1,0),(1364,91,'CA','Cacheu Region',1,0),(1365,91,'GA','Gabu Region',1,0),(1366,91,'OI','Oio Region',1,0),(1367,91,'QU','Quinara Region',1,0),(1368,91,'TO','Tombali Region',1,0),(1369,92,'BW','Barima-Waini',1,0),(1370,92,'CM','Cuyuni-Mazaruni',1,0),(1371,92,'DM','Demerara-Mahaica',1,0),(1372,92,'EC','East Berbice-Corentyne',1,0),(1373,92,'EW','Essequibo Islands-West Demerara',1,0),(1374,92,'MB','Mahaica-Berbice',1,0),(1375,92,'PM','Pomeroon-Supenaam',1,0),(1376,92,'PI','Potaro-Siparuni',1,0),(1377,92,'UD','Upper Demerara-Berbice',1,0),(1378,92,'UT','Upper Takutu-Upper Essequibo',1,0),(1379,93,'AR','Artibonite',1,0),(1380,93,'CE','Centre',1,0),(1381,93,'GA','Grand\'Anse',1,0),(1382,93,'ND','Nord',1,0),(1383,93,'NE','Nord-Est',1,0),(1384,93,'NO','Nord-Ouest',1,0),(1385,93,'OU','Ouest',1,0),(1386,93,'SD','Sud',1,0),(1387,93,'SE','Sud-Est',1,0),(1388,94,'F','Flat Island',1,0),(1389,94,'M','McDonald Island',1,0),(1390,94,'S','Shag Island',1,0),(1391,94,'H','Heard Island',1,0),(1392,95,'AT','Atlantida',1,0),(1393,95,'CH','Choluteca',1,0),(1394,95,'CL','Colon',1,0),(1395,95,'CM','Comayagua',1,0),(1396,95,'CP','Copan',1,0),(1397,95,'CR','Cortes',1,0),(1398,95,'PA','El Paraiso',1,0),(1399,95,'FM','Francisco Morazan',1,0),(1400,95,'GD','Gracias a Dios',1,0),(1401,95,'IN','Intibuca',1,0),(1402,95,'IB','Islas de la Bahia (Bay Islands)',1,0),(1403,95,'PZ','La Paz',1,0),(1404,95,'LE','Lempira',1,0),(1405,95,'OC','Ocotepeque',1,0),(1406,95,'OL','Olancho',1,0),(1407,95,'SB','Santa Barbara',1,0),(1408,95,'VA','Valle',1,0),(1409,95,'YO','Yoro',1,0),(1410,96,'HCW','Central and Western Hong Kong Island',1,0),(1411,96,'HEA','Eastern Hong Kong Island',1,0),(1412,96,'HSO','Southern Hong Kong Island',1,0),(1413,96,'HWC','Wan Chai Hong Kong Island',1,0),(1414,96,'KKC','Kowloon City Kowloon',1,0),(1415,96,'KKT','Kwun Tong Kowloon',1,0),(1416,96,'KSS','Sham Shui Po Kowloon',1,0),(1417,96,'KWT','Wong Tai Sin Kowloon',1,0),(1418,96,'KYT','Yau Tsim Mong Kowloon',1,0),(1419,96,'NIS','Islands New Territories',1,0),(1420,96,'NKT','Kwai Tsing New Territories',1,0),(1421,96,'NNO','North New Territories',1,0),(1422,96,'NSK','Sai Kung New Territories',1,0),(1423,96,'NST','Sha Tin New Territories',1,0),(1424,96,'NTP','Tai Po New Territories',1,0),(1425,96,'NTW','Tsuen Wan New Territories',1,0),(1426,96,'NTM','Tuen Mun New Territories',1,0),(1427,96,'NYL','Yuen Long New Territories',1,0),(1428,97,'BK','Bacs-Kiskun',1,0),(1429,97,'BA','Baranya',1,0),(1430,97,'BE','Bekes',1,0),(1431,97,'BS','Bekescsaba',1,0),(1432,97,'BZ','Borsod-Abauj-Zemplen',1,0),(1433,97,'BU','Budapest',1,0),(1434,97,'CS','Csongrad',1,0),(1435,97,'DE','Debrecen',1,0),(1436,97,'DU','Dunaujvaros',1,0),(1437,97,'EG','Eger',1,0),(1438,97,'FE','Fejer',1,0),(1439,97,'GY','Gyor',1,0),(1440,97,'GM','Gyor-Moson-Sopron',1,0),(1441,97,'HB','Hajdu-Bihar',1,0),(1442,97,'HE','Heves',1,0),(1443,97,'HO','Hodmezovasarhely',1,0),(1444,97,'JN','Jasz-Nagykun-Szolnok',1,0),(1445,97,'KA','Kaposvar',1,0),(1446,97,'KE','Kecskemet',1,0),(1447,97,'KO','Komarom-Esztergom',1,0),(1448,97,'MI','Miskolc',1,0),(1449,97,'NA','Nagykanizsa',1,0),(1450,97,'NO','Nograd',1,0),(1451,97,'NY','Nyiregyhaza',1,0),(1452,97,'PE','Pecs',1,0),(1453,97,'PS','Pest',1,0),(1454,97,'SO','Somogy',1,0),(1455,97,'SP','Sopron',1,0),(1456,97,'SS','Szabolcs-Szatmar-Bereg',1,0),(1457,97,'SZ','Szeged',1,0),(1458,97,'SE','Szekesfehervar',1,0),(1459,97,'SL','Szolnok',1,0),(1460,97,'SM','Szombathely',1,0),(1461,97,'TA','Tatabanya',1,0),(1462,97,'TO','Tolna',1,0),(1463,97,'VA','Vas',1,0),(1464,97,'VE','Veszprem',1,0),(1465,97,'ZA','Zala',1,0),(1466,97,'ZZ','Zalaegerszeg',1,0),(1467,98,'AL','Austurland',1,0),(1468,98,'HF','Hofuoborgarsvaeoi',1,0),(1469,98,'NE','Norourland eystra',1,0),(1470,98,'NV','Norourland vestra',1,0),(1471,98,'SL','Suourland',1,0),(1472,98,'SN','Suournes',1,0),(1473,98,'VF','Vestfiroir',1,0),(1474,98,'VL','Vesturland',1,0),(1475,99,'AN','Andaman and Nicobar Islands',1,0),(1476,99,'AP','Andhra Pradesh',1,0),(1477,99,'AR','Arunachal Pradesh',1,0),(1478,99,'AS','Assam',1,0),(1479,99,'BI','Bihar',1,0),(1480,99,'CH','Chandigarh',1,0),(1481,99,'DA','Dadra and Nagar Haveli',1,0),(1482,99,'DM','Daman and Diu',1,0),(1483,99,'DE','Delhi',1,0),(1484,99,'GO','Goa',1,0),(1485,99,'GU','Gujarat',1,0),(1486,99,'HA','Haryana',1,0),(1487,99,'HP','Himachal Pradesh',1,0),(1488,99,'JA','Jammu and Kashmir',1,0),(1489,99,'KA','Karnataka',1,0),(1490,99,'KE','Kerala',1,0),(1491,99,'LI','Lakshadweep Islands',1,0),(1492,99,'MP','Madhya Pradesh',1,0),(1493,99,'MA','Maharashtra',1,0),(1494,99,'MN','Manipur',1,0),(1495,99,'ME','Meghalaya',1,0),(1496,99,'MI','Mizoram',1,0),(1497,99,'NA','Nagaland',1,0),(1498,99,'OR','Orissa',1,0),(1499,99,'PO','Pondicherry',1,0),(1500,99,'PU','Punjab',1,0),(1501,99,'RA','Rajasthan',1,0),(1502,99,'SI','Sikkim',1,0),(1503,99,'TN','Tamil Nadu',1,0),(1504,99,'TR','Tripura',1,0),(1505,99,'UP','Uttar Pradesh',1,0),(1506,99,'WB','West Bengal',1,0),(1507,100,'AC','Aceh',1,0),(1508,100,'BA','Bali',1,0),(1509,100,'BT','Banten',1,0),(1510,100,'BE','Bengkulu',1,0),(1511,100,'BD','BoDeTaBek',1,0),(1512,100,'GO','Gorontalo',1,0),(1513,100,'JK','Jakarta Raya',1,0),(1514,100,'JA','Jambi',1,0),(1515,100,'JB','Jawa Barat',1,0),(1516,100,'JT','Jawa Tengah',1,0),(1517,100,'JI','Jawa Timur',1,0),(1518,100,'KB','Kalimantan Barat',1,0),(1519,100,'KS','Kalimantan Selatan',1,0),(1520,100,'KT','Kalimantan Tengah',1,0),(1521,100,'KI','Kalimantan Timur',1,0),(1522,100,'BB','Kepulauan Bangka Belitung',1,0),(1523,100,'LA','Lampung',1,0),(1524,100,'MA','Maluku',1,0),(1525,100,'MU','Maluku Utara',1,0),(1526,100,'NB','Nusa Tenggara Barat',1,0),(1527,100,'NT','Nusa Tenggara Timur',1,0),(1528,100,'PA','Papua',1,0),(1529,100,'RI','Riau',1,0),(1530,100,'SN','Sulawesi Selatan',1,0),(1531,100,'ST','Sulawesi Tengah',1,0),(1532,100,'SG','Sulawesi Tenggara',1,0),(1533,100,'SA','Sulawesi Utara',1,0),(1534,100,'SB','Sumatera Barat',1,0),(1535,100,'SS','Sumatera Selatan',1,0),(1536,100,'SU','Sumatera Utara',1,0),(1537,100,'YO','Yogyakarta',1,0),(1538,101,'TEH','Tehran',1,0),(1539,101,'QOM','Qom',1,0),(1540,101,'MKZ','Markazi',1,0),(1541,101,'QAZ','Qazvin',1,0),(1542,101,'GIL','Gilan',1,0),(1543,101,'ARD','Ardabil',1,0),(1544,101,'ZAN','Zanjan',1,0),(1545,101,'EAZ','East Azarbaijan',1,0),(1546,101,'WEZ','West Azarbaijan',1,0),(1547,101,'KRD','Kurdistan',1,0),(1548,101,'HMD','Hamadan',1,0),(1549,101,'KRM','Kermanshah',1,0),(1550,101,'ILM','Ilam',1,0),(1551,101,'LRS','Lorestan',1,0),(1552,101,'KZT','Khuzestan',1,0),(1553,101,'CMB','Chahar Mahaal and Bakhtiari',1,0),(1554,101,'KBA','Kohkiluyeh and Buyer Ahmad',1,0),(1555,101,'BSH','Bushehr',1,0),(1556,101,'FAR','Fars',1,0),(1557,101,'HRM','Hormozgan',1,0),(1558,101,'SBL','Sistan and Baluchistan',1,0),(1559,101,'KRB','Kerman',1,0),(1560,101,'YZD','Yazd',1,0),(1561,101,'EFH','Esfahan',1,0),(1562,101,'SMN','Semnan',1,0),(1563,101,'MZD','Mazandaran',1,0),(1564,101,'GLS','Golestan',1,0),(1565,101,'NKH','North Khorasan',1,0),(1566,101,'RKH','Razavi Khorasan',1,0),(1567,101,'SKH','South Khorasan',1,0),(1568,102,'BD','Baghdad',1,0),(1569,102,'SD','Salah ad Din',1,0),(1570,102,'DY','Diyala',1,0),(1571,102,'WS','Wasit',1,0),(1572,102,'MY','Maysan',1,0),(1573,102,'BA','Al Basrah',1,0),(1574,102,'DQ','Dhi Qar',1,0),(1575,102,'MU','Al Muthanna',1,0),(1576,102,'QA','Al Qadisyah',1,0),(1577,102,'BB','Babil',1,0),(1578,102,'KB','Al Karbala',1,0),(1579,102,'NJ','An Najaf',1,0),(1580,102,'AB','Al Anbar',1,0),(1581,102,'NN','Ninawa',1,0),(1582,102,'DH','Dahuk',1,0),(1583,102,'AL','Arbil',1,0),(1584,102,'TM','At Ta\'mim',1,0),(1585,102,'SL','As Sulaymaniyah',1,0),(1586,103,'CA','Carlow',1,0),(1587,103,'CV','Cavan',1,0),(1588,103,'CL','Clare',1,0),(1589,103,'CO','Cork',1,0),(1590,103,'DO','Donegal',1,0),(1591,103,'DU','Dublin',1,0),(1592,103,'GA','Galway',1,0),(1593,103,'KE','Kerry',1,0),(1594,103,'KI','Kildare',1,0),(1595,103,'KL','Kilkenny',1,0),(1596,103,'LA','Laois',1,0),(1597,103,'LE','Leitrim',1,0),(1598,103,'LI','Limerick',1,0),(1599,103,'LO','Longford',1,0),(1600,103,'LU','Louth',1,0),(1601,103,'MA','Mayo',1,0),(1602,103,'ME','Meath',1,0),(1603,103,'MO','Monaghan',1,0),(1604,103,'OF','Offaly',1,0),(1605,103,'RO','Roscommon',1,0),(1606,103,'SL','Sligo',1,0),(1607,103,'TI','Tipperary',1,0),(1608,103,'WA','Waterford',1,0),(1609,103,'WE','Westmeath',1,0),(1610,103,'WX','Wexford',1,0),(1611,103,'WI','Wicklow',1,0),(1612,104,'BS','Be\'er Sheva',1,0),(1613,104,'BH','Bika\'at Hayarden',1,0),(1614,104,'EA','Eilat and Arava',1,0),(1615,104,'GA','Galil',1,0),(1616,104,'HA','Haifa',1,0),(1617,104,'JM','Jehuda Mountains',1,0),(1618,104,'JE','Jerusalem',1,0),(1619,104,'NE','Negev',1,0),(1620,104,'SE','Semaria',1,0),(1621,104,'SH','Sharon',1,0),(1622,104,'TA','Tel Aviv (Gosh Dan)',1,0),(3860,105,'CL','Caltanissetta',1,0),(3842,105,'AG','Agrigento',1,0),(3843,105,'AL','Alessandria',1,0),(3844,105,'AN','Ancona',1,0),(3845,105,'AO','Aosta',1,0),(3846,105,'AR','Arezzo',1,0),(3847,105,'AP','Ascoli Piceno',1,0),(3848,105,'AT','Asti',1,0),(3849,105,'AV','Avellino',1,0),(3850,105,'BA','Bari',1,0),(3851,105,'BL','Belluno',1,0),(3852,105,'BN','Benevento',1,0),(3853,105,'BG','Bergamo',1,0),(3854,105,'BI','Biella',1,0),(3855,105,'BO','Bologna',1,0),(3856,105,'BZ','Bolzano',1,0),(3857,105,'BS','Brescia',1,0),(3858,105,'BR','Brindisi',1,0),(3859,105,'CA','Cagliari',1,0),(1643,106,'CLA','Clarendon Parish',1,0),(1644,106,'HAN','Hanover Parish',1,0),(1645,106,'KIN','Kingston Parish',1,0),(1646,106,'MAN','Manchester Parish',1,0),(1647,106,'POR','Portland Parish',1,0),(1648,106,'AND','Saint Andrew Parish',1,0),(1649,106,'ANN','Saint Ann Parish',1,0),(1650,106,'CAT','Saint Catherine Parish',1,0),(1651,106,'ELI','Saint Elizabeth Parish',1,0),(1652,106,'JAM','Saint James Parish',1,0),(1653,106,'MAR','Saint Mary Parish',1,0),(1654,106,'THO','Saint Thomas Parish',1,0),(1655,106,'TRL','Trelawny Parish',1,0),(1656,106,'WML','Westmoreland Parish',1,0),(1657,107,'AI','Aichi',1,0),(1658,107,'AK','Akita',1,0),(1659,107,'AO','Aomori',1,0),(1660,107,'CH','Chiba',1,0),(1661,107,'EH','Ehime',1,0),(1662,107,'FK','Fukui',1,0),(1663,107,'FU','Fukuoka',1,0),(1664,107,'FS','Fukushima',1,0),(1665,107,'GI','Gifu',1,0),(1666,107,'GU','Gumma',1,0),(1667,107,'HI','Hiroshima',1,0),(1668,107,'HO','Hokkaido',1,0),(1669,107,'HY','Hyogo',1,0),(1670,107,'IB','Ibaraki',1,0),(1671,107,'IS','Ishikawa',1,0),(1672,107,'IW','Iwate',1,0),(1673,107,'KA','Kagawa',1,0),(1674,107,'KG','Kagoshima',1,0),(1675,107,'KN','Kanagawa',1,0),(1676,107,'KO','Kochi',1,0),(1677,107,'KU','Kumamoto',1,0),(1678,107,'KY','Kyoto',1,0),(1679,107,'MI','Mie',1,0),(1680,107,'MY','Miyagi',1,0),(1681,107,'MZ','Miyazaki',1,0),(1682,107,'NA','Nagano',1,0),(1683,107,'NG','Nagasaki',1,0),(1684,107,'NR','Nara',1,0),(1685,107,'NI','Niigata',1,0),(1686,107,'OI','Oita',1,0),(1687,107,'OK','Okayama',1,0),(1688,107,'ON','Okinawa',1,0),(1689,107,'OS','Osaka',1,0),(1690,107,'SA','Saga',1,0),(1691,107,'SI','Saitama',1,0),(1692,107,'SH','Shiga',1,0),(1693,107,'SM','Shimane',1,0),(1694,107,'SZ','Shizuoka',1,0),(1695,107,'TO','Tochigi',1,0),(1696,107,'TS','Tokushima',1,0),(1697,107,'TK','Tokyo',1,0),(1698,107,'TT','Tottori',1,0),(1699,107,'TY','Toyama',1,0),(1700,107,'WA','Wakayama',1,0),(1701,107,'YA','Yamagata',1,0),(1702,107,'YM','Yamaguchi',1,0),(1703,107,'YN','Yamanashi',1,0),(1704,108,'AM','\'Amman',1,0),(1705,108,'AJ','Ajlun',1,0),(1706,108,'AA','Al \'Aqabah',1,0),(1707,108,'AB','Al Balqa\'',1,0),(1708,108,'AK','Al Karak',1,0),(1709,108,'AL','Al Mafraq',1,0),(1710,108,'AT','At Tafilah',1,0),(1711,108,'AZ','Az Zarqa\'',1,0),(1712,108,'IR','Irbid',1,0),(1713,108,'JA','Jarash',1,0),(1714,108,'MA','Ma\'an',1,0),(1715,108,'MD','Madaba',1,0),(1716,109,'AL','Almaty',1,0),(1717,109,'AC','Almaty City',1,0),(1718,109,'AM','Aqmola',1,0),(1719,109,'AQ','Aqtobe',1,0),(1720,109,'AS','Astana City',1,0),(1721,109,'AT','Atyrau',1,0),(1722,109,'BA','Batys Qazaqstan',1,0),(1723,109,'BY','Bayqongyr City',1,0),(1724,109,'MA','Mangghystau',1,0),(1725,109,'ON','Ongtustik Qazaqstan',1,0),(1726,109,'PA','Pavlodar',1,0),(1727,109,'QA','Qaraghandy',1,0),(1728,109,'QO','Qostanay',1,0),(1729,109,'QY','Qyzylorda',1,0),(1730,109,'SH','Shyghys Qazaqstan',1,0),(1731,109,'SO','Soltustik Qazaqstan',1,0),(1732,109,'ZH','Zhambyl',1,0),(1733,110,'CE','Central',1,0),(1734,110,'CO','Coast',1,0),(1735,110,'EA','Eastern',1,0),(1736,110,'NA','Nairobi Area',1,0),(1737,110,'NE','North Eastern',1,0),(1738,110,'NY','Nyanza',1,0),(1739,110,'RV','Rift Valley',1,0),(1740,110,'WE','Western',1,0),(1741,111,'AG','Abaiang',1,0),(1742,111,'AM','Abemama',1,0),(1743,111,'AK','Aranuka',1,0),(1744,111,'AO','Arorae',1,0),(1745,111,'BA','Banaba',1,0),(1746,111,'BE','Beru',1,0),(1747,111,'bT','Butaritari',1,0),(1748,111,'KA','Kanton',1,0),(1749,111,'KR','Kiritimati',1,0),(1750,111,'KU','Kuria',1,0),(1751,111,'MI','Maiana',1,0),(1752,111,'MN','Makin',1,0),(1753,111,'ME','Marakei',1,0),(1754,111,'NI','Nikunau',1,0),(1755,111,'NO','Nonouti',1,0),(1756,111,'ON','Onotoa',1,0),(1757,111,'TT','Tabiteuea',1,0),(1758,111,'TR','Tabuaeran',1,0),(1759,111,'TM','Tamana',1,0),(1760,111,'TW','Tarawa',1,0),(1761,111,'TE','Teraina',1,0),(1762,112,'CHA','Chagang-do',1,0),(1763,112,'HAB','Hamgyong-bukto',1,0),(1764,112,'HAN','Hamgyong-namdo',1,0),(1765,112,'HWB','Hwanghae-bukto',1,0),(1766,112,'HWN','Hwanghae-namdo',1,0),(1767,112,'KAN','Kangwon-do',1,0),(1768,112,'PYB','P\'yongan-bukto',1,0),(1769,112,'PYN','P\'yongan-namdo',1,0),(1770,112,'YAN','Ryanggang-do (Yanggang-do)',1,0),(1771,112,'NAJ','Rason Directly Governed City',1,0),(1772,112,'PYO','P\'yongyang Special City',1,0),(1773,113,'CO','Ch\'ungch\'ong-bukto',1,0),(1774,113,'CH','Ch\'ungch\'ong-namdo',1,0),(1775,113,'CD','Cheju-do',1,0),(1776,113,'CB','Cholla-bukto',1,0),(1777,113,'CN','Cholla-namdo',1,0),(1778,113,'IG','Inch\'on-gwangyoksi',1,0),(1779,113,'KA','Kangwon-do',1,0),(1780,113,'KG','Kwangju-gwangyoksi',1,0),(1781,113,'KD','Kyonggi-do',1,0),(1782,113,'KB','Kyongsang-bukto',1,0),(1783,113,'KN','Kyongsang-namdo',1,0),(1784,113,'PG','Pusan-gwangyoksi',1,0),(1785,113,'SO','Soul-t\'ukpyolsi',1,0),(1786,113,'TA','Taegu-gwangyoksi',1,0),(1787,113,'TG','Taejon-gwangyoksi',1,0),(1788,114,'AL','Al \'Asimah',1,0),(1789,114,'AA','Al Ahmadi',1,0),(1790,114,'AF','Al Farwaniyah',1,0),(1791,114,'AJ','Al Jahra\'',1,0),(1792,114,'HA','Hawalli',1,0),(1793,115,'GB','Bishkek',1,0),(1794,115,'B','Batken',1,0),(1795,115,'C','Chu',1,0),(1796,115,'J','Jalal-Abad',1,0),(1797,115,'N','Naryn',1,0),(1798,115,'O','Osh',1,0),(1799,115,'T','Talas',1,0),(1800,115,'Y','Ysyk-Kol',1,0),(1801,116,'VT','Vientiane',1,0),(1802,116,'AT','Attapu',1,0),(1803,116,'BK','Bokeo',1,0),(1804,116,'BL','Bolikhamxai',1,0),(1805,116,'CH','Champasak',1,0),(1806,116,'HO','Houaphan',1,0),(1807,116,'KH','Khammouan',1,0),(1808,116,'LM','Louang Namtha',1,0),(1809,116,'LP','Louangphabang',1,0),(1810,116,'OU','Oudomxai',1,0),(1811,116,'PH','Phongsali',1,0),(1812,116,'SL','Salavan',1,0),(1813,116,'SV','Savannakhet',1,0),(1814,116,'VI','Vientiane',1,0),(1815,116,'XA','Xaignabouli',1,0),(1816,116,'XE','Xekong',1,0),(1817,116,'XI','Xiangkhoang',1,0),(1818,116,'XN','Xaisomboun',1,0),(1819,117,'AIZ','Aizkraukles Rajons',1,0),(1820,117,'ALU','Aluksnes Rajons',1,0),(1821,117,'BAL','Balvu Rajons',1,0),(1822,117,'BAU','Bauskas Rajons',1,0),(1823,117,'CES','Cesu Rajons',1,0),(1824,117,'DGR','Daugavpils Rajons',1,0),(1825,117,'DOB','Dobeles Rajons',1,0),(1826,117,'GUL','Gulbenes Rajons',1,0),(1827,117,'JEK','Jekabpils Rajons',1,0),(1828,117,'JGR','Jelgavas Rajons',1,0),(1829,117,'KRA','Kraslavas Rajons',1,0),(1830,117,'KUL','Kuldigas Rajons',1,0),(1831,117,'LPR','Liepajas Rajons',1,0),(1832,117,'LIM','Limbazu Rajons',1,0),(1833,117,'LUD','Ludzas Rajons',1,0),(1834,117,'MAD','Madonas Rajons',1,0),(1835,117,'OGR','Ogres Rajons',1,0),(1836,117,'PRE','Preilu Rajons',1,0),(1837,117,'RZR','Rezeknes Rajons',1,0),(1838,117,'RGR','Rigas Rajons',1,0),(1839,117,'SAL','Saldus Rajons',1,0),(1840,117,'TAL','Talsu Rajons',1,0),(1841,117,'TUK','Tukuma Rajons',1,0),(1842,117,'VLK','Valkas Rajons',1,0),(1843,117,'VLM','Valmieras Rajons',1,0),(1844,117,'VSR','Ventspils Rajons',1,0),(1845,117,'DGV','Daugavpils',1,0),(1846,117,'JGV','Jelgava',1,0),(1847,117,'JUR','Jurmala',1,0),(1848,117,'LPK','Liepaja',1,0),(1849,117,'RZK','Rezekne',1,0),(1850,117,'RGA','Riga',1,0),(1851,117,'VSL','Ventspils',1,0),(1852,119,'BE','Berea',1,0),(1853,119,'BB','Butha-Buthe',1,0),(1854,119,'LE','Leribe',1,0),(1855,119,'MF','Mafeteng',1,0),(1856,119,'MS','Maseru',1,0),(1857,119,'MH','Mohale\'s Hoek',1,0),(1858,119,'MK','Mokhotlong',1,0),(1859,119,'QN','Qacha\'s Nek',1,0),(1860,119,'QT','Quthing',1,0),(1861,119,'TT','Thaba-Tseka',1,0),(1862,120,'BI','Bomi',1,0),(1863,120,'BG','Bong',1,0),(1864,120,'GB','Grand Bassa',1,0),(1865,120,'CM','Grand Cape Mount',1,0),(1866,120,'GG','Grand Gedeh',1,0),(1867,120,'GK','Grand Kru',1,0),(1868,120,'LO','Lofa',1,0),(1869,120,'MG','Margibi',1,0),(1870,120,'ML','Maryland',1,0),(1871,120,'MS','Montserrado',1,0),(1872,120,'NB','Nimba',1,0),(1873,120,'RC','River Cess',1,0),(1874,120,'SN','Sinoe',1,0),(1875,121,'AJ','Ajdabiya',1,0),(1876,121,'AZ','Al \'Aziziyah',1,0),(1877,121,'FA','Al Fatih',1,0),(1878,121,'JA','Al Jabal al Akhdar',1,0),(1879,121,'JU','Al Jufrah',1,0),(1880,121,'KH','Al Khums',1,0),(1881,121,'KU','Al Kufrah',1,0),(1882,121,'NK','An Nuqat al Khams',1,0),(1883,121,'AS','Ash Shati\'',1,0),(1884,121,'AW','Awbari',1,0),(1885,121,'ZA','Az Zawiyah',1,0),(1886,121,'BA','Banghazi',1,0),(1887,121,'DA','Darnah',1,0),(1888,121,'GD','Ghadamis',1,0),(1889,121,'GY','Gharyan',1,0),(1890,121,'MI','Misratah',1,0),(1891,121,'MZ','Murzuq',1,0),(1892,121,'SB','Sabha',1,0),(1893,121,'SW','Sawfajjin',1,0),(1894,121,'SU','Surt',1,0),(1895,121,'TL','Tarabulus (Tripoli)',1,0),(1896,121,'TH','Tarhunah',1,0),(1897,121,'TU','Tubruq',1,0),(1898,121,'YA','Yafran',1,0),(1899,121,'ZL','Zlitan',1,0),(1900,122,'V','Vaduz',1,0),(1901,122,'A','Schaan',1,0),(1902,122,'B','Balzers',1,0),(1903,122,'N','Triesen',1,0),(1904,122,'E','Eschen',1,0),(1905,122,'M','Mauren',1,0),(1906,122,'T','Triesenberg',1,0),(1907,122,'R','Ruggell',1,0),(1908,122,'G','Gamprin',1,0),(1909,122,'L','Schellenberg',1,0),(1910,122,'P','Planken',1,0),(1911,123,'AL','Alytus',1,0),(1912,123,'KA','Kaunas',1,0),(1913,123,'KL','Klaipeda',1,0),(1914,123,'MA','Marijampole',1,0),(1915,123,'PA','Panevezys',1,0),(1916,123,'SI','Siauliai',1,0),(1917,123,'TA','Taurage',1,0),(1918,123,'TE','Telsiai',1,0),(1919,123,'UT','Utena',1,0),(1920,123,'VI','Vilnius',1,0),(1921,124,'DD','Diekirch',1,0),(1922,124,'DC','Clervaux',1,0),(1923,124,'DR','Redange',1,0),(1924,124,'DV','Vianden',1,0),(1925,124,'DW','Wiltz',1,0),(1926,124,'GG','Grevenmacher',1,0),(1927,124,'GE','Echternach',1,0),(1928,124,'GR','Remich',1,0),(1929,124,'LL','Luxembourg',1,0),(1930,124,'LC','Capellen',1,0),(1931,124,'LE','Esch-sur-Alzette',1,0),(1932,124,'LM','Mersch',1,0),(1933,125,'OLF','Our Lady Fatima Parish',1,0),(1934,125,'ANT','St. Anthony Parish',1,0),(1935,125,'LAZ','St. Lazarus Parish',1,0),(1936,125,'CAT','Cathedral Parish',1,0),(1937,125,'LAW','St. Lawrence Parish',1,0),(1938,127,'AN','Antananarivo',1,0),(1939,127,'AS','Antsiranana',1,0),(1940,127,'FN','Fianarantsoa',1,0),(1941,127,'MJ','Mahajanga',1,0),(1942,127,'TM','Toamasina',1,0),(1943,127,'TL','Toliara',1,0),(1944,128,'BLK','Balaka',1,0),(1945,128,'BLT','Blantyre',1,0),(1946,128,'CKW','Chikwawa',1,0),(1947,128,'CRD','Chiradzulu',1,0),(1948,128,'CTP','Chitipa',1,0),(1949,128,'DDZ','Dedza',1,0),(1950,128,'DWA','Dowa',1,0),(1951,128,'KRG','Karonga',1,0),(1952,128,'KSG','Kasungu',1,0),(1953,128,'LKM','Likoma',1,0),(1954,128,'LLG','Lilongwe',1,0),(1955,128,'MCG','Machinga',1,0),(1956,128,'MGC','Mangochi',1,0),(1957,128,'MCH','Mchinji',1,0),(1958,128,'MLJ','Mulanje',1,0),(1959,128,'MWZ','Mwanza',1,0),(1960,128,'MZM','Mzimba',1,0),(1961,128,'NTU','Ntcheu',1,0),(1962,128,'NKB','Nkhata Bay',1,0),(1963,128,'NKH','Nkhotakota',1,0),(1964,128,'NSJ','Nsanje',1,0),(1965,128,'NTI','Ntchisi',1,0),(1966,128,'PHL','Phalombe',1,0),(1967,128,'RMP','Rumphi',1,0),(1968,128,'SLM','Salima',1,0),(1969,128,'THY','Thyolo',1,0),(1970,128,'ZBA','Zomba',1,0),(1971,129,'JO','Johor',1,0),(1972,129,'KE','Kedah',1,0),(1973,129,'KL','Kelantan',1,0),(1974,129,'LA','Labuan',1,0),(1975,129,'ME','Melaka',1,0),(1976,129,'NS','Negeri Sembilan',1,0),(1977,129,'PA','Pahang',1,0),(1978,129,'PE','Perak',1,0),(1979,129,'PR','Perlis',1,0),(1980,129,'PP','Pulau Pinang',1,0),(1981,129,'SA','Sabah',1,0),(1982,129,'SR','Sarawak',1,0),(1983,129,'SE','Selangor',1,0),(1984,129,'TE','Terengganu',1,0),(1985,129,'WP','Wilayah Persekutuan',1,0),(1986,130,'THU','Thiladhunmathi Uthuru',1,0),(1987,130,'THD','Thiladhunmathi Dhekunu',1,0),(1988,130,'MLU','Miladhunmadulu Uthuru',1,0),(1989,130,'MLD','Miladhunmadulu Dhekunu',1,0),(1990,130,'MAU','Maalhosmadulu Uthuru',1,0),(1991,130,'MAD','Maalhosmadulu Dhekunu',1,0),(1992,130,'FAA','Faadhippolhu',1,0),(1993,130,'MAA','Male Atoll',1,0),(1994,130,'AAU','Ari Atoll Uthuru',1,0),(1995,130,'AAD','Ari Atoll Dheknu',1,0),(1996,130,'FEA','Felidhe Atoll',1,0),(1997,130,'MUA','Mulaku Atoll',1,0),(1998,130,'NAU','Nilandhe Atoll Uthuru',1,0),(1999,130,'NAD','Nilandhe Atoll Dhekunu',1,0),(2000,130,'KLH','Kolhumadulu',1,0),(2001,130,'HDH','Hadhdhunmathi',1,0),(2002,130,'HAU','Huvadhu Atoll Uthuru',1,0),(2003,130,'HAD','Huvadhu Atoll Dhekunu',1,0),(2004,130,'FMU','Fua Mulaku',1,0),(2005,130,'ADD','Addu',1,0),(2006,131,'GA','Gao',1,0),(2007,131,'KY','Kayes',1,0),(2008,131,'KD','Kidal',1,0),(2009,131,'KL','Koulikoro',1,0),(2010,131,'MP','Mopti',1,0),(2011,131,'SG','Segou',1,0),(2012,131,'SK','Sikasso',1,0),(2013,131,'TB','Tombouctou',1,0),(2014,131,'CD','Bamako Capital District',1,0),(2015,132,'ATT','Attard',1,0),(2016,132,'BAL','Balzan',1,0),(2017,132,'BGU','Birgu',1,0),(2018,132,'BKK','Birkirkara',1,0),(2019,132,'BRZ','Birzebbuga',1,0),(2020,132,'BOR','Bormla',1,0),(2021,132,'DIN','Dingli',1,0),(2022,132,'FGU','Fgura',1,0),(2023,132,'FLO','Floriana',1,0),(2024,132,'GDJ','Gudja',1,0),(2025,132,'GZR','Gzira',1,0),(2026,132,'GRG','Gargur',1,0),(2027,132,'GXQ','Gaxaq',1,0),(2028,132,'HMR','Hamrun',1,0),(2029,132,'IKL','Iklin',1,0),(2030,132,'ISL','Isla',1,0),(2031,132,'KLK','Kalkara',1,0),(2032,132,'KRK','Kirkop',1,0),(2033,132,'LIJ','Lija',1,0),(2034,132,'LUQ','Luqa',1,0),(2035,132,'MRS','Marsa',1,0),(2036,132,'MKL','Marsaskala',1,0),(2037,132,'MXL','Marsaxlokk',1,0),(2038,132,'MDN','Mdina',1,0),(2039,132,'MEL','Melliea',1,0),(2040,132,'MGR','Mgarr',1,0),(2041,132,'MST','Mosta',1,0),(2042,132,'MQA','Mqabba',1,0),(2043,132,'MSI','Msida',1,0),(2044,132,'MTF','Mtarfa',1,0),(2045,132,'NAX','Naxxar',1,0),(2046,132,'PAO','Paola',1,0),(2047,132,'PEM','Pembroke',1,0),(2048,132,'PIE','Pieta',1,0),(2049,132,'QOR','Qormi',1,0),(2050,132,'QRE','Qrendi',1,0),(2051,132,'RAB','Rabat',1,0),(2052,132,'SAF','Safi',1,0),(2053,132,'SGI','San Giljan',1,0),(2054,132,'SLU','Santa Lucija',1,0),(2055,132,'SPB','San Pawl il-Bahar',1,0),(2056,132,'SGW','San Gwann',1,0),(2057,132,'SVE','Santa Venera',1,0),(2058,132,'SIG','Siggiewi',1,0),(2059,132,'SLM','Sliema',1,0),(2060,132,'SWQ','Swieqi',1,0),(2061,132,'TXB','Ta Xbiex',1,0),(2062,132,'TRX','Tarxien',1,0),(2063,132,'VLT','Valletta',1,0),(2064,132,'XGJ','Xgajra',1,0),(2065,132,'ZBR','Zabbar',1,0),(2066,132,'ZBG','Zebbug',1,0),(2067,132,'ZJT','Zejtun',1,0),(2068,132,'ZRQ','Zurrieq',1,0),(2069,132,'FNT','Fontana',1,0),(2070,132,'GHJ','Ghajnsielem',1,0),(2071,132,'GHR','Gharb',1,0),(2072,132,'GHS','Ghasri',1,0),(2073,132,'KRC','Kercem',1,0),(2074,132,'MUN','Munxar',1,0),(2075,132,'NAD','Nadur',1,0),(2076,132,'QAL','Qala',1,0),(2077,132,'VIC','Victoria',1,0),(2078,132,'SLA','San Lawrenz',1,0),(2079,132,'SNT','Sannat',1,0),(2080,132,'ZAG','Xagra',1,0),(2081,132,'XEW','Xewkija',1,0),(2082,132,'ZEB','Zebbug',1,0),(2083,133,'ALG','Ailinginae',1,0),(2084,133,'ALL','Ailinglaplap',1,0),(2085,133,'ALK','Ailuk',1,0),(2086,133,'ARN','Arno',1,0),(2087,133,'AUR','Aur',1,0),(2088,133,'BKR','Bikar',1,0),(2089,133,'BKN','Bikini',1,0),(2090,133,'BKK','Bokak',1,0),(2091,133,'EBN','Ebon',1,0),(2092,133,'ENT','Enewetak',1,0),(2093,133,'EKB','Erikub',1,0),(2094,133,'JBT','Jabat',1,0),(2095,133,'JLT','Jaluit',1,0),(2096,133,'JEM','Jemo',1,0),(2097,133,'KIL','Kili',1,0),(2098,133,'KWJ','Kwajalein',1,0),(2099,133,'LAE','Lae',1,0),(2100,133,'LIB','Lib',1,0),(2101,133,'LKP','Likiep',1,0),(2102,133,'MJR','Majuro',1,0),(2103,133,'MLP','Maloelap',1,0),(2104,133,'MJT','Mejit',1,0),(2105,133,'MIL','Mili',1,0),(2106,133,'NMK','Namorik',1,0),(2107,133,'NAM','Namu',1,0),(2108,133,'RGL','Rongelap',1,0),(2109,133,'RGK','Rongrik',1,0),(2110,133,'TOK','Toke',1,0),(2111,133,'UJA','Ujae',1,0),(2112,133,'UJL','Ujelang',1,0),(2113,133,'UTK','Utirik',1,0),(2114,133,'WTH','Wotho',1,0),(2115,133,'WTJ','Wotje',1,0),(2116,135,'AD','Adrar',1,0),(2117,135,'AS','Assaba',1,0),(2118,135,'BR','Brakna',1,0),(2119,135,'DN','Dakhlet Nouadhibou',1,0),(2120,135,'GO','Gorgol',1,0),(2121,135,'GM','Guidimaka',1,0),(2122,135,'HC','Hodh Ech Chargui',1,0),(2123,135,'HG','Hodh El Gharbi',1,0),(2124,135,'IN','Inchiri',1,0),(2125,135,'TA','Tagant',1,0),(2126,135,'TZ','Tiris Zemmour',1,0),(2127,135,'TR','Trarza',1,0),(2128,135,'NO','Nouakchott',1,0),(2129,136,'BR','Beau Bassin-Rose Hill',1,0),(2130,136,'CU','Curepipe',1,0),(2131,136,'PU','Port Louis',1,0),(2132,136,'QB','Quatre Bornes',1,0),(2133,136,'VP','Vacoas-Phoenix',1,0),(2134,136,'AG','Agalega Islands',1,0),(2135,136,'CC','Cargados Carajos Shoals (Saint Brandon Islands)',1,0),(2136,136,'RO','Rodrigues',1,0),(2137,136,'BL','Black River',1,0),(2138,136,'FL','Flacq',1,0),(2139,136,'GP','Grand Port',1,0),(2140,136,'MO','Moka',1,0),(2141,136,'PA','Pamplemousses',1,0),(2142,136,'PW','Plaines Wilhems',1,0),(2143,136,'PL','Port Louis',1,0),(2144,136,'RR','Riviere du Rempart',1,0),(2145,136,'SA','Savanne',1,0),(2146,138,'BN','Baja California Norte',1,0),(2147,138,'BS','Baja California Sur',1,0),(2148,138,'CA','Campeche',1,0),(2149,138,'CI','Chiapas',1,0),(2150,138,'CH','Chihuahua',1,0),(2151,138,'CZ','Coahuila de Zaragoza',1,0),(2152,138,'CL','Colima',1,0),(2153,138,'DF','Distrito Federal',1,0),(2154,138,'DU','Durango',1,0),(2155,138,'GA','Guanajuato',1,0),(2156,138,'GE','Guerrero',1,0),(2157,138,'HI','Hidalgo',1,0),(2158,138,'JA','Jalisco',1,0),(2159,138,'ME','Mexico',1,0),(2160,138,'MI','Michoacan de Ocampo',1,0),(2161,138,'MO','Morelos',1,0),(2162,138,'NA','Nayarit',1,0),(2163,138,'NL','Nuevo Leon',1,0),(2164,138,'OA','Oaxaca',1,0),(2165,138,'PU','Puebla',1,0),(2166,138,'QA','Queretaro de Arteaga',1,0),(2167,138,'QR','Quintana Roo',1,0),(2168,138,'SA','San Luis Potosi',1,0),(2169,138,'SI','Sinaloa',1,0),(2170,138,'SO','Sonora',1,0),(2171,138,'TB','Tabasco',1,0),(2172,138,'TM','Tamaulipas',1,0),(2173,138,'TL','Tlaxcala',1,0),(2174,138,'VE','Veracruz-Llave',1,0),(2175,138,'YU','Yucatan',1,0),(2176,138,'ZA','Zacatecas',1,0),(2177,139,'C','Chuuk',1,0),(2178,139,'K','Kosrae',1,0),(2179,139,'P','Pohnpei',1,0),(2180,139,'Y','Yap',1,0),(2181,140,'GA','Gagauzia',1,0),(2182,140,'CU','Chisinau',1,0),(2183,140,'BA','Balti',1,0),(2184,140,'CA','Cahul',1,0),(2185,140,'ED','Edinet',1,0),(2186,140,'LA','Lapusna',1,0),(2187,140,'OR','Orhei',1,0),(2188,140,'SO','Soroca',1,0),(2189,140,'TI','Tighina',1,0),(2190,140,'UN','Ungheni',1,0),(2191,140,'SN','St‚nga Nistrului',1,0),(2192,141,'FV','Fontvieille',1,0),(2193,141,'LC','La Condamine',1,0),(2194,141,'MV','Monaco-Ville',1,0),(2195,141,'MC','Monte-Carlo',1,0),(2196,142,'1','Ulanbaatar',1,0),(2197,142,'035','Orhon',1,0),(2198,142,'037','Darhan uul',1,0),(2199,142,'039','Hentiy',1,0),(2200,142,'041','Hovsgol',1,0),(2201,142,'043','Hovd',1,0),(2202,142,'046','Uvs',1,0),(2203,142,'047','Tov',1,0),(2204,142,'049','Selenge',1,0),(2205,142,'051','Suhbaatar',1,0),(2206,142,'053','Omnogovi',1,0),(2207,142,'055','Ovorhangay',1,0),(2208,142,'057','Dzavhan',1,0),(2209,142,'059','DundgovL',1,0),(2210,142,'061','Dornod',1,0),(2211,142,'063','Dornogov',1,0),(2212,142,'064','Govi-Sumber',1,0),(2213,142,'065','Govi-Altay',1,0),(2214,142,'067','Bulgan',1,0),(2215,142,'069','Bayanhongor',1,0),(2216,142,'071','Bayan-Olgiy',1,0),(2217,142,'073','Arhangay',1,0),(2218,143,'A','Saint Anthony',1,0),(2219,143,'G','Saint Georges',1,0),(2220,143,'P','Saint Peter',1,0),(2221,144,'AGD','Agadir',1,0),(2222,144,'HOC','Al Hoceima',1,0),(2223,144,'AZI','Azilal',1,0),(2224,144,'BME','Beni Mellal',1,0),(2225,144,'BSL','Ben Slimane',1,0),(2226,144,'BLM','Boulemane',1,0),(2227,144,'CBL','Casablanca',1,0),(2228,144,'CHA','Chaouen',1,0),(2229,144,'EJA','El Jadida',1,0),(2230,144,'EKS','El Kelaa des Sraghna',1,0),(2231,144,'ERA','Er Rachidia',1,0),(2232,144,'ESS','Essaouira',1,0),(2233,144,'FES','Fes',1,0),(2234,144,'FIG','Figuig',1,0),(2235,144,'GLM','Guelmim',1,0),(2236,144,'IFR','Ifrane',1,0),(2237,144,'KEN','Kenitra',1,0),(2238,144,'KHM','Khemisset',1,0),(2239,144,'KHN','Khenifra',1,0),(2240,144,'KHO','Khouribga',1,0),(2241,144,'LYN','Laayoune',1,0),(2242,144,'LAR','Larache',1,0),(2243,144,'MRK','Marrakech',1,0),(2244,144,'MKN','Meknes',1,0),(2245,144,'NAD','Nador',1,0),(2246,144,'ORZ','Ouarzazate',1,0),(2247,144,'OUJ','Oujda',1,0),(2248,144,'RSA','Rabat-Sale',1,0),(2249,144,'SAF','Safi',1,0),(2250,144,'SET','Settat',1,0),(2251,144,'SKA','Sidi Kacem',1,0),(2252,144,'TGR','Tangier',1,0),(2253,144,'TAN','Tan-Tan',1,0),(2254,144,'TAO','Taounate',1,0),(2255,144,'TRD','Taroudannt',1,0),(2256,144,'TAT','Tata',1,0),(2257,144,'TAZ','Taza',1,0),(2258,144,'TET','Tetouan',1,0),(2259,144,'TIZ','Tiznit',1,0),(2260,144,'ADK','Ad Dakhla',1,0),(2261,144,'BJD','Boujdour',1,0),(2262,144,'ESM','Es Smara',1,0),(2263,145,'CD','Cabo Delgado',1,0),(2264,145,'GZ','Gaza',1,0),(2265,145,'IN','Inhambane',1,0),(2266,145,'MN','Manica',1,0),(2267,145,'MC','Maputo (city)',1,0),(2268,145,'MP','Maputo',1,0),(2269,145,'NA','Nampula',1,0),(2270,145,'NI','Niassa',1,0),(2271,145,'SO','Sofala',1,0),(2272,145,'TE','Tete',1,0),(2273,145,'ZA','Zambezia',1,0),(2274,146,'AY','Ayeyarwady',1,0),(2275,146,'BG','Bago',1,0),(2276,146,'MG','Magway',1,0),(2277,146,'MD','Mandalay',1,0),(2278,146,'SG','Sagaing',1,0),(2279,146,'TN','Tanintharyi',1,0),(2280,146,'YG','Yangon',1,0),(2281,146,'CH','Chin State',1,0),(2282,146,'KC','Kachin State',1,0),(2283,146,'KH','Kayah State',1,0),(2284,146,'KN','Kayin State',1,0),(2285,146,'MN','Mon State',1,0),(2286,146,'RK','Rakhine State',1,0),(2287,146,'SH','Shan State',1,0),(2288,147,'CA','Caprivi',1,0),(2289,147,'ER','Erongo',1,0),(2290,147,'HA','Hardap',1,0),(2291,147,'KR','Karas',1,0),(2292,147,'KV','Kavango',1,0),(2293,147,'KH','Khomas',1,0),(2294,147,'KU','Kunene',1,0),(2295,147,'OW','Ohangwena',1,0),(2296,147,'OK','Omaheke',1,0),(2297,147,'OT','Omusati',1,0),(2298,147,'ON','Oshana',1,0),(2299,147,'OO','Oshikoto',1,0),(2300,147,'OJ','Otjozondjupa',1,0),(2301,148,'AO','Aiwo',1,0),(2302,148,'AA','Anabar',1,0),(2303,148,'AT','Anetan',1,0),(2304,148,'AI','Anibare',1,0),(2305,148,'BA','Baiti',1,0),(2306,148,'BO','Boe',1,0),(2307,148,'BU','Buada',1,0),(2308,148,'DE','Denigomodu',1,0),(2309,148,'EW','Ewa',1,0),(2310,148,'IJ','Ijuw',1,0),(2311,148,'ME','Meneng',1,0),(2312,148,'NI','Nibok',1,0),(2313,148,'UA','Uaboe',1,0),(2314,148,'YA','Yaren',1,0),(2315,149,'BA','Bagmati',1,0),(2316,149,'BH','Bheri',1,0),(2317,149,'DH','Dhawalagiri',1,0),(2318,149,'GA','Gandaki',1,0),(2319,149,'JA','Janakpur',1,0),(2320,149,'KA','Karnali',1,0),(2321,149,'KO','Kosi',1,0),(2322,149,'LU','Lumbini',1,0),(2323,149,'MA','Mahakali',1,0),(2324,149,'ME','Mechi',1,0),(2325,149,'NA','Narayani',1,0),(2326,149,'RA','Rapti',1,0),(2327,149,'SA','Sagarmatha',1,0),(2328,149,'SE','Seti',1,0),(2329,150,'DR','Drenthe',1,0),(2330,150,'FL','Flevoland',1,0),(2331,150,'FR','Friesland',1,0),(2332,150,'GE','Gelderland',1,0),(2333,150,'GR','Groningen',1,0),(2334,150,'LI','Limburg',1,0),(2335,150,'NB','Noord Brabant',1,0),(2336,150,'NH','Noord Holland',1,0),(2337,150,'OV','Overijssel',1,0),(2338,150,'UT','Utrecht',1,0),(2339,150,'ZE','Zeeland',1,0),(2340,150,'ZH','Zuid Holland',1,0),(2341,152,'L','Iles Loyaute',1,0),(2342,152,'N','Nord',1,0),(2343,152,'S','Sud',1,0),(2344,153,'AUK','Auckland',1,0),(2345,153,'BOP','Bay of Plenty',1,0),(2346,153,'CAN','Canterbury',1,0),(2347,153,'COR','Coromandel',1,0),(2348,153,'GIS','Gisborne',1,0),(2349,153,'FIO','Fiordland',1,0),(2350,153,'HKB','Hawke\'s Bay',1,0),(2351,153,'MBH','Marlborough',1,0),(2352,153,'MWT','Manawatu-Wanganui',1,0),(2353,153,'MCM','Mt Cook-Mackenzie',1,0),(2354,153,'NSN','Nelson',1,0),(2355,153,'NTL','Northland',1,0),(2356,153,'OTA','Otago',1,0),(2357,153,'STL','Southland',1,0),(2358,153,'TKI','Taranaki',1,0),(2359,153,'WGN','Wellington',1,0),(2360,153,'WKO','Waikato',1,0),(2361,153,'WAI','Wairprarapa',1,0),(2362,153,'WTC','West Coast',1,0),(2363,154,'AN','Atlantico Norte',1,0),(2364,154,'AS','Atlantico Sur',1,0),(2365,154,'BO','Boaco',1,0),(2366,154,'CA','Carazo',1,0),(2367,154,'CI','Chinandega',1,0),(2368,154,'CO','Chontales',1,0),(2369,154,'ES','Esteli',1,0),(2370,154,'GR','Granada',1,0),(2371,154,'JI','Jinotega',1,0),(2372,154,'LE','Leon',1,0),(2373,154,'MD','Madriz',1,0),(2374,154,'MN','Managua',1,0),(2375,154,'MS','Masaya',1,0),(2376,154,'MT','Matagalpa',1,0),(2377,154,'NS','Nuevo Segovia',1,0),(2378,154,'RS','Rio San Juan',1,0),(2379,154,'RI','Rivas',1,0),(2380,155,'AG','Agadez',1,0),(2381,155,'DF','Diffa',1,0),(2382,155,'DS','Dosso',1,0),(2383,155,'MA','Maradi',1,0),(2384,155,'NM','Niamey',1,0),(2385,155,'TH','Tahoua',1,0),(2386,155,'TL','Tillaberi',1,0),(2387,155,'ZD','Zinder',1,0),(2388,156,'AB','Abia',1,0),(2389,156,'CT','Abuja Federal Capital Territory',1,0),(2390,156,'AD','Adamawa',1,0),(2391,156,'AK','Akwa Ibom',1,0),(2392,156,'AN','Anambra',1,0),(2393,156,'BC','Bauchi',1,0),(2394,156,'BY','Bayelsa',1,0),(2395,156,'BN','Benue',1,0),(2396,156,'BO','Borno',1,0),(2397,156,'CR','Cross River',1,0),(2398,156,'DE','Delta',1,0),(2399,156,'EB','Ebonyi',1,0),(2400,156,'ED','Edo',1,0),(2401,156,'EK','Ekiti',1,0),(2402,156,'EN','Enugu',1,0),(2403,156,'GO','Gombe',1,0),(2404,156,'IM','Imo',1,0),(2405,156,'JI','Jigawa',1,0),(2406,156,'KD','Kaduna',1,0),(2407,156,'KN','Kano',1,0),(2408,156,'KT','Katsina',1,0),(2409,156,'KE','Kebbi',1,0),(2410,156,'KO','Kogi',1,0),(2411,156,'KW','Kwara',1,0),(2412,156,'LA','Lagos',1,0),(2413,156,'NA','Nassarawa',1,0),(2414,156,'NI','Niger',1,0),(2415,156,'OG','Ogun',1,0),(2416,156,'ONG','Ondo',1,0),(2417,156,'OS','Osun',1,0),(2418,156,'OY','Oyo',1,0),(2419,156,'PL','Plateau',1,0),(2420,156,'RI','Rivers',1,0),(2421,156,'SO','Sokoto',1,0),(2422,156,'TA','Taraba',1,0),(2423,156,'YO','Yobe',1,0),(2424,156,'ZA','Zamfara',1,0),(2425,159,'N','Northern Islands',1,0),(2426,159,'R','Rota',1,0),(2427,159,'S','Saipan',1,0),(2428,159,'T','Tinian',1,0),(2429,160,'AK','Akershus',1,0),(2430,160,'AA','Aust-Agder',1,0),(2431,160,'BU','Buskerud',1,0),(2432,160,'FM','Finnmark',1,0),(2433,160,'HM','Hedmark',1,0),(2434,160,'HL','Hordaland',1,0),(2435,160,'MR','More og Romdal',1,0),(2436,160,'NT','Nord-Trondelag',1,0),(2437,160,'NL','Nordland',1,0),(2438,160,'OF','Ostfold',1,0),(2439,160,'OP','Oppland',1,0),(2440,160,'OL','Oslo',1,0),(2441,160,'RL','Rogaland',1,0),(2442,160,'ST','Sor-Trondelag',1,0),(2443,160,'SJ','Sogn og Fjordane',1,0),(2444,160,'SV','Svalbard',1,0),(2445,160,'TM','Telemark',1,0),(2446,160,'TR','Troms',1,0),(2447,160,'VA','Vest-Agder',1,0),(2448,160,'VF','Vestfold',1,0),(2449,161,'DA','Ad Dakhiliyah',1,0),(2450,161,'BA','Al Batinah',1,0),(2451,161,'WU','Al Wusta',1,0),(2452,161,'SH','Ash Sharqiyah',1,0),(2453,161,'ZA','Az Zahirah',1,0),(2454,161,'MA','Masqat',1,0),(2455,161,'MU','Musandam',1,0),(2456,161,'ZU','Zufar',1,0),(2457,162,'B','Balochistan',1,0),(2458,162,'T','Federally Administered Tribal Areas',1,0),(2459,162,'I','Islamabad Capital Territory',1,0),(2460,162,'N','North-West Frontier',1,0),(2461,162,'P','Punjab',1,0),(2462,162,'S','Sindh',1,0),(2463,163,'AM','Aimeliik',1,0),(2464,163,'AR','Airai',1,0),(2465,163,'AN','Angaur',1,0),(2466,163,'HA','Hatohobei',1,0),(2467,163,'KA','Kayangel',1,0),(2468,163,'KO','Koror',1,0),(2469,163,'ME','Melekeok',1,0),(2470,163,'NA','Ngaraard',1,0),(2471,163,'NG','Ngarchelong',1,0),(2472,163,'ND','Ngardmau',1,0),(2473,163,'NT','Ngatpang',1,0),(2474,163,'NC','Ngchesar',1,0),(2475,163,'NR','Ngeremlengui',1,0),(2476,163,'NW','Ngiwal',1,0),(2477,163,'PE','Peleliu',1,0),(2478,163,'SO','Sonsorol',1,0),(2479,164,'BT','Bocas del Toro',1,0),(2480,164,'CH','Chiriqui',1,0),(2481,164,'CC','Cocle',1,0),(2482,164,'CL','Colon',1,0),(2483,164,'DA','Darien',1,0),(2484,164,'HE','Herrera',1,0),(2485,164,'LS','Los Santos',1,0),(2486,164,'PA','Panama',1,0),(2487,164,'SB','San Blas',1,0),(2488,164,'VG','Veraguas',1,0),(2489,165,'BV','Bougainville',1,0),(2490,165,'CE','Central',1,0),(2491,165,'CH','Chimbu',1,0),(2492,165,'EH','Eastern Highlands',1,0),(2493,165,'EB','East New Britain',1,0),(2494,165,'ES','East Sepik',1,0),(2495,165,'EN','Enga',1,0),(2496,165,'GU','Gulf',1,0),(2497,165,'MD','Madang',1,0),(2498,165,'MN','Manus',1,0),(2499,165,'MB','Milne Bay',1,0),(2500,165,'MR','Morobe',1,0),(2501,165,'NC','National Capital',1,0),(2502,165,'NI','New Ireland',1,0),(2503,165,'NO','Northern',1,0),(2504,165,'SA','Sandaun',1,0),(2505,165,'SH','Southern Highlands',1,0),(2506,165,'WE','Western',1,0),(2507,165,'WH','Western Highlands',1,0),(2508,165,'WB','West New Britain',1,0),(2509,166,'AG','Alto Paraguay',1,0),(2510,166,'AN','Alto Parana',1,0),(2511,166,'AM','Amambay',1,0),(2512,166,'AS','Asuncion',1,0),(2513,166,'BO','Boqueron',1,0),(2514,166,'CG','Caaguazu',1,0),(2515,166,'CZ','Caazapa',1,0),(2516,166,'CN','Canindeyu',1,0),(2517,166,'CE','Central',1,0),(2518,166,'CC','Concepcion',1,0),(2519,166,'CD','Cordillera',1,0),(2520,166,'GU','Guaira',1,0),(2521,166,'IT','Itapua',1,0),(2522,166,'MI','Misiones',1,0),(2523,166,'NE','Neembucu',1,0),(2524,166,'PA','Paraguari',1,0),(2525,166,'PH','Presidente Hayes',1,0),(2526,166,'SP','San Pedro',1,0),(2527,167,'AM','Amazonas',1,0),(2528,167,'AN','Ancash',1,0),(2529,167,'AP','Apurimac',1,0),(2530,167,'AR','Arequipa',1,0),(2531,167,'AY','Ayacucho',1,0),(2532,167,'CJ','Cajamarca',1,0),(2533,167,'CL','Callao',1,0),(2534,167,'CU','Cusco',1,0),(2535,167,'HV','Huancavelica',1,0),(2536,167,'HO','Huanuco',1,0),(2537,167,'IC','Ica',1,0),(2538,167,'JU','Junin',1,0),(2539,167,'LD','La Libertad',1,0),(2540,167,'LY','Lambayeque',1,0),(2541,167,'LI','Lima',1,0),(2542,167,'LO','Loreto',1,0),(2543,167,'MD','Madre de Dios',1,0),(2544,167,'MO','Moquegua',1,0),(2545,167,'PA','Pasco',1,0),(2546,167,'PI','Piura',1,0),(2547,167,'PU','Puno',1,0),(2548,167,'SM','San Martin',1,0),(2549,167,'TA','Tacna',1,0),(2550,167,'TU','Tumbes',1,0),(2551,167,'UC','Ucayali',1,0),(2552,168,'ABR','Abra',1,0),(2553,168,'ANO','Agusan del Norte',1,0),(2554,168,'ASU','Agusan del Sur',1,0),(2555,168,'AKL','Aklan',1,0),(2556,168,'ALB','Albay',1,0),(2557,168,'ANT','Antique',1,0),(2558,168,'APY','Apayao',1,0),(2559,168,'AUR','Aurora',1,0),(2560,168,'BAS','Basilan',1,0),(2561,168,'BTA','Bataan',1,0),(2562,168,'BTE','Batanes',1,0),(2563,168,'BTG','Batangas',1,0),(2564,168,'BLR','Biliran',1,0),(2565,168,'BEN','Benguet',1,0),(2566,168,'BOL','Bohol',1,0),(2567,168,'BUK','Bukidnon',1,0),(2568,168,'BUL','Bulacan',1,0),(2569,168,'CAG','Cagayan',1,0),(2570,168,'CNO','Camarines Norte',1,0),(2571,168,'CSU','Camarines Sur',1,0),(2572,168,'CAM','Camiguin',1,0),(2573,168,'CAP','Capiz',1,0),(2574,168,'CAT','Catanduanes',1,0),(2575,168,'CAV','Cavite',1,0),(2576,168,'CEB','Cebu',1,0),(2577,168,'CMP','Compostela',1,0),(2578,168,'DNO','Davao del Norte',1,0),(2579,168,'DSU','Davao del Sur',1,0),(2580,168,'DOR','Davao Oriental',1,0),(2581,168,'ESA','Eastern Samar',1,0),(2582,168,'GUI','Guimaras',1,0),(2583,168,'IFU','Ifugao',1,0),(2584,168,'INO','Ilocos Norte',1,0),(2585,168,'ISU','Ilocos Sur',1,0),(2586,168,'ILO','Iloilo',1,0),(2587,168,'ISA','Isabela',1,0),(2588,168,'KAL','Kalinga',1,0),(2589,168,'LAG','Laguna',1,0),(2590,168,'LNO','Lanao del Norte',1,0),(2591,168,'LSU','Lanao del Sur',1,0),(2592,168,'UNI','La Union',1,0),(2593,168,'LEY','Leyte',1,0),(2594,168,'MAG','Maguindanao',1,0),(2595,168,'MRN','Marinduque',1,0),(2596,168,'MSB','Masbate',1,0),(2597,168,'MIC','Mindoro Occidental',1,0),(2598,168,'MIR','Mindoro Oriental',1,0),(2599,168,'MSC','Misamis Occidental',1,0),(2600,168,'MOR','Misamis Oriental',1,0),(2601,168,'MOP','Mountain',1,0),(2602,168,'NOC','Negros Occidental',1,0),(2603,168,'NOR','Negros Oriental',1,0),(2604,168,'NCT','North Cotabato',1,0),(2605,168,'NSM','Northern Samar',1,0),(2606,168,'NEC','Nueva Ecija',1,0),(2607,168,'NVZ','Nueva Vizcaya',1,0),(2608,168,'PLW','Palawan',1,0),(2609,168,'PMP','Pampanga',1,0),(2610,168,'PNG','Pangasinan',1,0),(2611,168,'QZN','Quezon',1,0),(2612,168,'QRN','Quirino',1,0),(2613,168,'RIZ','Rizal',1,0),(2614,168,'ROM','Romblon',1,0),(2615,168,'SMR','Samar',1,0),(2616,168,'SRG','Sarangani',1,0),(2617,168,'SQJ','Siquijor',1,0),(2618,168,'SRS','Sorsogon',1,0),(2619,168,'SCO','South Cotabato',1,0),(2620,168,'SLE','Southern Leyte',1,0),(2621,168,'SKU','Sultan Kudarat',1,0),(2622,168,'SLU','Sulu',1,0),(2623,168,'SNO','Surigao del Norte',1,0),(2624,168,'SSU','Surigao del Sur',1,0),(2625,168,'TAR','Tarlac',1,0),(2626,168,'TAW','Tawi-Tawi',1,0),(2627,168,'ZBL','Zambales',1,0),(2628,168,'ZNO','Zamboanga del Norte',1,0),(2629,168,'ZSU','Zamboanga del Sur',1,0),(2630,168,'ZSI','Zamboanga Sibugay',1,0),(2631,170,'DO','Dolnoslaskie',1,0),(2632,170,'KP','Kujawsko-Pomorskie',1,0),(2633,170,'LO','Lodzkie',1,0),(2634,170,'LL','Lubelskie',1,0),(2635,170,'LU','Lubuskie',1,0),(2636,170,'ML','Malopolskie',1,0),(2637,170,'MZ','Mazowieckie',1,0),(2638,170,'OP','Opolskie',1,0),(2639,170,'PP','Podkarpackie',1,0),(2640,170,'PL','Podlaskie',1,0),(2641,170,'PM','Pomorskie',1,0),(2642,170,'SL','Slaskie',1,0),(2643,170,'SW','Swietokrzyskie',1,0),(2644,170,'WM','Warminsko-Mazurskie',1,0),(2645,170,'WP','Wielkopolskie',1,0),(2646,170,'ZA','Zachodniopomorskie',1,0),(2647,198,'P','Saint Pierre',1,0),(2648,198,'M','Miquelon',1,0),(2649,171,'AC','A&ccedil;ores',1,0),(2650,171,'AV','Aveiro',1,0),(2651,171,'BE','Beja',1,0),(2652,171,'BR','Braga',1,0),(2653,171,'BA','Bragan&ccedil;a',1,0),(2654,171,'CB','Castelo Branco',1,0),(2655,171,'CO','Coimbra',1,0),(2656,171,'EV','&Eacute;vora',1,0),(2657,171,'FA','Faro',1,0),(2658,171,'GU','Guarda',1,0),(2659,171,'LE','Leiria',1,0),(2660,171,'LI','Lisboa',1,0),(2661,171,'ME','Madeira',1,0),(2662,171,'PO','Portalegre',1,0),(2663,171,'PR','Porto',1,0),(2664,171,'SA','Santar&eacute;m',1,0),(2665,171,'SE','Set&uacute;bal',1,0),(2666,171,'VC','Viana do Castelo',1,0),(2667,171,'VR','Vila Real',1,0),(2668,171,'VI','Viseu',1,0),(2669,173,'DW','Ad Dawhah',1,0),(2670,173,'GW','Al Ghuwayriyah',1,0),(2671,173,'JM','Al Jumayliyah',1,0),(2672,173,'KR','Al Khawr',1,0),(2673,173,'WK','Al Wakrah',1,0),(2674,173,'RN','Ar Rayyan',1,0),(2675,173,'JB','Jarayan al Batinah',1,0),(2676,173,'MS','Madinat ash Shamal',1,0),(2677,173,'UD','Umm Sa\'id',1,0),(2678,173,'UL','Umm Salal',1,0),(2679,175,'AB','Alba',1,0),(2680,175,'AR','Arad',1,0),(2681,175,'AG','Arges',1,0),(2682,175,'BC','Bacau',1,0),(2683,175,'BH','Bihor',1,0),(2684,175,'BN','Bistrita-Nasaud',1,0),(2685,175,'BT','Botosani',1,0),(2686,175,'BV','Brasov',1,0),(2687,175,'BR','Braila',1,0),(2688,175,'B','Bucuresti',1,0),(2689,175,'BZ','Buzau',1,0),(2690,175,'CS','Caras-Severin',1,0),(2691,175,'CL','Calarasi',1,0),(2692,175,'CJ','Cluj',1,0),(2693,175,'CT','Constanta',1,0),(2694,175,'CV','Covasna',1,0),(2695,175,'DB','Dimbovita',1,0),(2696,175,'DJ','Dolj',1,0),(2697,175,'GL','Galati',1,0),(2698,175,'GR','Giurgiu',1,0),(2699,175,'GJ','Gorj',1,0),(2700,175,'HR','Harghita',1,0),(2701,175,'HD','Hunedoara',1,0),(2702,175,'IL','Ialomita',1,0),(2703,175,'IS','Iasi',1,0),(2704,175,'IF','Ilfov',1,0),(2705,175,'MM','Maramures',1,0),(2706,175,'MH','Mehedinti',1,0),(2707,175,'MS','Mures',1,0),(2708,175,'NT','Neamt',1,0),(2709,175,'OT','Olt',1,0),(2710,175,'PH','Prahova',1,0),(2711,175,'SM','Satu-Mare',1,0),(2712,175,'SJ','Salaj',1,0),(2713,175,'SB','Sibiu',1,0),(2714,175,'SV','Suceava',1,0),(2715,175,'TR','Teleorman',1,0),(2716,175,'TM','Timis',1,0),(2717,175,'TL','Tulcea',1,0),(2718,175,'VS','Vaslui',1,0),(2719,175,'VL','Valcea',1,0),(2720,175,'VN','Vrancea',1,0),(2721,176,'AB','Abakan',1,0),(2722,176,'AG','Aginskoye',1,0),(2723,176,'AN','Anadyr',1,0),(2724,176,'AR','Arkahangelsk',1,0),(2725,176,'AS','Astrakhan',1,0),(2726,176,'BA','Barnaul',1,0),(2727,176,'BE','Belgorod',1,0),(2728,176,'BI','Birobidzhan',1,0),(2729,176,'BL','Blagoveshchensk',1,0),(2730,176,'BR','Bryansk',1,0),(2731,176,'CH','Cheboksary',1,0),(2732,176,'CL','Chelyabinsk',1,0),(2733,176,'CR','Cherkessk',1,0),(2734,176,'CI','Chita',1,0),(2735,176,'DU','Dudinka',1,0),(2736,176,'EL','Elista',1,0),(2737,176,'GO','Gomo-Altaysk',1,0),(2738,176,'GA','Gorno-Altaysk',1,0),(2739,176,'GR','Groznyy',1,0),(2740,176,'IR','Irkutsk',1,0),(2741,176,'IV','Ivanovo',1,0),(2742,176,'IZ','Izhevsk',1,0),(2743,176,'KA','Kalinigrad',1,0),(2744,176,'KL','Kaluga',1,0),(2745,176,'KS','Kasnodar',1,0),(2746,176,'KZ','Kazan',1,0),(2747,176,'KE','Kemerovo',1,0),(2748,176,'KH','Khabarovsk',1,0),(2749,176,'KM','Khanty-Mansiysk',1,0),(2750,176,'KO','Kostroma',1,0),(2751,176,'KR','Krasnodar',1,0),(2752,176,'KN','Krasnoyarsk',1,0),(2753,176,'KU','Kudymkar',1,0),(2754,176,'KG','Kurgan',1,0),(2755,176,'KK','Kursk',1,0),(2756,176,'KY','Kyzyl',1,0),(2757,176,'LI','Lipetsk',1,0),(2758,176,'MA','Magadan',1,0),(2759,176,'MK','Makhachkala',1,0),(2760,176,'MY','Maykop',1,0),(2761,176,'MO','Moscow',1,0),(2762,176,'MU','Murmansk',1,0),(2763,176,'NA','Nalchik',1,0),(2764,176,'NR','Naryan Mar',1,0),(2765,176,'NZ','Nazran',1,0),(2766,176,'NI','Nizhniy Novgorod',1,0),(2767,176,'NO','Novgorod',1,0),(2768,176,'NV','Novosibirsk',1,0),(2769,176,'OM','Omsk',1,0),(2770,176,'OR','Orel',1,0),(2771,176,'OE','Orenburg',1,0),(2772,176,'PA','Palana',1,0),(2773,176,'PE','Penza',1,0),(2774,176,'PR','Perm',1,0),(2775,176,'PK','Petropavlovsk-Kamchatskiy',1,0),(2776,176,'PT','Petrozavodsk',1,0),(2777,176,'PS','Pskov',1,0),(2778,176,'RO','Rostov-na-Donu',1,0),(2779,176,'RY','Ryazan',1,0),(2780,176,'SL','Salekhard',1,0),(2781,176,'SA','Samara',1,0),(2782,176,'SR','Saransk',1,0),(2783,176,'SV','Saratov',1,0),(2784,176,'SM','Smolensk',1,0),(2785,176,'SP','St. Petersburg',1,0),(2786,176,'ST','Stavropol',1,0),(2787,176,'SY','Syktyvkar',1,0),(2788,176,'TA','Tambov',1,0),(2789,176,'TO','Tomsk',1,0),(2790,176,'TU','Tula',1,0),(2791,176,'TR','Tura',1,0),(2792,176,'TV','Tver',1,0),(2793,176,'TY','Tyumen',1,0),(2794,176,'UF','Ufa',1,0),(2795,176,'UL','Ul\'yanovsk',1,0),(2796,176,'UU','Ulan-Ude',1,0),(2797,176,'US','Ust\'-Ordynskiy',1,0),(2798,176,'VL','Vladikavkaz',1,0),(2799,176,'VA','Vladimir',1,0),(2800,176,'VV','Vladivostok',1,0),(2801,176,'VG','Volgograd',1,0),(2802,176,'VD','Vologda',1,0),(2803,176,'VO','Voronezh',1,0),(2804,176,'VY','Vyatka',1,0),(2805,176,'YA','Yakutsk',1,0),(2806,176,'YR','Yaroslavl',1,0),(2807,176,'YE','Yekaterinburg',1,0),(2808,176,'YO','Yoshkar-Ola',1,0),(2809,177,'BU','Butare',1,0),(2810,177,'BY','Byumba',1,0),(2811,177,'CY','Cyangugu',1,0),(2812,177,'GK','Gikongoro',1,0),(2813,177,'GS','Gisenyi',1,0),(2814,177,'GT','Gitarama',1,0),(2815,177,'KG','Kibungo',1,0),(2816,177,'KY','Kibuye',1,0),(2817,177,'KR','Kigali Rurale',1,0),(2818,177,'KV','Kigali-ville',1,0),(2819,177,'RU','Ruhengeri',1,0),(2820,177,'UM','Umutara',1,0),(2821,178,'CCN','Christ Church Nichola Town',1,0),(2822,178,'SAS','Saint Anne Sandy Point',1,0),(2823,178,'SGB','Saint George Basseterre',1,0),(2824,178,'SGG','Saint George Gingerland',1,0),(2825,178,'SJW','Saint James Windward',1,0),(2826,178,'SJC','Saint John Capesterre',1,0),(2827,178,'SJF','Saint John Figtree',1,0),(2828,178,'SMC','Saint Mary Cayon',1,0),(2829,178,'CAP','Saint Paul Capesterre',1,0),(2830,178,'CHA','Saint Paul Charlestown',1,0),(2831,178,'SPB','Saint Peter Basseterre',1,0),(2832,178,'STL','Saint Thomas Lowland',1,0),(2833,178,'STM','Saint Thomas Middle Island',1,0),(2834,178,'TPP','Trinity Palmetto Point',1,0),(2835,179,'AR','Anse-la-Raye',1,0),(2836,179,'CA','Castries',1,0),(2837,179,'CH','Choiseul',1,0),(2838,179,'DA','Dauphin',1,0),(2839,179,'DE','Dennery',1,0),(2840,179,'GI','Gros-Islet',1,0),(2841,179,'LA','Laborie',1,0),(2842,179,'MI','Micoud',1,0),(2843,179,'PR','Praslin',1,0),(2844,179,'SO','Soufriere',1,0),(2845,179,'VF','Vieux-Fort',1,0),(2846,180,'C','Charlotte',1,0),(2847,180,'R','Grenadines',1,0),(2848,180,'A','Saint Andrew',1,0),(2849,180,'D','Saint David',1,0),(2850,180,'G','Saint George',1,0),(2851,180,'P','Saint Patrick',1,0),(2852,181,'AN','A\'ana',1,0),(2853,181,'AI','Aiga-i-le-Tai',1,0),(2854,181,'AT','Atua',1,0),(2855,181,'FA','Fa\'asaleleaga',1,0),(2856,181,'GE','Gaga\'emauga',1,0),(2857,181,'GF','Gagaifomauga',1,0),(2858,181,'PA','Palauli',1,0),(2859,181,'SA','Satupa\'itea',1,0),(2860,181,'TU','Tuamasaga',1,0),(2861,181,'VF','Va\'a-o-Fonoti',1,0),(2862,181,'VS','Vaisigano',1,0),(2863,182,'AC','Acquaviva',1,0),(2864,182,'BM','Borgo Maggiore',1,0),(2865,182,'CH','Chiesanuova',1,0),(2866,182,'DO','Domagnano',1,0),(2867,182,'FA','Faetano',1,0),(2868,182,'FI','Fiorentino',1,0),(2869,182,'MO','Montegiardino',1,0),(2870,182,'SM','Citta di San Marino',1,0),(2871,182,'SE','Serravalle',1,0),(2872,183,'S','Sao Tome',1,0),(2873,183,'P','Principe',1,0),(2874,184,'BH','Al Bahah',1,0),(2875,184,'HS','Al Hudud ash Shamaliyah',1,0),(2876,184,'JF','Al Jawf',1,0),(2877,184,'MD','Al Madinah',1,0),(2878,184,'QS','Al Qasim',1,0),(2879,184,'RD','Ar Riyad',1,0),(2880,184,'AQ','Ash Sharqiyah (Eastern)',1,0),(2881,184,'AS','\'Asir',1,0),(2882,184,'HL','Ha\'il',1,0),(2883,184,'JZ','Jizan',1,0),(2884,184,'ML','Makkah',1,0),(2885,184,'NR','Najran',1,0),(2886,184,'TB','Tabuk',1,0),(2887,185,'DA','Dakar',1,0),(2888,185,'DI','Diourbel',1,0),(2889,185,'FA','Fatick',1,0),(2890,185,'KA','Kaolack',1,0),(2891,185,'KO','Kolda',1,0),(2892,185,'LO','Louga',1,0),(2893,185,'MA','Matam',1,0),(2894,185,'SL','Saint-Louis',1,0),(2895,185,'TA','Tambacounda',1,0),(2896,185,'TH','Thies',1,0),(2897,185,'ZI','Ziguinchor',1,0),(2898,186,'AP','Anse aux Pins',1,0),(2899,186,'AB','Anse Boileau',1,0),(2900,186,'AE','Anse Etoile',1,0),(2901,186,'AL','Anse Louis',1,0),(2902,186,'AR','Anse Royale',1,0),(2903,186,'BL','Baie Lazare',1,0),(2904,186,'BS','Baie Sainte Anne',1,0),(2905,186,'BV','Beau Vallon',1,0),(2906,186,'BA','Bel Air',1,0),(2907,186,'BO','Bel Ombre',1,0),(2908,186,'CA','Cascade',1,0),(2909,186,'GL','Glacis',1,0),(2910,186,'GM','Grand\' Anse (on Mahe)',1,0),(2911,186,'GP','Grand\' Anse (on Praslin)',1,0),(2912,186,'DG','La Digue',1,0),(2913,186,'RA','La Riviere Anglaise',1,0),(2914,186,'MB','Mont Buxton',1,0),(2915,186,'MF','Mont Fleuri',1,0),(2916,186,'PL','Plaisance',1,0),(2917,186,'PR','Pointe La Rue',1,0),(2918,186,'PG','Port Glaud',1,0),(2919,186,'SL','Saint Louis',1,0),(2920,186,'TA','Takamaka',1,0),(2921,187,'E','Eastern',1,0),(2922,187,'N','Northern',1,0),(2923,187,'S','Southern',1,0),(2924,187,'W','Western',1,0),(2925,189,'BA','Banskobystrický',1,0),(2926,189,'BR','Bratislavský',1,0),(2927,189,'KO','Košický',1,0),(2928,189,'NI','Nitriansky',1,0),(2929,189,'PR','Prešovský',1,0),(2930,189,'TC','Trenčiansky',1,0),(2931,189,'TV','Trnavský',1,0),(2932,189,'ZI','Žilinský',1,0),(2933,191,'CE','Central',1,0),(2934,191,'CH','Choiseul',1,0),(2935,191,'GC','Guadalcanal',1,0),(2936,191,'HO','Honiara',1,0),(2937,191,'IS','Isabel',1,0),(2938,191,'MK','Makira',1,0),(2939,191,'ML','Malaita',1,0),(2940,191,'RB','Rennell and Bellona',1,0),(2941,191,'TM','Temotu',1,0),(2942,191,'WE','Western',1,0),(2943,192,'AW','Awdal',1,0),(2944,192,'BK','Bakool',1,0),(2945,192,'BN','Banaadir',1,0),(2946,192,'BR','Bari',1,0),(2947,192,'BY','Bay',1,0),(2948,192,'GA','Galguduud',1,0),(2949,192,'GE','Gedo',1,0),(2950,192,'HI','Hiiraan',1,0),(2951,192,'JD','Jubbada Dhexe',1,0),(2952,192,'JH','Jubbada Hoose',1,0),(2953,192,'MU','Mudug',1,0),(2954,192,'NU','Nugaal',1,0),(2955,192,'SA','Sanaag',1,0),(2956,192,'SD','Shabeellaha Dhexe',1,0),(2957,192,'SH','Shabeellaha Hoose',1,0),(2958,192,'SL','Sool',1,0),(2959,192,'TO','Togdheer',1,0),(2960,192,'WG','Woqooyi Galbeed',1,0),(2961,193,'EC','Eastern Cape',1,0),(2962,193,'FS','Free State',1,0),(2963,193,'GT','Gauteng',1,0),(2964,193,'KN','KwaZulu-Natal',1,0),(2965,193,'LP','Limpopo',1,0),(2966,193,'MP','Mpumalanga',1,0),(2967,193,'NW','North West',1,0),(2968,193,'NC','Northern Cape',1,0),(2969,193,'WC','Western Cape',1,0),(2970,195,'CA','La Coru&ntilde;a',1,0),(2971,195,'AL','&Aacute;lava',1,0),(2972,195,'AB','Albacete',1,0),(2973,195,'AC','Alicante',1,0),(2974,195,'AM','Almeria',1,0),(2975,195,'AS','Asturias',1,0),(2976,195,'AV','&Aacute;vila',1,0),(2977,195,'BJ','Badajoz',1,0),(2978,195,'IB','Baleares',1,0),(2979,195,'BA','Barcelona',1,0),(2980,195,'BU','Burgos',1,0),(2981,195,'CC','C&aacute;ceres',1,0),(2982,195,'CZ','C&aacute;diz',1,0),(2983,195,'CT','Cantabria',1,0),(2984,195,'CL','Castell&oacute;n',1,0),(2985,195,'CE','Ceuta',1,0),(2986,195,'CR','Ciudad Real',1,0),(2987,195,'CD','C&oacute;rdoba',1,0),(2988,195,'CU','Cuenca',1,0),(2989,195,'GI','Girona',1,0),(2990,195,'GD','Granada',1,0),(2991,195,'GJ','Guadalajara',1,0),(2992,195,'GP','Guip&uacute;zcoa',1,0),(2993,195,'HL','Huelva',1,0),(2994,195,'HS','Huesca',1,0),(2995,195,'JN','Ja&eacute;n',1,0),(2996,195,'RJ','La Rioja',1,0),(2997,195,'PM','Las Palmas',1,0),(2998,195,'LE','Leon',1,0),(2999,195,'LL','Lleida',1,0),(3000,195,'LG','Lugo',1,0),(3001,195,'MD','Madrid',1,0),(3002,195,'MA','Malaga',1,0),(3003,195,'ML','Melilla',1,0),(3004,195,'MU','Murcia',1,0),(3005,195,'NV','Navarra',1,0),(3006,195,'OU','Ourense',1,0),(3007,195,'PL','Palencia',1,0),(3008,195,'PO','Pontevedra',1,0),(3009,195,'SL','Salamanca',1,0),(3010,195,'SC','Santa Cruz de Tenerife',1,0),(3011,195,'SG','Segovia',1,0),(3012,195,'SV','Sevilla',1,0),(3013,195,'SO','Soria',1,0),(3014,195,'TA','Tarragona',1,0),(3015,195,'TE','Teruel',1,0),(3016,195,'TO','Toledo',1,0),(3017,195,'VC','Valencia',1,0),(3018,195,'VD','Valladolid',1,0),(3019,195,'VZ','Vizcaya',1,0),(3020,195,'ZM','Zamora',1,0),(3021,195,'ZR','Zaragoza',1,0),(3022,196,'CE','Central',1,0),(3023,196,'EA','Eastern',1,0),(3024,196,'NC','North Central',1,0),(3025,196,'NO','Northern',1,0),(3026,196,'NW','North Western',1,0),(3027,196,'SA','Sabaragamuwa',1,0),(3028,196,'SO','Southern',1,0),(3029,196,'UV','Uva',1,0),(3030,196,'WE','Western',1,0),(3031,197,'A','Ascension',1,0),(3032,197,'S','Saint Helena',1,0),(3033,197,'T','Tristan da Cunha',1,0),(3034,199,'ANL','A\'ali an Nil',1,0),(3035,199,'BAM','Al Bahr al Ahmar',1,0),(3036,199,'BRT','Al Buhayrat',1,0),(3037,199,'JZR','Al Jazirah',1,0),(3038,199,'KRT','Al Khartum',1,0),(3039,199,'QDR','Al Qadarif',1,0),(3040,199,'WDH','Al Wahdah',1,0),(3041,199,'ANB','An Nil al Abyad',1,0),(3042,199,'ANZ','An Nil al Azraq',1,0),(3043,199,'ASH','Ash Shamaliyah',1,0),(3044,199,'BJA','Bahr al Jabal',1,0),(3045,199,'GIS','Gharb al Istiwa\'iyah',1,0),(3046,199,'GBG','Gharb Bahr al Ghazal',1,0),(3047,199,'GDA','Gharb Darfur',1,0),(3048,199,'GKU','Gharb Kurdufan',1,0),(3049,199,'JDA','Janub Darfur',1,0),(3050,199,'JKU','Janub Kurdufan',1,0),(3051,199,'JQL','Junqali',1,0),(3052,199,'KSL','Kassala',1,0),(3053,199,'NNL','Nahr an Nil',1,0),(3054,199,'SBG','Shamal Bahr al Ghazal',1,0),(3055,199,'SDA','Shamal Darfur',1,0),(3056,199,'SKU','Shamal Kurdufan',1,0),(3057,199,'SIS','Sharq al Istiwa\'iyah',1,0),(3058,199,'SNR','Sinnar',1,0),(3059,199,'WRB','Warab',1,0),(3060,200,'BR','Brokopondo',1,0),(3061,200,'CM','Commewijne',1,0),(3062,200,'CR','Coronie',1,0),(3063,200,'MA','Marowijne',1,0),(3064,200,'NI','Nickerie',1,0),(3065,200,'PA','Para',1,0),(3066,200,'PM','Paramaribo',1,0),(3067,200,'SA','Saramacca',1,0),(3068,200,'SI','Sipaliwini',1,0),(3069,200,'WA','Wanica',1,0),(3070,202,'H','Hhohho',1,0),(3071,202,'L','Lubombo',1,0),(3072,202,'M','Manzini',1,0),(3073,202,'S','Shishelweni',1,0),(3074,203,'K','Blekinge',1,0),(3075,203,'W','Dalama',1,0),(3076,203,'X','G&auml;vleborg',1,0),(3077,203,'I','Gotland',1,0),(3078,203,'N','Halland',1,0),(3079,203,'Z','J&auml;mtland',1,0),(3080,203,'F','J&ouml;nk&ouml;ping',1,0),(3081,203,'H','Kalmar',1,0),(3082,203,'G','Kronoberg',1,0),(3083,203,'BD','Norrbotten',1,0),(3084,203,'T','&Ouml;rebro',1,0),(3085,203,'E','&Ouml;sterg&ouml;tland',1,0),(3086,203,'M','Sk&aring;ne',1,0),(3087,203,'D','S&ouml;dermanland',1,0),(3088,203,'AB','Stockholm',1,0),(3089,203,'C','Uppsala',1,0),(3090,203,'S','V&auml;rmland',1,0),(3091,203,'AC','V&auml;sterbotten',1,0),(3092,203,'Y','V&auml;sternorrland',1,0),(3093,203,'U','V&auml;stmanland',1,0),(3094,203,'O','V&auml;stra G&ouml;taland',1,0),(3095,204,'AG','Aargau',1,0),(3096,204,'AR','Appenzell Ausserrhoden',1,0),(3097,204,'AI','Appenzell Innerrhoden',1,0),(3098,204,'BS','Basel-Stadt',1,0),(3099,204,'BL','Basel-Landschaft',1,0),(3100,204,'BE','Bern',1,0),(3101,204,'FR','Fribourg',1,0),(3102,204,'GE','Gen&egrave;ve',1,0),(3103,204,'GL','Glarus',1,0),(3104,204,'GR','Graub&uuml;nden',1,0),(3105,204,'JU','Jura',1,0),(3106,204,'LU','Luzern',1,0),(3107,204,'NE','Neuch&acirc;tel',1,0),(3108,204,'NW','Nidwald',1,0),(3109,204,'OW','Obwald',1,0),(3110,204,'SG','St. Gallen',1,0),(3111,204,'SH','Schaffhausen',1,0),(3112,204,'SZ','Schwyz',1,0),(3113,204,'SO','Solothurn',1,0),(3114,204,'TG','Thurgau',1,0),(3115,204,'TI','Ticino',1,0),(3116,204,'UR','Uri',1,0),(3117,204,'VS','Valais',1,0),(3118,204,'VD','Vaud',1,0),(3119,204,'ZG','Zug',1,0),(3120,204,'ZH','Z&uuml;rich',1,0),(3121,205,'HA','Al Hasakah',1,0),(3122,205,'LA','Al Ladhiqiyah',1,0),(3123,205,'QU','Al Qunaytirah',1,0),(3124,205,'RQ','Ar Raqqah',1,0),(3125,205,'SU','As Suwayda',1,0),(3126,205,'DA','Dara',1,0),(3127,205,'DZ','Dayr az Zawr',1,0),(3128,205,'DI','Dimashq',1,0),(3129,205,'HL','Halab',1,0),(3130,205,'HM','Hamah',1,0),(3131,205,'HI','Hims',1,0),(3132,205,'ID','Idlib',1,0),(3133,205,'RD','Rif Dimashq',1,0),(3134,205,'TA','Tartus',1,0),(3135,206,'CH','Chang-hua',1,0),(3136,206,'CI','Chia-i',1,0),(3137,206,'HS','Hsin-chu',1,0),(3138,206,'HL','Hua-lien',1,0),(3139,206,'IL','I-lan',1,0),(3140,206,'KH','Kao-hsiung county',1,0),(3141,206,'KM','Kin-men',1,0),(3142,206,'LC','Lien-chiang',1,0),(3143,206,'ML','Miao-li',1,0),(3144,206,'NT','Nan-t\'ou',1,0),(3145,206,'PH','P\'eng-hu',1,0),(3146,206,'PT','P\'ing-tung',1,0),(3147,206,'TG','T\'ai-chung',1,0),(3148,206,'TA','T\'ai-nan',1,0),(3149,206,'TP','T\'ai-pei county',1,0),(3150,206,'TT','T\'ai-tung',1,0),(3151,206,'TY','T\'ao-yuan',1,0),(3152,206,'YL','Yun-lin',1,0),(3153,206,'CC','Chia-i city',1,0),(3154,206,'CL','Chi-lung',1,0),(3155,206,'HC','Hsin-chu',1,0),(3156,206,'TH','T\'ai-chung',1,0),(3157,206,'TN','T\'ai-nan',1,0),(3158,206,'KC','Kao-hsiung city',1,0),(3159,206,'TC','T\'ai-pei city',1,0),(3160,207,'GB','Gorno-Badakhstan',1,0),(3161,207,'KT','Khatlon',1,0),(3162,207,'SU','Sughd',1,0),(3163,208,'AR','Arusha',1,0),(3164,208,'DS','Dar es Salaam',1,0),(3165,208,'DO','Dodoma',1,0),(3166,208,'IR','Iringa',1,0),(3167,208,'KA','Kagera',1,0),(3168,208,'KI','Kigoma',1,0),(3169,208,'KJ','Kilimanjaro',1,0),(3170,208,'LN','Lindi',1,0),(3171,208,'MY','Manyara',1,0),(3172,208,'MR','Mara',1,0),(3173,208,'MB','Mbeya',1,0),(3174,208,'MO','Morogoro',1,0),(3175,208,'MT','Mtwara',1,0),(3176,208,'MW','Mwanza',1,0),(3177,208,'PN','Pemba North',1,0),(3178,208,'PS','Pemba South',1,0),(3179,208,'PW','Pwani',1,0),(3180,208,'RK','Rukwa',1,0),(3181,208,'RV','Ruvuma',1,0),(3182,208,'SH','Shinyanga',1,0),(3183,208,'SI','Singida',1,0),(3184,208,'TB','Tabora',1,0),(3185,208,'TN','Tanga',1,0),(3186,208,'ZC','Zanzibar Central/South',1,0),(3187,208,'ZN','Zanzibar North',1,0),(3188,208,'ZU','Zanzibar Urban/West',1,0),(3189,209,'Amnat Charoen','Amnat Charoen',1,0),(3190,209,'Ang Thong','Ang Thong',1,0),(3191,209,'Ayutthaya','Ayutthaya',1,0),(3192,209,'Bangkok','Bangkok',1,0),(3193,209,'Buriram','Buriram',1,0),(3194,209,'Chachoengsao','Chachoengsao',1,0),(3195,209,'Chai Nat','Chai Nat',1,0),(3196,209,'Chaiyaphum','Chaiyaphum',1,0),(3197,209,'Chanthaburi','Chanthaburi',1,0),(3198,209,'Chiang Mai','Chiang Mai',1,0),(3199,209,'Chiang Rai','Chiang Rai',1,0),(3200,209,'Chon Buri','Chon Buri',1,0),(3201,209,'Chumphon','Chumphon',1,0),(3202,209,'Kalasin','Kalasin',1,0),(3203,209,'Kamphaeng Phet','Kamphaeng Phet',1,0),(3204,209,'Kanchanaburi','Kanchanaburi',1,0),(3205,209,'Khon Kaen','Khon Kaen',1,0),(3206,209,'Krabi','Krabi',1,0),(3207,209,'Lampang','Lampang',1,0),(3208,209,'Lamphun','Lamphun',1,0),(3209,209,'Loei','Loei',1,0),(3210,209,'Lop Buri','Lop Buri',1,0),(3211,209,'Mae Hong Son','Mae Hong Son',1,0),(3212,209,'Maha Sarakham','Maha Sarakham',1,0),(3213,209,'Mukdahan','Mukdahan',1,0),(3214,209,'Nakhon Nayok','Nakhon Nayok',1,0),(3215,209,'Nakhon Pathom','Nakhon Pathom',1,0),(3216,209,'Nakhon Phanom','Nakhon Phanom',1,0),(3217,209,'Nakhon Ratchasima','Nakhon Ratchasima',1,0),(3218,209,'Nakhon Sawan','Nakhon Sawan',1,0),(3219,209,'Nakhon Si Thammarat','Nakhon Si Thammarat',1,0),(3220,209,'Nan','Nan',1,0),(3221,209,'Narathiwat','Narathiwat',1,0),(3222,209,'Nong Bua Lamphu','Nong Bua Lamphu',1,0),(3223,209,'Nong Khai','Nong Khai',1,0),(3224,209,'Nonthaburi','Nonthaburi',1,0),(3225,209,'Pathum Thani','Pathum Thani',1,0),(3226,209,'Pattani','Pattani',1,0),(3227,209,'Phangnga','Phangnga',1,0),(3228,209,'Phatthalung','Phatthalung',1,0),(3229,209,'Phayao','Phayao',1,0),(3230,209,'Phetchabun','Phetchabun',1,0),(3231,209,'Phetchaburi','Phetchaburi',1,0),(3232,209,'Phichit','Phichit',1,0),(3233,209,'Phitsanulok','Phitsanulok',1,0),(3234,209,'Phrae','Phrae',1,0),(3235,209,'Phuket','Phuket',1,0),(3236,209,'Prachin Buri','Prachin Buri',1,0),(3237,209,'Prachuap Khiri Khan','Prachuap Khiri Khan',1,0),(3238,209,'Ranong','Ranong',1,0),(3239,209,'Ratchaburi','Ratchaburi',1,0),(3240,209,'Rayong','Rayong',1,0),(3241,209,'Roi Et','Roi Et',1,0),(3242,209,'Sa Kaeo','Sa Kaeo',1,0),(3243,209,'Sakon Nakhon','Sakon Nakhon',1,0),(3244,209,'Samut Prakan','Samut Prakan',1,0),(3245,209,'Samut Sakhon','Samut Sakhon',1,0),(3246,209,'Samut Songkhram','Samut Songkhram',1,0),(3247,209,'Sara Buri','Sara Buri',1,0),(3248,209,'Satun','Satun',1,0),(3249,209,'Sing Buri','Sing Buri',1,0),(3250,209,'Sisaket','Sisaket',1,0),(3251,209,'Songkhla','Songkhla',1,0),(3252,209,'Sukhothai','Sukhothai',1,0),(3253,209,'Suphan Buri','Suphan Buri',1,0),(3254,209,'Surat Thani','Surat Thani',1,0),(3255,209,'Surin','Surin',1,0),(3256,209,'Tak','Tak',1,0),(3257,209,'Trang','Trang',1,0),(3258,209,'Trat','Trat',1,0),(3259,209,'Ubon Ratchathani','Ubon Ratchathani',1,0),(3260,209,'Udon Thani','Udon Thani',1,0),(3261,209,'Uthai Thani','Uthai Thani',1,0),(3262,209,'Uttaradit','Uttaradit',1,0),(3263,209,'Yala','Yala',1,0),(3264,209,'Yasothon','Yasothon',1,0),(3265,210,'K','Kara',1,0),(3266,210,'P','Plateaux',1,0),(3267,210,'S','Savanes',1,0),(3268,210,'C','Centrale',1,0),(3269,210,'M','Maritime',1,0),(3270,211,'A','Atafu',1,0),(3271,211,'F','Fakaofo',1,0),(3272,211,'N','Nukunonu',1,0),(3273,212,'H','Ha\'apai',1,0),(3274,212,'T','Tongatapu',1,0),(3275,212,'V','Vava\'u',1,0),(3276,213,'CT','Couva/Tabaquite/Talparo',1,0),(3277,213,'DM','Diego Martin',1,0),(3278,213,'MR','Mayaro/Rio Claro',1,0),(3279,213,'PD','Penal/Debe',1,0),(3280,213,'PT','Princes Town',1,0),(3281,213,'SG','Sangre Grande',1,0),(3282,213,'SL','San Juan/Laventille',1,0),(3283,213,'SI','Siparia',1,0),(3284,213,'TP','Tunapuna/Piarco',1,0),(3285,213,'PS','Port of Spain',1,0),(3286,213,'SF','San Fernando',1,0),(3287,213,'AR','Arima',1,0),(3288,213,'PF','Point Fortin',1,0),(3289,213,'CH','Chaguanas',1,0),(3290,213,'TO','Tobago',1,0),(3291,214,'AR','Ariana',1,0),(3292,214,'BJ','Beja',1,0),(3293,214,'BA','Ben Arous',1,0),(3294,214,'BI','Bizerte',1,0),(3295,214,'GB','Gabes',1,0),(3296,214,'GF','Gafsa',1,0),(3297,214,'JE','Jendouba',1,0),(3298,214,'KR','Kairouan',1,0),(3299,214,'KS','Kasserine',1,0),(3300,214,'KB','Kebili',1,0),(3301,214,'KF','Kef',1,0),(3302,214,'MH','Mahdia',1,0),(3303,214,'MN','Manouba',1,0),(3304,214,'ME','Medenine',1,0),(3305,214,'MO','Monastir',1,0),(3306,214,'NA','Nabeul',1,0),(3307,214,'SF','Sfax',1,0),(3308,214,'SD','Sidi',1,0),(3309,214,'SL','Siliana',1,0),(3310,214,'SO','Sousse',1,0),(3311,214,'TA','Tataouine',1,0),(3312,214,'TO','Tozeur',1,0),(3313,214,'TU','Tunis',1,0),(3314,214,'ZA','Zaghouan',1,0),(3315,215,'ADA','Adana',1,0),(3316,215,'ADI','Adiyaman',1,0),(3317,215,'AFY','Afyonkarahisar',1,0),(3318,215,'AGR','Agri',1,0),(3319,215,'AKS','Aksaray',1,0),(3320,215,'AMA','Amasya',1,0),(3321,215,'ANK','Ankara',1,0),(3322,215,'ANT','Antalya',1,0),(3323,215,'ARD','Ardahan',1,0),(3324,215,'ART','Artvin',1,0),(3325,215,'AYI','Aydin',1,0),(3326,215,'BAL','Balikesir',1,0),(3327,215,'BAR','Bartin',1,0),(3328,215,'BAT','Batman',1,0),(3329,215,'BAY','Bayburt',1,0),(3330,215,'BIL','Bilecik',1,0),(3331,215,'BIN','Bingol',1,0),(3332,215,'BIT','Bitlis',1,0),(3333,215,'BOL','Bolu',1,0),(3334,215,'BRD','Burdur',1,0),(3335,215,'BRS','Bursa',1,0),(3336,215,'CKL','Canakkale',1,0),(3337,215,'CKR','Cankiri',1,0),(3338,215,'COR','Corum',1,0),(3339,215,'DEN','Denizli',1,0),(3340,215,'DIY','Diyarbakir',1,0),(3341,215,'DUZ','Duzce',1,0),(3342,215,'EDI','Edirne',1,0),(3343,215,'ELA','Elazig',1,0),(3344,215,'EZC','Erzincan',1,0),(3345,215,'EZR','Erzurum',1,0),(3346,215,'ESK','Eskisehir',1,0),(3347,215,'GAZ','Gaziantep',1,0),(3348,215,'GIR','Giresun',1,0),(3349,215,'GMS','Gumushane',1,0),(3350,215,'HKR','Hakkari',1,0),(3351,215,'HTY','Hatay',1,0),(3352,215,'IGD','Igdir',1,0),(3353,215,'ISP','Isparta',1,0),(3354,215,'IST','Istanbul',1,0),(3355,215,'IZM','Izmir',1,0),(3356,215,'KAH','Kahramanmaras',1,0),(3357,215,'KRB','Karabuk',1,0),(3358,215,'KRM','Karaman',1,0),(3359,215,'KRS','Kars',1,0),(3360,215,'KAS','Kastamonu',1,0),(3361,215,'KAY','Kayseri',1,0),(3362,215,'KLS','Kilis',1,0),(3363,215,'KRK','Kirikkale',1,0),(3364,215,'KLR','Kirklareli',1,0),(3365,215,'KRH','Kirsehir',1,0),(3366,215,'KOC','Kocaeli',1,0),(3367,215,'KON','Konya',1,0),(3368,215,'KUT','Kutahya',1,0),(3369,215,'MAL','Malatya',1,0),(3370,215,'MAN','Manisa',1,0),(3371,215,'MAR','Mardin',1,0),(3372,215,'MER','Mersin',1,0),(3373,215,'MUG','Mugla',1,0),(3374,215,'MUS','Mus',1,0),(3375,215,'NEV','Nevsehir',1,0),(3376,215,'NIG','Nigde',1,0),(3377,215,'ORD','Ordu',1,0),(3378,215,'OSM','Osmaniye',1,0),(3379,215,'RIZ','Rize',1,0),(3380,215,'SAK','Sakarya',1,0),(3381,215,'SAM','Samsun',1,0),(3382,215,'SAN','Sanliurfa',1,0),(3383,215,'SII','Siirt',1,0),(3384,215,'SIN','Sinop',1,0),(3385,215,'SIR','Sirnak',1,0),(3386,215,'SIV','Sivas',1,0),(3387,215,'TEL','Tekirdag',1,0),(3388,215,'TOK','Tokat',1,0),(3389,215,'TRA','Trabzon',1,0),(3390,215,'TUN','Tunceli',1,0),(3391,215,'USK','Usak',1,0),(3392,215,'VAN','Van',1,0),(3393,215,'YAL','Yalova',1,0),(3394,215,'YOZ','Yozgat',1,0),(3395,215,'ZON','Zonguldak',1,0),(3396,216,'A','Ahal Welayaty',1,0),(3397,216,'B','Balkan Welayaty',1,0),(3398,216,'D','Dashhowuz Welayaty',1,0),(3399,216,'L','Lebap Welayaty',1,0),(3400,216,'M','Mary Welayaty',1,0),(3401,217,'AC','Ambergris Cays',1,0),(3402,217,'DC','Dellis Cay',1,0),(3403,217,'FC','French Cay',1,0),(3404,217,'LW','Little Water Cay',1,0),(3405,217,'RC','Parrot Cay',1,0),(3406,217,'PN','Pine Cay',1,0),(3407,217,'SL','Salt Cay',1,0),(3408,217,'GT','Grand Turk',1,0),(3409,217,'SC','South Caicos',1,0),(3410,217,'EC','East Caicos',1,0),(3411,217,'MC','Middle Caicos',1,0),(3412,217,'NC','North Caicos',1,0),(3413,217,'PR','Providenciales',1,0),(3414,217,'WC','West Caicos',1,0),(3415,218,'NMG','Nanumanga',1,0),(3416,218,'NLK','Niulakita',1,0),(3417,218,'NTO','Niutao',1,0),(3418,218,'FUN','Funafuti',1,0),(3419,218,'NME','Nanumea',1,0),(3420,218,'NUI','Nui',1,0),(3421,218,'NFT','Nukufetau',1,0),(3422,218,'NLL','Nukulaelae',1,0),(3423,218,'VAI','Vaitupu',1,0),(3424,219,'KAL','Kalangala',1,0),(3425,219,'KMP','Kampala',1,0),(3426,219,'KAY','Kayunga',1,0),(3427,219,'KIB','Kiboga',1,0),(3428,219,'LUW','Luwero',1,0),(3429,219,'MAS','Masaka',1,0),(3430,219,'MPI','Mpigi',1,0),(3431,219,'MUB','Mubende',1,0),(3432,219,'MUK','Mukono',1,0),(3433,219,'NKS','Nakasongola',1,0),(3434,219,'RAK','Rakai',1,0),(3435,219,'SEM','Sembabule',1,0),(3436,219,'WAK','Wakiso',1,0),(3437,219,'BUG','Bugiri',1,0),(3438,219,'BUS','Busia',1,0),(3439,219,'IGA','Iganga',1,0),(3440,219,'JIN','Jinja',1,0),(3441,219,'KAB','Kaberamaido',1,0),(3442,219,'KML','Kamuli',1,0),(3443,219,'KPC','Kapchorwa',1,0),(3444,219,'KTK','Katakwi',1,0),(3445,219,'KUM','Kumi',1,0),(3446,219,'MAY','Mayuge',1,0),(3447,219,'MBA','Mbale',1,0),(3448,219,'PAL','Pallisa',1,0),(3449,219,'SIR','Sironko',1,0),(3450,219,'SOR','Soroti',1,0),(3451,219,'TOR','Tororo',1,0),(3452,219,'ADJ','Adjumani',1,0),(3453,219,'APC','Apac',1,0),(3454,219,'ARU','Arua',1,0),(3455,219,'GUL','Gulu',1,0),(3456,219,'KIT','Kitgum',1,0),(3457,219,'KOT','Kotido',1,0),(3458,219,'LIR','Lira',1,0),(3459,219,'MRT','Moroto',1,0),(3460,219,'MOY','Moyo',1,0),(3461,219,'NAK','Nakapiripirit',1,0),(3462,219,'NEB','Nebbi',1,0),(3463,219,'PAD','Pader',1,0),(3464,219,'YUM','Yumbe',1,0),(3465,219,'BUN','Bundibugyo',1,0),(3466,219,'BSH','Bushenyi',1,0),(3467,219,'HOI','Hoima',1,0),(3468,219,'KBL','Kabale',1,0),(3469,219,'KAR','Kabarole',1,0),(3470,219,'KAM','Kamwenge',1,0),(3471,219,'KAN','Kanungu',1,0),(3472,219,'KAS','Kasese',1,0),(3473,219,'KBA','Kibaale',1,0),(3474,219,'KIS','Kisoro',1,0),(3475,219,'KYE','Kyenjojo',1,0),(3476,219,'MSN','Masindi',1,0),(3477,219,'MBR','Mbarara',1,0),(3478,219,'NTU','Ntungamo',1,0),(3479,219,'RUK','Rukungiri',1,0),(3480,220,'CK','Cherkasy',1,0),(3481,220,'CH','Chernihiv',1,0),(3482,220,'CV','Chernivtsi',1,0),(3483,220,'CR','Crimea',1,0),(3484,220,'DN','Dnipropetrovs\'k',1,0),(3485,220,'DO','Donets\'k',1,0),(3486,220,'IV','Ivano-Frankivs\'k',1,0),(3487,220,'KL','Kharkiv Kherson',1,0),(3488,220,'KM','Khmel\'nyts\'kyy',1,0),(3489,220,'KR','Kirovohrad',1,0),(3490,220,'KV','Kiev',1,0),(3491,220,'KY','Kyyiv',1,0),(3492,220,'LU','Luhans\'k',1,0),(3493,220,'LV','L\'viv',1,0),(3494,220,'MY','Mykolayiv',1,0),(3495,220,'OD','Odesa',1,0),(3496,220,'PO','Poltava',1,0),(3497,220,'RI','Rivne',1,0),(3498,220,'SE','Sevastopol',1,0),(3499,220,'SU','Sumy',1,0),(3500,220,'TE','Ternopil\'',1,0),(3501,220,'VI','Vinnytsya',1,0),(3502,220,'VO','Volyn\'',1,0),(3503,220,'ZK','Zakarpattya',1,0),(3504,220,'ZA','Zaporizhzhya',1,0),(3505,220,'ZH','Zhytomyr',1,0),(3506,221,'AZ','Abu Zaby',1,0),(3507,221,'AJ','\'Ajman',1,0),(3508,221,'FU','Al Fujayrah',1,0),(3509,221,'SH','Ash Shariqah',1,0),(3510,221,'DU','Dubayy',1,0),(3511,221,'RK','R\'as al Khaymah',1,0),(3512,221,'UQ','Umm al Qaywayn',1,0),(3513,222,'ABN','Aberdeen',1,0),(3514,222,'ABNS','Aberdeenshire',1,0),(3515,222,'ANG','Anglesey',1,0),(3516,222,'AGS','Angus',1,0),(3517,222,'ARY','Argyll and Bute',1,0),(3518,222,'BEDS','Bedfordshire',1,0),(3519,222,'BERKS','Berkshire',1,0),(3520,222,'BLA','Blaenau Gwent',1,0),(3521,222,'BRI','Bridgend',1,0),(3522,222,'BSTL','Bristol',1,0),(3523,222,'BUCKS','Buckinghamshire',1,0),(3524,222,'CAE','Caerphilly',1,0),(3525,222,'CAMBS','Cambridgeshire',1,0),(3526,222,'CDF','Cardiff',1,0),(3527,222,'CARM','Carmarthenshire',1,0),(3528,222,'CDGN','Ceredigion',1,0),(3529,222,'CHES','Cheshire',1,0),(3530,222,'CLACK','Clackmannanshire',1,0),(3531,222,'CON','Conwy',1,0),(3532,222,'CORN','Cornwall',1,0),(3533,222,'DNBG','Denbighshire',1,0),(3534,222,'DERBY','Derbyshire',1,0),(3535,222,'DVN','Devon',1,0),(3536,222,'DOR','Dorset',1,0),(3537,222,'DGL','Dumfries and Galloway',1,0),(3538,222,'DUND','Dundee',1,0),(3539,222,'DHM','Durham',1,0),(3540,222,'ARYE','East Ayrshire',1,0),(3541,222,'DUNBE','East Dunbartonshire',1,0),(3542,222,'LOTE','East Lothian',1,0),(3543,222,'RENE','East Renfrewshire',1,0),(3544,222,'ERYS','East Riding of Yorkshire',1,0),(3545,222,'SXE','East Sussex',1,0),(3546,222,'EDIN','Edinburgh',1,0),(3547,222,'ESX','Essex',1,0),(3548,222,'FALK','Falkirk',1,0),(3549,222,'FFE','Fife',1,0),(3550,222,'FLINT','Flintshire',1,0),(3551,222,'GLAS','Glasgow',1,0),(3552,222,'GLOS','Gloucestershire',1,0),(3553,222,'LDN','Greater London',1,0),(3554,222,'MCH','Greater Manchester',1,0),(3555,222,'GDD','Gwynedd',1,0),(3556,222,'HANTS','Hampshire',1,0),(3557,222,'HWR','Herefordshire',1,0),(3558,222,'HERTS','Hertfordshire',1,0),(3559,222,'HLD','Highlands',1,0),(3560,222,'IVER','Inverclyde',1,0),(3561,222,'IOW','Isle of Wight',1,0),(3562,222,'KNT','Kent',1,0),(3563,222,'LANCS','Lancashire',1,0),(3564,222,'LEICS','Leicestershire',1,0),(3565,222,'LINCS','Lincolnshire',1,0),(3566,222,'MSY','Merseyside',1,0),(3567,222,'MERT','Merthyr Tydfil',1,0),(3568,222,'MLOT','Midlothian',1,0),(3569,222,'MMOUTH','Monmouthshire',1,0),(3570,222,'MORAY','Moray',1,0),(3571,222,'NPRTAL','Neath Port Talbot',1,0),(3572,222,'NEWPT','Newport',1,0),(3573,222,'NOR','Norfolk',1,0),(3574,222,'ARYN','North Ayrshire',1,0),(3575,222,'LANN','North Lanarkshire',1,0),(3576,222,'YSN','North Yorkshire',1,0),(3577,222,'NHM','Northamptonshire',1,0),(3578,222,'NLD','Northumberland',1,0),(3579,222,'NOT','Nottinghamshire',1,0),(3580,222,'ORK','Orkney Islands',1,0),(3581,222,'OFE','Oxfordshire',1,0),(3582,222,'PEM','Pembrokeshire',1,0),(3583,222,'PERTH','Perth and Kinross',1,0),(3584,222,'PWS','Powys',1,0),(3585,222,'REN','Renfrewshire',1,0),(3586,222,'RHON','Rhondda Cynon Taff',1,0),(3587,222,'RUT','Rutland',1,0),(3588,222,'BOR','Scottish Borders',1,0),(3589,222,'SHET','Shetland Islands',1,0),(3590,222,'SPE','Shropshire',1,0),(3591,222,'SOM','Somerset',1,0),(3592,222,'ARYS','South Ayrshire',1,0),(3593,222,'LANS','South Lanarkshire',1,0),(3594,222,'YSS','South Yorkshire',1,0),(3595,222,'SFD','Staffordshire',1,0),(3596,222,'STIR','Stirling',1,0),(3597,222,'SFK','Suffolk',1,0),(3598,222,'SRY','Surrey',1,0),(3599,222,'SWAN','Swansea',1,0),(3600,222,'TORF','Torfaen',1,0),(3601,222,'TWR','Tyne and Wear',1,0),(3602,222,'VGLAM','Vale of Glamorgan',1,0),(3603,222,'WARKS','Warwickshire',1,0),(3604,222,'WDUN','West Dunbartonshire',1,0),(3605,222,'WLOT','West Lothian',1,0),(3606,222,'WMD','West Midlands',1,0),(3607,222,'SXW','West Sussex',1,0),(3608,222,'YSW','West Yorkshire',1,0),(3609,222,'WIL','Western Isles',1,0),(3610,222,'WLT','Wiltshire',1,0),(3611,222,'WORCS','Worcestershire',1,0),(3612,222,'WRX','Wrexham',1,0),(3613,223,'AL','Alabama',1,0),(3614,223,'AK','Alaska',1,0),(3615,223,'AS','American Samoa',1,0),(3616,223,'AZ','Arizona',1,0),(3617,223,'AR','Arkansas',1,0),(3618,223,'AF','Armed Forces Africa',1,0),(3619,223,'AA','Armed Forces Americas',1,0),(3620,223,'AC','Armed Forces Canada',1,0),(3621,223,'AE','Armed Forces Europe',1,0),(3622,223,'AM','Armed Forces Middle East',1,0),(3623,223,'AP','Armed Forces Pacific',1,0),(3624,223,'CA','California',1,0),(3625,223,'CO','Colorado',1,0),(3626,223,'CT','Connecticut',1,0),(3627,223,'DE','Delaware',1,0),(3628,223,'DC','District of Columbia',1,0),(3629,223,'FM','Federated States Of Micronesia',1,0),(3630,223,'FL','Florida',1,0),(3631,223,'GA','Georgia',1,0),(3632,223,'GU','Guam',1,0),(3633,223,'HI','Hawaii',1,0),(3634,223,'ID','Idaho',1,0),(3635,223,'IL','Illinois',1,0),(3636,223,'IN','Indiana',1,0),(3637,223,'IA','Iowa',1,0),(3638,223,'KS','Kansas',1,0),(3639,223,'KY','Kentucky',1,0),(3640,223,'LA','Louisiana',1,0),(3641,223,'ME','Maine',1,0),(3642,223,'MH','Marshall Islands',1,0),(3643,223,'MD','Maryland',1,0),(3644,223,'MA','Massachusetts',1,0),(3645,223,'MI','Michigan',1,0),(3646,223,'MN','Minnesota',1,0),(3647,223,'MS','Mississippi',1,0),(3648,223,'MO','Missouri',1,0),(3649,223,'MT','Montana',1,0),(3650,223,'NE','Nebraska',1,0),(3651,223,'NV','Nevada',1,0),(3652,223,'NH','New Hampshire',1,0),(3653,223,'NJ','New Jersey',1,0),(3654,223,'NM','New Mexico',1,0),(3655,223,'NY','New York',1,0),(3656,223,'NC','North Carolina',1,0),(3657,223,'ND','North Dakota',1,0),(3658,223,'MP','Northern Mariana Islands',1,0),(3659,223,'OH','Ohio',1,0),(3660,223,'OK','Oklahoma',1,0),(3661,223,'OR','Oregon',1,0),(3662,223,'PW','Palau',1,0),(3663,223,'PA','Pennsylvania',1,0),(3664,223,'PR','Puerto Rico',1,0),(3665,223,'RI','Rhode Island',1,0),(3666,223,'SC','South Carolina',1,0),(3667,223,'SD','South Dakota',1,0),(3668,223,'TN','Tennessee',1,0),(3669,223,'TX','Texas',1,0),(3670,223,'UT','Utah',1,0),(3671,223,'VT','Vermont',1,0),(3672,223,'VI','Virgin Islands',1,0),(3673,223,'VA','Virginia',1,0),(3674,223,'WA','Washington',1,0),(3675,223,'WV','West Virginia',1,0),(3676,223,'WI','Wisconsin',1,0),(3677,223,'WY','Wyoming',1,0),(3678,224,'BI','Baker Island',1,0),(3679,224,'HI','Howland Island',1,0),(3680,224,'JI','Jarvis Island',1,0),(3681,224,'JA','Johnston Atoll',1,0),(3682,224,'KR','Kingman Reef',1,0),(3683,224,'MA','Midway Atoll',1,0),(3684,224,'NI','Navassa Island',1,0),(3685,224,'PA','Palmyra Atoll',1,0),(3686,224,'WI','Wake Island',1,0),(3687,225,'AR','Artigas',1,0),(3688,225,'CA','Canelones',1,0),(3689,225,'CL','Cerro Largo',1,0),(3690,225,'CO','Colonia',1,0),(3691,225,'DU','Durazno',1,0),(3692,225,'FS','Flores',1,0),(3693,225,'FA','Florida',1,0),(3694,225,'LA','Lavalleja',1,0),(3695,225,'MA','Maldonado',1,0),(3696,225,'MO','Montevideo',1,0),(3697,225,'PA','Paysandu',1,0),(3698,225,'RN','Rio Negro',1,0),(3699,225,'RV','Rivera',1,0),(3700,225,'RO','Rocha',1,0),(3701,225,'SL','Salto',1,0),(3702,225,'SJ','San Jose',1,0),(3703,225,'SO','Soriano',1,0),(3704,225,'TA','Tacuarembo',1,0),(3705,225,'TT','Treinta y Tres',1,0),(3706,226,'AN','Andijon',1,0),(3707,226,'BU','Buxoro',1,0),(3708,226,'FA','Farg\'ona',1,0),(3709,226,'JI','Jizzax',1,0),(3710,226,'NG','Namangan',1,0),(3711,226,'NW','Navoiy',1,0),(3712,226,'QA','Qashqadaryo',1,0),(3713,226,'QR','Qoraqalpog\'iston Republikasi',1,0),(3714,226,'SA','Samarqand',1,0),(3715,226,'SI','Sirdaryo',1,0),(3716,226,'SU','Surxondaryo',1,0),(3717,226,'TK','Toshkent City',1,0),(3718,226,'TO','Toshkent Region',1,0),(3719,226,'XO','Xorazm',1,0),(3720,227,'MA','Malampa',1,0),(3721,227,'PE','Penama',1,0),(3722,227,'SA','Sanma',1,0),(3723,227,'SH','Shefa',1,0),(3724,227,'TA','Tafea',1,0),(3725,227,'TO','Torba',1,0),(3726,229,'AM','Amazonas',1,0),(3727,229,'AN','Anzoategui',1,0),(3728,229,'AP','Apure',1,0),(3729,229,'AR','Aragua',1,0),(3730,229,'BA','Barinas',1,0),(3731,229,'BO','Bolivar',1,0),(3732,229,'CA','Carabobo',1,0),(3733,229,'CO','Cojedes',1,0),(3734,229,'DA','Delta Amacuro',1,0),(3735,229,'DF','Dependencias Federales',1,0),(3736,229,'DI','Distrito Federal',1,0),(3737,229,'FA','Falcon',1,0),(3738,229,'GU','Guarico',1,0),(3739,229,'LA','Lara',1,0),(3740,229,'ME','Merida',1,0),(3741,229,'MI','Miranda',1,0),(3742,229,'MO','Monagas',1,0),(3743,229,'NE','Nueva Esparta',1,0),(3744,229,'PO','Portuguesa',1,0),(3745,229,'SU','Sucre',1,0),(3746,229,'TA','Tachira',1,0),(3747,229,'TR','Trujillo',1,0),(3748,229,'VA','Vargas',1,0),(3749,229,'YA','Yaracuy',1,0),(3750,229,'ZU','Zulia',1,0),(3751,230,'AG','An Giang',1,0),(3752,230,'BG','Bac Giang',1,0),(3753,230,'BK','Bac Kan',1,0),(3754,230,'BL','Bac Lieu',1,0),(3755,230,'BC','Bac Ninh',1,0),(3756,230,'BR','Ba Ria-Vung Tau',1,0),(3757,230,'BN','Ben Tre',1,0),(3758,230,'BH','Binh Dinh',1,0),(3759,230,'BU','Binh Duong',1,0),(3760,230,'BP','Binh Phuoc',1,0),(3761,230,'BT','Binh Thuan',1,0),(3762,230,'CM','Ca Mau',1,0),(3763,230,'CT','Can Tho',1,0),(3764,230,'CB','Cao Bang',1,0),(3765,230,'DL','Dak Lak',1,0),(3766,230,'DG','Dak Nong',1,0),(3767,230,'DN','Da Nang',1,0),(3768,230,'DB','Dien Bien',1,0),(3769,230,'DI','Dong Nai',1,0),(3770,230,'DT','Dong Thap',1,0),(3771,230,'GL','Gia Lai',1,0),(3772,230,'HG','Ha Giang',1,0),(3773,230,'HD','Hai Duong',1,0),(3774,230,'HP','Hai Phong',1,0),(3775,230,'HM','Ha Nam',1,0),(3776,230,'HI','Ha Noi',1,0),(3777,230,'HT','Ha Tay',1,0),(3778,230,'HH','Ha Tinh',1,0),(3779,230,'HB','Hoa Binh',1,0),(3780,230,'HC','Ho Chi Minh City',1,0),(3781,230,'HU','Hau Giang',1,0),(3782,230,'HY','Hung Yen',1,0),(3783,232,'C','Saint Croix',1,0),(3784,232,'J','Saint John',1,0),(3785,232,'T','Saint Thomas',1,0),(3786,233,'A','Alo',1,0),(3787,233,'S','Sigave',1,0),(3788,233,'W','Wallis',1,0),(3789,235,'AB','Abyan',1,0),(3790,235,'AD','Adan',1,0),(3791,235,'AM','Amran',1,0),(3792,235,'BA','Al Bayda',1,0),(3793,235,'DA','Ad Dali',1,0),(3794,235,'DH','Dhamar',1,0),(3795,235,'HD','Hadramawt',1,0),(3796,235,'HJ','Hajjah',1,0),(3797,235,'HU','Al Hudaydah',1,0),(3798,235,'IB','Ibb',1,0),(3799,235,'JA','Al Jawf',1,0),(3800,235,'LA','Lahij',1,0),(3801,235,'MA','Ma\'rib',1,0),(3802,235,'MR','Al Mahrah',1,0),(3803,235,'MW','Al Mahwit',1,0),(3804,235,'SD','Sa\'dah',1,0),(3805,235,'SN','San\'a',1,0),(3806,235,'SH','Shabwah',1,0),(3807,235,'TA','Ta\'izz',1,0),(3808,236,'KOS','Kosovo',1,0),(3809,236,'MON','Montenegro',1,0),(3810,236,'SER','Serbia',1,0),(3811,236,'VOJ','Vojvodina',1,0),(3812,237,'BC','Bas-Congo',1,0),(3813,237,'BN','Bandundu',1,0),(3814,237,'EQ','Equateur',1,0),(3815,237,'KA','Katanga',1,0),(3816,237,'KE','Kasai-Oriental',1,0),(3817,237,'KN','Kinshasa',1,0),(3818,237,'KW','Kasai-Occidental',1,0),(3819,237,'MA','Maniema',1,0),(3820,237,'NK','Nord-Kivu',1,0),(3821,237,'OR','Orientale',1,0),(3822,237,'SK','Sud-Kivu',1,0),(3823,238,'CE','Central',1,0),(3824,238,'CB','Copperbelt',1,0),(3825,238,'EA','Eastern',1,0),(3826,238,'LP','Luapula',1,0),(3827,238,'LK','Lusaka',1,0),(3828,238,'NO','Northern',1,0),(3829,238,'NW','North-Western',1,0),(3830,238,'SO','Southern',1,0),(3831,238,'WE','Western',1,0),(3832,239,'BU','Bulawayo',1,0),(3833,239,'HA','Harare',1,0),(3834,239,'ML','Manicaland',1,0),(3835,239,'MC','Mashonaland Central',1,0),(3836,239,'ME','Mashonaland East',1,0),(3837,239,'MW','Mashonaland West',1,0),(3838,239,'MV','Masvingo',1,0),(3839,239,'MN','Matabeleland North',1,0),(3840,239,'MS','Matabeleland South',1,0),(3841,239,'MD','Midlands',1,0),(3861,105,'CB','Campobasso',1,0),(3862,105,'CI','Carbonia-Iglesias',1,0),(3863,105,'CE','Caserta',1,0),(3864,105,'CT','Catania',1,0),(3865,105,'CZ','Catanzaro',1,0),(3866,105,'CH','Chieti',1,0),(3867,105,'CO','Como',1,0),(3868,105,'CS','Cosenza',1,0),(3869,105,'CR','Cremona',1,0),(3870,105,'KR','Crotone',1,0),(3871,105,'CN','Cuneo',1,0),(3872,105,'EN','Enna',1,0),(3873,105,'FE','Ferrara',1,0),(3874,105,'FI','Firenze',1,0),(3875,105,'FG','Foggia',1,0),(3876,105,'FC','Forli-Cesena',1,0),(3877,105,'FR','Frosinone',1,0),(3878,105,'GE','Genova',1,0),(3879,105,'GO','Gorizia',1,0),(3880,105,'GR','Grosseto',1,0),(3881,105,'IM','Imperia',1,0),(3882,105,'IS','Isernia',1,0),(3883,105,'AQ','L&#39;Aquila',1,0),(3884,105,'SP','La Spezia',1,0),(3885,105,'LT','Latina',1,0),(3886,105,'LE','Lecce',1,0),(3887,105,'LC','Lecco',1,0),(3888,105,'LI','Livorno',1,0),(3889,105,'LO','Lodi',1,0),(3890,105,'LU','Lucca',1,0),(3891,105,'MC','Macerata',1,0),(3892,105,'MN','Mantova',1,0),(3893,105,'MS','Massa-Carrara',1,0),(3894,105,'MT','Matera',1,0),(3895,105,'VS','Medio Campidano',1,0),(3896,105,'ME','Messina',1,0),(3897,105,'MI','Milano',1,0),(3898,105,'MO','Modena',1,0),(3899,105,'NA','Napoli',1,0),(3900,105,'NO','Novara',1,0),(3901,105,'NU','Nuoro',1,0),(3902,105,'OG','Ogliastra',1,0),(3903,105,'OT','Olbia-Tempio',1,0),(3904,105,'OR','Oristano',1,0),(3905,105,'PD','Padova',1,0),(3906,105,'PA','Palermo',1,0),(3907,105,'PR','Parma',1,0),(3908,105,'PV','Pavia',1,0),(3909,105,'PG','Perugia',1,0),(3910,105,'PU','Pesaro e Urbino',1,0),(3911,105,'PE','Pescara',1,0),(3912,105,'PC','Piacenza',1,0),(3913,105,'PI','Pisa',1,0),(3914,105,'PT','Pistoia',1,0),(3915,105,'PN','Pordenone',1,0),(3916,105,'PZ','Potenza',1,0),(3917,105,'PO','Prato',1,0),(3918,105,'RG','Ragusa',1,0),(3919,105,'RA','Ravenna',1,0),(3920,105,'RC','Reggio Calabria',1,0),(3921,105,'RE','Reggio Emilia',1,0),(3922,105,'RI','Rieti',1,0),(3923,105,'RN','Rimini',1,0),(3924,105,'RM','Roma',1,0),(3925,105,'RO','Rovigo',1,0),(3926,105,'SA','Salerno',1,0),(3927,105,'SS','Sassari',1,0),(3928,105,'SV','Savona',1,0),(3929,105,'SI','Siena',1,0),(3930,105,'SR','Siracusa',1,0),(3931,105,'SO','Sondrio',1,0),(3932,105,'TA','Taranto',1,0),(3933,105,'TE','Teramo',1,0),(3934,105,'TR','Terni',1,0),(3935,105,'TO','Torino',1,0),(3936,105,'TP','Trapani',1,0),(3937,105,'TN','Trento',1,0),(3938,105,'TV','Treviso',1,0),(3939,105,'TS','Trieste',1,0),(3940,105,'UD','Udine',1,0),(3941,105,'VA','Varese',1,0),(3942,105,'VE','Venezia',1,0),(3943,105,'VB','Verbano-Cusio-Ossola',1,0),(3944,105,'VC','Vercelli',1,0),(3945,105,'VR','Verona',1,0),(3946,105,'VV','Vibo Valentia',1,0),(3947,105,'VI','Vicenza',1,0),(3948,105,'VT','Viterbo',1,0),(3949,240,'','Antrim',1,0),(3950,240,'','Armagh',1,0),(3951,240,'','Down',1,0),(3952,240,'','Fermanagh',1,0),(3953,240,'','Derry',1,0),(3954,240,'','Tyrone',1,0);

--
-- Table structure for table `ab_zones_to_locations`
--

CREATE TABLE `ab_zones_to_locations` (
  `zone_to_location_id` int(11) NOT NULL AUTO_INCREMENT,
  `country_id` int(11) NOT NULL,
  `zone_id` int(11) NOT NULL DEFAULT '0',
  `location_id` int(11) NOT NULL,
  `date_added` datetime NOT NULL DEFAULT '0000-00-00 00:00:00',
  `date_modified` datetime NOT NULL DEFAULT '0000-00-00 00:00:00',
  PRIMARY KEY (`zone_to_location_id`)
) ENGINE=MyISAM AUTO_INCREMENT=67 DEFAULT CHARSET=utf8 COLLATE=utf8_bin;

--
-- Dumping data for table `ab_zones_to_locations`
--

INSERT INTO `ab_zones_to_locations` (`zone_to_location_id`, `country_id`, `zone_id`, `location_id`, `date_added`, `date_modified`) VALUES (66,223,3677,1,'2014-01-25 12:13:53','0000-00-00 00:00:00'),(65,223,3676,1,'2014-01-25 12:13:53','0000-00-00 00:00:00'),(64,223,3675,1,'2014-01-25 12:13:53','0000-00-00 00:00:00'),(63,223,3674,1,'2014-01-25 12:13:53','0000-00-00 00:00:00'),(62,223,3673,1,'2014-01-25 12:13:53','0000-00-00 00:00:00'),(61,223,3672,1,'2014-01-25 12:13:53','0000-00-00 00:00:00'),(60,223,3671,1,'2014-01-25 12:13:53','0000-00-00 00:00:00'),(59,223,3670,1,'2014-01-25 12:13:53','0000-00-00 00:00:00'),(58,223,3669,1,'2014-01-25 12:13:53','0000-00-00 00:00:00'),(57,223,3668,1,'2014-01-25 12:13:53','0000-00-00 00:00:00'),(56,223,3667,1,'2014-01-25 12:13:53','0000-00-00 00:00:00'),(55,223,3666,1,'2014-01-25 12:13:53','0000-00-00 00:00:00'),(54,223,3665,1,'2014-01-25 12:13:53','0000-00-00 00:00:00'),(53,223,3664,1,'2014-01-25 12:13:53','0000-00-00 00:00:00'),(52,223,3663,1,'2014-01-25 12:13:53','0000-00-00 00:00:00'),(51,223,3662,1,'2014-01-25 12:13:53','0000-00-00 00:00:00'),(50,223,3661,1,'2014-01-25 12:13:53','0000-00-00 00:00:00'),(49,223,3660,1,'2014-01-25 12:13:53','0000-00-00 00:00:00'),(48,223,3659,1,'2014-01-25 12:13:53','0000-00-00 00:00:00'),(47,223,3658,1,'2014-01-25 12:13:53','0000-00-00 00:00:00'),(46,223,3657,1,'2014-01-25 12:13:53','0000-00-00 00:00:00'),(45,223,3656,1,'2014-01-25 12:13:53','0000-00-00 00:00:00'),(44,223,3655,1,'2014-01-25 12:13:53','0000-00-00 00:00:00'),(43,223,3654,1,'2014-01-25 12:13:53','0000-00-00 00:00:00'),(42,223,3653,1,'2014-01-25 12:13:53','0000-00-00 00:00:00'),(41,223,3652,1,'2014-01-25 12:13:53','0000-00-00 00:00:00'),(40,223,3651,1,'2014-01-25 12:13:53','0000-00-00 00:00:00'),(39,223,3650,1,'2014-01-25 12:13:53','0000-00-00 00:00:00'),(38,223,3649,1,'2014-01-25 12:13:53','0000-00-00 00:00:00'),(37,223,3648,1,'2014-01-25 12:13:53','0000-00-00 00:00:00'),(36,223,3647,1,'2014-01-25 12:13:53','0000-00-00 00:00:00'),(35,223,3646,1,'2014-01-25 12:13:53','0000-00-00 00:00:00'),(34,223,3645,1,'2014-01-25 12:13:53','0000-00-00 00:00:00'),(33,223,3644,1,'2014-01-25 12:13:53','0000-00-00 00:00:00'),(32,223,3643,1,'2014-01-25 12:13:53','0000-00-00 00:00:00'),(31,223,3642,1,'2014-01-25 12:13:53','0000-00-00 00:00:00'),(30,223,3641,1,'2014-01-25 12:13:53','0000-00-00 00:00:00'),(29,223,3640,1,'2014-01-25 12:13:53','0000-00-00 00:00:00'),(28,223,3639,1,'2014-01-25 12:13:53','0000-00-00 00:00:00'),(27,223,3638,1,'2014-01-25 12:13:53','0000-00-00 00:00:00'),(26,223,3637,1,'2014-01-25 12:13:53','0000-00-00 00:00:00'),(25,223,3636,1,'2014-01-25 12:13:53','0000-00-00 00:00:00'),(24,223,3635,1,'2014-01-25 12:13:53','0000-00-00 00:00:00'),(23,223,3634,1,'2014-01-25 12:13:53','0000-00-00 00:00:00'),(22,223,3633,1,'2014-01-25 12:13:53','0000-00-00 00:00:00'),(21,223,3632,1,'2014-01-25 12:13:53','0000-00-00 00:00:00'),(20,223,3631,1,'2014-01-25 12:13:53','0000-00-00 00:00:00'),(19,223,3630,1,'2014-01-25 12:13:53','0000-00-00 00:00:00'),(18,223,3629,1,'2014-01-25 12:13:53','0000-00-00 00:00:00'),(17,223,3628,1,'2014-01-25 12:13:53','0000-00-00 00:00:00'),(16,223,3627,1,'2014-01-25 12:13:53','0000-00-00 00:00:00'),(15,223,3626,1,'2014-01-25 12:13:53','0000-00-00 00:00:00'),(14,223,3625,1,'2014-01-25 12:13:53','0000-00-00 00:00:00'),(13,223,3624,1,'2014-01-25 12:13:53','0000-00-00 00:00:00'),(12,223,3623,1,'2014-01-25 12:13:53','0000-00-00 00:00:00'),(11,223,3622,1,'2014-01-25 12:13:53','0000-00-00 00:00:00'),(10,223,3621,1,'2014-01-25 12:13:53','0000-00-00 00:00:00'),(9,223,3620,1,'2014-01-25 12:13:53','0000-00-00 00:00:00'),(8,223,3619,1,'2014-01-25 12:13:53','0000-00-00 00:00:00'),(7,223,3618,1,'2014-01-25 12:13:53','0000-00-00 00:00:00'),(6,223,3617,1,'2014-01-25 12:13:53','0000-00-00 00:00:00'),(5,223,3616,1,'2014-01-25 12:13:53','0000-00-00 00:00:00'),(4,223,3615,1,'2014-01-25 12:13:53','0000-00-00 00:00:00'),(3,223,3614,1,'2014-01-25 12:13:53','0000-00-00 00:00:00'),(2,223,3613,1,'2014-01-25 12:13:53','0000-00-00 00:00:00');

--
-- Dumping events for database 'vinhostm_aban712'
--

--
-- Dumping routines for database 'vinhostm_aban712'
--


