--
-- Host: localhost    Database: vinhostm_aban712
-- ------------------------------------------------------


--
-- Table structure for table `ab_addresses`
--

CREATE TABLE `ab_addresses` (
  `address_id` int(11) NOT NULL AUTO_INCREMENT,
  `customer_id` int(11) NOT NULL,
  `company` varchar(32) COLLATE utf8_bin NOT NULL,
  `firstname` varchar(32) COLLATE utf8_bin NOT NULL DEFAULT '',
  `lastname` varchar(32) COLLATE utf8_bin NOT NULL DEFAULT '',
  `address_1` varchar(128) COLLATE utf8_bin NOT NULL,
  `address_2` varchar(128) COLLATE utf8_bin NOT NULL,
  `postcode` varchar(10) COLLATE utf8_bin NOT NULL DEFAULT '',
  `city` varchar(128) COLLATE utf8_bin NOT NULL,
  `country_id` int(11) NOT NULL DEFAULT '0',
  `zone_id` int(11) NOT NULL DEFAULT '0',
  PRIMARY KEY (`address_id`),
  KEY `customer_id` (`customer_id`)
) ENGINE=MyISAM AUTO_INCREMENT=13 DEFAULT CHARSET=utf8 COLLATE=utf8_bin;

--
-- Dumping data for table `ab_addresses`
--

INSERT INTO `ab_addresses` (`address_id`, `customer_id`, `company`, `firstname`, `lastname`, `address_1`, `address_2`, `postcode`, `city`, `country_id`, `zone_id`) VALUES (1,2,'','Juliana','Davis','Highlands and Islands PA75 6QE','','','Isle of Mull',222,3559),(2,3,'','Keely','Mccoy','4842 Amet','','','Grangemouth',222,3552),(3,4,'BelfastCo','Zelda','Weiss','Great Victoria Street','','','Belfast',222,3518),(4,5,'','Gloria','Macias','Camille Marcoux 15','','1569','Blanc-Sablon',38,609),(5,6,'','Bernard','Horne','3E rue','','','Paspébiac',38,613),(6,7,'','James','Curtis','6500 Arapahoe Road','','80303','Boulder',223,3634),(7,8,'','Bruce','Rosarini','61 Cumberland ST','','','Thunder Bay',223,3646),(8,9,'','Carlos','Compton','31 Capital Drive','','','Hay River',38,608),(9,10,'','Garrison','Baxter','Eddie Hoffman Highway','','','Bethel',223,3614),(10,11,'','Anthony','Blair','104 Main Street','','','Dillingham',223,3657),(11,12,'','Allen','Waters','110 Shenandoah Avenue','','','Roanoke',223,3673),(12,13,'','qqqqqq','qqqqqq','qqqqqq','','','qqqqqq',222,3529);

--
-- Table structure for table `ab_ant_messages`
--

CREATE TABLE `ab_ant_messages` (
  `id` varchar(60) COLLATE utf8_bin NOT NULL,
  `priority` int(11) NOT NULL DEFAULT '0',
  `start_date` timestamp NOT NULL DEFAULT '0000-00-00 00:00:00',
  `end_date` timestamp NOT NULL DEFAULT '0000-00-00 00:00:00',
  `viewed_date` timestamp NOT NULL DEFAULT '0000-00-00 00:00:00',
  `viewed` int(11) NOT NULL DEFAULT '0',
  `title` varchar(255) COLLATE utf8_bin DEFAULT NULL,
  `description` text COLLATE utf8_bin,
  `html` text COLLATE utf8_bin,
  `url` text COLLATE utf8_bin,
  `language_code` varchar(2) COLLATE utf8_bin NOT NULL DEFAULT 'en',
  `update_date` timestamp NOT NULL DEFAULT CURRENT_TIMESTAMP ON UPDATE CURRENT_TIMESTAMP,
  PRIMARY KEY (`id`,`language_code`),
  KEY `daterange_idx` (`start_date`,`end_date`)
) ENGINE=MyISAM DEFAULT CHARSET=utf8 COLLATE=utf8_bin;

--
-- Dumping data for table `ab_ant_messages`
--

INSERT INTO `ab_ant_messages` (`id`, `priority`, `start_date`, `end_date`, `viewed_date`, `viewed`, `title`, `description`, `html`, `url`, `language_code`, `update_date`) VALUES ('poll_01',1,'0000-00-00 00:00:00','2029-12-31 17:00:00','2014-01-25 04:38:43',10,'Help us to build better AbanteCart for you','','<p><span style=\"font-size: medium;\">We are looking for your help to make our abantecart software even better. Please take a few minutes of your time to fill out a <a href=\"https://docs.google.com/spreadsheet/viewform?fromEmail=true&formkey=dFdDdmwxNmxlc3lnVkY1NXVSWEhSbFE6MA\" target=\"new\">short survey</a></span></p>','','*','2014-01-25 04:38:43'),('softaculous_review',1,'0000-00-00 00:00:00','2029-12-31 17:00:00','2014-01-25 04:39:07',10,'Help up making AbanteCart #1','','Do you like <strong>AbanteCart</strong>? Please rate AbanteCart or share your experience with other eCommerce entrepreneurs. Go to <strong><a href=\"http://www.softaculous.com/rate/AbanteCart\" target=\"_blank\">Softaculous rating page</a></strong> to add your rating or <strong><a href=\"http://www.softaculous.com/review/AbanteCart\" target=\"_blank\">write a review</a></strong>','','*','2014-01-25 04:39:07'),('bitnami_vote',1,'0000-00-00 00:00:00','2029-12-31 17:00:00','2014-01-25 05:25:59',10,'Vote in bitnami.com','','<strong>AbanteCart</strong> could be installed on any computer with Bitnami if you help. Every vote counts, please go to Bitnami to <strong><a href=\"http://bitnami.com/product/abantecart\" target=\"_blank\">add your vote</a></strong> for AbanteCart to be included','','*','2014-01-25 05:25:59'),('banner',1,'2011-09-15 23:54:47','2029-12-31 17:00:00','2014-01-25 04:32:33',10,'Banner at AbanteCart header','','<strong>AbanteCart</strong> V1.1.7 is a current shopping cart version. New in version: Updates to HTML5 responsive design, Google Analytics, admin UI enhancements and few small features','http://www.abantecart.com','*','2014-01-25 04:32:33');

--
-- Table structure for table `ab_banner_descriptions`
--

CREATE TABLE `ab_banner_descriptions` (
  `banner_id` int(11) NOT NULL,
  `language_id` int(11) NOT NULL,
  `name` varchar(255) COLLATE utf8_bin NOT NULL COMMENT 'translatable',
  `description` text COLLATE utf8_bin NOT NULL COMMENT 'translatable',
  `meta` text COLLATE utf8_bin COMMENT 'translatable',
  `date_added` timestamp NOT NULL DEFAULT '0000-00-00 00:00:00',
  `update_date` timestamp NOT NULL DEFAULT CURRENT_TIMESTAMP ON UPDATE CURRENT_TIMESTAMP,
  PRIMARY KEY (`banner_id`,`language_id`)
) ENGINE=MyISAM DEFAULT CHARSET=utf8 COLLATE=utf8_bin;

--
-- Dumping data for table `ab_banner_descriptions`
--

INSERT INTO `ab_banner_descriptions` (`banner_id`, `language_id`, `name`, `description`, `meta`, `date_added`, `update_date`) VALUES (17,9,'Main Banner 5','&lt;p&gt;\r\n	&lt;img alt=&quot;&quot; class=&quot;wp1_3 slide2_bot&quot; src=&quot;storefront/view/default_html5/image/banner_image_5.png&quot; /&gt; &lt;span class=&quot;txt1&quot;&gt;Application and data security&lt;/span&gt; &lt;span class=&quot;txt2&quot;&gt;Secure Solution&lt;/span&gt; &lt;span class=&quot;txt3&quot;&gt;Very secure solution with up to date industry security practices and inline with PCI compliance. Customer information protection with data encryption&lt;/span&gt; &lt;span class=&quot;txt4&quot;&gt;&lt;a class=&quot;btn btn-wht&quot; href=&quot;#&quot;&gt;Install Now!&lt;/a&gt;&lt;/span&gt;&lt;/p&gt;\r\n',NULL,'2014-01-25 12:13:53','2014-01-25 12:13:53'),(17,1,'Main Banner 5','&lt;p&gt;\r\n	&lt;img alt=&quot;&quot; class=&quot;wp1_3 slide2_bot&quot; src=&quot;storefront/view/default_html5/image/banner_image_5.png&quot; /&gt; &lt;span class=&quot;txt1&quot;&gt;Application and data security&lt;/span&gt; &lt;span class=&quot;txt2&quot;&gt;Secure Solution&lt;/span&gt; &lt;span class=&quot;txt3&quot;&gt;Very secure solution with up to date industry security practices and inline with PCI compliance. Customer information protection with data encryption&lt;/span&gt; &lt;span class=&quot;txt4&quot;&gt;&lt;a class=&quot;btn btn-wht&quot; href=&quot;#&quot;&gt;Install Now!&lt;/a&gt;&lt;/span&gt;&lt;/p&gt;\r\n','','2014-01-25 12:13:53','2014-01-25 12:13:53'),(16,9,'banner4','',NULL,'2014-01-25 12:13:53','2014-01-25 12:13:53'),(16,1,'banner4','','','2014-01-25 12:13:53','2014-01-25 12:13:53'),(15,9,'banner3','',NULL,'2014-01-25 12:13:53','2014-01-25 12:13:53'),(15,1,'banner3','','','2014-01-25 12:13:53','2014-01-25 12:13:53'),(14,9,'banner2','',NULL,'2014-01-25 12:13:53','2014-01-25 12:13:53'),(14,1,'banner2','','','2014-01-25 12:13:53','2014-01-25 12:13:53'),(13,9,'banner1','',NULL,'2014-01-25 12:13:53','2014-01-25 12:13:53'),(13,1,'banner1','','','2014-01-25 12:13:53','2014-01-25 12:13:53'),(11,9,'Main Banner 4','			&lt;img src=&quot;storefront/view/default_html5/image/banner_image_4.png&quot; class=&quot;wp1_3 slide3_bot&quot; alt=&quot;&quot;&gt;			            \r\n			&lt;span class=&quot;txt1 blue&quot;&gt;Use Individual Elements or &lt;/span&gt;			\r\n			&lt;span class=&quot;txt2 blue&quot;&gt;BIG IMAGES&lt;/span&gt;												\r\n			&lt;span class=&quot;txt3 short&quot;&gt;Lid est laborum dolo rumes fugats untras. Et harums ser quidem sit rerum facilis dolores nemis uns volu taes nemo minima rerums uns.&lt;/span&gt;												\r\n			&lt;span class=&quot;txt4 txt4up&quot;&gt;&lt;a class=&quot;btn btn-wht&quot; href=&quot;#&quot;&gt;Purchase Now!&lt;/a&gt;&lt;/span&gt;',NULL,'2014-01-25 12:13:53','2014-01-25 12:13:53'),(11,1,'Main Banner 4','&lt;p&gt;\r\n	&lt;img alt=&quot;&quot; class=&quot;wp1_3 slide3_bot&quot; src=&quot;storefront/view/default_html5/image/banner_image_4.png&quot; /&gt; &lt;span class=&quot;txt1 blue&quot;&gt;Stay in control&lt;/span&gt; &lt;span class=&quot;txt2 blue&quot;&gt;Easy updates&lt;/span&gt; &lt;span class=&quot;txt3 short&quot;&gt;Upgrade right from admin. Backward supportability in upgrades and automatic backups. Easy extension download with one step installation.&lt;/span&gt; &lt;span class=&quot;txt4 txt4up&quot;&gt;&lt;a class=&quot;btn btn-wht&quot; href=&quot;#&quot;&gt;Get Yours!&lt;/a&gt;&lt;/span&gt;&lt;/p&gt;\r\n','','2014-01-25 12:13:53','2014-01-25 12:13:53'),(10,9,'Main Banner 3','			&lt;img src=&quot;storefront/view/default_html5/image/banner_image_3.png&quot; class=&quot;wp1_3 slide2_bot&quot; alt=&quot;&quot;&gt;		            \r\n			&lt;span class=&quot;txt1&quot;&gt;Crucio is a responsive, business&lt;/span&gt;			\r\n			&lt;span class=&quot;txt2&quot;&gt;HTML template&lt;/span&gt;												\r\n			&lt;span class=&quot;txt3&quot;&gt;Lid est laborum dolo rumes fugats untras. Et harums ser quidem sit rerum facilis dolores nemis uns voluptas sadips ipsums vitae tolu ptas nemis omnis fugiats vitaes nemo minima rerums uns.&lt;/span&gt;												\r\n			&lt;span class=&quot;txt4&quot;&gt;&lt;a class=&quot;btn btn-wht&quot; href=&quot;#&quot;&gt;Purchase Now!&lt;/a&gt;&lt;/span&gt;',NULL,'2014-01-25 12:13:53','2014-01-25 12:13:53'),(10,1,'Main Banner 3','&lt;p&gt;\r\n	&lt;img alt=&quot;&quot; class=&quot;wp1_3 slide2_bot&quot; src=&quot;storefront/view/default_html5/image/banner_image_3.png&quot; /&gt; &lt;span class=&quot;txt1&quot;&gt;Feature rich with smart UI&lt;/span&gt; &lt;span class=&quot;txt2&quot;&gt;Easy &amp;amp; fun to manage&lt;/span&gt; &lt;span class=&quot;txt3&quot;&gt;Feature reach shopping cart application right out of the box. Standard features allow to set up complete eCommerce site with all the tools needed to sell products online.&lt;/span&gt; &lt;span class=&quot;txt4&quot;&gt;&lt;a class=&quot;btn btn-wht&quot; href=&quot;#&quot;&gt;Install Now!&lt;/a&gt;&lt;/span&gt;&lt;/p&gt;\r\n','','2014-01-25 12:13:53','2014-01-25 12:13:53'),(9,9,'Main Banner 2','&lt;p&gt;\r\n	&lt;img alt=&quot;&quot; class=&quot;wp1_3 wp1_left slide2_bot&quot; src=&quot;storefront/view/default_html5/image/banner_image_2.png&quot; /&gt; &lt;span class=&quot;txt1 blue txt_right2&quot;&gt;This Slider Has Tons of Great Features&lt;/span&gt; &lt;span class=&quot;txt2 blue txt_right2&quot;&gt;iOS Friendly&lt;/span&gt; &lt;span class=&quot;txt2 blue txt_right2&quot;&gt;and Hyperlinks&lt;/span&gt; &lt;span class=&quot;txt4 txt_right2 txt4up&quot;&gt;&lt;a class=&quot;btn btn-wht&quot; href=&quot;#&quot;&gt;Purchase Now!&lt;/a&gt;&lt;/span&gt;&lt;/p&gt;\r\n',NULL,'2014-01-25 12:13:53','2014-01-25 12:13:53'),(9,1,'Main Banner 2','&lt;p&gt;\r\n	&lt;img alt=&quot;&quot; class=&quot;wp1_3 wp1_left slide2_bot&quot; src=&quot;storefront/view/default_html5/image/banner_image_2.png&quot; /&gt; &lt;span class=&quot;txt1 blue txt_right2&quot;&gt;Highly flexible layout on any page&lt;/span&gt; &lt;span class=&quot;txt2 blue txt_right2&quot;&gt;SEO Friendly&lt;/span&gt; &lt;span class=&quot;txt2 blue txt_right2&quot;&gt;Fast Loading&lt;/span&gt; &lt;span class=&quot;txt4 txt_right2 txt4up&quot;&gt;&lt;a class=&quot;btn btn-wht&quot; href=&quot;#&quot;&gt;Try Now!&lt;/a&gt;&lt;/span&gt;&lt;/p&gt;\r\n','','2014-01-25 12:13:53','2014-01-25 12:13:53'),(8,9,'Main Banner 1','&lt;p&gt;\r\n	&lt;img alt=&quot;&quot; class=&quot;wp1_3 slide1_bot&quot; src=&quot;storefront/view/default_html5/image/banner_image_1.png&quot; /&gt; &lt;span class=&quot;txt1&quot;&gt;Construct Looks Good On&lt;/span&gt; &lt;span class=&quot;txt2&quot;&gt;ALL Screen Sizes&lt;/span&gt; &lt;span class=&quot;txt3 short&quot;&gt;Lid est laborum dolo rumes fugats untras. Et harums ser quidem sit rerum facilis dolores nemis uns voluptas sadips ipsums vitae tolu ptas nemis omnis fugiats vitaes nemo minima rerums uns.&lt;/span&gt; &lt;span class=&quot;txt4 txt4up&quot;&gt;&lt;a class=&quot;btn btn-wht&quot; href=&quot;&quot;&gt;Purchase Now!&lt;/a&gt;&lt;/span&gt;&lt;/p&gt;\r\n',NULL,'2014-01-25 12:13:53','2014-01-25 12:13:53'),(8,1,'Main Banner 1','&lt;p&gt;\r\n	&lt;img alt=&quot;&quot; class=&quot;wp1_3 slide1_bot&quot; src=&quot;storefront/view/default_html5/image/banner_image_1.png&quot; /&gt; &lt;span class=&quot;txt1&quot;&gt;HTML5 Responsive Storefront to look great on&lt;/span&gt; &lt;span class=&quot;txt2&quot;&gt;ALL Screen Sizes&lt;/span&gt; &lt;span class=&quot;txt3 short&quot;&gt;Natively responsive template implemented with bootstrap library and HTML5. Will look good on most mobile devices and tablets.&lt;/span&gt; &lt;span class=&quot;txt4 txt4up&quot;&gt;&lt;a class=&quot;btn btn-wht&quot; href=&quot;&quot;&gt;Try on your device!&lt;/a&gt;&lt;/span&gt;&lt;/p&gt;\r\n','','2014-01-25 12:13:53','2014-01-25 12:13:53');

--
-- Table structure for table `ab_banner_stat`
--

CREATE TABLE `ab_banner_stat` (
  `banner_id` int(11) NOT NULL,
  `type` int(11) NOT NULL,
  `time` timestamp NOT NULL DEFAULT CURRENT_TIMESTAMP ON UPDATE CURRENT_TIMESTAMP,
  `store_id` int(11) NOT NULL,
  `user_info` text COLLATE utf8_bin,
  KEY `banner_stat_idx` (`banner_id`,`type`,`time`,`store_id`)
) ENGINE=MyISAM DEFAULT CHARSET=utf8 COLLATE=utf8_bin;

--
-- Dumping data for table `ab_banner_stat`
--

INSERT INTO `ab_banner_stat` (`banner_id`, `type`, `time`, `store_id`, `user_info`) VALUES (8,1,'2014-01-25 04:15:24',0,'a:4:{s:7:\"user_id\";s:0:\"\";s:7:\"user_ip\";s:15:\"118.137.202.109\";s:9:\"user_host\";N;s:2:\"rt\";N;}'),(9,1,'2014-01-25 04:15:24',0,'a:4:{s:7:\"user_id\";s:0:\"\";s:7:\"user_ip\";s:15:\"118.137.202.109\";s:9:\"user_host\";N;s:2:\"rt\";N;}'),(10,1,'2014-01-25 04:15:24',0,'a:4:{s:7:\"user_id\";s:0:\"\";s:7:\"user_ip\";s:15:\"118.137.202.109\";s:9:\"user_host\";N;s:2:\"rt\";N;}'),(11,1,'2014-01-25 04:15:24',0,'a:4:{s:7:\"user_id\";s:0:\"\";s:7:\"user_ip\";s:15:\"118.137.202.109\";s:9:\"user_host\";N;s:2:\"rt\";N;}'),(17,1,'2014-01-25 04:15:24',0,'a:4:{s:7:\"user_id\";s:0:\"\";s:7:\"user_ip\";s:15:\"118.137.202.109\";s:9:\"user_host\";N;s:2:\"rt\";N;}'),(8,1,'2014-01-25 04:15:27',0,'a:4:{s:7:\"user_id\";s:0:\"\";s:7:\"user_ip\";s:15:\"118.137.202.109\";s:9:\"user_host\";N;s:2:\"rt\";N;}'),(9,1,'2014-01-25 04:15:27',0,'a:4:{s:7:\"user_id\";s:0:\"\";s:7:\"user_ip\";s:15:\"118.137.202.109\";s:9:\"user_host\";N;s:2:\"rt\";N;}'),(10,1,'2014-01-25 04:15:27',0,'a:4:{s:7:\"user_id\";s:0:\"\";s:7:\"user_ip\";s:15:\"118.137.202.109\";s:9:\"user_host\";N;s:2:\"rt\";N;}'),(11,1,'2014-01-25 04:15:27',0,'a:4:{s:7:\"user_id\";s:0:\"\";s:7:\"user_ip\";s:15:\"118.137.202.109\";s:9:\"user_host\";N;s:2:\"rt\";N;}'),(17,1,'2014-01-25 04:15:27',0,'a:4:{s:7:\"user_id\";s:0:\"\";s:7:\"user_ip\";s:15:\"118.137.202.109\";s:9:\"user_host\";N;s:2:\"rt\";N;}'),(13,1,'2014-01-25 04:15:43',0,'a:4:{s:7:\"user_id\";s:0:\"\";s:7:\"user_ip\";s:15:\"118.137.202.109\";s:9:\"user_host\";N;s:2:\"rt\";N;}'),(13,1,'2014-01-25 04:15:43',0,'a:4:{s:7:\"user_id\";s:0:\"\";s:7:\"user_ip\";s:15:\"118.137.202.109\";s:9:\"user_host\";N;s:2:\"rt\";N;}'),(14,1,'2014-01-25 04:15:43',0,'a:4:{s:7:\"user_id\";s:0:\"\";s:7:\"user_ip\";s:15:\"118.137.202.109\";s:9:\"user_host\";N;s:2:\"rt\";N;}'),(14,1,'2014-01-25 04:15:43',0,'a:4:{s:7:\"user_id\";s:0:\"\";s:7:\"user_ip\";s:15:\"118.137.202.109\";s:9:\"user_host\";N;s:2:\"rt\";N;}'),(15,1,'2014-01-25 04:15:43',0,'a:4:{s:7:\"user_id\";s:0:\"\";s:7:\"user_ip\";s:15:\"118.137.202.109\";s:9:\"user_host\";N;s:2:\"rt\";N;}'),(15,1,'2014-01-25 04:15:43',0,'a:4:{s:7:\"user_id\";s:0:\"\";s:7:\"user_ip\";s:15:\"118.137.202.109\";s:9:\"user_host\";N;s:2:\"rt\";N;}'),(16,1,'2014-01-25 04:15:43',0,'a:4:{s:7:\"user_id\";s:0:\"\";s:7:\"user_ip\";s:15:\"118.137.202.109\";s:9:\"user_host\";N;s:2:\"rt\";N;}'),(16,1,'2014-01-25 04:15:43',0,'a:4:{s:7:\"user_id\";s:0:\"\";s:7:\"user_ip\";s:15:\"118.137.202.109\";s:9:\"user_host\";N;s:2:\"rt\";N;}');

--
-- Table structure for table `ab_banners`
--

CREATE TABLE `ab_banners` (
  `banner_id` int(11) NOT NULL AUTO_INCREMENT,
  `status` int(1) NOT NULL DEFAULT '0',
  `banner_type` int(11) NOT NULL DEFAULT '1',
  `banner_group_name` varchar(255) COLLATE utf8_bin NOT NULL DEFAULT '',
  `start_date` timestamp NULL DEFAULT NULL,
  `end_date` timestamp NULL DEFAULT NULL,
  `blank` tinyint(1) NOT NULL DEFAULT '0',
  `target_url` text COLLATE utf8_bin,
  `sort_order` int(11) NOT NULL,
  `date_added` timestamp NOT NULL DEFAULT '0000-00-00 00:00:00',
  `update_date` timestamp NOT NULL DEFAULT CURRENT_TIMESTAMP ON UPDATE CURRENT_TIMESTAMP,
  PRIMARY KEY (`banner_id`)
) ENGINE=MyISAM AUTO_INCREMENT=18 DEFAULT CHARSET=utf8 COLLATE=utf8_bin;

--
-- Dumping data for table `ab_banners`
--

INSERT INTO `ab_banners` (`banner_id`, `status`, `banner_type`, `banner_group_name`, `start_date`, `end_date`, `blank`, `target_url`, `sort_order`, `date_added`, `update_date`) VALUES (17,1,2,'Main Page Banners','2013-03-10 00:00:00',NULL,0,'',5,'2014-01-25 12:13:53','2014-01-25 12:13:53'),(16,1,1,'Main bottom banners','2013-03-10 00:00:00',NULL,0,'http://www.abantecart.com',4,'2014-01-25 12:13:53','2014-01-25 12:13:53'),(15,1,1,'Main bottom banners','2013-03-10 00:00:00',NULL,0,'http://www.abantecart.com',3,'2014-01-25 12:13:53','2014-01-25 12:13:53'),(14,1,1,'Main bottom banners','2013-03-10 00:00:00',NULL,0,'http://www.abantecart.com',2,'2014-01-25 12:13:53','2014-01-25 12:13:53'),(13,1,1,'Main bottom banners','2013-03-10 00:00:00',NULL,0,'http://www.abantecart.com',1,'2014-01-25 12:13:53','2014-01-25 12:13:53'),(11,1,2,'Main Page Banners','2013-03-10 00:00:00',NULL,0,'',4,'2014-01-25 12:13:53','2014-01-25 12:13:53'),(10,1,2,'Main Page Banners','2013-03-10 00:00:00',NULL,0,'',3,'2014-01-25 12:13:53','2014-01-25 12:13:53'),(9,1,2,'Main Page Banners','2013-03-10 00:00:00',NULL,0,'',2,'2014-01-25 12:13:53','2014-01-25 12:13:53'),(8,1,2,'Main Page Banners','2013-03-10 00:00:00',NULL,0,'',1,'2014-01-25 12:13:53','2014-01-25 12:13:53');

--
-- Table structure for table `ab_block_descriptions`
--

CREATE TABLE `ab_block_descriptions` (
  `block_description_id` int(10) NOT NULL AUTO_INCREMENT,
  `custom_block_id` int(10) NOT NULL,
  `language_id` int(10) NOT NULL,
  `block_wrapper` varchar(255) NOT NULL DEFAULT '0',
  `block_framed` tinyint(1) DEFAULT '1',
  `name` varchar(255) NOT NULL COMMENT 'translatable',
  `title` varchar(255) NOT NULL COMMENT 'translatable',
  `description` varchar(255) NOT NULL DEFAULT '' COMMENT 'translatable',
  `content` text NOT NULL,
  `created` timestamp NOT NULL DEFAULT '0000-00-00 00:00:00',
  `updated` timestamp NOT NULL DEFAULT CURRENT_TIMESTAMP ON UPDATE CURRENT_TIMESTAMP,
  PRIMARY KEY (`block_description_id`,`custom_block_id`,`language_id`)
) ENGINE=MyISAM AUTO_INCREMENT=32 DEFAULT CHARSET=utf8;

--
-- Dumping data for table `ab_block_descriptions`
--

INSERT INTO `ab_block_descriptions` (`block_description_id`, `custom_block_id`, `language_id`, `block_wrapper`, `block_framed`, `name`, `title`, `description`, `content`, `created`, `updated`) VALUES (1,1,1,'0',0,'home page static banner','home page banner','','&lt;div style=&quot;text-align: center;&quot;&gt;&lt;a href=&quot;index.php?rt=product/special&quot;&gt; &lt;img alt=&quot;banner&quot; src=&quot;storefront/view/default/image/banner1.jpg&quot; /&gt; &lt;/a&gt;&lt;/div&gt;','2014-01-25 12:13:53','2014-01-25 12:13:53'),(2,2,1,'0',0,'Video block','Video','','a:3:{s:18:\"listing_datasource\";s:5:\"media\";s:13:\"resource_type\";s:5:\"video\";s:5:\"limit\";s:1:\"1\";}','2014-01-25 12:13:53','2014-01-25 12:13:53'),(3,3,1,'0',1,'Custom Listing block','Popular','','a:2:{s:18:\"listing_datasource\";s:34:\"catalog_product_getPopularProducts\";s:5:\"limit\";s:2:\"12\";}','2014-01-25 12:13:53','2014-01-25 12:13:53'),(4,3,9,'0',1,'Popular','Popular','','','2014-01-25 12:13:53','2014-01-25 12:13:53'),(5,2,9,'0',0,'Video block','Video','','a:3:{s:18:\"listing_datasource\";s:5:\"media\";s:13:\"resource_type\";s:5:\"video\";s:5:\"limit\";s:0:\"\";}','2014-01-25 12:13:53','2014-01-25 12:13:53'),(31,16,9,'',1,'Testimonials','Testimonials','Flexislider testimonials','          &lt;div style=&quot;font-family: \'Open Sans\', sans-serif;&quot; class=&quot;flexslider&quot; id=&quot;testimonialsidebar&quot;&gt;\r\n            &lt;ul class=&quot;slides&quot;&gt;\r\n              &lt;li&gt;\r\n                &quot; Lorem Ipsum is simply dummy text of the printing and typesetting industry. Lorem Ipsum has been the industry\'s standard dummy text ever since the 1500s.&quot;&lt;br&gt;\r\n                &lt;span class=&quot;pull-left orange&quot;&gt;By : Themeforest&lt;/span&gt;\r\n              &lt;/li&gt;\r\n              &lt;li&gt;\r\n                &quot; It was popularised in the 1960s with the release of Letraset sheets containing Lorem Ipsum passages, and more recently .&quot;&lt;br&gt;\r\n                &lt;span class=&quot;pull-left orange&quot;&gt;By : Envato&lt;/span&gt;\r\n              &lt;/li&gt;\r\n              &lt;li&gt;\r\n                &quot; Lorem Ipsum is simply dummy text of the printing and  industry. Lorem  has been the industry\'s standard dummy text ever since the 1500s.&quot;&lt;br&gt;\r\n                &lt;span class=&quot;pull-left orange&quot;&gt;By : Themeforest&lt;/span&gt;\r\n              &lt;/li&gt;\r\n              &lt;li&gt;\r\n                &quot; It was popularised in the 1960s with the release of Letraset sheets containing Lorem Ipsum passages, and more recently.&quot;&lt;br&gt;\r\n                &lt;span class=&quot;pull-left orange&quot;&gt;By : Envato&lt;/span&gt;\r\n              &lt;/li&gt;\r\n            &lt;/ul&gt;\r\n          &lt;/div&gt;\r\n','0000-00-00 00:00:00','2013-03-17 14:49:31'),(30,16,1,'0',1,'Testimonials','Testimonials','Flexislider testimonials','&lt;div style=&quot;font-family: \'Open Sans\', sans-serif;&quot; class=&quot;flexslider&quot; id=&quot;testimonialsidebar&quot;&gt;\r\n	&lt;ul class=&quot;slides&quot;&gt;\r\n		&lt;li&gt;\r\n			&quot; I was working with many shopping carts, free and hosted for my clients. There is always something missing. In abantecart I find this gap to be much less. Interface is very easy to use and support is very responsive. This is considering its is free. Go abantecart go!&quot;&lt;br /&gt;\r\n			&lt;span class=&quot;pull-left orange&quot;&gt;By : TopShop on reviewcentre.com&lt;/span&gt;&lt;/li&gt;\r\n		&lt;li&gt;\r\n			&quot; Without a doubt the best cart I have used. The title says it all - abantecart is undoubtedly the best I have used. I\'m not an expert in site setup, so something this great looking and easy to use is absolutely perfect ... &quot;&lt;br /&gt;\r\n			&lt;span class=&quot;pull-left orange&quot;&gt;By : johnstenson80 on venturebeat.com&lt;/span&gt;&lt;/li&gt;\r\n		&lt;li&gt;\r\n			&quot; Will not regret using this cart. All good is already mentioned, I want to add my experience with support. My problems with some configuration were resolved quick. Faster than paid shopping cart we had before.&quot;&lt;br /&gt;\r\n			&lt;span class=&quot;pull-left orange&quot;&gt;By : shopper23 at bestshoppingcartreviews.com&lt;/span&gt;&lt;/li&gt;\r\n		&lt;li&gt;\r\n			&quot; Wow! Abante Cart is really a catch! What a nice experience it was for me. I mean, to have all these features so direct, so quick and easy was really essential for my website. I was able to add some features and a cart to my website in no time ...&quot;&lt;br /&gt;\r\n			&lt;span class=&quot;pull-left orange&quot;&gt;By : EcommerceSport at hotscripts.com&lt;/span&gt;&lt;/li&gt;\r\n		&lt;li&gt;\r\n			&quot; Love the cart. I installed it a while back and use it since when. Some features a hidden, but fun to discover them.&quot;&lt;br /&gt;\r\n			&lt;span class=&quot;pull-left orange&quot;&gt;By : Liz Wattkins at shopping-cart-reviews.com&lt;/span&gt;&lt;/li&gt;\r\n\r\n	&lt;/ul&gt;\r\n&lt;/div&gt;\r\n','0000-00-00 00:00:00','2013-03-26 16:37:53'),(29,15,9,'',0,'Social Icons','Social Icons','This is a an HTML block to show social icons and link.\r\nNOTE: Need to edit HTML in block content to add  personal link to social media sites','      &lt;div class=&quot;social_icons&quot;&gt;\r\n        &lt;a href=&quot;http://www.facebook.com/AbanteCart&quot; target=&quot;_blank&quot; title=&quot;Facebook&quot; class=&quot;facebook&quot;&gt;Facebook&lt;/a&gt;\r\n        &lt;a href=&quot;https://twitter.com/abantecart&quot; target=&quot;_blank&quot; title=&quot;Twitter&quot; class=&quot;twitter&quot;&gt;Twitter&lt;/a&gt;\r\n        &lt;a href=&quot;#&quot; title=&quot;Linkedin&quot; class=&quot;linkedin&quot;&gt;Linkedin&lt;/a&gt;\r\n        &lt;a href=&quot;#&quot; title=&quot;rss&quot; class=&quot;rss&quot;&gt;rss&lt;/a&gt;\r\n        &lt;a href=&quot;#&quot; target=&quot;_blank&quot; title=&quot;Googleplus&quot; class=&quot;googleplus&quot;&gt;Googleplus&lt;/a&gt;\r\n        &lt;a href=&quot;#&quot; target=&quot;_blank&quot; title=&quot;Skype&quot; class=&quot;skype&quot;&gt;Skype&lt;/a&gt;\r\n        &lt;a href=&quot;#&quot; target=&quot;_blank&quot; title=&quot;Flickr&quot; class=&quot;flickr&quot;&gt;Flickr&lt;/a&gt;\r\n      &lt;/div&gt;\r\n','0000-00-00 00:00:00','2013-03-11 14:48:49'),(28,15,1,'0',0,'Social Icons','Social Icons','This is a an HTML block to show social icons and link.\r\nNOTE: Need to edit HTML in block content to add  personal link to social media sites','      &lt;div class=&quot;social_icons&quot;&gt;\r\n        &lt;a href=&quot;http://www.facebook.com/AbanteCart&quot; target=&quot;_blank&quot; title=&quot;Facebook&quot; class=&quot;facebook&quot;&gt;Facebook&lt;/a&gt;\r\n        &lt;a href=&quot;https://twitter.com/abantecart&quot; target=&quot;_blank&quot; title=&quot;Twitter&quot; class=&quot;twitter&quot;&gt;Twitter&lt;/a&gt;\r\n        &lt;a href=&quot;#&quot; title=&quot;Linkedin&quot; class=&quot;linkedin&quot;&gt;Linkedin&lt;/a&gt;\r\n        &lt;a href=&quot;#&quot; title=&quot;rss&quot; class=&quot;rss&quot;&gt;rss&lt;/a&gt;\r\n        &lt;a href=&quot;#&quot; target=&quot;_blank&quot; title=&quot;Googleplus&quot; class=&quot;googleplus&quot;&gt;Googleplus&lt;/a&gt;\r\n        &lt;a href=&quot;#&quot; target=&quot;_blank&quot; title=&quot;Skype&quot; class=&quot;skype&quot;&gt;Skype&lt;/a&gt;\r\n        &lt;a href=&quot;#&quot; target=&quot;_blank&quot; title=&quot;Flickr&quot; class=&quot;flickr&quot;&gt;Flickr&lt;/a&gt;\r\n      &lt;/div&gt;\r\n','0000-00-00 00:00:00','2013-03-11 14:48:49'),(27,14,9,'',1,'Contact us','Contact Us','','&lt;ul class=&quot;contact&quot;&gt;	&lt;li&gt;&lt;span class=&quot;phone&quot;&gt;&amp;nbsp;&lt;/span&gt;+123 456 7890, +123 456 7890&lt;/li&gt;	&lt;li&gt;&lt;span class=&quot;mobile&quot;&gt;&amp;nbsp;&lt;/span&gt;+123 456 7890, +123 456 78900&lt;/li&gt;	&lt;li&gt;&lt;span class=&quot;email&quot;&gt;&amp;nbsp;&lt;/span&gt;help at abantecart.com&lt;/li&gt;	&lt;li&gt;&lt;span class=&quot;email&quot;&gt;&amp;nbsp;&lt;/span&gt;help at abantecart.com&lt;/li&gt;&lt;/ul&gt;','0000-00-00 00:00:00','2013-03-10 23:58:46'),(26,14,1,'0',1,'Contact us','Contact Us','','&lt;ul class=&quot;contact&quot;&gt;	&lt;li&gt;&lt;span class=&quot;phone&quot;&gt;&amp;nbsp;&lt;/span&gt;+123 456 7890, +123 456 7890&lt;/li&gt;	&lt;li&gt;&lt;span class=&quot;mobile&quot;&gt;&amp;nbsp;&lt;/span&gt;+123 456 7890, +123 456 78900&lt;/li&gt;	&lt;li&gt;&lt;span class=&quot;email&quot;&gt;&amp;nbsp;&lt;/span&gt;help at abantecart.com&lt;/li&gt;	&lt;li&gt;&lt;span class=&quot;email&quot;&gt;&amp;nbsp;&lt;/span&gt;help at abantecart.com&lt;/li&gt;&lt;/ul&gt;','0000-00-00 00:00:00','2013-03-26 16:26:46'),(25,13,9,'',1,'About Us','About Us','','          &lt;p&gt; Lorem Ipsum is simply dummy text of the printing and typesetting industry. Lorem Ipsum has been the industry\'s standard dummy text ever since the 1500s, when an unknown printer took a galley of type and scrambled it to make a type specimen book. &lt;br&gt;\r\n            &lt;br&gt;\r\n            t has survived not only five centuries, but also the leap into electronic typesetting, remaining essentially unchanged. &lt;/p&gt;\r\n','0000-00-00 00:00:00','2013-03-10 23:46:01'),(24,13,1,'0',1,'About Us','About Us','','&lt;p&gt;\r\n	AbanteCart is a free eCommerce solution for merchants to provide ability creating online business and sell products or services online. AbanteCart application is built and supported by experienced enthusiasts that are passionate about their work and contribution to rapidly evolving eCommerce industry. AbanteCart is more than just a shopping cart, it is rapidly growing eCommerce platform with many benefits.&lt;/p&gt;\r\n','0000-00-00 00:00:00','2013-03-11 15:49:44'),(23,12,9,'blocks/listing_block/popular_brands_content_bottom.tpl',1,'Brands Scrolling List','Brands Scrolling List','','a:1:{s:18:\"listing_datasource\";s:20:\"custom_manufacturers\";}','0000-00-00 00:00:00','2013-03-10 21:48:57'),(22,12,1,'blocks/listing_block/popular_brands_content_bottom.tpl',1,'Brands Scrolling List','Brands Scrolling List','','a:1:{s:18:\"listing_datasource\";s:20:\"custom_manufacturers\";}','0000-00-00 00:00:00','2013-03-10 21:48:57'),(21,11,9,'',0,'Main Page Banner Bottom','Bottom Banners','','a:1:{s:17:\"banner_group_name\";s:19:\"Main bottom banners\";}','0000-00-00 00:00:00','2013-03-10 19:34:11'),(20,11,1,'0',0,'Main Page Banner Bottom','Bottom Banners','','a:1:{s:17:\"banner_group_name\";s:19:\"Main bottom banners\";}','0000-00-00 00:00:00','2013-03-10 19:34:11'),(19,10,9,'',0,'Main Page Promo','Promo','','&lt;!-- Section Start--&gt;\r\n	&lt;section class=&quot;container otherddetails&quot;&gt;\r\n	&lt;div class=&quot;otherddetailspart&quot;&gt;\r\n		&lt;div class=&quot;innerclass free&quot;&gt;\r\n			&lt;h2&gt;\r\n				Free shipping&lt;/h2&gt;\r\n			All over in world over $200&lt;/div&gt;\r\n	&lt;/div&gt;\r\n	&lt;div class=&quot;otherddetailspart&quot;&gt;\r\n		&lt;div class=&quot;innerclass payment&quot;&gt;\r\n			&lt;h2&gt;\r\n				Easy Payment&lt;/h2&gt;\r\n			Payment Gatway support&lt;/div&gt;\r\n	&lt;/div&gt;\r\n	&lt;div class=&quot;otherddetailspart&quot;&gt;\r\n		&lt;div class=&quot;innerclass shipping&quot;&gt;\r\n			&lt;h2&gt;\r\n				24hrs Shipping&lt;/h2&gt;\r\n			For All US States&lt;/div&gt;\r\n	&lt;/div&gt;\r\n	&lt;div class=&quot;otherddetailspart&quot;&gt;\r\n		&lt;div class=&quot;innerclass choice&quot;&gt;\r\n			&lt;h2&gt;\r\n				Large Variety&lt;/h2&gt;\r\n			50,000+ Products&lt;/div&gt;\r\n	&lt;/div&gt;\r\n	&lt;/section&gt; &lt;!-- Section End--&gt;','0000-00-00 00:00:00','2013-03-08 11:49:24'),(18,10,1,'0',0,'Main Page Promo','Promo','','&lt;!-- Section Start--&gt;\r\n	&lt;section class=&quot;container otherddetails&quot;&gt;\r\n	&lt;div class=&quot;otherddetailspart&quot;&gt;\r\n		&lt;div class=&quot;innerclass free&quot;&gt;\r\n			&lt;h2&gt;\r\n				Free shipping&lt;/h2&gt;\r\n			All over in world over $200&lt;/div&gt;\r\n	&lt;/div&gt;\r\n	&lt;div class=&quot;otherddetailspart&quot;&gt;\r\n		&lt;div class=&quot;innerclass payment&quot;&gt;\r\n			&lt;h2&gt;\r\n				Easy Payment&lt;/h2&gt;\r\n			Payment Gatway support&lt;/div&gt;\r\n	&lt;/div&gt;\r\n	&lt;div class=&quot;otherddetailspart&quot;&gt;\r\n		&lt;div class=&quot;innerclass shipping&quot;&gt;\r\n			&lt;h2&gt;\r\n				24hrs Shipping&lt;/h2&gt;\r\n			For All US States&lt;/div&gt;\r\n	&lt;/div&gt;\r\n	&lt;div class=&quot;otherddetailspart&quot;&gt;\r\n		&lt;div class=&quot;innerclass choice&quot;&gt;\r\n			&lt;h2&gt;\r\n				Large Variety&lt;/h2&gt;\r\n			50,000+ Products&lt;/div&gt;\r\n	&lt;/div&gt;\r\n	&lt;/section&gt; &lt;!-- Section End--&gt;','0000-00-00 00:00:00','2013-03-08 11:49:24'),(17,9,9,'blocks/banner_block/one_by_one_slider_banner_block.tpl',0,'Main Page Banner Slider','Main Page Banner Slider','','a:1:{s:17:\"banner_group_name\";s:17:\"Main Page Banners\";}','0000-00-00 00:00:00','2013-03-07 15:48:12'),(16,9,1,'blocks/banner_block/one_by_one_slider_banner_block.tpl',0,'Main Page Banner Slider','Main Page Banner Slider','','a:1:{s:17:\"banner_group_name\";s:17:\"Main Page Banners\";}','0000-00-00 00:00:00','2013-03-07 15:48:12');

--
-- Table structure for table `ab_block_layouts`
--

CREATE TABLE `ab_block_layouts` (
  `instance_id` int(10) NOT NULL AUTO_INCREMENT,
  `layout_id` int(10) NOT NULL DEFAULT '0',
  `block_id` int(10) NOT NULL DEFAULT '0',
  `custom_block_id` int(10) NOT NULL DEFAULT '0',
  `parent_instance_id` int(10) NOT NULL DEFAULT '0',
  `position` smallint(5) NOT NULL DEFAULT '0',
  `status` smallint(1) NOT NULL DEFAULT '0',
  `created` timestamp NOT NULL DEFAULT '0000-00-00 00:00:00',
  `updated` timestamp NOT NULL DEFAULT CURRENT_TIMESTAMP ON UPDATE CURRENT_TIMESTAMP,
  PRIMARY KEY (`instance_id`),
  UNIQUE KEY `block_layouts_index` (`instance_id`,`layout_id`,`block_id`,`parent_instance_id`,`custom_block_id`)
) ENGINE=MyISAM AUTO_INCREMENT=1936 DEFAULT CHARSET=utf8;

--
-- Dumping data for table `ab_block_layouts`
--

INSERT INTO `ab_block_layouts` (`instance_id`, `layout_id`, `block_id`, `custom_block_id`, `parent_instance_id`, `position`, `status`, `created`, `updated`) VALUES (1,1,1,0,0,10,1,'2014-01-25 12:13:53','2014-01-25 12:13:53'),(2,1,2,0,0,20,1,'2014-01-25 12:13:53','2014-01-25 12:13:53'),(3,1,3,0,0,30,1,'2014-01-25 12:13:53','2014-01-25 12:13:53'),(4,1,4,0,0,40,1,'2014-01-25 12:13:53','2014-01-25 12:13:53'),(5,1,5,0,0,50,1,'2014-01-25 12:13:53','2014-01-25 12:13:53'),(6,1,6,0,0,60,1,'2014-01-25 12:13:53','2014-01-25 12:13:53'),(7,1,7,0,0,70,1,'2014-01-25 12:13:53','2014-01-25 12:13:53'),(8,1,8,0,0,80,1,'2014-01-25 12:13:53','2014-01-25 12:13:53'),(9,1,9,0,3,10,1,'2014-01-25 12:13:53','2014-01-25 12:13:53'),(10,1,10,0,3,20,1,'2014-01-25 12:13:53','2014-01-25 12:13:53'),(11,1,11,0,3,30,1,'2014-01-25 12:13:53','2014-01-25 12:13:53'),(12,1,9,0,6,30,1,'2014-01-25 12:13:53','2014-01-25 12:13:53'),(13,1,10,0,6,10,1,'2014-01-25 12:13:53','2014-01-25 12:13:53'),(14,1,11,0,6,20,1,'2014-01-25 12:13:53','2014-01-25 12:13:53'),(35,1,13,0,1,10,1,'2014-01-25 12:13:53','2014-01-25 12:13:53'),(36,1,14,0,1,20,1,'2014-01-25 12:13:53','2014-01-25 12:13:53'),(37,1,15,0,1,30,1,'2014-01-25 12:13:53','2014-01-25 12:13:53'),(38,1,21,0,8,10,1,'2014-01-25 12:13:53','2014-01-25 12:13:53'),(172,1,24,0,8,20,1,'2014-01-25 12:13:53','2014-01-25 12:13:53'),(16,2,1,0,0,10,1,'2014-01-25 12:13:53','2014-01-25 12:13:53'),(17,2,2,0,0,20,1,'2014-01-25 12:13:53','2014-01-25 12:13:53'),(18,2,3,0,0,30,1,'2014-01-25 12:13:53','2014-01-25 12:13:53'),(19,2,4,0,0,40,1,'2014-01-25 12:13:53','2014-01-25 12:13:53'),(20,2,5,0,0,50,1,'2014-01-25 12:13:53','2014-01-25 12:13:53'),(21,2,6,0,0,60,1,'2014-01-25 12:13:53','2014-01-25 12:13:53'),(22,2,7,0,0,70,1,'2014-01-25 12:13:53','2014-01-25 12:13:53'),(23,2,8,0,0,80,1,'2014-01-25 12:13:53','2014-01-25 12:13:53'),(24,2,9,0,18,10,1,'2014-01-25 12:13:53','2014-01-25 12:13:53'),(25,2,10,0,18,20,1,'2014-01-25 12:13:53','2014-01-25 12:13:53'),(26,2,11,0,18,30,1,'2014-01-25 12:13:53','2014-01-25 12:13:53'),(27,2,12,0,20,10,1,'2014-01-25 12:13:53','2014-01-25 12:13:53'),(28,2,18,0,21,10,1,'2014-01-25 12:13:53','2014-01-25 12:13:53'),(29,2,19,0,21,20,1,'2014-01-25 12:13:53','2014-01-25 12:13:53'),(31,2,15,0,16,30,1,'2014-01-25 12:13:53','2014-01-25 12:13:53'),(32,2,13,0,16,10,1,'2014-01-25 12:13:53','2014-01-25 12:13:53'),(33,2,14,0,16,20,1,'2014-01-25 12:13:53','2014-01-25 12:13:53'),(34,2,17,1,19,10,1,'2014-01-25 12:13:53','2014-01-25 12:13:53'),(39,2,21,0,23,10,1,'2014-01-25 12:13:53','2014-01-25 12:13:53'),(40,2,24,0,23,20,1,'2014-01-25 12:13:53','2014-01-25 12:13:53'),(56,5,13,0,55,10,1,'2014-01-25 12:13:53','2014-01-25 12:13:53'),(64,5,7,0,0,70,1,'2014-01-25 12:13:53','2014-01-25 12:13:53'),(63,5,6,0,0,60,0,'2014-01-25 12:13:53','2014-01-25 12:13:53'),(62,5,5,0,0,50,1,'2014-01-25 12:13:53','2014-01-25 12:13:53'),(61,5,4,0,0,40,1,'2014-01-25 12:13:53','2014-01-25 12:13:53'),(60,5,3,0,0,30,0,'2014-01-25 12:13:53','2014-01-25 12:13:53'),(59,5,2,0,0,20,1,'2014-01-25 12:13:53','2014-01-25 12:13:53'),(58,5,15,0,55,30,1,'2014-01-25 12:13:53','2014-01-25 12:13:53'),(57,5,14,0,55,20,1,'2014-01-25 12:13:53','2014-01-25 12:13:53'),(55,5,1,0,0,10,1,'2014-01-25 12:13:53','2014-01-25 12:13:53'),(65,5,8,0,0,80,1,'2014-01-25 12:13:53','2014-01-25 12:13:53'),(98,5,21,0,65,10,1,'2014-01-25 12:13:53','2014-01-25 12:13:53'),(99,5,24,0,65,20,1,'2014-01-25 12:13:53','2014-01-25 12:13:53'),(66,6,13,0,75,10,1,'2014-01-25 12:13:53','2014-01-25 12:13:53'),(67,6,7,0,0,70,1,'2014-01-25 12:13:53','2014-01-25 12:13:53'),(68,6,6,0,0,60,0,'2014-01-25 12:13:53','2014-01-25 12:13:53'),(69,6,5,0,0,50,1,'2014-01-25 12:13:53','2014-01-25 12:13:53'),(70,6,4,0,0,40,1,'2014-01-25 12:13:53','2014-01-25 12:13:53'),(71,6,3,0,0,30,0,'2014-01-25 12:13:53','2014-01-25 12:13:53'),(72,6,2,0,0,20,1,'2014-01-25 12:13:53','2014-01-25 12:13:53'),(73,6,15,0,75,30,1,'2014-01-25 12:13:53','2014-01-25 12:13:53'),(74,6,14,0,75,20,1,'2014-01-25 12:13:53','2014-01-25 12:13:53'),(75,6,1,0,0,10,1,'2014-01-25 12:13:53','2014-01-25 12:13:53'),(76,6,8,0,0,80,1,'2014-01-25 12:13:53','2014-01-25 12:13:53'),(95,6,21,0,76,10,1,'2014-01-25 12:13:53','2014-01-25 12:13:53'),(170,6,24,0,76,20,1,'2014-01-25 12:13:53','2014-01-25 12:13:53'),(77,7,1,0,0,10,1,'2014-01-25 12:13:53','2014-01-25 12:13:53'),(78,7,7,0,0,70,1,'2014-01-25 12:13:53','2014-01-25 12:13:53'),(79,7,6,0,0,60,1,'2014-01-25 12:13:53','2014-01-25 12:13:53'),(80,7,5,0,0,50,1,'2014-01-25 12:13:53','2014-01-25 12:13:53'),(81,7,2,0,0,20,1,'2014-01-25 12:13:53','2014-01-25 12:13:53'),(82,7,3,0,0,30,0,'2014-01-25 12:13:53','2014-01-25 12:13:53'),(83,7,4,0,0,40,1,'2014-01-25 12:13:53','2014-01-25 12:13:53'),(87,7,8,0,0,80,1,'2014-01-25 12:13:53','2014-01-25 12:13:53'),(91,7,13,0,77,10,1,'2014-01-25 12:13:53','2014-01-25 12:13:53'),(92,7,14,0,77,20,1,'2014-01-25 12:13:53','2014-01-25 12:13:53'),(93,7,15,0,77,30,1,'2014-01-25 12:13:53','2014-01-25 12:13:53'),(94,7,16,0,79,10,1,'2014-01-25 12:13:53','2014-01-25 12:13:53'),(96,7,21,0,87,10,1,'2014-01-25 12:13:53','2014-01-25 12:13:53'),(171,7,24,0,87,20,1,'2014-01-25 12:13:53','2014-01-25 12:13:53'),(1839,11,25,0,337,40,1,'2014-01-25 12:13:53','2014-01-25 12:13:53'),(338,11,9,0,3,10,1,'2014-01-25 12:13:53','2014-01-25 12:13:53'),(337,11,8,0,0,80,1,'2014-01-25 12:13:53','2014-01-25 12:13:53'),(336,11,7,0,0,70,1,'2014-01-25 12:13:53','2014-01-25 12:13:53'),(335,11,6,0,0,60,1,'2014-01-25 12:13:53','2014-01-25 12:13:53'),(334,11,5,0,0,50,1,'2014-01-25 12:13:53','2014-01-25 12:13:53'),(333,11,4,0,0,40,1,'2014-01-25 12:13:53','2014-01-25 12:13:53'),(332,11,3,0,0,30,1,'2014-01-25 12:13:53','2014-01-25 12:13:53'),(331,11,2,0,0,20,1,'2014-01-25 12:13:53','2014-01-25 12:13:53'),(1836,11,17,13,337,10,1,'2014-01-25 12:13:53','2014-01-25 12:13:53'),(1831,11,14,0,330,50,1,'2014-01-25 12:13:53','2014-01-25 12:13:53'),(1833,11,15,0,330,70,1,'2014-01-25 12:13:53','2014-01-25 12:13:53'),(339,11,10,0,3,20,1,'2014-01-25 12:13:53','2014-01-25 12:13:53'),(340,11,11,0,3,30,1,'2014-01-25 12:13:53','2014-01-25 12:13:53'),(341,11,9,0,6,30,1,'2014-01-25 12:13:53','2014-01-25 12:13:53'),(1841,11,17,15,337,60,1,'2014-01-25 12:13:53','2014-01-25 12:13:53'),(1840,11,11,0,337,50,1,'2014-01-25 12:13:53','2014-01-25 12:13:53'),(1838,11,17,16,337,30,1,'2014-01-25 12:13:53','2014-01-25 12:13:53'),(1837,11,17,14,337,20,1,'2014-01-25 12:13:53','2014-01-25 12:13:53'),(1832,11,13,0,330,60,1,'2014-01-25 12:13:53','2014-01-25 12:13:53'),(348,11,24,0,8,20,1,'2014-01-25 12:13:53','2014-01-25 12:13:53'),(347,11,21,0,8,10,1,'2014-01-25 12:13:53','2014-01-25 12:13:53'),(346,11,15,0,1,30,1,'2014-01-25 12:13:53','2014-01-25 12:13:53'),(345,11,14,0,1,20,1,'2014-01-25 12:13:53','2014-01-25 12:13:53'),(344,11,13,0,1,10,1,'2014-01-25 12:13:53','2014-01-25 12:13:53'),(343,11,11,0,6,20,1,'2014-01-25 12:13:53','2014-01-25 12:13:53'),(342,11,10,0,6,10,1,'2014-01-25 12:13:53','2014-01-25 12:13:53'),(330,11,1,0,0,10,1,'2014-01-25 12:13:53','2014-01-25 12:13:53'),(1835,11,9,0,331,10,1,'2014-01-25 12:13:53','2014-01-25 12:13:53'),(1842,11,24,0,337,70,1,'2014-01-25 12:13:53','2014-01-25 12:13:53'),(1843,11,21,0,337,80,1,'2014-01-25 12:13:53','2014-01-25 12:13:53'),(1830,11,26,0,330,40,1,'2014-01-25 12:13:53','2014-01-25 12:13:53'),(1829,11,27,0,330,30,1,'2014-01-25 12:13:53','2014-01-25 12:13:53'),(1834,11,17,15,330,80,1,'2014-01-25 12:13:53','2014-01-25 12:13:53'),(1782,12,21,0,356,80,1,'2014-01-25 12:13:53','2014-01-25 12:13:53'),(354,12,6,0,0,60,0,'2014-01-25 12:13:53','2014-01-25 12:13:53'),(352,12,4,0,0,40,1,'2014-01-25 12:13:53','2014-01-25 12:13:53'),(351,12,3,0,0,30,0,'2014-01-25 12:13:53','2014-01-25 12:13:53'),(350,12,2,0,0,20,1,'2014-01-25 12:13:53','2014-01-25 12:13:53'),(353,12,5,0,0,50,1,'2014-01-25 12:13:53','2014-01-25 12:13:53'),(1780,12,17,15,356,60,1,'2014-01-25 12:13:53','2014-01-25 12:13:53'),(1781,12,24,0,356,70,1,'2014-01-25 12:13:53','2014-01-25 12:13:53'),(355,12,7,0,0,70,1,'2014-01-25 12:13:53','2014-01-25 12:13:53'),(356,12,8,0,0,80,1,'2014-01-25 12:13:53','2014-01-25 12:13:53'),(368,12,24,0,23,20,1,'2014-01-25 12:13:53','2014-01-25 12:13:53'),(367,12,21,0,23,10,1,'2014-01-25 12:13:53','2014-01-25 12:13:53'),(366,12,17,1,19,10,1,'2014-01-25 12:13:53','2014-01-25 12:13:53'),(365,12,14,0,16,20,1,'2014-01-25 12:13:53','2014-01-25 12:13:53'),(364,12,13,0,16,10,1,'2014-01-25 12:13:53','2014-01-25 12:13:53'),(363,12,15,0,16,30,1,'2014-01-25 12:13:53','2014-01-25 12:13:53'),(362,12,19,0,21,20,1,'2014-01-25 12:13:53','2014-01-25 12:13:53'),(361,12,18,0,21,10,1,'2014-01-25 12:13:53','2014-01-25 12:13:53'),(360,12,12,0,20,10,1,'2014-01-25 12:13:53','2014-01-25 12:13:53'),(359,12,11,0,18,30,1,'2014-01-25 12:13:53','2014-01-25 12:13:53'),(358,12,10,0,18,20,1,'2014-01-25 12:13:53','2014-01-25 12:13:53'),(357,12,9,0,18,10,1,'2014-01-25 12:13:53','2014-01-25 12:13:53'),(349,12,1,0,0,10,1,'2014-01-25 12:13:53','2014-01-25 12:13:53'),(1774,12,20,12,353,60,1,'2014-01-25 12:13:53','2014-01-25 12:13:53'),(1775,12,17,13,356,10,1,'2014-01-25 12:13:53','2014-01-25 12:13:53'),(1763,12,14,0,349,60,1,'2014-01-25 12:13:53','2014-01-25 12:13:53'),(1764,12,15,0,349,70,1,'2014-01-25 12:13:53','2014-01-25 12:13:53'),(1765,12,17,15,349,80,1,'2014-01-25 12:13:53','2014-01-25 12:13:53'),(1761,12,26,0,349,40,1,'2014-01-25 12:13:53','2014-01-25 12:13:53'),(1776,12,17,14,356,20,1,'2014-01-25 12:13:53','2014-01-25 12:13:53'),(1767,12,23,9,350,20,1,'2014-01-25 12:13:53','2014-01-25 12:13:53'),(1768,12,17,10,352,10,1,'2014-01-25 12:13:53','2014-01-25 12:13:53'),(1762,12,13,0,349,50,1,'2014-01-25 12:13:53','2014-01-25 12:13:53'),(1770,12,12,0,353,20,1,'2014-01-25 12:13:53','2014-01-25 12:13:53'),(1771,12,18,0,353,30,1,'2014-01-25 12:13:53','2014-01-25 12:13:53'),(1772,12,22,0,353,40,1,'2014-01-25 12:13:53','2014-01-25 12:13:53'),(1773,12,23,11,353,50,1,'2014-01-25 12:13:53','2014-01-25 12:13:53'),(1766,12,9,0,350,10,1,'2014-01-25 12:13:53','2014-01-25 12:13:53'),(1779,12,11,0,356,50,1,'2014-01-25 12:13:53','2014-01-25 12:13:53'),(1777,12,17,16,356,30,1,'2014-01-25 12:13:53','2014-01-25 12:13:53'),(1769,12,19,0,353,10,1,'2014-01-25 12:13:53','2014-01-25 12:13:53'),(1778,12,25,0,356,40,1,'2014-01-25 12:13:53','2014-01-25 12:13:53'),(1760,12,27,0,349,30,1,'2014-01-25 12:13:53','2014-01-25 12:13:53'),(1799,13,27,0,378,30,1,'2014-01-25 12:13:53','2014-01-25 12:13:53'),(1810,13,11,0,379,50,1,'2014-01-25 12:13:53','2014-01-25 12:13:53'),(1805,13,9,0,375,10,1,'2014-01-25 12:13:53','2014-01-25 12:13:53'),(1801,13,13,0,378,50,1,'2014-01-25 12:13:53','2014-01-25 12:13:53'),(1813,13,21,0,379,80,1,'2014-01-25 12:13:53','2014-01-25 12:13:53'),(1809,13,25,0,379,40,1,'2014-01-25 12:13:53','2014-01-25 12:13:53'),(1808,13,17,16,379,30,1,'2014-01-25 12:13:53','2014-01-25 12:13:53'),(1811,13,17,15,379,60,1,'2014-01-25 12:13:53','2014-01-25 12:13:53'),(1807,13,17,14,379,20,1,'2014-01-25 12:13:53','2014-01-25 12:13:53'),(1806,13,17,13,379,10,1,'2014-01-25 12:13:53','2014-01-25 12:13:53'),(1800,13,26,0,378,40,1,'2014-01-25 12:13:53','2014-01-25 12:13:53'),(1812,13,24,0,379,70,1,'2014-01-25 12:13:53','2014-01-25 12:13:53'),(369,13,13,0,55,10,1,'2014-01-25 12:13:53','2014-01-25 12:13:53'),(1802,13,14,0,378,60,1,'2014-01-25 12:13:53','2014-01-25 12:13:53'),(1803,13,15,0,378,70,1,'2014-01-25 12:13:53','2014-01-25 12:13:53'),(1804,13,17,15,378,80,1,'2014-01-25 12:13:53','2014-01-25 12:13:53'),(381,13,24,0,65,20,1,'2014-01-25 12:13:53','2014-01-25 12:13:53'),(380,13,21,0,65,10,1,'2014-01-25 12:13:53','2014-01-25 12:13:53'),(379,13,8,0,0,80,1,'2014-01-25 12:13:53','2014-01-25 12:13:53'),(378,13,1,0,0,10,1,'2014-01-25 12:13:53','2014-01-25 12:13:53'),(377,13,14,0,55,20,1,'2014-01-25 12:13:53','2014-01-25 12:13:53'),(376,13,15,0,55,30,1,'2014-01-25 12:13:53','2014-01-25 12:13:53'),(370,13,7,0,0,70,1,'2014-01-25 12:13:53','2014-01-25 12:13:53'),(371,13,6,0,0,60,0,'2014-01-25 12:13:53','2014-01-25 12:13:53'),(372,13,5,0,0,50,1,'2014-01-25 12:13:53','2014-01-25 12:13:53'),(373,13,4,0,0,40,1,'2014-01-25 12:13:53','2014-01-25 12:13:53'),(374,13,3,0,0,30,0,'2014-01-25 12:13:53','2014-01-25 12:13:53'),(375,13,2,0,0,20,1,'2014-01-25 12:13:53','2014-01-25 12:13:53'),(1795,14,11,0,392,50,1,'2014-01-25 12:13:53','2014-01-25 12:13:53'),(1794,14,25,0,392,40,1,'2014-01-25 12:13:53','2014-01-25 12:13:53'),(1793,14,17,16,392,30,1,'2014-01-25 12:13:53','2014-01-25 12:13:53'),(1790,14,12,0,387,10,1,'2014-01-25 12:13:53','2014-01-25 12:13:53'),(1792,14,17,14,392,20,1,'2014-01-25 12:13:53','2014-01-25 12:13:53'),(1796,14,17,15,392,60,1,'2014-01-25 12:13:53','2014-01-25 12:13:53'),(1783,14,27,0,391,30,1,'2014-01-25 12:13:53','2014-01-25 12:13:53'),(1784,14,26,0,391,40,1,'2014-01-25 12:13:53','2014-01-25 12:13:53'),(1791,14,17,13,392,10,1,'2014-01-25 12:13:53','2014-01-25 12:13:53'),(1785,14,13,0,391,50,1,'2014-01-25 12:13:53','2014-01-25 12:13:53'),(1786,14,14,0,391,60,1,'2014-01-25 12:13:53','2014-01-25 12:13:53'),(1789,14,9,0,388,10,1,'2014-01-25 12:13:53','2014-01-25 12:13:53'),(1788,14,17,15,391,80,1,'2014-01-25 12:13:53','2014-01-25 12:13:53'),(1787,14,15,0,391,70,1,'2014-01-25 12:13:53','2014-01-25 12:13:53'),(1797,14,24,0,392,70,1,'2014-01-25 12:13:53','2014-01-25 12:13:53'),(1798,14,21,0,392,80,1,'2014-01-25 12:13:53','2014-01-25 12:13:53'),(388,14,2,0,0,20,1,'2014-01-25 12:13:53','2014-01-25 12:13:53'),(386,14,4,0,0,40,1,'2014-01-25 12:13:53','2014-01-25 12:13:53'),(387,14,3,0,0,30,1,'2014-01-25 12:13:53','2014-01-25 12:13:53'),(384,14,6,0,0,60,0,'2014-01-25 12:13:53','2014-01-25 12:13:53'),(383,14,7,0,0,70,1,'2014-01-25 12:13:53','2014-01-25 12:13:53'),(389,14,15,0,75,30,1,'2014-01-25 12:13:53','2014-01-25 12:13:53'),(390,14,14,0,75,20,1,'2014-01-25 12:13:53','2014-01-25 12:13:53'),(382,14,13,0,75,10,1,'2014-01-25 12:13:53','2014-01-25 12:13:53'),(391,14,1,0,0,10,1,'2014-01-25 12:13:53','2014-01-25 12:13:53'),(392,14,8,0,0,80,1,'2014-01-25 12:13:53','2014-01-25 12:13:53'),(393,14,21,0,76,10,1,'2014-01-25 12:13:53','2014-01-25 12:13:53'),(394,14,24,0,76,20,1,'2014-01-25 12:13:53','2014-01-25 12:13:53'),(385,14,5,0,0,50,1,'2014-01-25 12:13:53','2014-01-25 12:13:53'),(1827,15,24,0,403,70,1,'2014-01-25 12:13:53','2014-01-25 12:13:53'),(1818,15,15,0,395,70,1,'2014-01-25 12:13:53','2014-01-25 12:13:53'),(1817,15,14,0,395,60,1,'2014-01-25 12:13:53','2014-01-25 12:13:53'),(1816,15,13,0,395,50,1,'2014-01-25 12:13:53','2014-01-25 12:13:53'),(1828,15,21,0,403,80,1,'2014-01-25 12:13:53','2014-01-25 12:13:53'),(1815,15,26,0,395,40,1,'2014-01-25 12:13:53','2014-01-25 12:13:53'),(1814,15,27,0,395,30,1,'2014-01-25 12:13:53','2014-01-25 12:13:53'),(1820,15,9,0,399,10,1,'2014-01-25 12:13:53','2014-01-25 12:13:53'),(1819,15,17,15,395,80,1,'2014-01-25 12:13:53','2014-01-25 12:13:53'),(1822,15,17,14,403,20,1,'2014-01-25 12:13:53','2014-01-25 12:13:53'),(1825,15,11,0,403,50,1,'2014-01-25 12:13:53','2014-01-25 12:13:53'),(402,15,5,0,0,50,1,'2014-01-25 12:13:53','2014-01-25 12:13:53'),(401,15,4,0,0,40,1,'2014-01-25 12:13:53','2014-01-25 12:13:53'),(400,15,3,0,0,30,0,'2014-01-25 12:13:53','2014-01-25 12:13:53'),(399,15,2,0,0,20,1,'2014-01-25 12:13:53','2014-01-25 12:13:53'),(398,15,5,0,0,50,1,'2014-01-25 12:13:53','2014-01-25 12:13:53'),(397,15,6,0,0,60,1,'2014-01-25 12:13:53','2014-01-25 12:13:53'),(396,15,7,0,0,70,1,'2014-01-25 12:13:53','2014-01-25 12:13:53'),(1821,15,17,13,403,10,1,'2014-01-25 12:13:53','2014-01-25 12:13:53'),(395,15,1,0,0,10,1,'2014-01-25 12:13:53','2014-01-25 12:13:53'),(1824,15,25,0,403,40,1,'2014-01-25 12:13:53','2014-01-25 12:13:53'),(1823,15,17,16,403,30,1,'2014-01-25 12:13:53','2014-01-25 12:13:53'),(403,15,8,0,0,80,1,'2014-01-25 12:13:53','2014-01-25 12:13:53'),(404,15,13,0,77,10,1,'2014-01-25 12:13:53','2014-01-25 12:13:53'),(405,15,14,0,77,20,1,'2014-01-25 12:13:53','2014-01-25 12:13:53'),(406,15,15,0,77,30,1,'2014-01-25 12:13:53','2014-01-25 12:13:53'),(409,15,24,0,87,20,1,'2014-01-25 12:13:53','2014-01-25 12:13:53'),(1826,15,17,15,403,60,1,'2014-01-25 12:13:53','2014-01-25 12:13:53'),(408,15,21,0,87,10,1,'2014-01-25 12:13:53','2014-01-25 12:13:53'),(407,15,16,0,79,10,1,'2014-01-25 12:13:53','2014-01-25 12:13:53'),(942,17,5,0,0,50,1,'2014-01-25 12:13:53','2014-01-25 12:13:53'),(943,17,6,0,0,60,1,'2014-01-25 12:13:53','2014-01-25 12:13:53'),(944,17,7,0,0,70,1,'2014-01-25 12:13:53','2014-01-25 12:13:53'),(945,17,8,0,0,80,1,'2014-01-25 12:13:53','2014-01-25 12:13:53'),(940,17,3,0,0,30,1,'2014-01-25 12:13:53','2014-01-25 12:13:53'),(939,17,2,0,0,20,1,'2014-01-25 12:13:53','2014-01-25 12:13:53'),(938,17,1,0,0,10,1,'2014-01-25 12:13:53','2014-01-25 12:13:53'),(941,17,4,0,0,40,1,'2014-01-25 12:13:53','2014-01-25 12:13:53'),(1900,18,5,0,0,50,1,'2014-01-25 12:13:53','2014-01-25 12:13:53'),(1901,18,4,0,0,40,1,'2014-01-25 12:13:53','2014-01-25 12:13:53'),(1902,18,3,0,0,30,0,'2014-01-25 12:13:53','2014-01-25 12:13:53'),(1903,18,2,0,0,20,1,'2014-01-25 12:13:53','2014-01-25 12:13:53'),(1904,18,5,0,0,50,1,'2014-01-25 12:13:53','2014-01-25 12:13:53'),(1905,18,6,0,0,60,1,'2014-01-25 12:13:53','2014-01-25 12:13:53'),(1906,18,7,0,0,70,1,'2014-01-25 12:13:53','2014-01-25 12:13:53'),(1907,18,1,0,0,10,1,'2014-01-25 12:13:53','2014-01-25 12:13:53'),(1908,18,8,0,0,80,1,'2014-01-25 12:13:53','2014-01-25 12:13:53'),(1909,18,13,0,77,10,1,'2014-01-25 12:13:53','2014-01-25 12:13:53'),(1910,18,14,0,77,20,1,'2014-01-25 12:13:53','2014-01-25 12:13:53'),(1911,18,15,0,77,30,1,'2014-01-25 12:13:53','2014-01-25 12:13:53'),(1912,18,24,0,87,20,1,'2014-01-25 12:13:53','2014-01-25 12:13:53'),(1913,18,21,0,87,10,1,'2014-01-25 12:13:53','2014-01-25 12:13:53'),(1914,18,16,0,79,10,1,'2014-01-25 12:13:53','2014-01-25 12:13:53'),(1920,18,24,0,1908,70,1,'2014-01-25 12:13:53','2014-01-25 12:13:53'),(1921,18,15,0,1907,70,1,'2014-01-25 12:13:53','2014-01-25 12:13:53'),(1922,18,14,0,1907,60,1,'2014-01-25 12:13:53','2014-01-25 12:13:53'),(1923,18,13,0,1907,50,1,'2014-01-25 12:13:53','2014-01-25 12:13:53'),(1924,18,21,0,1908,80,1,'2014-01-25 12:13:53','2014-01-25 12:13:53'),(1925,18,26,0,1907,40,1,'2014-01-25 12:13:53','2014-01-25 12:13:53'),(1926,18,27,0,1907,30,1,'2014-01-25 12:13:53','2014-01-25 12:13:53'),(1927,18,9,0,1903,10,1,'2014-01-25 12:13:53','2014-01-25 12:13:53'),(1928,18,17,15,1907,80,1,'2014-01-25 12:13:53','2014-01-25 12:13:53'),(1929,18,17,14,1908,20,1,'2014-01-25 12:13:53','2014-01-25 12:13:53'),(1930,18,11,0,1908,50,1,'2014-01-25 12:13:53','2014-01-25 12:13:53'),(1931,18,17,13,1908,10,1,'2014-01-25 12:13:53','2014-01-25 12:13:53'),(1932,18,25,0,1908,40,1,'2014-01-25 12:13:53','2014-01-25 12:13:53'),(1933,18,17,16,1908,30,1,'2014-01-25 12:13:53','2014-01-25 12:13:53'),(1934,18,17,15,1908,60,1,'2014-01-25 12:13:53','2014-01-25 12:13:53'),(1935,18,29,0,1905,10,1,'2014-01-25 12:13:53','2014-01-25 12:13:53'),(97,8,1,0,0,10,1,'2014-01-25 12:13:53','2014-01-25 12:13:53'),(123,8,15,0,97,30,1,'2014-01-25 12:13:53','2014-01-25 12:13:53'),(122,8,14,0,97,20,1,'2014-01-25 12:13:53','2014-01-25 12:13:53'),(121,8,13,0,97,10,1,'2014-01-25 12:13:53','2014-01-25 12:13:53'),(101,8,2,0,0,20,1,'2014-01-25 12:13:53','2014-01-25 12:13:53'),(102,8,3,0,0,30,0,'2014-01-25 12:13:53','2014-01-25 12:13:53'),(124,8,20,2,102,10,1,'2014-01-25 12:13:53','2014-01-25 12:13:53'),(104,8,4,0,0,40,1,'2014-01-25 12:13:53','2014-01-25 12:13:53'),(105,8,5,0,0,50,1,'2014-01-25 12:13:53','2014-01-25 12:13:53'),(106,8,6,0,0,60,0,'2014-01-25 12:13:53','2014-01-25 12:13:53'),(107,8,7,0,0,70,1,'2014-01-25 12:13:53','2014-01-25 12:13:53'),(108,8,8,0,0,80,1,'2014-01-25 12:13:53','2014-01-25 12:13:53'),(126,8,21,0,108,10,1,'2014-01-25 12:13:53','2014-01-25 12:13:53'),(174,8,24,0,108,10,1,'2014-01-25 12:13:53','2014-01-25 12:13:53'),(127,9,1,0,0,10,1,'2014-01-25 12:13:53','2014-01-25 12:13:53'),(125,8,20,2,105,10,1,'2014-01-25 12:13:53','2014-01-25 12:13:53'),(128,9,13,0,127,10,1,'2014-01-25 12:13:53','2014-01-25 12:13:53'),(129,9,14,0,127,20,1,'2014-01-25 12:13:53','2014-01-25 12:13:53'),(130,9,15,0,127,30,1,'2014-01-25 12:13:53','2014-01-25 12:13:53'),(131,9,2,0,0,20,1,'2014-01-25 12:13:53','2014-01-25 12:13:53'),(132,9,3,0,0,30,1,'2014-01-25 12:13:53','2014-01-25 12:13:53'),(133,9,20,3,132,10,1,'2014-01-25 12:13:53','2014-01-25 12:13:53'),(134,9,4,0,0,40,1,'2014-01-25 12:13:53','2014-01-25 12:13:53'),(135,9,5,0,0,50,1,'2014-01-25 12:13:53','2014-01-25 12:13:53'),(136,9,6,0,0,60,0,'2014-01-25 12:13:53','2014-01-25 12:13:53'),(137,9,7,0,0,70,1,'2014-01-25 12:13:53','2014-01-25 12:13:53'),(138,9,8,0,0,80,1,'2014-01-25 12:13:53','2014-01-25 12:13:53'),(139,9,21,0,138,10,1,'2014-01-25 12:13:53','2014-01-25 12:13:53'),(175,9,24,0,138,10,1,'2014-01-25 12:13:53','2014-01-25 12:13:53'),(140,10,1,0,0,10,1,'2014-01-25 12:13:53','2014-01-25 12:13:53'),(160,10,15,0,140,30,1,'2014-01-25 12:13:53','2014-01-25 12:13:53'),(159,10,14,0,140,20,1,'2014-01-25 12:13:53','2014-01-25 12:13:53'),(158,10,13,0,140,10,1,'2014-01-25 12:13:53','2014-01-25 12:13:53'),(144,10,2,0,0,20,1,'2014-01-25 12:13:53','2014-01-25 12:13:53'),(145,10,3,0,0,30,0,'2014-01-25 12:13:53','2014-01-25 12:13:53'),(146,10,4,0,0,40,1,'2014-01-25 12:13:53','2014-01-25 12:13:53'),(147,10,5,0,0,50,1,'2014-01-25 12:13:53','2014-01-25 12:13:53'),(148,10,6,0,0,60,0,'2014-01-25 12:13:53','2014-01-25 12:13:53'),(149,10,7,0,0,70,1,'2014-01-25 12:13:53','2014-01-25 12:13:53'),(151,10,8,0,0,80,1,'2014-01-25 12:13:53','2014-01-25 12:13:53'),(161,10,21,0,151,10,1,'2014-01-25 12:13:53','2014-01-25 12:13:53'),(173,10,24,0,151,10,1,'2014-01-25 12:13:53','2014-01-25 12:13:53');

--
-- Table structure for table `ab_block_templates`
--

CREATE TABLE `ab_block_templates` (
  `block_id` int(10) NOT NULL AUTO_INCREMENT,
  `parent_block_id` int(10) NOT NULL DEFAULT '0',
  `template` varchar(100) NOT NULL,
  `created` timestamp NOT NULL DEFAULT '0000-00-00 00:00:00',
  `updated` timestamp NOT NULL DEFAULT CURRENT_TIMESTAMP ON UPDATE CURRENT_TIMESTAMP,
  PRIMARY KEY (`block_id`,`parent_block_id`)
) ENGINE=MyISAM AUTO_INCREMENT=30 DEFAULT CHARSET=utf8;

--
-- Dumping data for table `ab_block_templates`
--

INSERT INTO `ab_block_templates` (`block_id`, `parent_block_id`, `template`, `created`, `updated`) VALUES (15,1,'blocks/cart_top.tpl','2014-01-25 12:13:53','2014-01-25 12:13:53'),(15,6,'blocks/cart.tpl','2014-01-25 12:13:53','2014-01-25 12:13:53'),(9,1,'blocks/category_top.tpl','2014-01-25 12:13:53','2014-01-25 12:13:53'),(9,2,'blocks/category_top.tpl','2014-01-25 12:13:53','2014-01-25 12:13:53'),(9,3,'blocks/category.tpl','2014-01-25 12:13:53','2014-01-25 12:13:53'),(9,6,'blocks/category.tpl','2014-01-25 12:13:53','2014-01-25 12:13:53'),(9,7,'blocks/category_bottom.tpl','2014-01-25 12:13:53','2014-01-25 12:13:53'),(9,8,'blocks/category_bottom.tpl','2014-01-25 12:13:53','2014-01-25 12:13:53'),(10,3,'blocks/manufacturer.tpl','2014-01-25 12:13:53','2014-01-25 12:13:53'),(10,6,'blocks/manufacturer.tpl','2014-01-25 12:13:53','2014-01-25 12:13:53'),(11,3,'blocks/content.tpl','2014-01-25 12:13:53','2014-01-25 12:13:53'),(11,1,'blocks/content_header.tpl','2014-01-25 12:13:53','2014-01-25 12:13:53'),(11,6,'blocks/content.tpl','2014-01-25 12:13:53','2014-01-25 12:13:53'),(11,8,'blocks/content_footer.tpl','2014-01-25 12:13:53','2014-01-25 12:13:53'),(12,3,'blocks/latest.tpl','2014-01-25 12:13:53','2014-01-25 12:13:53'),(12,6,'blocks/latest.tpl','2014-01-25 12:13:53','2014-01-25 12:13:53'),(12,5,'blocks/latest_home.tpl','2014-01-25 12:13:53','2014-01-25 12:13:53'),(12,4,'blocks/latest_home.tpl','2014-01-25 12:13:53','2014-01-25 12:13:53'),(13,1,'blocks/language.tpl','2014-01-25 12:13:53','2014-01-25 12:13:53'),(14,1,'blocks/currency.tpl','2014-01-25 12:13:53','2014-01-25 12:13:53'),(16,6,'blocks/order_summary.tpl','2014-01-25 12:13:53','2014-01-25 12:13:53'),(17,1,'blocks/html_block_header.tpl','2014-01-25 12:13:53','2014-01-25 12:13:53'),(17,2,'blocks/html_block_content.tpl','2014-01-25 12:13:53','2014-01-25 12:13:53'),(17,3,'blocks/html_block.tpl','2014-01-25 12:13:53','2014-01-25 12:13:53'),(17,4,'blocks/html_block_content.tpl','2014-01-25 12:13:53','2014-01-25 12:13:53'),(17,5,'blocks/html_block_content.tpl','2014-01-25 12:13:53','2014-01-25 12:13:53'),(17,6,'blocks/html_block.tpl','2014-01-25 12:13:53','2014-01-25 12:13:53'),(17,7,'blocks/html_block_content.tpl','2014-01-25 12:13:53','2014-01-25 12:13:53'),(17,8,'blocks/html_block_footer.tpl','2014-01-25 12:13:53','2014-01-25 12:13:53'),(18,3,'blocks/bestseller.tpl','2014-01-25 12:13:53','2014-01-25 12:13:53'),(18,6,'blocks/bestseller.tpl','2014-01-25 12:13:53','2014-01-25 12:13:53'),(18,5,'blocks/bestseller_home.tpl','2014-01-25 12:13:53','2014-01-25 12:13:53'),(19,3,'blocks/featured.tpl','2014-01-25 12:13:53','2014-01-25 12:13:53'),(19,6,'blocks/featured.tpl','2014-01-25 12:13:53','2014-01-25 12:13:53'),(19,5,'blocks/featured_home.tpl','2014-01-25 12:13:53','2014-01-25 12:13:53'),(20,1,'blocks/listing_block_header.tpl','2014-01-25 12:13:53','2014-01-25 12:13:53'),(20,2,'blocks/listing_block_header_bottom.tpl','2014-01-25 12:13:53','2014-01-25 12:13:53'),(20,3,'blocks/listing_block_column_left.tpl','2014-01-25 12:13:53','2014-01-25 12:13:53'),(20,4,'blocks/listing_block_content_top.tpl','2014-01-25 12:13:53','2014-01-25 12:13:53'),(20,5,'blocks/listing_block_content_bottom.tpl','2014-01-25 12:13:53','2014-01-25 12:13:53'),(20,6,'blocks/listing_block_column_right.tpl','2014-01-25 12:13:53','2014-01-25 12:13:53'),(20,7,'blocks/listing_block_footer_top.tpl','2014-01-25 12:13:53','2014-01-25 12:13:53'),(20,8,'blocks/listing_block_footer.tpl','2014-01-25 12:13:53','2014-01-25 12:13:53'),(21,8,'blocks/donate.tpl','2014-01-25 12:13:53','2014-01-25 12:13:53'),(22,3,'blocks/special.tpl','2014-01-25 12:13:53','2014-01-25 12:13:53'),(22,5,'blocks/special_home.tpl','2014-01-25 12:13:53','2014-01-25 12:13:53'),(22,6,'blocks/special.tpl','2014-01-25 12:13:53','2014-01-25 12:13:53'),(23,1,'blocks/banner_block_header.tpl','2014-01-25 12:13:53','2014-01-25 12:13:53'),(23,2,'blocks/banner_block_content.tpl','2014-01-25 12:13:53','2014-01-25 12:13:53'),(23,3,'blocks/banner_block.tpl','2014-01-25 12:13:53','2014-01-25 12:13:53'),(23,4,'blocks/banner_block_content.tpl','2014-01-25 12:13:53','2014-01-25 12:13:53'),(23,5,'blocks/banner_block_content.tpl','2014-01-25 12:13:53','2014-01-25 12:13:53'),(23,6,'blocks/banner_block.tpl','2014-01-25 12:13:53','2014-01-25 12:13:53'),(23,7,'blocks/banner_block_content.tpl','2014-01-25 12:13:53','2014-01-25 12:13:53'),(23,8,'blocks/banner_block_header.tpl','2014-01-25 12:13:53','2014-01-25 12:13:53'),(24,8,'blocks/credit_cards.tpl','2014-01-25 12:13:53','2014-01-25 12:13:53'),(25,1,'blocks/newsletter_signup_header.tpl','2014-01-25 12:13:53','2014-01-25 12:13:53'),(25,2,'blocks/newsletter_signup_header_bottom.tpl','2014-01-25 12:13:53','2014-01-25 12:13:53'),(25,3,'blocks/newsletter_signup_column_left.tpl','2014-01-25 12:13:53','2014-01-25 12:13:53'),(25,4,'blocks/newsletter_signup_content_top.tpl','2014-01-25 12:13:53','2014-01-25 12:13:53'),(25,5,'blocks/newsletter_signup_content_bottom.tpl','2014-01-25 12:13:53','2014-01-25 12:13:53'),(25,6,'blocks/newsletter_signup_column_right.tpl','2014-01-25 12:13:53','2014-01-25 12:13:53'),(25,7,'blocks/newsletter_signup_footer_top.tpl','2014-01-25 12:13:53','2014-01-25 12:13:53'),(25,8,'blocks/newsletter_signup_footer.tpl','2014-01-25 12:13:53','2014-01-25 12:13:53'),(26,1,'blocks/search_top.tpl','2014-01-25 12:13:53','2014-01-25 12:13:53'),(26,2,'blocks/search_top.tpl','2014-01-25 12:13:53','2014-01-25 12:13:53'),(26,3,'blocks/search.tpl','2014-01-25 12:13:53','2014-01-25 12:13:53'),(26,6,'blocks/search.tpl','2014-01-25 12:13:53','2014-01-25 12:13:53'),(27,1,'blocks/menu_top.tpl','2014-01-25 12:13:53','2014-01-25 12:13:53'),(27,8,'blocks/menu_bottom.tpl','2014-01-25 12:13:53','2014-01-25 12:13:53'),(27,3,'blocks/menu.tpl','2014-01-25 12:13:53','2014-01-25 12:13:53'),(27,6,'blocks/menu.tpl','2014-01-25 12:13:53','2014-01-25 12:13:53'),(28,2,'blocks/breadcrumbs.tpl','2014-01-25 12:13:53','2014-01-25 12:13:53'),(29,3,'blocks/account.tpl','2014-01-25 12:13:53','2014-01-25 12:13:53'),(29,6,'blocks/account.tpl','2014-01-25 12:13:53','2014-01-25 12:13:53');

--
-- Table structure for table `ab_blocks`
--

CREATE TABLE `ab_blocks` (
  `block_id` int(10) NOT NULL AUTO_INCREMENT,
  `block_txt_id` varchar(40) NOT NULL,
  `controller` varchar(120) NOT NULL,
  `created` timestamp NOT NULL DEFAULT '0000-00-00 00:00:00',
  `updated` timestamp NOT NULL DEFAULT CURRENT_TIMESTAMP ON UPDATE CURRENT_TIMESTAMP,
  PRIMARY KEY (`block_id`)
) ENGINE=MyISAM AUTO_INCREMENT=30 DEFAULT CHARSET=utf8;

--
-- Dumping data for table `ab_blocks`
--

INSERT INTO `ab_blocks` (`block_id`, `block_txt_id`, `controller`, `created`, `updated`) VALUES (1,'header','common/header','2014-01-25 12:13:53','2014-01-25 12:13:53'),(2,'header_bottom','common/header_bottom','2014-01-25 12:13:53','2014-01-25 12:13:53'),(3,'column_left','common/column_left','2014-01-25 12:13:53','2014-01-25 12:13:53'),(4,'content_top','common/content_top','2014-01-25 12:13:53','2014-01-25 12:13:53'),(5,'content_bottom','common/content_bottom','2014-01-25 12:13:53','2014-01-25 12:13:53'),(6,'column_right','common/column_right','2014-01-25 12:13:53','2014-01-25 12:13:53'),(7,'footer_top','common/footer_top','2014-01-25 12:13:53','2014-01-25 12:13:53'),(8,'footer','common/footer','2014-01-25 12:13:53','2014-01-25 12:13:53'),(9,'category','blocks/category','2014-01-25 12:13:53','2014-01-25 12:13:53'),(10,'manufacturer','blocks/manufacturer','2014-01-25 12:13:53','2014-01-25 12:13:53'),(11,'content','blocks/content','2014-01-25 12:13:53','2014-01-25 12:13:53'),(12,'latest','blocks/latest','2014-01-25 12:13:53','2014-01-25 12:13:53'),(13,'language','blocks/language','2014-01-25 12:13:53','2014-01-25 12:13:53'),(14,'currency','blocks/currency','2014-01-25 12:13:53','2014-01-25 12:13:53'),(15,'cart','blocks/cart','2014-01-25 12:13:53','2014-01-25 12:13:53'),(16,'order_summary','blocks/order_summary','2014-01-25 12:13:53','2014-01-25 12:13:53'),(17,'html_block','blocks/html_block','2014-01-25 12:13:53','2014-01-25 12:13:53'),(18,'bestsellers','blocks/bestseller','2014-01-25 12:13:53','2014-01-25 12:13:53'),(19,'featured','blocks/featured','2014-01-25 12:13:53','2014-01-25 12:13:53'),(20,'listing_block','blocks/listing_block','2014-01-25 12:13:53','2014-01-25 12:13:53'),(21,'donate','blocks/donate','2014-01-25 12:13:53','2014-01-25 12:13:53'),(22,'special','blocks/special','2014-01-25 12:13:53','2014-01-25 12:13:53'),(23,'banner_block','blocks/banner_block','2014-01-25 12:13:53','2014-01-25 12:13:53'),(24,'credit_cards','blocks/credit_cards','2014-01-25 12:13:53','2014-01-25 12:13:53'),(25,'newsletter_signup','blocks/newsletter_signup','2014-01-25 12:13:53','2014-01-25 12:13:53'),(26,'search','blocks/search','2014-01-25 12:13:53','2014-01-25 12:13:53'),(27,'menu','blocks/menu','2014-01-25 12:13:53','2014-01-25 12:13:53'),(28,'breadcrumbs','blocks/breadcrumbs','2014-01-25 12:13:53','2014-01-25 12:13:53'),(29,'account','blocks/account','2014-01-25 12:13:53','2014-01-25 12:13:53');

--
-- Table structure for table `ab_categories`
--

CREATE TABLE `ab_categories` (
  `category_id` int(11) NOT NULL AUTO_INCREMENT,
  `parent_id` int(11) NOT NULL DEFAULT '0',
  `sort_order` int(3) NOT NULL DEFAULT '0',
  `date_added` datetime NOT NULL DEFAULT '0000-00-00 00:00:00',
  `date_modified` datetime NOT NULL DEFAULT '0000-00-00 00:00:00',
  `status` int(1) NOT NULL DEFAULT '1',
  PRIMARY KEY (`category_id`)
) ENGINE=MyISAM AUTO_INCREMENT=65 DEFAULT CHARSET=utf8 COLLATE=utf8_bin;

--
-- Dumping data for table `ab_categories`
--

INSERT INTO `ab_categories` (`category_id`, `parent_id`, `sort_order`, `date_added`, `date_modified`, `status`) VALUES (46,43,0,'2014-01-25 12:13:53','2014-01-25 12:13:53',1),(47,43,0,'2014-01-25 12:13:53','2014-01-25 12:13:53',1),(38,36,0,'2014-01-25 12:13:53','2014-01-25 12:13:53',1),(40,36,0,'2014-01-25 12:13:53','2014-01-25 12:13:53',1),(41,36,0,'2014-01-25 12:13:53','2014-01-25 12:13:53',1),(42,36,0,'2014-01-25 12:13:53','2014-01-25 12:13:53',1),(43,0,2,'2014-01-25 12:13:53','2014-01-25 12:13:53',1),(44,43,0,'2014-01-25 12:13:53','2014-01-25 12:13:53',1),(45,43,0,'2014-01-25 12:13:53','2014-01-25 12:13:53',1),(39,36,0,'2014-01-25 12:13:53','2014-01-25 12:13:53',1),(36,0,1,'2014-01-25 12:13:53','2014-01-25 12:13:53',1),(37,36,0,'2014-01-25 12:13:53','2014-01-25 12:13:53',1),(48,43,0,'2014-01-25 12:13:53','2014-01-25 12:13:53',1),(49,0,3,'2014-01-25 12:13:53','2014-01-25 12:13:53',1),(50,49,0,'2014-01-25 12:13:53','2014-01-25 12:13:53',1),(51,49,0,'2014-01-25 12:13:53','2014-01-25 12:13:53',1),(52,0,98,'2014-01-25 12:13:53','2014-01-25 12:13:53',1),(53,52,0,'2014-01-25 12:13:53','2014-01-25 12:13:53',1),(54,52,0,'2014-01-25 12:13:53','2014-01-25 12:13:53',1),(58,0,4,'2014-01-25 12:13:53','2014-01-25 12:13:53',1),(59,58,0,'2014-01-25 12:13:53','2014-01-25 12:13:53',1),(60,58,0,'2014-01-25 12:13:53','2014-01-25 12:13:53',1),(61,58,0,'2014-01-25 12:13:53','2014-01-25 12:13:53',1),(62,58,0,'2014-01-25 12:13:53','2014-01-25 12:13:53',0),(63,58,0,'2014-01-25 12:13:53','2014-01-25 12:13:53',1),(64,0,99,'2014-01-25 12:13:53','2014-01-25 12:13:53',0);

--
-- Table structure for table `ab_categories_to_stores`
--

CREATE TABLE `ab_categories_to_stores` (
  `category_id` int(11) NOT NULL,
  `store_id` int(11) NOT NULL,
  PRIMARY KEY (`category_id`,`store_id`)
) ENGINE=MyISAM DEFAULT CHARSET=utf8 COLLATE=utf8_bin;

--
-- Dumping data for table `ab_categories_to_stores`
--

INSERT INTO `ab_categories_to_stores` (`category_id`, `store_id`) VALUES (36,0),(37,0),(38,0),(39,0),(40,0),(41,0),(42,0),(43,0),(44,0),(45,0),(46,0),(47,0),(48,0),(49,0),(50,0),(51,0),(52,0),(53,0),(54,0),(58,0),(59,0),(60,0),(61,0),(62,0),(63,0),(64,0);

--
-- Table structure for table `ab_category_descriptions`
--

CREATE TABLE `ab_category_descriptions` (
  `category_id` int(11) NOT NULL,
  `language_id` int(11) NOT NULL,
  `name` varchar(255) COLLATE utf8_bin NOT NULL DEFAULT '' COMMENT 'translatable',
  `meta_keywords` varchar(255) COLLATE utf8_bin NOT NULL COMMENT 'translatable',
  `meta_description` varchar(255) COLLATE utf8_bin NOT NULL COMMENT 'translatable',
  `description` text COLLATE utf8_bin NOT NULL COMMENT 'translatable',
  PRIMARY KEY (`category_id`,`language_id`),
  KEY `name` (`name`)
) ENGINE=MyISAM DEFAULT CHARSET=utf8 COLLATE=utf8_bin;

--
-- Dumping data for table `ab_category_descriptions`
--

INSERT INTO `ab_category_descriptions` (`category_id`, `language_id`, `name`, `meta_keywords`, `meta_description`, `description`) VALUES (43,1,'Skincare','','','&lt;p&gt;\r\n	Products from award-winning skin care brands&lt;/p&gt;\r\n'),(41,1,'Lips','','',''),(41,9,'Lips','','',''),(42,1,'Nails','','',''),(42,9,'Nails','','',''),(36,9,'Makeup','Makeup','','&lt;p&gt;\r\n	All your makeup needs, from foundation to eye shadow in hundreds of different assortments and colors.&lt;/p&gt;\r\n'),(40,9,'Cheeks','','',''),(38,1,'Face','','',''),(38,9,'Face','','',''),(39,1,'Eyes','','',''),(39,9,'Eyes','','',''),(36,1,'Makeup','Makeup','','&lt;p&gt;\r\n	All your makeup needs, from foundation to eye shadow in hundreds of different assortments and colors.&lt;/p&gt;\r\n'),(40,1,'Cheeks','','',''),(37,9,'Value Sets','value sets makeup','',''),(37,1,'Value Sets','value sets makeup','',''),(43,9,'Skincare','','','&lt;p&gt;\r\n	Products from award-winning skin care brands&lt;/p&gt;\r\n'),(44,1,'Sun','','',''),(44,9,'Sun','','',''),(45,1,'Gift Ideas &amp; Sets','','',''),(45,9,'Gift Ideas &amp; Sets','','',''),(46,1,'Face','','','&lt;p&gt;\r\n	Find face skin care solutions&lt;/p&gt;\r\n'),(46,9,'Face','','','&lt;p&gt;\r\n	Find face skin care solutions&lt;/p&gt;\r\n'),(47,1,'Eyes','','',''),(47,9,'Eyes','','',''),(48,1,'Hands &amp; Nails','','','&lt;p&gt;\r\n	Keep your hands looking fresh&lt;/p&gt;\r\n'),(48,9,'Hands &amp; Nails','','',''),(49,1,'Fragrance','','','&lt;p&gt;\r\n	Looking for a new scent? Check out our fragrance&lt;/p&gt;\r\n'),(49,9,'Fragrance','','','&lt;p&gt;\r\n	Looking for a new scent? Check out our fragrance&lt;/p&gt;\r\n'),(50,1,'Women','','','&lt;p&gt;\r\n	Fragrance for Women&lt;/p&gt;\r\n'),(50,9,'Women','','','&lt;p&gt;\r\n	Fragrance for Women&lt;/p&gt;\r\n'),(51,1,'Men','','',''),(51,9,'Men','','',''),(52,1,'Hair Care','','','&lt;p&gt;\r\n	The widest range of premium hair products&lt;/p&gt;\r\n'),(52,9,'Hair','','','&lt;p&gt;\r\n	The widest range of premium hair products&lt;/p&gt;\r\n'),(53,1,'Shampoo','','',''),(53,9,'Shampoo','','',''),(54,1,'Conditioner','','',''),(54,9,'Conditioner','','',''),(58,1,'Men','','',''),(58,9,'Men','','',''),(59,1,'Fragrance Sets','','',''),(59,9,'Fragrance Sets','','',''),(60,1,'Skincare','','',''),(60,9,'Skincare','','',''),(61,1,'Pre-Shave &amp; Shaving','','',''),(61,9,'Pre-Shave &amp; Shaving','','',''),(62,1,'Post-Shave &amp; Moisturizers','','',''),(62,9,'Post-Shave &amp; Moisturizers','','',''),(63,1,'Body &amp; Shower','','',''),(63,9,'Body &amp; Shower','','',''),(64,1,'Bath &amp; Body','','',''),(64,9,'Bath &amp; Body','','','');

--
-- Table structure for table `ab_content_descriptions`
--

CREATE TABLE `ab_content_descriptions` (
  `content_id` int(10) NOT NULL DEFAULT '0',
  `language_id` int(11) NOT NULL,
  `name` varchar(255) NOT NULL COMMENT 'translatable',
  `title` varchar(255) NOT NULL COMMENT 'translatable',
  `description` varchar(255) NOT NULL DEFAULT '' COMMENT 'translatable',
  `content` text NOT NULL COMMENT 'translatable',
  `created` timestamp NOT NULL DEFAULT '0000-00-00 00:00:00',
  `updated` timestamp NOT NULL DEFAULT CURRENT_TIMESTAMP ON UPDATE CURRENT_TIMESTAMP,
  PRIMARY KEY (`content_id`,`language_id`)
) ENGINE=MyISAM DEFAULT CHARSET=utf8;

--
-- Dumping data for table `ab_content_descriptions`
--

INSERT INTO `ab_content_descriptions` (`content_id`, `language_id`, `name`, `title`, `description`, `content`, `created`, `updated`) VALUES (1,1,'About Us','About Us','some description','text about your store','2014-01-25 12:13:53','2014-01-25 12:13:53'),(2,1,'Privacy Policy','Privacy Policy','some description','some text about privacy policy','2014-01-25 12:13:53','2014-01-25 12:13:53'),(3,1,'Return Policy','Return Policy','some description','some text about return policy','2014-01-25 12:13:53','2014-01-25 12:13:53'),(4,1,'Shipping','Shippping','some description','some text about shipping','2014-01-25 12:13:53','2014-01-25 12:13:53'),(1,9,'Acerca de Nosotros','Acerca de Nosotros','alguna descripción','texto acerca de su tienda','2014-01-25 12:13:53','2014-01-25 12:13:53'),(2,9,'Política de Privacidad','Política de Privacidad','alguna descripción','un texto sobre la política','2014-01-25 12:13:53','2014-01-25 12:13:53'),(3,9,'Política de devoluciones','Política de devoluciones','alguna descripción','un texto sobre la política de retorno','2014-01-25 12:13:53','2014-01-25 12:13:53'),(4,9,'Entrega','Entrega','alguna descripción','un texto sobre el envío','2014-01-25 12:13:53','2014-01-25 12:13:53');

--
-- Table structure for table `ab_contents`
--

CREATE TABLE `ab_contents` (
  `content_id` int(11) NOT NULL AUTO_INCREMENT,
  `parent_content_id` int(11) NOT NULL DEFAULT '0',
  `sort_order` int(3) NOT NULL DEFAULT '0',
  `status` int(1) NOT NULL DEFAULT '0',
  PRIMARY KEY (`content_id`,`parent_content_id`)
) ENGINE=MyISAM AUTO_INCREMENT=5 DEFAULT CHARSET=utf8 COLLATE=utf8_bin;

--
-- Dumping data for table `ab_contents`
--

INSERT INTO `ab_contents` (`content_id`, `parent_content_id`, `sort_order`, `status`) VALUES (1,0,1,1),(2,0,2,1),(3,0,3,1),(4,0,4,1);

--
-- Table structure for table `ab_contents_to_stores`
--

CREATE TABLE `ab_contents_to_stores` (
  `content_id` int(11) NOT NULL,
  `store_id` int(11) NOT NULL,
  PRIMARY KEY (`content_id`,`store_id`)
) ENGINE=MyISAM DEFAULT CHARSET=utf8 COLLATE=utf8_bin;

--
-- Dumping data for table `ab_contents_to_stores`
--


--
-- Table structure for table `ab_countries`
--

CREATE TABLE `ab_countries` (
  `country_id` int(11) NOT NULL AUTO_INCREMENT,
  `name` varchar(128) COLLATE utf8_bin NOT NULL,
  `iso_code_2` varchar(2) COLLATE utf8_bin NOT NULL DEFAULT '',
  `iso_code_3` varchar(3) COLLATE utf8_bin NOT NULL DEFAULT '',
  `address_format` text COLLATE utf8_bin NOT NULL,
  `status` int(1) NOT NULL DEFAULT '1',
  `sort_order` int(3) NOT NULL DEFAULT '0',
  PRIMARY KEY (`country_id`)
) ENGINE=MyISAM AUTO_INCREMENT=242 DEFAULT CHARSET=utf8 COLLATE=utf8_bin;

--
-- Dumping data for table `ab_countries`
--

INSERT INTO `ab_countries` (`country_id`, `name`, `iso_code_2`, `iso_code_3`, `address_format`, `status`, `sort_order`) VALUES (1,'Afghanistan','AF','AFG','',1,0),(2,'Albania','AL','ALB','',1,0),(3,'Algeria','DZ','DZA','',1,0),(4,'American Samoa','AS','ASM','',1,0),(5,'Andorra','AD','AND','',1,0),(6,'Angola','AO','AGO','',1,0),(7,'Anguilla','AI','AIA','',1,0),(8,'Antarctica','AQ','ATA','',1,0),(9,'Antigua and Barbuda','AG','ATG','',1,0),(10,'Argentina','AR','ARG','',1,0),(11,'Armenia','AM','ARM','',1,0),(12,'Aruba','AW','ABW','',1,0),(13,'Australia','AU','AUS','',1,0),(14,'Austria','AT','AUT','',1,0),(15,'Azerbaijan','AZ','AZE','',1,0),(16,'Bahamas','BS','BHS','',1,0),(17,'Bahrain','BH','BHR','',1,0),(18,'Bangladesh','BD','BGD','',1,0),(19,'Barbados','BB','BRB','',1,0),(20,'Belarus','BY','BLR','',1,0),(21,'Belgium','BE','BEL','',1,0),(22,'Belize','BZ','BLZ','',1,0),(23,'Benin','BJ','BEN','',1,0),(24,'Bermuda','BM','BMU','',1,0),(25,'Bhutan','BT','BTN','',1,0),(26,'Bolivia','BO','BOL','',1,0),(27,'Bosnia and Herzegowina','BA','BIH','',1,0),(28,'Botswana','BW','BWA','',1,0),(29,'Bouvet Island','BV','BVT','',1,0),(30,'Brazil','BR','BRA','',1,0),(31,'British Indian Ocean Territory','IO','IOT','',1,0),(32,'Brunei Darussalam','BN','BRN','',1,0),(33,'Bulgaria','BG','BGR','',1,0),(34,'Burkina Faso','BF','BFA','',1,0),(35,'Burundi','BI','BDI','',1,0),(36,'Cambodia','KH','KHM','',1,0),(37,'Cameroon','CM','CMR','',1,0),(38,'Canada','CA','CAN','',1,0),(39,'Cape Verde','CV','CPV','',1,0),(40,'Cayman Islands','KY','CYM','',1,0),(41,'Central African Republic','CF','CAF','',1,0),(42,'Chad','TD','TCD','',1,0),(43,'Chile','CL','CHL','',1,0),(44,'China','CN','CHN','',1,0),(45,'Christmas Island','CX','CXR','',1,0),(46,'Cocos (Keeling) Islands','CC','CCK','',1,0),(47,'Colombia','CO','COL','',1,0),(48,'Comoros','KM','COM','',1,0),(49,'Congo','CG','COG','',1,0),(50,'Cook Islands','CK','COK','',1,0),(51,'Costa Rica','CR','CRI','',1,0),(52,'Cote D\'Ivoire','CI','CIV','',1,0),(53,'Croatia','HR','HRV','',1,0),(54,'Cuba','CU','CUB','',1,0),(55,'Cyprus','CY','CYP','',1,0),(56,'Czech Republic','CZ','CZE','',1,0),(57,'Denmark','DK','DNK','',1,0),(58,'Djibouti','DJ','DJI','',1,0),(59,'Dominica','DM','DMA','',1,0),(60,'Dominican Republic','DO','DOM','',1,0),(61,'East Timor','TP','TMP','',1,0),(62,'Ecuador','EC','ECU','',1,0),(63,'Egypt','EG','EGY','',1,0),(64,'El Salvador','SV','SLV','',1,0),(65,'Equatorial Guinea','GQ','GNQ','',1,0),(66,'Eritrea','ER','ERI','',1,0),(67,'Estonia','EE','EST','',1,0),(68,'Ethiopia','ET','ETH','',1,0),(69,'Falkland Islands (Malvinas)','FK','FLK','',1,0),(70,'Faroe Islands','FO','FRO','',1,0),(71,'Fiji','FJ','FJI','',1,0),(72,'Finland','FI','FIN','',1,0),(73,'France','FR','FRA','',1,0),(74,'France, Metropolitan','FX','FXX','',1,0),(75,'French Guiana','GF','GUF','',1,0),(76,'French Polynesia','PF','PYF','',1,0),(77,'French Southern Territories','TF','ATF','',1,0),(78,'Gabon','GA','GAB','',1,0),(79,'Gambia','GM','GMB','',1,0),(80,'Georgia','GE','GEO','',1,0),(81,'Germany','DE','DEU','',1,0),(82,'Ghana','GH','GHA','',1,0),(83,'Gibraltar','GI','GIB','',1,0),(84,'Greece','GR','GRC','',1,0),(85,'Greenland','GL','GRL','',1,0),(86,'Grenada','GD','GRD','',1,0),(87,'Guadeloupe','GP','GLP','',1,0),(88,'Guam','GU','GUM','',1,0),(89,'Guatemala','GT','GTM','',1,0),(90,'Guinea','GN','GIN','',1,0),(91,'Guinea-bissau','GW','GNB','',1,0),(92,'Guyana','GY','GUY','',1,0),(93,'Haiti','HT','HTI','',1,0),(94,'Heard and Mc Donald Islands','HM','HMD','',1,0),(95,'Honduras','HN','HND','',1,0),(96,'Hong Kong','HK','HKG','',1,0),(97,'Hungary','HU','HUN','',1,0),(98,'Iceland','IS','ISL','',1,0),(99,'India','IN','IND','',1,0),(100,'Indonesia','ID','IDN','',1,0),(101,'Iran (Islamic Republic of)','IR','IRN','',1,0),(102,'Iraq','IQ','IRQ','',1,0),(103,'Ireland','IE','IRL','',1,0),(104,'Israel','IL','ISR','',1,0),(105,'Italy','IT','ITA','',1,0),(106,'Jamaica','JM','JAM','',1,0),(107,'Japan','JP','JPN','',1,0),(108,'Jordan','JO','JOR','',1,0),(109,'Kazakhstan','KZ','KAZ','',1,0),(110,'Kenya','KE','KEN','',1,0),(111,'Kiribati','KI','KIR','',1,0),(112,'North Korea','KP','PRK','',1,0),(113,'Korea, Republic of','KR','KOR','',1,0),(114,'Kuwait','KW','KWT','',1,0),(115,'Kyrgyzstan','KG','KGZ','',1,0),(116,'Lao People\'s Democratic Republic','LA','LAO','',1,0),(117,'Latvia','LV','LVA','',1,0),(118,'Lebanon','LB','LBN','',1,0),(119,'Lesotho','LS','LSO','',1,0),(120,'Liberia','LR','LBR','',1,0),(121,'Libyan Arab Jamahiriya','LY','LBY','',1,0),(122,'Liechtenstein','LI','LIE','',1,0),(123,'Lithuania','LT','LTU','',1,0),(124,'Luxembourg','LU','LUX','',1,0),(125,'Macau','MO','MAC','',1,0),(126,'Macedonia','MK','MKD','',1,0),(127,'Madagascar','MG','MDG','',1,0),(128,'Malawi','MW','MWI','',1,0),(129,'Malaysia','MY','MYS','',1,0),(130,'Maldives','MV','MDV','',1,0),(131,'Mali','ML','MLI','',1,0),(132,'Malta','MT','MLT','',1,0),(133,'Marshall Islands','MH','MHL','',1,0),(134,'Martinique','MQ','MTQ','',1,0),(135,'Mauritania','MR','MRT','',1,0),(136,'Mauritius','MU','MUS','',1,0),(137,'Mayotte','YT','MYT','',1,0),(138,'Mexico','MX','MEX','',1,0),(139,'Micronesia, Federated States of','FM','FSM','',1,0),(140,'Moldova, Republic of','MD','MDA','',1,0),(141,'Monaco','MC','MCO','',1,0),(142,'Mongolia','MN','MNG','',1,0),(143,'Montserrat','MS','MSR','',1,0),(144,'Morocco','MA','MAR','',1,0),(145,'Mozambique','MZ','MOZ','',1,0),(146,'Myanmar','MM','MMR','',1,0),(147,'Namibia','NA','NAM','',1,0),(148,'Nauru','NR','NRU','',1,0),(149,'Nepal','NP','NPL','',1,0),(150,'Netherlands','NL','NLD','',1,0),(151,'Netherlands Antilles','AN','ANT','',1,0),(152,'New Caledonia','NC','NCL','',1,0),(153,'New Zealand','NZ','NZL','',1,0),(154,'Nicaragua','NI','NIC','',1,0),(155,'Niger','NE','NER','',1,0),(156,'Nigeria','NG','NGA','',1,0),(157,'Niue','NU','NIU','',1,0),(158,'Norfolk Island','NF','NFK','',1,0),(159,'Northern Mariana Islands','MP','MNP','',1,0),(160,'Norway','NO','NOR','',1,0),(161,'Oman','OM','OMN','',1,0),(162,'Pakistan','PK','PAK','',1,0),(163,'Palau','PW','PLW','',1,0),(164,'Panama','PA','PAN','',1,0),(165,'Papua New Guinea','PG','PNG','',1,0),(166,'Paraguay','PY','PRY','',1,0),(167,'Peru','PE','PER','',1,0),(168,'Philippines','PH','PHL','',1,0),(169,'Pitcairn','PN','PCN','',1,0),(170,'Poland','PL','POL','',1,0),(171,'Portugal','PT','PRT','',1,0),(172,'Puerto Rico','PR','PRI','',1,0),(173,'Qatar','QA','QAT','',1,0),(174,'Reunion','RE','REU','',1,0),(175,'Romania','RO','ROM','',1,0),(176,'Russia','RU','RUS','',1,0),(177,'Rwanda','RW','RWA','',1,0),(178,'Saint Kitts and Nevis','KN','KNA','',1,0),(179,'Saint Lucia','LC','LCA','',1,0),(180,'Saint Vincent and the Grenadines','VC','VCT','',1,0),(181,'Samoa','WS','WSM','',1,0),(182,'San Marino','SM','SMR','',1,0),(183,'Sao Tome and Principe','ST','STP','',1,0),(184,'Saudi Arabia','SA','SAU','',1,0),(185,'Senegal','SN','SEN','',1,0),(186,'Seychelles','SC','SYC','',1,0),(187,'Sierra Leone','SL','SLE','',1,0),(188,'Singapore','SG','SGP','',1,0),(189,'Slovak Republic','SK','SVK','',1,0),(190,'Slovenia','SI','SVN','',1,0),(191,'Solomon Islands','SB','SLB','',1,0),(192,'Somalia','SO','SOM','',1,0),(193,'South Africa','ZA','ZAF','',1,0),(194,'South Georgia &amp; South Sandwich Islands','GS','SGS','',1,0),(195,'Spain','ES','ESP','',1,0),(196,'Sri Lanka','LK','LKA','',1,0),(197,'St. Helena','SH','SHN','',1,0),(198,'St. Pierre and Miquelon','PM','SPM','',1,0),(199,'Sudan','SD','SDN','',1,0),(200,'Suriname','SR','SUR','',1,0),(201,'Svalbard and Jan Mayen Islands','SJ','SJM','',1,0),(202,'Swaziland','SZ','SWZ','',1,0),(203,'Sweden','SE','SWE','',1,0),(204,'Switzerland','CH','CHE','',1,0),(205,'Syrian Arab Republic','SY','SYR','',1,0),(206,'Taiwan','TW','TWN','',1,0),(207,'Tajikistan','TJ','TJK','',1,0),(208,'Tanzania, United Republic of','TZ','TZA','',1,0),(209,'Thailand','TH','THA','',1,0),(210,'Togo','TG','TGO','',1,0),(211,'Tokelau','TK','TKL','',1,0),(212,'Tonga','TO','TON','',1,0),(213,'Trinidad and Tobago','TT','TTO','',1,0),(214,'Tunisia','TN','TUN','',1,0),(215,'Turkey','TR','TUR','',1,0),(216,'Turkmenistan','TM','TKM','',1,0),(217,'Turks and Caicos Islands','TC','TCA','',1,0),(218,'Tuvalu','TV','TUV','',1,0),(219,'Uganda','UG','UGA','',1,0),(220,'Ukraine','UA','UKR','',1,0),(221,'United Arab Emirates','AE','ARE','',1,0),(222,'United Kingdom','GB','GBR','',1,0),(223,'United States','US','USA','{firstname} {lastname}\r\n{company}\r\n{address_1}\r\n{address_2}\r\n{city}, {zone} {postcode}\r\n{country}',1,0),(224,'United States Minor Outlying Islands','UM','UMI','',1,0),(225,'Uruguay','UY','URY','',1,0),(226,'Uzbekistan','UZ','UZB','',1,0),(227,'Vanuatu','VU','VUT','',1,0),(228,'Vatican City State (Holy See)','VA','VAT','',1,0),(229,'Venezuela','VE','VEN','',1,0),(230,'Viet Nam','VN','VNM','',1,0),(231,'Virgin Islands (British)','VG','VGB','',1,0),(232,'Virgin Islands (U.S.)','VI','VIR','',1,0),(233,'Wallis and Futuna Islands','WF','WLF','',1,0),(234,'Western Sahara','EH','ESH','',1,0),(235,'Yemen','YE','YEM','',1,0),(236,'Yugoslavia','YU','YUG','',1,0),(237,'Zaire','ZR','ZAR','',1,0),(238,'Zambia','ZM','ZMB','',1,0),(239,'Zimbabwe','ZW','ZWE','',1,0),(240,'Northern Ireland','GB','NIR','',1,0),(241,'indonesia','ID','IDN','First Name = {firstname}\r\nLast Name = {lastname}\r\nCompany = {company}\r\nAddress 1 = {address_1}\r\nAddress 2 = {address_2}\r\nCity = {city}\r\nPostcode = {postcode}\r\nZone = {zone}\r\nZone Code = {zone_code}\r\nCountry = {country}',1,0);

--
-- Table structure for table `ab_coupon_descriptions`
--

CREATE TABLE `ab_coupon_descriptions` (
  `coupon_id` int(11) NOT NULL,
  `language_id` int(11) NOT NULL,
  `name` varchar(128) COLLATE utf8_bin NOT NULL COMMENT 'translatable',
  `description` text COLLATE utf8_bin NOT NULL COMMENT 'translatable',
  PRIMARY KEY (`coupon_id`,`language_id`)
) ENGINE=MyISAM DEFAULT CHARSET=utf8 COLLATE=utf8_bin;

--
-- Dumping data for table `ab_coupon_descriptions`
--

INSERT INTO `ab_coupon_descriptions` (`coupon_id`, `language_id`, `name`, `description`) VALUES (4,1,'Coupon (-10%)','10% Discount'),(5,1,'Coupon (Free Shipping)','Free Shipping'),(6,1,'Coupon (-10.00)','Fixed Amount Discount'),(4,9,'Coupon (-10%)','10% Discount'),(5,9,'Coupon (Free Shipping)','Free Shipping'),(6,9,'Coupon (-10.00)','Fixed Amount Discount');

--
-- Table structure for table `ab_coupons`
--

CREATE TABLE `ab_coupons` (
  `coupon_id` int(11) NOT NULL AUTO_INCREMENT,
  `code` varchar(10) COLLATE utf8_bin NOT NULL,
  `type` char(1) COLLATE utf8_bin NOT NULL,
  `discount` decimal(15,4) NOT NULL,
  `logged` int(1) NOT NULL,
  `shipping` int(1) NOT NULL,
  `total` decimal(15,4) NOT NULL,
  `date_start` date NOT NULL DEFAULT '0000-00-00',
  `date_end` date NOT NULL DEFAULT '0000-00-00',
  `uses_total` int(11) NOT NULL,
  `uses_customer` varchar(11) COLLATE utf8_bin NOT NULL,
  `status` int(1) NOT NULL,
  `date_added` datetime NOT NULL DEFAULT '0000-00-00 00:00:00',
  PRIMARY KEY (`coupon_id`)
) ENGINE=MyISAM AUTO_INCREMENT=7 DEFAULT CHARSET=utf8 COLLATE=utf8_bin;

--
-- Dumping data for table `ab_coupons`
--

INSERT INTO `ab_coupons` (`coupon_id`, `code`, `type`, `discount`, `logged`, `shipping`, `total`, `date_start`, `date_end`, `uses_total`, `uses_customer`, `status`, `date_added`) VALUES (4,'2222','P',10.0000,0,0,0.0000,'2012-01-27','2010-03-06',10,'10',1,'2012-01-27 13:55:03'),(5,'3333','P',0.0000,0,1,100.0000,'2012-03-01','2012-08-31',10,'10',1,'2012-03-14 21:13:53'),(6,'1111','F',10.0000,0,0,10.0000,'2012-01-01','2013-03-01',10,'10',1,'2012-03-14 21:15:18');

--
-- Table structure for table `ab_coupons_products`
--

CREATE TABLE `ab_coupons_products` (
  `coupon_product_id` int(11) NOT NULL AUTO_INCREMENT,
  `coupon_id` int(11) NOT NULL,
  `product_id` int(11) NOT NULL,
  PRIMARY KEY (`coupon_product_id`)
) ENGINE=MyISAM AUTO_INCREMENT=9 DEFAULT CHARSET=utf8 COLLATE=utf8_bin;

--
-- Dumping data for table `ab_coupons_products`
--

INSERT INTO `ab_coupons_products` (`coupon_product_id`, `coupon_id`, `product_id`) VALUES (8,6,68);

--
-- Table structure for table `ab_currencies`
--

CREATE TABLE `ab_currencies` (
  `currency_id` int(11) NOT NULL AUTO_INCREMENT,
  `title` varchar(32) COLLATE utf8_bin NOT NULL DEFAULT '',
  `code` varchar(3) COLLATE utf8_bin NOT NULL DEFAULT '',
  `symbol_left` varchar(12) COLLATE utf8_bin NOT NULL,
  `symbol_right` varchar(12) COLLATE utf8_bin NOT NULL,
  `decimal_place` char(1) COLLATE utf8_bin NOT NULL,
  `value` decimal(15,8) NOT NULL,
  `status` int(1) NOT NULL,
  `date_modified` datetime NOT NULL DEFAULT '0000-00-00 00:00:00',
  PRIMARY KEY (`currency_id`)
) ENGINE=MyISAM AUTO_INCREMENT=5 DEFAULT CHARSET=utf8 COLLATE=utf8_bin;

--
-- Dumping data for table `ab_currencies`
--

INSERT INTO `ab_currencies` (`currency_id`, `title`, `code`, `symbol_left`, `symbol_right`, `decimal_place`, `value`, `status`, `date_modified`) VALUES (1,'US Dollar','USD','$','','2',0.00010000,1,'2014-01-25 11:31:55'),(2,'Euro','EUR','','€','2',0.00010000,1,'2014-01-25 11:31:55'),(3,'Pound Sterling','GBP','£','','2',0.60670000,1,'2014-01-25 11:21:03'),(4,'IDR','IDR','Rp','','i',1.00000000,1,'2014-01-25 11:31:55');

--
-- Table structure for table `ab_custom_blocks`
--

CREATE TABLE `ab_custom_blocks` (
  `custom_block_id` int(10) NOT NULL AUTO_INCREMENT,
  `block_id` int(10) NOT NULL,
  `created` timestamp NOT NULL DEFAULT '0000-00-00 00:00:00',
  `updated` timestamp NOT NULL DEFAULT CURRENT_TIMESTAMP ON UPDATE CURRENT_TIMESTAMP,
  PRIMARY KEY (`custom_block_id`,`block_id`)
) ENGINE=MyISAM AUTO_INCREMENT=17 DEFAULT CHARSET=utf8;

--
-- Dumping data for table `ab_custom_blocks`
--

INSERT INTO `ab_custom_blocks` (`custom_block_id`, `block_id`, `created`, `updated`) VALUES (1,17,'2014-01-25 12:13:53','2014-01-25 12:13:53'),(2,20,'2014-01-25 12:13:53','2014-01-25 12:13:53'),(3,20,'2014-01-25 12:13:53','2014-01-25 12:13:53'),(12,20,'2014-01-25 12:13:53','2014-01-25 12:13:53'),(13,17,'2014-01-25 12:13:53','2014-01-25 12:13:53'),(11,23,'2014-01-25 12:13:53','2014-01-25 12:13:53'),(9,23,'2014-01-25 12:13:53','2014-01-25 12:13:53'),(10,17,'2014-01-25 12:13:53','2014-01-25 12:13:53'),(14,17,'2014-01-25 12:13:53','2014-01-25 12:13:53'),(15,17,'2014-01-25 12:13:53','2014-01-25 12:13:53'),(16,17,'2014-01-25 12:13:53','2014-01-25 12:13:53');

--
-- Table structure for table `ab_custom_lists`
--

CREATE TABLE `ab_custom_lists` (
  `custom_block_id` int(10) NOT NULL,
  `data_type` varchar(70) NOT NULL,
  `id` int(10) NOT NULL,
  `sort_order` int(10) NOT NULL DEFAULT '0',
  `created` timestamp NOT NULL DEFAULT '0000-00-00 00:00:00',
  `updated` timestamp NOT NULL DEFAULT CURRENT_TIMESTAMP ON UPDATE CURRENT_TIMESTAMP,
  KEY `custom_block_id_list_index` (`custom_block_id`)
) ENGINE=MyISAM DEFAULT CHARSET=utf8;

--
-- Dumping data for table `ab_custom_lists`
--

INSERT INTO `ab_custom_lists` (`custom_block_id`, `data_type`, `id`, `sort_order`, `created`, `updated`) VALUES (12,'manufacturer_id',12,0,'2014-01-25 12:13:53','2014-01-25 12:13:53'),(12,'manufacturer_id',14,0,'2014-01-25 12:13:53','2014-01-25 12:13:53'),(12,'manufacturer_id',13,0,'2014-01-25 12:13:53','2014-01-25 12:13:53'),(12,'manufacturer_id',18,0,'2014-01-25 12:13:53','2014-01-25 12:13:53'),(12,'manufacturer_id',19,0,'2014-01-25 12:13:53','2014-01-25 12:13:53'),(12,'manufacturer_id',20,0,'2014-01-25 12:13:53','2014-01-25 12:13:53'),(12,'manufacturer_id',15,0,'2014-01-25 12:13:53','2014-01-25 12:13:53'),(12,'manufacturer_id',11,0,'2014-01-25 12:13:53','2014-01-25 12:13:53'),(12,'manufacturer_id',17,0,'2014-01-25 12:13:53','2014-01-25 12:13:53'),(12,'manufacturer_id',16,0,'2014-01-25 12:13:53','2014-01-25 12:13:53');

--
-- Table structure for table `ab_customer_groups`
--

CREATE TABLE `ab_customer_groups` (
  `customer_group_id` int(11) NOT NULL AUTO_INCREMENT,
  `name` varchar(32) COLLATE utf8_bin NOT NULL,
  PRIMARY KEY (`customer_group_id`)
) ENGINE=MyISAM AUTO_INCREMENT=4 DEFAULT CHARSET=utf8 COLLATE=utf8_bin;

--
-- Dumping data for table `ab_customer_groups`
--

INSERT INTO `ab_customer_groups` (`customer_group_id`, `name`) VALUES (1,'Default'),(2,'Wholesalers'),(3,'Newsletter Subscribers');

--
-- Table structure for table `ab_customer_transactions`
--

CREATE TABLE `ab_customer_transactions` (
  `customer_transaction_id` int(11) NOT NULL AUTO_INCREMENT,
  `customer_id` int(11) NOT NULL DEFAULT '0',
  `order_id` int(11) NOT NULL DEFAULT '0',
  `created_by` int(11) NOT NULL COMMENT 'user_id for admin, customer_id for storefront section',
  `section` smallint(1) NOT NULL DEFAULT '0' COMMENT '1 - admin, 0 - customer',
  `credit` float DEFAULT '0',
  `debit` float DEFAULT '0',
  `transaction_type` varchar(255) COLLATE utf8_bin NOT NULL DEFAULT '' COMMENT 'text type of transaction',
  `comment` text COLLATE utf8_bin COMMENT 'comment for internal use',
  `description` text COLLATE utf8_bin COMMENT 'text for customer',
  `update_date` timestamp NOT NULL DEFAULT CURRENT_TIMESTAMP ON UPDATE CURRENT_TIMESTAMP,
  `create_date` timestamp NOT NULL DEFAULT '0000-00-00 00:00:00',
  PRIMARY KEY (`customer_transaction_id`)
) ENGINE=MyISAM DEFAULT CHARSET=utf8 COLLATE=utf8_bin;

--
-- Dumping data for table `ab_customer_transactions`
--


--
-- Table structure for table `ab_customers`
--

CREATE TABLE `ab_customers` (
  `customer_id` int(11) NOT NULL AUTO_INCREMENT,
  `store_id` int(11) NOT NULL DEFAULT '0',
  `firstname` varchar(32) COLLATE utf8_bin NOT NULL DEFAULT '',
  `lastname` varchar(32) COLLATE utf8_bin NOT NULL DEFAULT '',
  `loginname` varchar(96) COLLATE utf8_bin NOT NULL DEFAULT '',
  `email` varchar(96) COLLATE utf8_bin NOT NULL DEFAULT '',
  `telephone` varchar(32) COLLATE utf8_bin NOT NULL DEFAULT '',
  `fax` varchar(32) COLLATE utf8_bin NOT NULL DEFAULT '',
  `password` varchar(40) COLLATE utf8_bin NOT NULL DEFAULT '',
  `cart` text COLLATE utf8_bin,
  `newsletter` int(1) NOT NULL DEFAULT '0',
  `address_id` int(11) NOT NULL DEFAULT '0',
  `status` int(1) NOT NULL,
  `approved` int(1) NOT NULL DEFAULT '0',
  `customer_group_id` int(11) NOT NULL,
  `ip` varchar(15) COLLATE utf8_bin NOT NULL DEFAULT '0',
  `date_added` datetime NOT NULL DEFAULT '0000-00-00 00:00:00',
  PRIMARY KEY (`customer_id`),
  UNIQUE KEY `customers_loginname` (`loginname`)
) ENGINE=MyISAM AUTO_INCREMENT=14 DEFAULT CHARSET=utf8 COLLATE=utf8_bin;

--
-- Dumping data for table `ab_customers`
--

INSERT INTO `ab_customers` (`customer_id`, `store_id`, `firstname`, `lastname`, `loginname`, `email`, `telephone`, `fax`, `password`, `cart`, `newsletter`, `address_id`, `status`, `approved`, `customer_group_id`, `ip`, `date_added`) VALUES (2,0,'Juliana','Davis','julidavis@abantecart.com','julidavis@abantecart.com','+44 1688 308321','','6b006ba67f3c172e146991a2ad46d865','a:0:{}',0,1,1,1,1,'109.104.166.98','2013-08-31 10:25:37'),(3,0,'Keely','Mccoy','keelymccoy@abantecart.com','keelymccoy@abantecart.com','+44 1324 483784 ','','6b006ba67f3c172e146991a2ad46d865','a:0:{}',0,2,1,1,1,'109.104.166.98','2013-08-31 10:39:08'),(4,0,'Zelda','Weiss','zeldaweiss@abantecart.com','zeldaweiss@abantecart.com','+44 28 9027 1066 ','','6b006ba67f3c172e146991a2ad46d865','a:0:{}',0,3,1,1,1,'109.104.166.138','2013-08-31 10:42:58'),(5,0,'Gloria','Macias','gloriamacias@abantecart.com','gloriamacias@abantecart.com','+1 418-461-2440','','6b006ba67f3c172e146991a2ad46d865','a:0:{}',0,4,1,1,1,'109.104.166.98','2013-08-31 10:46:58'),(6,0,'Bernard','Horne','bernardhorne@abantecart.com','bernardhorne@abantecart.com','+1 418-752-3369 ','','6b006ba67f3c172e146991a2ad46d865','a:0:{}',0,5,1,1,1,'109.104.166.138','2013-08-31 10:50:27'),(7,0,'James','Curtis','jamescurtis@abantecart.com','jamescurtis@abantecart.com','+1 303-497-1010','','6b006ba67f3c172e146991a2ad46d865','a:0:{}',0,6,1,1,1,'109.104.166.138','2013-08-31 11:00:03'),(8,0,'Bruce','Rosarini','brucerosarini@abantecart.com','brucerosarini@abantecart.com','+1 807-346-10763','','6b006ba67f3c172e146991a2ad46d865','a:0:{}',0,7,1,1,1,'109.104.166.98','2013-08-31 11:08:23'),(9,0,'Carlos','Compton','carloscmpton@abantecart.com','carloscmpton@abantecart.com','+1 867-874-22391','','6b006ba67f3c172e146991a2ad46d865','a:0:{}',0,8,1,1,1,'109.104.166.98','2013-08-31 11:13:14'),(10,0,'Garrison','Baxter','garrisonbaxter@abantecart.com','garrisonbaxter@abantecart.com','+1 907-543-43088','','6b006ba67f3c172e146991a2ad46d865','a:0:{}',0,9,1,1,1,'109.104.166.138','2013-09-01 08:51:47'),(11,0,'Anthony','Blair','anthonyblair@abantecart.com','anthonyblair@abantecart.com','+1 907-842-2240','','05ec6352a8b997363e5c6483aeffeb50','a:0:{}',0,10,1,1,1,'171.98.12.12','2013-09-01 08:54:26'),(12,0,'Allen','Waters','allenwaters@abantecart.com','allenwaters@abantecart.com','+1 540-985-59700','','6b006ba67f3c172e146991a2ad46d865','a:0:{}',0,11,1,1,1,'109.104.166.98','2013-09-01 09:12:56'),(13,0,'qqqqqq','qqqqqq','1@abantecart','1@abantecart','55 555 5555 5555','','f73469b693cecf7fa70c3e39b6fde1f4','a:1:{s:3:\"97.\";i:1;}',0,12,1,1,1,'109.104.166.98','2013-09-08 11:28:20');

--
-- Table structure for table `ab_dataset_column_properties`
--

CREATE TABLE `ab_dataset_column_properties` (
  `dataset_column_id` int(11) NOT NULL,
  `dataset_column_property_name` varchar(255) COLLATE utf8_bin NOT NULL,
  `dataset_column_property_value` varchar(255) COLLATE utf8_bin DEFAULT NULL,
  KEY `dataset_column_properties_idx` (`dataset_column_id`)
) ENGINE=MyISAM DEFAULT CHARSET=utf8 COLLATE=utf8_bin;

--
-- Dumping data for table `ab_dataset_column_properties`
--


--
-- Table structure for table `ab_dataset_definition`
--

CREATE TABLE `ab_dataset_definition` (
  `dataset_id` int(11) NOT NULL,
  `dataset_column_id` int(11) NOT NULL AUTO_INCREMENT,
  `dataset_column_name` varchar(255) COLLATE utf8_bin NOT NULL,
  `dataset_column_type` varchar(100) COLLATE utf8_bin NOT NULL,
  `dataset_column_sort_order` int(11) NOT NULL DEFAULT '0',
  PRIMARY KEY (`dataset_column_id`),
  KEY `dataset_definition_idx` (`dataset_id`)
) ENGINE=MyISAM AUTO_INCREMENT=29 DEFAULT CHARSET=utf8 COLLATE=utf8_bin;

--
-- Dumping data for table `ab_dataset_definition`
--

INSERT INTO `ab_dataset_definition` (`dataset_id`, `dataset_column_id`, `dataset_column_name`, `dataset_column_type`, `dataset_column_sort_order`) VALUES (1,1,'item_id','varchar',1),(1,2,'item_icon','varchar',2),(1,3,'item_url','varchar',3),(1,4,'parent_id','varchar',4),(1,5,'sort_order','integer',5),(1,6,'item_type','varchar',6),(2,7,'item_id','varchar',1),(2,8,'item_text','varchar',2),(2,9,'item_url','varchar',3),(2,10,'parent_id','varchar',4),(2,11,'sort_order','integer',5),(2,12,'item_type','varchar',6),(3,13,'item_id','varchar',1),(3,14,'item_text','varchar',2),(3,15,'language_id','integer',3),(4,16,'date_added','timestamp',1),(4,17,'name','varchar',2),(4,18,'version','varchar',3),(4,19,'backup_file','varchar',4),(4,20,'backup_date','timestamp',5),(4,21,'type','varchar',6),(4,22,'user','varchar',7),(5,23,'date_added','timestamp',1),(5,24,'name','varchar',2),(5,25,'type','varchar',3),(5,26,'section','varchar',4),(5,27,'section_id','integer',5),(5,28,'path','varchar',6);

--
-- Table structure for table `ab_dataset_properties`
--

CREATE TABLE `ab_dataset_properties` (
  `dataset_id` int(11) NOT NULL,
  `dataset_property_name` varchar(255) COLLATE utf8_bin NOT NULL,
  `dataset_property_value` varchar(255) COLLATE utf8_bin DEFAULT NULL,
  KEY `dataset_property_idx` (`dataset_id`)
) ENGINE=MyISAM DEFAULT CHARSET=utf8 COLLATE=utf8_bin;

--
-- Dumping data for table `ab_dataset_properties`
--

INSERT INTO `ab_dataset_properties` (`dataset_id`, `dataset_property_name`, `dataset_property_value`) VALUES (1,'controller','design/menu'),(4,'controller','tool/install_upgrade_history'),(5,'controller','tool/files');

--
-- Table structure for table `ab_dataset_values`
--

CREATE TABLE `ab_dataset_values` (
  `dataset_column_id` int(11) NOT NULL,
  `value_integer` int(11) DEFAULT NULL,
  `value_float` float DEFAULT NULL,
  `value_varchar` varchar(255) COLLATE utf8_bin DEFAULT NULL,
  `value_text` text COLLATE utf8_bin,
  `value_timestamp` timestamp NOT NULL DEFAULT CURRENT_TIMESTAMP,
  `value_boolean` tinyint(1) DEFAULT NULL,
  `value_sort_order` int(11) NOT NULL AUTO_INCREMENT,
  `row_id` int(10) unsigned NOT NULL DEFAULT '0',
  PRIMARY KEY (`value_sort_order`),
  KEY `dataset_values_index` (`value_integer`,`value_float`,`value_varchar`,`value_boolean`,`row_id`)
) ENGINE=MyISAM AUTO_INCREMENT=561 DEFAULT CHARSET=utf8 COLLATE=utf8_bin;

--
-- Dumping data for table `ab_dataset_values`
--

INSERT INTO `ab_dataset_values` (`dataset_column_id`, `value_integer`, `value_float`, `value_varchar`, `value_text`, `value_timestamp`, `value_boolean`, `value_sort_order`, `row_id`) VALUES (1,NULL,NULL,'home',NULL,'2014-01-25 12:13:53',NULL,1,1),(1,NULL,NULL,'login',NULL,'2014-01-25 12:13:53',NULL,2,2),(1,NULL,NULL,'logout',NULL,'2014-01-25 12:13:53',NULL,3,3),(1,NULL,NULL,'account',NULL,'2014-01-25 12:13:53',NULL,4,4),(1,NULL,NULL,'cart',NULL,'2014-01-25 12:13:53',NULL,5,5),(1,NULL,NULL,'checkout',NULL,'2014-01-25 12:13:53',NULL,6,6),(1,NULL,NULL,'specials',NULL,'2014-01-25 12:13:53',NULL,7,7),(2,NULL,NULL,'',NULL,'2014-01-25 12:13:53',NULL,8,1),(2,NULL,NULL,'',NULL,'2014-01-25 12:13:53',NULL,9,2),(2,NULL,NULL,'',NULL,'2014-01-25 12:13:53',NULL,10,3),(2,NULL,NULL,'',NULL,'2014-01-25 12:13:53',NULL,11,4),(2,NULL,NULL,'',NULL,'2014-01-25 12:13:53',NULL,12,5),(2,NULL,NULL,'',NULL,'2014-01-25 12:13:53',NULL,13,6),(2,NULL,NULL,'',NULL,'2014-01-25 12:13:53',NULL,14,7),(3,NULL,NULL,'index/home',NULL,'2014-01-25 12:13:53',NULL,15,1),(3,NULL,NULL,'account/login',NULL,'2014-01-25 12:13:53',NULL,16,2),(3,NULL,NULL,'account/logout',NULL,'2014-01-25 12:13:53',NULL,17,3),(3,NULL,NULL,'account/account',NULL,'2014-01-25 12:13:53',NULL,18,4),(3,NULL,NULL,'checkout/cart',NULL,'2014-01-25 12:13:53',NULL,19,5),(3,NULL,NULL,'checkout/shipping',NULL,'2014-01-25 12:13:53',NULL,20,6),(3,NULL,NULL,'product/special',NULL,'2014-01-25 12:13:53',NULL,21,7),(4,NULL,NULL,'',NULL,'2014-01-25 12:13:53',NULL,22,1),(4,NULL,NULL,'',NULL,'2014-01-25 12:13:53',NULL,23,2),(4,NULL,NULL,'',NULL,'2014-01-25 12:13:53',NULL,24,3),(4,NULL,NULL,'',NULL,'2014-01-25 12:13:53',NULL,25,4),(4,NULL,NULL,'',NULL,'2014-01-25 12:13:53',NULL,26,5),(4,NULL,NULL,'',NULL,'2014-01-25 12:13:53',NULL,27,6),(4,NULL,NULL,'',NULL,'2014-01-25 12:13:53',NULL,28,7),(5,10,NULL,NULL,NULL,'2014-01-25 12:13:53',NULL,29,1),(5,20,NULL,NULL,NULL,'2014-01-25 12:13:53',NULL,30,2),(5,30,NULL,NULL,NULL,'2014-01-25 12:13:53',NULL,31,3),(5,40,NULL,NULL,NULL,'2014-01-25 12:13:53',NULL,32,4),(5,50,NULL,NULL,NULL,'2014-01-25 12:13:53',NULL,33,5),(5,60,NULL,NULL,NULL,'2014-01-25 12:13:53',NULL,34,6),(5,11,NULL,NULL,NULL,'2014-01-25 12:13:53',NULL,35,7),(6,NULL,NULL,'core',NULL,'2014-01-25 12:13:53',NULL,36,1),(6,NULL,NULL,'core',NULL,'2014-01-25 12:13:53',NULL,37,2),(6,NULL,NULL,'core',NULL,'2014-01-25 12:13:53',NULL,38,3),(6,NULL,NULL,'core',NULL,'2014-01-25 12:13:53',NULL,39,4),(6,NULL,NULL,'core',NULL,'2014-01-25 12:13:53',NULL,40,5),(6,NULL,NULL,'core',NULL,'2014-01-25 12:13:53',NULL,41,6),(6,NULL,NULL,'core',NULL,'2014-01-25 12:13:53',NULL,42,7),(7,NULL,NULL,'catalog',NULL,'2014-01-25 12:13:53',NULL,43,1),(7,NULL,NULL,'sale',NULL,'2014-01-25 12:13:53',NULL,44,2),(7,NULL,NULL,'design',NULL,'2014-01-25 12:13:53',NULL,45,3),(7,NULL,NULL,'extension',NULL,'2014-01-25 12:13:53',NULL,46,4),(7,NULL,NULL,'system',NULL,'2014-01-25 12:13:53',NULL,47,5),(7,NULL,NULL,'reports',NULL,'2014-01-25 12:13:53',NULL,48,6),(7,NULL,NULL,'help',NULL,'2014-01-25 12:13:53',NULL,49,7),(8,NULL,NULL,'text_catalog',NULL,'2014-01-25 12:13:53',NULL,50,1),(8,NULL,NULL,'text_sale',NULL,'2014-01-25 12:13:53',NULL,51,2),(8,NULL,NULL,'text_design',NULL,'2014-01-25 12:13:53',NULL,52,3),(8,NULL,NULL,'text_extension',NULL,'2014-01-25 12:13:53',NULL,53,4),(8,NULL,NULL,'text_system',NULL,'2014-01-25 12:13:53',NULL,54,5),(8,NULL,NULL,'text_reports',NULL,'2014-01-25 12:13:53',NULL,55,6),(8,NULL,NULL,'text_help',NULL,'2014-01-25 12:13:53',NULL,56,7),(9,NULL,NULL,'catalog/category',NULL,'2014-01-25 12:13:53',NULL,57,1),(9,NULL,NULL,'sale/order',NULL,'2014-01-25 12:13:53',NULL,58,2),(9,NULL,NULL,'extension/extensions/template',NULL,'2014-01-25 12:13:53',NULL,59,3),(9,NULL,NULL,'extension/extensions/extensions',NULL,'2014-01-25 12:13:53',NULL,60,4),(9,NULL,NULL,'setting/setting',NULL,'2014-01-25 12:13:53',NULL,61,5),(9,NULL,NULL,'report/sale',NULL,'2014-01-25 12:13:53',NULL,62,6),(9,NULL,NULL,'',NULL,'2014-01-25 12:13:53',NULL,63,7),(10,NULL,NULL,'',NULL,'2014-01-25 12:13:53',NULL,64,1),(10,NULL,NULL,'',NULL,'2014-01-25 12:13:53',NULL,65,2),(10,NULL,NULL,'',NULL,'2014-01-25 12:13:53',NULL,66,3),(10,NULL,NULL,'',NULL,'2014-01-25 12:13:53',NULL,67,4),(10,NULL,NULL,'',NULL,'2014-01-25 12:13:53',NULL,68,5),(10,NULL,NULL,'',NULL,'2014-01-25 12:13:53',NULL,69,6),(10,NULL,NULL,'',NULL,'2014-01-25 12:13:53',NULL,70,7),(11,1,NULL,NULL,NULL,'2014-01-25 12:13:53',NULL,71,1),(11,2,NULL,NULL,NULL,'2014-01-25 12:13:53',NULL,72,2),(11,3,NULL,NULL,NULL,'2014-01-25 12:13:53',NULL,73,3),(11,4,NULL,NULL,NULL,'2014-01-25 12:13:53',NULL,74,4),(11,5,NULL,NULL,NULL,'2014-01-25 12:13:53',NULL,75,5),(11,6,NULL,NULL,NULL,'2014-01-25 12:13:53',NULL,76,6),(11,7,NULL,NULL,NULL,'2014-01-25 12:13:53',NULL,77,7),(12,NULL,NULL,'core',NULL,'2014-01-25 12:13:53',NULL,78,1),(12,NULL,NULL,'core',NULL,'2014-01-25 12:13:53',NULL,79,2),(12,NULL,NULL,'core',NULL,'2014-01-25 12:13:53',NULL,80,3),(12,NULL,NULL,'core',NULL,'2014-01-25 12:13:53',NULL,81,4),(12,NULL,NULL,'core',NULL,'2014-01-25 12:13:53',NULL,82,5),(12,NULL,NULL,'core',NULL,'2014-01-25 12:13:53',NULL,83,6),(12,NULL,NULL,'core',NULL,'2014-01-25 12:13:53',NULL,84,7),(7,NULL,NULL,'category',NULL,'2014-01-25 12:13:53',NULL,85,11),(7,NULL,NULL,'product',NULL,'2014-01-25 12:13:53',NULL,86,12),(7,NULL,NULL,'manufacturer',NULL,'2014-01-25 12:13:53',NULL,87,13),(7,NULL,NULL,'download',NULL,'2014-01-25 12:13:53',NULL,88,14),(7,NULL,NULL,'review',NULL,'2014-01-25 12:13:53',NULL,89,15),(7,NULL,NULL,'attributes',NULL,'2014-01-25 12:13:53',NULL,90,16),(8,NULL,NULL,'text_category',NULL,'2014-01-25 12:13:53',NULL,91,11),(8,NULL,NULL,'text_product',NULL,'2014-01-25 12:13:53',NULL,92,12),(8,NULL,NULL,'text_manufacturer',NULL,'2014-01-25 12:13:53',NULL,93,13),(8,NULL,NULL,'text_download',NULL,'2014-01-25 12:13:53',NULL,94,14),(8,NULL,NULL,'text_review',NULL,'2014-01-25 12:13:53',NULL,95,15),(8,NULL,NULL,'text_attribute',NULL,'2014-01-25 12:13:53',NULL,96,16),(9,NULL,NULL,'catalog/category',NULL,'2014-01-25 12:13:53',NULL,97,11),(9,NULL,NULL,'catalog/product',NULL,'2014-01-25 12:13:53',NULL,98,12),(9,NULL,NULL,'catalog/manufacturer',NULL,'2014-01-25 12:13:53',NULL,99,13),(9,NULL,NULL,'catalog/download',NULL,'2014-01-25 12:13:53',NULL,100,14),(9,NULL,NULL,'catalog/review',NULL,'2014-01-25 12:13:53',NULL,101,15),(9,NULL,NULL,'catalog/attribute',NULL,'2014-01-25 12:13:53',NULL,102,16),(10,NULL,NULL,'catalog',NULL,'2014-01-25 12:13:53',NULL,103,11),(10,NULL,NULL,'catalog',NULL,'2014-01-25 12:13:53',NULL,104,12),(10,NULL,NULL,'catalog',NULL,'2014-01-25 12:13:53',NULL,105,13),(10,NULL,NULL,'catalog',NULL,'2014-01-25 12:13:53',NULL,106,14),(10,NULL,NULL,'catalog',NULL,'2014-01-25 12:13:53',NULL,107,15),(10,NULL,NULL,'catalog',NULL,'2014-01-25 12:13:53',NULL,108,16),(11,1,NULL,NULL,NULL,'2014-01-25 12:13:53',NULL,109,11),(11,2,NULL,NULL,NULL,'2014-01-25 12:13:53',NULL,110,12),(11,3,NULL,NULL,NULL,'2014-01-25 12:13:53',NULL,111,13),(11,4,NULL,NULL,NULL,'2014-01-25 12:13:53',NULL,112,14),(11,5,NULL,NULL,NULL,'2014-01-25 12:13:53',NULL,113,15),(11,6,NULL,NULL,NULL,'2014-01-25 12:13:53',NULL,114,16),(12,NULL,NULL,'core',NULL,'2014-01-25 12:13:53',NULL,115,11),(12,NULL,NULL,'core',NULL,'2014-01-25 12:13:53',NULL,116,12),(12,NULL,NULL,'core',NULL,'2014-01-25 12:13:53',NULL,117,13),(12,NULL,NULL,'core',NULL,'2014-01-25 12:13:53',NULL,118,14),(12,NULL,NULL,'core',NULL,'2014-01-25 12:13:53',NULL,119,15),(12,NULL,NULL,'core',NULL,'2014-01-25 12:13:53',NULL,120,16),(7,NULL,NULL,'extensions',NULL,'2014-01-25 12:13:53',NULL,121,31),(7,NULL,NULL,'shipping',NULL,'2014-01-25 12:13:53',NULL,122,32),(7,NULL,NULL,'payment',NULL,'2014-01-25 12:13:53',NULL,123,33),(7,NULL,NULL,'templates',NULL,'2014-01-25 12:13:53',NULL,124,34),(7,NULL,NULL,'total',NULL,'2014-01-25 12:13:53',NULL,125,35),(7,NULL,NULL,'add_extension',NULL,'2014-01-25 12:13:53',NULL,126,36),(7,NULL,NULL,'extensions_store',NULL,'2014-01-25 12:13:53',NULL,127,37),(8,NULL,NULL,'text_extensions',NULL,'2014-01-25 12:13:53',NULL,128,31),(8,NULL,NULL,'text_shipping',NULL,'2014-01-25 12:13:53',NULL,129,32),(8,NULL,NULL,'text_payment',NULL,'2014-01-25 12:13:53',NULL,130,33),(8,NULL,NULL,'text_templates',NULL,'2014-01-25 12:13:53',NULL,131,34),(8,NULL,NULL,'text_total',NULL,'2014-01-25 12:13:53',NULL,132,35),(8,NULL,NULL,'text_add_extension',NULL,'2014-01-25 12:13:53',NULL,133,36),(8,NULL,NULL,'text_extensions_store',NULL,'2014-01-25 12:13:53',NULL,134,37),(9,NULL,NULL,'extension/extensions/extensions',NULL,'2014-01-25 12:13:53',NULL,135,31),(9,NULL,NULL,'extension/extensions/shipping',NULL,'2014-01-25 12:13:53',NULL,136,32),(9,NULL,NULL,'extension/extensions/payment',NULL,'2014-01-25 12:13:53',NULL,137,33),(9,NULL,NULL,'extension/extensions/template',NULL,'2014-01-25 12:13:53',NULL,138,34),(9,NULL,NULL,'extension/total',NULL,'2014-01-25 12:13:53',NULL,139,35),(9,NULL,NULL,'tool/package_installer',NULL,'2014-01-25 12:13:53',NULL,140,36),(9,NULL,NULL,'extension/extensions_store',NULL,'2014-01-25 12:13:53',NULL,141,37),(10,NULL,NULL,'extension',NULL,'2014-01-25 12:13:53',NULL,142,31),(10,NULL,NULL,'extension',NULL,'2014-01-25 12:13:53',NULL,143,32),(10,NULL,NULL,'extension',NULL,'2014-01-25 12:13:53',NULL,144,33),(10,NULL,NULL,'extension',NULL,'2014-01-25 12:13:53',NULL,145,34),(10,NULL,NULL,'extension',NULL,'2014-01-25 12:13:53',NULL,146,35),(10,NULL,NULL,'extension',NULL,'2014-01-25 12:13:53',NULL,147,36),(10,NULL,NULL,'extension',NULL,'2014-01-25 12:13:53',NULL,148,37),(11,1,NULL,NULL,NULL,'2014-01-25 12:13:53',NULL,149,31),(11,2,NULL,NULL,NULL,'2014-01-25 12:13:53',NULL,150,32),(11,3,NULL,NULL,NULL,'2014-01-25 12:13:53',NULL,151,33),(11,4,NULL,NULL,NULL,'2014-01-25 12:13:53',NULL,152,34),(11,5,NULL,NULL,NULL,'2014-01-25 12:13:53',NULL,153,35),(11,5,NULL,NULL,NULL,'2014-01-25 12:13:53',NULL,154,36),(11,5,NULL,NULL,NULL,'2014-01-25 12:13:53',NULL,155,37),(12,NULL,NULL,'core',NULL,'2014-01-25 12:13:53',NULL,156,31),(12,NULL,NULL,'core',NULL,'2014-01-25 12:13:53',NULL,157,32),(12,NULL,NULL,'core',NULL,'2014-01-25 12:13:53',NULL,158,33),(12,NULL,NULL,'core',NULL,'2014-01-25 12:13:53',NULL,159,34),(12,NULL,NULL,'core',NULL,'2014-01-25 12:13:53',NULL,160,35),(7,NULL,NULL,'order',NULL,'2014-01-25 12:13:53',NULL,161,51),(7,NULL,NULL,'customer',NULL,'2014-01-25 12:13:53',NULL,162,52),(7,NULL,NULL,'customer_group',NULL,'2014-01-25 12:13:53',NULL,163,53),(7,NULL,NULL,'coupon',NULL,'2014-01-25 12:13:53',NULL,164,54),(7,NULL,NULL,'contact',NULL,'2014-01-25 12:13:53',NULL,165,55),(8,NULL,NULL,'text_order',NULL,'2014-01-25 12:13:53',NULL,166,51),(8,NULL,NULL,'text_customer',NULL,'2014-01-25 12:13:53',NULL,167,52),(8,NULL,NULL,'text_customer_group',NULL,'2014-01-25 12:13:53',NULL,168,53),(8,NULL,NULL,'text_coupon',NULL,'2014-01-25 12:13:53',NULL,169,54),(8,NULL,NULL,'text_contact',NULL,'2014-01-25 12:13:53',NULL,170,55),(9,NULL,NULL,'sale/order',NULL,'2014-01-25 12:13:53',NULL,171,51),(9,NULL,NULL,'sale/customer',NULL,'2014-01-25 12:13:53',NULL,172,52),(9,NULL,NULL,'sale/customer_group',NULL,'2014-01-25 12:13:53',NULL,173,53),(9,NULL,NULL,'sale/coupon',NULL,'2014-01-25 12:13:53',NULL,174,54),(9,NULL,NULL,'sale/contact',NULL,'2014-01-25 12:13:53',NULL,175,55),(10,NULL,NULL,'sale',NULL,'2014-01-25 12:13:53',NULL,176,51),(10,NULL,NULL,'sale',NULL,'2014-01-25 12:13:53',NULL,177,52),(10,NULL,NULL,'sale',NULL,'2014-01-25 12:13:53',NULL,178,53),(10,NULL,NULL,'sale',NULL,'2014-01-25 12:13:53',NULL,179,54),(10,NULL,NULL,'sale',NULL,'2014-01-25 12:13:53',NULL,180,55),(11,1,NULL,NULL,NULL,'2014-01-25 12:13:53',NULL,181,51),(11,2,NULL,NULL,NULL,'2014-01-25 12:13:53',NULL,182,52),(11,3,NULL,NULL,NULL,'2014-01-25 12:13:53',NULL,183,53),(11,4,NULL,NULL,NULL,'2014-01-25 12:13:53',NULL,184,54),(11,5,NULL,NULL,NULL,'2014-01-25 12:13:53',NULL,185,55),(12,NULL,NULL,'core',NULL,'2014-01-25 12:13:53',NULL,186,51),(12,NULL,NULL,'core',NULL,'2014-01-25 12:13:53',NULL,187,52),(12,NULL,NULL,'core',NULL,'2014-01-25 12:13:53',NULL,188,53),(12,NULL,NULL,'core',NULL,'2014-01-25 12:13:53',NULL,189,54),(12,NULL,NULL,'core',NULL,'2014-01-25 12:13:53',NULL,190,55),(7,NULL,NULL,'setting',NULL,'2014-01-25 12:13:53',NULL,191,71),(7,NULL,NULL,'users',NULL,'2014-01-25 12:13:53',NULL,192,72),(7,NULL,NULL,'localisation',NULL,'2014-01-25 12:13:53',NULL,193,73),(7,NULL,NULL,'data',NULL,'2014-01-25 12:13:53',NULL,194,74),(7,NULL,NULL,'updater',NULL,'2014-01-25 12:13:53',NULL,195,77),(7,NULL,NULL,'cache',NULL,'2014-01-25 12:13:53',NULL,196,78),(7,NULL,NULL,'messages',NULL,'2014-01-25 12:13:53',NULL,197,79),(7,NULL,NULL,'logs',NULL,'2014-01-25 12:13:53',NULL,198,80),(8,NULL,NULL,'text_setting',NULL,'2014-01-25 12:13:53',NULL,199,71),(8,NULL,NULL,'text_users',NULL,'2014-01-25 12:13:53',NULL,200,72),(8,NULL,NULL,'text_localisation',NULL,'2014-01-25 12:13:53',NULL,201,73),(8,NULL,NULL,'text_data',NULL,'2014-01-25 12:13:53',NULL,202,74),(8,NULL,NULL,'text_updater',NULL,'2014-01-25 12:13:53',NULL,203,77),(8,NULL,NULL,'text_cache',NULL,'2014-01-25 12:13:53',NULL,204,78),(8,NULL,NULL,'text_messages',NULL,'2014-01-25 12:13:53',NULL,205,79),(8,NULL,NULL,'text_logs',NULL,'2014-01-25 12:13:53',NULL,206,80),(9,NULL,NULL,'setting/setting',NULL,'2014-01-25 12:13:53',NULL,207,71),(9,NULL,NULL,'',NULL,'2014-01-25 12:13:53',NULL,208,72),(9,NULL,NULL,'',NULL,'2014-01-25 12:13:53',NULL,209,73),(9,NULL,NULL,'',NULL,'2014-01-25 12:13:53',NULL,210,74),(9,NULL,NULL,'tool/updater',NULL,'2014-01-25 12:13:53',NULL,211,77),(9,NULL,NULL,'tool/cache',NULL,'2014-01-25 12:13:53',NULL,212,78),(9,NULL,NULL,'tool/message_manager',NULL,'2014-01-25 12:13:53',NULL,213,79),(9,NULL,NULL,'',NULL,'2014-01-25 12:13:53',NULL,214,80),(10,NULL,NULL,'system',NULL,'2014-01-25 12:13:53',NULL,215,71),(10,NULL,NULL,'system',NULL,'2014-01-25 12:13:53',NULL,216,72),(10,NULL,NULL,'system',NULL,'2014-01-25 12:13:53',NULL,217,73),(10,NULL,NULL,'system',NULL,'2014-01-25 12:13:53',NULL,218,74),(10,NULL,NULL,'system',NULL,'2014-01-25 12:13:53',NULL,219,77),(10,NULL,NULL,'system',NULL,'2014-01-25 12:13:53',NULL,220,78),(10,NULL,NULL,'system',NULL,'2014-01-25 12:13:53',NULL,221,79),(10,NULL,NULL,'system',NULL,'2014-01-25 12:13:53',NULL,222,80),(11,1,NULL,NULL,NULL,'2014-01-25 12:13:53',NULL,223,71),(11,2,NULL,NULL,NULL,'2014-01-25 12:13:53',NULL,224,72),(11,3,NULL,NULL,NULL,'2014-01-25 12:13:53',NULL,225,73),(11,4,NULL,NULL,NULL,'2014-01-25 12:13:53',NULL,226,74),(11,7,NULL,NULL,NULL,'2014-01-25 12:13:53',NULL,227,77),(11,8,NULL,NULL,NULL,'2014-01-25 12:13:53',NULL,228,78),(11,9,NULL,NULL,NULL,'2014-01-25 12:13:53',NULL,229,79),(11,10,NULL,NULL,NULL,'2014-01-25 12:13:53',NULL,230,80),(12,NULL,NULL,'core',NULL,'2014-01-25 12:13:53',NULL,231,71),(12,NULL,NULL,'core',NULL,'2014-01-25 12:13:53',NULL,232,72),(12,NULL,NULL,'core',NULL,'2014-01-25 12:13:53',NULL,233,73),(12,NULL,NULL,'core',NULL,'2014-01-25 12:13:53',NULL,234,74),(12,NULL,NULL,'core',NULL,'2014-01-25 12:13:53',NULL,235,77),(12,NULL,NULL,'core',NULL,'2014-01-25 12:13:53',NULL,236,78),(12,NULL,NULL,'core',NULL,'2014-01-25 12:13:53',NULL,237,79),(12,NULL,NULL,'core',NULL,'2014-01-25 12:13:53',NULL,238,80),(7,NULL,NULL,'report_sale',NULL,'2014-01-25 12:13:53',NULL,239,91),(7,NULL,NULL,'viewed',NULL,'2014-01-25 12:13:53',NULL,240,92),(7,NULL,NULL,'purchased',NULL,'2014-01-25 12:13:53',NULL,241,93),(7,NULL,NULL,'banner_manager_stat',NULL,'2014-01-25 12:13:53',NULL,242,94),(8,NULL,NULL,'text_report_sale',NULL,'2014-01-25 12:13:53',NULL,243,91),(8,NULL,NULL,'text_report_viewed',NULL,'2014-01-25 12:13:53',NULL,244,92),(8,NULL,NULL,'text_report_purchased',NULL,'2014-01-25 12:13:53',NULL,245,93),(8,NULL,NULL,'banner_manager_name_stat',NULL,'2014-01-25 12:13:53',NULL,246,94),(9,NULL,NULL,'report/sale',NULL,'2014-01-25 12:13:53',NULL,247,91),(9,NULL,NULL,'report/viewed',NULL,'2014-01-25 12:13:53',NULL,248,92),(9,NULL,NULL,'report/purchased',NULL,'2014-01-25 12:13:53',NULL,249,93),(9,NULL,NULL,'extension/banner_manager_stat',NULL,'2014-01-25 12:13:53',NULL,250,94),(10,NULL,NULL,'reports',NULL,'2014-01-25 12:13:53',NULL,251,91),(10,NULL,NULL,'reports',NULL,'2014-01-25 12:13:53',NULL,252,92),(10,NULL,NULL,'reports',NULL,'2014-01-25 12:13:53',NULL,253,93),(10,NULL,NULL,'reports',NULL,'2014-01-25 12:13:53',NULL,254,94),(11,1,NULL,NULL,NULL,'2014-01-25 12:13:53',NULL,255,91),(11,2,NULL,NULL,NULL,'2014-01-25 12:13:53',NULL,256,92),(11,3,NULL,NULL,NULL,'2014-01-25 12:13:53',NULL,257,93),(11,4,NULL,NULL,NULL,'2014-01-25 12:13:53',NULL,258,94),(12,NULL,NULL,'core',NULL,'2014-01-25 12:13:53',NULL,259,91),(12,NULL,NULL,'core',NULL,'2014-01-25 12:13:53',NULL,260,92),(12,NULL,NULL,'core',NULL,'2014-01-25 12:13:53',NULL,261,93),(12,NULL,NULL,'extension',NULL,'2014-01-25 12:13:53',NULL,262,94),(7,NULL,NULL,'abantecart',NULL,'2014-01-25 12:13:53',NULL,263,111),(7,NULL,NULL,'documentation',NULL,'2014-01-25 12:13:53',NULL,264,112),(7,NULL,NULL,'support',NULL,'2014-01-25 12:13:53',NULL,265,113),(8,NULL,NULL,'text_abantecart',NULL,'2014-01-25 12:13:53',NULL,266,111),(8,NULL,NULL,'text_documentation',NULL,'2014-01-25 12:13:53',NULL,267,112),(8,NULL,NULL,'text_support',NULL,'2014-01-25 12:13:53',NULL,268,113),(9,NULL,NULL,'window.open(\'http://www.abantecart.com\');',NULL,'2014-01-25 12:13:53',NULL,269,111),(9,NULL,NULL,'window.open(\'http://www.abantecart.com/ecommerce-documentation\');',NULL,'2014-01-25 12:13:53',NULL,270,112),(9,NULL,NULL,'window.open(\'http://forum.abantecart.com\');',NULL,'2014-01-25 12:13:53',NULL,271,113),(10,NULL,NULL,'help',NULL,'2014-01-25 12:13:53',NULL,272,111),(10,NULL,NULL,'help',NULL,'2014-01-25 12:13:53',NULL,273,112),(10,NULL,NULL,'help',NULL,'2014-01-25 12:13:53',NULL,274,113),(11,1,NULL,NULL,NULL,'2014-01-25 12:13:53',NULL,275,111),(11,2,NULL,NULL,NULL,'2014-01-25 12:13:53',NULL,276,112),(11,3,NULL,NULL,NULL,'2014-01-25 12:13:53',NULL,277,113),(12,NULL,NULL,'core',NULL,'2014-01-25 12:13:53',NULL,278,111),(12,NULL,NULL,'core',NULL,'2014-01-25 12:13:53',NULL,279,112),(12,NULL,NULL,'core',NULL,'2014-01-25 12:13:53',NULL,280,113),(7,NULL,NULL,'template',NULL,'2014-01-25 12:13:53',NULL,281,131),(7,NULL,NULL,'layout',NULL,'2014-01-25 12:13:53',NULL,282,132),(7,NULL,NULL,'blocks',NULL,'2014-01-25 12:13:53',NULL,283,133),(7,NULL,NULL,'menu',NULL,'2014-01-25 12:13:53',NULL,284,134),(7,NULL,NULL,'content',NULL,'2014-01-25 12:13:53',NULL,285,135),(7,NULL,NULL,'banner_manager',NULL,'2014-01-25 12:13:53',NULL,286,136),(8,NULL,NULL,'text_templates',NULL,'2014-01-25 12:13:53',NULL,287,131),(8,NULL,NULL,'text_layout',NULL,'2014-01-25 12:13:53',NULL,288,132),(8,NULL,NULL,'text_blocks',NULL,'2014-01-25 12:13:53',NULL,289,133),(8,NULL,NULL,'text_menu',NULL,'2014-01-25 12:13:53',NULL,290,134),(8,NULL,NULL,'text_content',NULL,'2014-01-25 12:13:53',NULL,291,135),(8,NULL,NULL,'banner_manager_name',NULL,'2014-01-25 12:13:53',NULL,292,136),(9,NULL,NULL,'extension/extensions/template',NULL,'2014-01-25 12:13:53',NULL,293,131),(9,NULL,NULL,'design/layout',NULL,'2014-01-25 12:13:53',NULL,294,132),(9,NULL,NULL,'design/blocks',NULL,'2014-01-25 12:13:53',NULL,295,133),(9,NULL,NULL,'design/menu',NULL,'2014-01-25 12:13:53',NULL,296,134),(9,NULL,NULL,'design/content',NULL,'2014-01-25 12:13:53',NULL,297,135),(9,NULL,NULL,'extension/banner_manager',NULL,'2014-01-25 12:13:53',NULL,298,136),(10,NULL,NULL,'design',NULL,'2014-01-25 12:13:53',NULL,299,131),(10,NULL,NULL,'design',NULL,'2014-01-25 12:13:53',NULL,300,132),(10,NULL,NULL,'design',NULL,'2014-01-25 12:13:53',NULL,301,133),(10,NULL,NULL,'design',NULL,'2014-01-25 12:13:53',NULL,302,134),(10,NULL,NULL,'design',NULL,'2014-01-25 12:13:53',NULL,303,135),(10,NULL,NULL,'design',NULL,'2014-01-25 12:13:53',NULL,304,136),(11,1,NULL,NULL,NULL,'2014-01-25 12:13:53',NULL,305,131),(11,2,NULL,NULL,NULL,'2014-01-25 12:13:53',NULL,306,132),(11,3,NULL,NULL,NULL,'2014-01-25 12:13:53',NULL,307,133),(11,4,NULL,NULL,NULL,'2014-01-25 12:13:53',NULL,308,134),(11,5,NULL,NULL,NULL,'2014-01-25 12:13:53',NULL,309,135),(11,6,NULL,NULL,NULL,'2014-01-25 12:13:53',NULL,310,136),(12,NULL,NULL,'core',NULL,'2014-01-25 12:13:53',NULL,311,131),(12,NULL,NULL,'core',NULL,'2014-01-25 12:13:53',NULL,312,132),(12,NULL,NULL,'core',NULL,'2014-01-25 12:13:53',NULL,313,133),(12,NULL,NULL,'core',NULL,'2014-01-25 12:13:53',NULL,314,134),(12,NULL,NULL,'core',NULL,'2014-01-25 12:13:53',NULL,315,135),(12,NULL,NULL,'extension',NULL,'2014-01-25 12:13:53',NULL,316,136),(7,NULL,NULL,'all_settings',NULL,'2014-01-25 12:13:53',NULL,317,191),(7,NULL,NULL,'settings_details',NULL,'2014-01-25 12:13:53',NULL,318,192),(7,NULL,NULL,'settings_general',NULL,'2014-01-25 12:13:53',NULL,319,193),(7,NULL,NULL,'settings_checkout',NULL,'2014-01-25 12:13:53',NULL,320,194),(7,NULL,NULL,'settings_appearance',NULL,'2014-01-25 12:13:53',NULL,321,195),(7,NULL,NULL,'settings_mail',NULL,'2014-01-25 12:13:53',NULL,322,196),(7,NULL,NULL,'settings_api',NULL,'2014-01-25 12:13:53',NULL,323,197),(7,NULL,NULL,'settings_system',NULL,'2014-01-25 12:13:53',NULL,324,198),(7,NULL,NULL,'settings_newstore',NULL,'2014-01-25 12:13:53',NULL,325,199),(8,NULL,NULL,'text_all_settings',NULL,'2014-01-25 12:13:53',NULL,326,191),(8,NULL,NULL,'text_settings_details',NULL,'2014-01-25 12:13:53',NULL,327,192),(8,NULL,NULL,'text_settings_general',NULL,'2014-01-25 12:13:53',NULL,328,193),(8,NULL,NULL,'text_settings_checkout',NULL,'2014-01-25 12:13:53',NULL,329,194),(8,NULL,NULL,'text_settings_appearance',NULL,'2014-01-25 12:13:53',NULL,330,195),(8,NULL,NULL,'text_settings_mail',NULL,'2014-01-25 12:13:53',NULL,331,196),(8,NULL,NULL,'text_settings_api',NULL,'2014-01-25 12:13:53',NULL,332,197),(8,NULL,NULL,'text_settings_system',NULL,'2014-01-25 12:13:53',NULL,333,198),(8,NULL,NULL,'text_settings_newstore',NULL,'2014-01-25 12:13:53',NULL,334,199),(9,NULL,NULL,'setting/setting/all',NULL,'2014-01-25 12:13:53',NULL,335,191),(9,NULL,NULL,'setting/setting/details',NULL,'2014-01-25 12:13:53',NULL,336,192),(9,NULL,NULL,'setting/setting/general',NULL,'2014-01-25 12:13:53',NULL,337,193),(9,NULL,NULL,'setting/setting/checkout',NULL,'2014-01-25 12:13:53',NULL,338,194),(9,NULL,NULL,'setting/setting/appearance',NULL,'2014-01-25 12:13:53',NULL,339,195),(9,NULL,NULL,'setting/setting/mail',NULL,'2014-01-25 12:13:53',NULL,340,196),(9,NULL,NULL,'setting/setting/api',NULL,'2014-01-25 12:13:53',NULL,341,197),(9,NULL,NULL,'setting/setting/system',NULL,'2014-01-25 12:13:53',NULL,342,198),(9,NULL,NULL,'setting/store/insert',NULL,'2014-01-25 12:13:53',NULL,343,199),(10,NULL,NULL,'setting',NULL,'2014-01-25 12:13:53',NULL,344,191),(10,NULL,NULL,'setting',NULL,'2014-01-25 12:13:53',NULL,345,192),(10,NULL,NULL,'setting',NULL,'2014-01-25 12:13:53',NULL,346,193),(10,NULL,NULL,'setting',NULL,'2014-01-25 12:13:53',NULL,347,194),(10,NULL,NULL,'setting',NULL,'2014-01-25 12:13:53',NULL,348,195),(10,NULL,NULL,'setting',NULL,'2014-01-25 12:13:53',NULL,349,196),(10,NULL,NULL,'setting',NULL,'2014-01-25 12:13:53',NULL,350,197),(10,NULL,NULL,'setting',NULL,'2014-01-25 12:13:53',NULL,351,198),(10,NULL,NULL,'setting',NULL,'2014-01-25 12:13:53',NULL,352,199),(11,1,NULL,NULL,NULL,'2014-01-25 12:13:53',NULL,353,191),(11,2,NULL,NULL,NULL,'2014-01-25 12:13:53',NULL,354,192),(11,3,NULL,NULL,NULL,'2014-01-25 12:13:53',NULL,355,193),(11,4,NULL,NULL,NULL,'2014-01-25 12:13:53',NULL,356,194),(11,5,NULL,NULL,NULL,'2014-01-25 12:13:53',NULL,357,195),(11,6,NULL,NULL,NULL,'2014-01-25 12:13:53',NULL,358,196),(11,7,NULL,NULL,NULL,'2014-01-25 12:13:53',NULL,359,197),(11,8,NULL,NULL,NULL,'2014-01-25 12:13:53',NULL,360,198),(11,9,NULL,NULL,NULL,'2014-01-25 12:13:53',NULL,361,199),(12,NULL,NULL,'core',NULL,'2014-01-25 12:13:53',NULL,362,191),(12,NULL,NULL,'core',NULL,'2014-01-25 12:13:53',NULL,363,192),(12,NULL,NULL,'core',NULL,'2014-01-25 12:13:53',NULL,364,193),(12,NULL,NULL,'core',NULL,'2014-01-25 12:13:53',NULL,365,194),(12,NULL,NULL,'core',NULL,'2014-01-25 12:13:53',NULL,366,195),(12,NULL,NULL,'core',NULL,'2014-01-25 12:13:53',NULL,367,196),(12,NULL,NULL,'core',NULL,'2014-01-25 12:13:53',NULL,368,197),(12,NULL,NULL,'core',NULL,'2014-01-25 12:13:53',NULL,369,198),(12,NULL,NULL,'core',NULL,'2014-01-25 12:13:53',NULL,370,199),(7,NULL,NULL,'user',NULL,'2014-01-25 12:13:53',NULL,371,151),(7,NULL,NULL,'permission',NULL,'2014-01-25 12:13:53',NULL,372,152),(8,NULL,NULL,'text_user',NULL,'2014-01-25 12:13:53',NULL,373,151),(8,NULL,NULL,'text_user_group',NULL,'2014-01-25 12:13:53',NULL,374,152),(9,NULL,NULL,'user/user',NULL,'2014-01-25 12:13:53',NULL,375,151),(9,NULL,NULL,'user/user_permission',NULL,'2014-01-25 12:13:53',NULL,376,152),(10,NULL,NULL,'users',NULL,'2014-01-25 12:13:53',NULL,377,151),(10,NULL,NULL,'users',NULL,'2014-01-25 12:13:53',NULL,378,152),(11,1,NULL,NULL,NULL,'2014-01-25 12:13:53',NULL,379,151),(11,2,NULL,NULL,NULL,'2014-01-25 12:13:53',NULL,380,152),(12,NULL,NULL,'core',NULL,'2014-01-25 12:13:53',NULL,381,151),(12,NULL,NULL,'core',NULL,'2014-01-25 12:13:53',NULL,382,152),(7,NULL,NULL,'language',NULL,'2014-01-25 12:13:53',NULL,383,171),(7,NULL,NULL,'language_definitions',NULL,'2014-01-25 12:13:53',NULL,384,172),(7,NULL,NULL,'currency',NULL,'2014-01-25 12:13:53',NULL,385,173),(7,NULL,NULL,'stockstatus',NULL,'2014-01-25 12:13:53',NULL,386,174),(7,NULL,NULL,'orderstatus',NULL,'2014-01-25 12:13:53',NULL,387,175),(7,NULL,NULL,'country',NULL,'2014-01-25 12:13:53',NULL,388,176),(7,NULL,NULL,'zone',NULL,'2014-01-25 12:13:53',NULL,389,177),(7,NULL,NULL,'location',NULL,'2014-01-25 12:13:53',NULL,390,178),(7,NULL,NULL,'taxclass',NULL,'2014-01-25 12:13:53',NULL,391,179),(7,NULL,NULL,'lengthclass',NULL,'2014-01-25 12:13:53',NULL,392,180),(7,NULL,NULL,'weightclass',NULL,'2014-01-25 12:13:53',NULL,393,181),(8,NULL,NULL,'text_language',NULL,'2014-01-25 12:13:53',NULL,394,171),(8,NULL,NULL,'text_language_definitions',NULL,'2014-01-25 12:13:53',NULL,395,172),(8,NULL,NULL,'text_currency',NULL,'2014-01-25 12:13:53',NULL,396,173),(8,NULL,NULL,'text_stock_status',NULL,'2014-01-25 12:13:53',NULL,397,174),(8,NULL,NULL,'text_order_status',NULL,'2014-01-25 12:13:53',NULL,398,175),(8,NULL,NULL,'text_country',NULL,'2014-01-25 12:13:53',NULL,399,176),(8,NULL,NULL,'text_zone',NULL,'2014-01-25 12:13:53',NULL,400,177),(8,NULL,NULL,'text_location',NULL,'2014-01-25 12:13:53',NULL,401,178),(8,NULL,NULL,'text_tax_class',NULL,'2014-01-25 12:13:53',NULL,402,179),(8,NULL,NULL,'text_length_class',NULL,'2014-01-25 12:13:53',NULL,403,180),(8,NULL,NULL,'text_weight_class',NULL,'2014-01-25 12:13:53',NULL,404,181),(9,NULL,NULL,'localisation/language',NULL,'2014-01-25 12:13:53',NULL,405,171),(9,NULL,NULL,'localisation/language_definitions',NULL,'2014-01-25 12:13:53',NULL,406,172),(9,NULL,NULL,'localisation/currency',NULL,'2014-01-25 12:13:53',NULL,407,173),(9,NULL,NULL,'localisation/stock_status',NULL,'2014-01-25 12:13:53',NULL,408,174),(9,NULL,NULL,'localisation/order_status',NULL,'2014-01-25 12:13:53',NULL,409,175),(9,NULL,NULL,'localisation/country',NULL,'2014-01-25 12:13:53',NULL,410,176),(9,NULL,NULL,'localisation/zone',NULL,'2014-01-25 12:13:53',NULL,411,177),(9,NULL,NULL,'localisation/location',NULL,'2014-01-25 12:13:53',NULL,412,178),(9,NULL,NULL,'localisation/tax_class',NULL,'2014-01-25 12:13:53',NULL,413,179),(9,NULL,NULL,'localisation/length_class',NULL,'2014-01-25 12:13:53',NULL,414,180),(9,NULL,NULL,'localisation/weight_class',NULL,'2014-01-25 12:13:53',NULL,415,181),(10,NULL,NULL,'localisation',NULL,'2014-01-25 12:13:53',NULL,416,171),(10,NULL,NULL,'localisation',NULL,'2014-01-25 12:13:53',NULL,417,172),(10,NULL,NULL,'localisation',NULL,'2014-01-25 12:13:53',NULL,418,173),(10,NULL,NULL,'localisation',NULL,'2014-01-25 12:13:53',NULL,419,174),(10,NULL,NULL,'localisation',NULL,'2014-01-25 12:13:53',NULL,420,175),(10,NULL,NULL,'localisation',NULL,'2014-01-25 12:13:53',NULL,421,176),(10,NULL,NULL,'localisation',NULL,'2014-01-25 12:13:53',NULL,422,177),(10,NULL,NULL,'localisation',NULL,'2014-01-25 12:13:53',NULL,423,178),(10,NULL,NULL,'localisation',NULL,'2014-01-25 12:13:53',NULL,424,179),(10,NULL,NULL,'localisation',NULL,'2014-01-25 12:13:53',NULL,425,180),(10,NULL,NULL,'localisation',NULL,'2014-01-25 12:13:53',NULL,426,181),(11,1,NULL,NULL,NULL,'2014-01-25 12:13:53',NULL,427,171),(11,2,NULL,NULL,NULL,'2014-01-25 12:13:53',NULL,428,172),(11,3,NULL,NULL,NULL,'2014-01-25 12:13:53',NULL,429,173),(11,4,NULL,NULL,NULL,'2014-01-25 12:13:53',NULL,430,174),(11,5,NULL,NULL,NULL,'2014-01-25 12:13:53',NULL,431,175),(11,6,NULL,NULL,NULL,'2014-01-25 12:13:53',NULL,432,176),(11,7,NULL,NULL,NULL,'2014-01-25 12:13:53',NULL,433,177),(11,8,NULL,NULL,NULL,'2014-01-25 12:13:53',NULL,434,178),(11,9,NULL,NULL,NULL,'2014-01-25 12:13:53',NULL,435,179),(11,10,NULL,NULL,NULL,'2014-01-25 12:13:53',NULL,436,180),(11,11,NULL,NULL,NULL,'2014-01-25 12:13:53',NULL,437,181),(12,NULL,NULL,'core',NULL,'2014-01-25 12:13:53',NULL,438,171),(12,NULL,NULL,'core',NULL,'2014-01-25 12:13:53',NULL,439,172),(12,NULL,NULL,'core',NULL,'2014-01-25 12:13:53',NULL,440,173),(12,NULL,NULL,'core',NULL,'2014-01-25 12:13:53',NULL,441,174),(12,NULL,NULL,'core',NULL,'2014-01-25 12:13:53',NULL,442,175),(12,NULL,NULL,'core',NULL,'2014-01-25 12:13:53',NULL,443,176),(12,NULL,NULL,'core',NULL,'2014-01-25 12:13:53',NULL,444,177),(12,NULL,NULL,'core',NULL,'2014-01-25 12:13:53',NULL,445,178),(12,NULL,NULL,'core',NULL,'2014-01-25 12:13:53',NULL,446,179),(12,NULL,NULL,'core',NULL,'2014-01-25 12:13:53',NULL,447,180),(12,NULL,NULL,'core',NULL,'2014-01-25 12:13:53',NULL,448,181),(7,NULL,NULL,'backup',NULL,'2014-01-25 12:13:53',NULL,449,183),(7,NULL,NULL,'migrate',NULL,'2014-01-25 12:13:53',NULL,450,184),(7,NULL,NULL,'datasets',NULL,'2014-01-25 12:13:53',NULL,451,185),(7,NULL,NULL,'import_export',NULL,'2014-01-25 12:13:53',NULL,452,182),(7,NULL,NULL,'file_uploads',NULL,'2014-01-25 12:13:53',NULL,453,188),(8,NULL,NULL,'text_backup',NULL,'2014-01-25 12:13:53',NULL,454,183),(8,NULL,NULL,'text_migrate',NULL,'2014-01-25 12:13:53',NULL,455,184),(8,NULL,NULL,'text_datasets_manager',NULL,'2014-01-25 12:13:53',NULL,456,185),(8,NULL,NULL,'text_import_export',NULL,'2014-01-25 12:13:53',NULL,457,182),(8,NULL,NULL,'text_file_uploads',NULL,'2014-01-25 12:13:53',NULL,458,188),(9,NULL,NULL,'tool/backup',NULL,'2014-01-25 12:13:53',NULL,459,183),(9,NULL,NULL,'tool/migration/step_one',NULL,'2014-01-25 12:13:53',NULL,460,184),(9,NULL,NULL,'tool/datasets_manager',NULL,'2014-01-25 12:13:53',NULL,461,185),(9,NULL,NULL,'tool/import_export',NULL,'2014-01-25 12:13:53',NULL,462,182),(9,NULL,NULL,'tool/files',NULL,'2014-01-25 12:13:53',NULL,463,188),(10,NULL,NULL,'data',NULL,'2014-01-25 12:13:53',NULL,464,183),(10,NULL,NULL,'data',NULL,'2014-01-25 12:13:53',NULL,465,184),(10,NULL,NULL,'data',NULL,'2014-01-25 12:13:53',NULL,466,185),(10,NULL,NULL,'data',NULL,'2014-01-25 12:13:53',NULL,467,182),(10,NULL,NULL,'data',NULL,'2014-01-25 12:13:53',NULL,468,188),(11,1,NULL,NULL,NULL,'2014-01-25 12:13:53',NULL,469,183),(11,2,NULL,NULL,NULL,'2014-01-25 12:13:53',NULL,470,184),(11,3,NULL,NULL,NULL,'2014-01-25 12:13:53',NULL,471,185),(11,4,NULL,NULL,NULL,'2014-01-25 12:13:53',NULL,472,182),(11,5,NULL,NULL,NULL,'2014-01-25 12:13:53',NULL,473,188),(12,NULL,NULL,'core',NULL,'2014-01-25 12:13:53',NULL,474,183),(12,NULL,NULL,'core',NULL,'2014-01-25 12:13:53',NULL,475,184),(12,NULL,NULL,'core',NULL,'2014-01-25 12:13:53',NULL,476,185),(12,NULL,NULL,'core',NULL,'2014-01-25 12:13:53',NULL,477,182),(12,NULL,NULL,'core',NULL,'2014-01-25 12:13:53',NULL,478,188),(7,NULL,NULL,'installlog',NULL,'2014-01-25 12:13:53',NULL,479,186),(7,NULL,NULL,'error_log',NULL,'2014-01-25 12:13:53',NULL,480,187),(8,NULL,NULL,'text_install_upgrade_history',NULL,'2014-01-25 12:13:53',NULL,481,186),(8,NULL,NULL,'text_error_log',NULL,'2014-01-25 12:13:53',NULL,482,187),(9,NULL,NULL,'tool/install_upgrade_history',NULL,'2014-01-25 12:13:53',NULL,483,186),(9,NULL,NULL,'tool/error_log',NULL,'2014-01-25 12:13:53',NULL,484,187),(10,NULL,NULL,'logs',NULL,'2014-01-25 12:13:53',NULL,485,186),(10,NULL,NULL,'logs',NULL,'2014-01-25 12:13:53',NULL,486,187),(11,1,NULL,NULL,NULL,'2014-01-25 12:13:53',NULL,487,186),(11,2,NULL,NULL,NULL,'2014-01-25 12:13:53',NULL,488,187),(12,NULL,NULL,'core',NULL,'2014-01-25 12:13:53',NULL,489,186),(12,NULL,NULL,'core',NULL,'2014-01-25 12:13:53',NULL,490,187),(13,NULL,NULL,'home',NULL,'2014-01-25 12:13:53',NULL,491,1),(13,NULL,NULL,'login',NULL,'2014-01-25 12:13:53',NULL,492,2),(13,NULL,NULL,'logout',NULL,'2014-01-25 12:13:53',NULL,493,3),(13,NULL,NULL,'account',NULL,'2014-01-25 12:13:53',NULL,494,4),(13,NULL,NULL,'cart',NULL,'2014-01-25 12:13:53',NULL,495,5),(13,NULL,NULL,'checkout',NULL,'2014-01-25 12:13:53',NULL,496,6),(13,NULL,NULL,'specials',NULL,'2014-01-25 12:13:53',NULL,497,14),(14,NULL,NULL,'Home',NULL,'2014-01-25 12:13:53',NULL,498,1),(14,NULL,NULL,'Login',NULL,'2014-01-25 12:13:53',NULL,499,2),(14,NULL,NULL,'Logout',NULL,'2014-01-25 12:13:53',NULL,500,3),(14,NULL,NULL,'Account',NULL,'2014-01-25 12:13:53',NULL,501,4),(14,NULL,NULL,'Cart',NULL,'2014-01-25 12:13:53',NULL,502,5),(14,NULL,NULL,'Checkout',NULL,'2014-01-25 12:13:53',NULL,503,6),(14,NULL,NULL,'Specials',NULL,'2014-01-25 12:13:53',NULL,504,14),(15,1,NULL,NULL,NULL,'2014-01-25 12:13:53',NULL,505,1),(15,1,NULL,NULL,NULL,'2014-01-25 12:13:53',NULL,506,2),(15,1,NULL,NULL,NULL,'2014-01-25 12:13:53',NULL,507,3),(15,1,NULL,NULL,NULL,'2014-01-25 12:13:53',NULL,508,4),(15,1,NULL,NULL,NULL,'2014-01-25 12:13:53',NULL,509,5),(15,1,NULL,NULL,NULL,'2014-01-25 12:13:53',NULL,510,6),(15,1,NULL,NULL,NULL,'2014-01-25 12:13:53',NULL,511,14),(13,NULL,NULL,'home',NULL,'2014-01-25 12:13:53',NULL,512,7),(13,NULL,NULL,'login',NULL,'2014-01-25 12:13:53',NULL,513,8),(13,NULL,NULL,'logout',NULL,'2014-01-25 12:13:53',NULL,514,9),(13,NULL,NULL,'account',NULL,'2014-01-25 12:13:53',NULL,515,10),(13,NULL,NULL,'cart',NULL,'2014-01-25 12:13:53',NULL,516,11),(13,NULL,NULL,'checkout',NULL,'2014-01-25 12:13:53',NULL,517,12),(13,NULL,NULL,'specials',NULL,'2014-01-25 12:13:53',NULL,518,13),(14,NULL,NULL,'Casa',NULL,'2014-01-25 12:13:53',NULL,519,7),(14,NULL,NULL,'Iniciar Sesión',NULL,'2014-01-25 12:13:53',NULL,520,8),(14,NULL,NULL,'Cerrar sesión',NULL,'2014-01-25 12:13:53',NULL,521,9),(14,NULL,NULL,'Cuenta',NULL,'2014-01-25 12:13:53',NULL,522,10),(14,NULL,NULL,'Carro',NULL,'2014-01-25 12:13:53',NULL,523,11),(14,NULL,NULL,'Caja',NULL,'2014-01-25 12:13:53',NULL,524,12),(14,NULL,NULL,'Especiales',NULL,'2014-01-25 12:13:53',NULL,525,13),(15,9,NULL,NULL,NULL,'2014-01-25 12:13:53',NULL,526,7),(15,9,NULL,NULL,NULL,'2014-01-25 12:13:53',NULL,527,8),(15,9,NULL,NULL,NULL,'2014-01-25 12:13:53',NULL,528,9),(15,9,NULL,NULL,NULL,'2014-01-25 12:13:53',NULL,529,10),(15,9,NULL,NULL,NULL,'2014-01-25 12:13:53',NULL,530,11),(15,9,NULL,NULL,NULL,'2014-01-25 12:13:53',NULL,531,12),(15,9,NULL,NULL,NULL,'2014-01-25 12:13:53',NULL,532,13),(16,NULL,NULL,NULL,NULL,'2014-01-25 12:13:53',NULL,533,1),(17,NULL,NULL,'AbanteCart',NULL,'2014-01-25 12:13:53',NULL,534,1),(18,NULL,NULL,'1.1.7',NULL,'2014-01-25 12:13:53',NULL,535,1),(19,NULL,NULL,'',NULL,'2014-01-25 12:13:53',NULL,536,1),(20,NULL,NULL,NULL,NULL,'0000-00-00 00:00:00',NULL,537,1),(21,NULL,NULL,'install',NULL,'2014-01-25 12:13:53',NULL,538,1),(22,NULL,NULL,'admin',NULL,'2014-01-25 12:13:53',NULL,539,1),(13,NULL,NULL,'home',NULL,'2014-01-25 04:17:47',NULL,540,15),(15,10,NULL,NULL,NULL,'2014-01-25 04:17:47',NULL,541,15),(14,NULL,NULL,'Home',NULL,'2014-01-25 04:17:47',NULL,542,15),(13,NULL,NULL,'login',NULL,'2014-01-25 04:17:47',NULL,543,16),(15,10,NULL,NULL,NULL,'2014-01-25 04:17:47',NULL,544,16),(14,NULL,NULL,'Login',NULL,'2014-01-25 04:17:47',NULL,545,16),(13,NULL,NULL,'logout',NULL,'2014-01-25 04:17:47',NULL,546,17),(15,10,NULL,NULL,NULL,'2014-01-25 04:17:47',NULL,547,17),(14,NULL,NULL,'Logout',NULL,'2014-01-25 04:17:47',NULL,548,17),(13,NULL,NULL,'account',NULL,'2014-01-25 04:17:47',NULL,549,18),(15,10,NULL,NULL,NULL,'2014-01-25 04:17:47',NULL,550,18),(14,NULL,NULL,'Account',NULL,'2014-01-25 04:17:47',NULL,551,18),(13,NULL,NULL,'cart',NULL,'2014-01-25 04:17:47',NULL,552,19),(15,10,NULL,NULL,NULL,'2014-01-25 04:17:47',NULL,553,19),(14,NULL,NULL,'Cart',NULL,'2014-01-25 04:17:47',NULL,554,19),(13,NULL,NULL,'checkout',NULL,'2014-01-25 04:17:47',NULL,555,20),(15,10,NULL,NULL,NULL,'2014-01-25 04:17:47',NULL,556,20),(14,NULL,NULL,'Checkout',NULL,'2014-01-25 04:17:47',NULL,557,20),(13,NULL,NULL,'specials',NULL,'2014-01-25 04:17:47',NULL,558,21),(15,10,NULL,NULL,NULL,'2014-01-25 04:17:47',NULL,559,21),(14,NULL,NULL,'Specials',NULL,'2014-01-25 04:17:47',NULL,560,21);

--
-- Table structure for table `ab_datasets`
--

CREATE TABLE `ab_datasets` (
  `dataset_id` int(11) NOT NULL AUTO_INCREMENT,
  `dataset_name` varchar(255) CHARACTER SET utf8 NOT NULL,
  `dataset_key` varchar(255) CHARACTER SET utf8 DEFAULT '',
  PRIMARY KEY (`dataset_id`)
) ENGINE=MyISAM AUTO_INCREMENT=6 DEFAULT CHARSET=utf8 COLLATE=utf8_bin;

--
-- Dumping data for table `ab_datasets`
--

INSERT INTO `ab_datasets` (`dataset_id`, `dataset_name`, `dataset_key`) VALUES (1,'menu','storefront'),(2,'menu','admin'),(3,'menu','storefront_description'),(4,'install_upgrade_history','admin'),(5,'file_uploads','admin');

--
-- Table structure for table `ab_download_descriptions`
--

CREATE TABLE `ab_download_descriptions` (
  `download_id` int(11) NOT NULL,
  `language_id` int(11) NOT NULL,
  `name` varchar(64) COLLATE utf8_bin NOT NULL DEFAULT '' COMMENT 'translatable',
  PRIMARY KEY (`download_id`,`language_id`)
) ENGINE=MyISAM DEFAULT CHARSET=utf8 COLLATE=utf8_bin;

--
-- Dumping data for table `ab_download_descriptions`
--

INSERT INTO `ab_download_descriptions` (`download_id`, `language_id`, `name`) VALUES (1,1,'visionare pdf file'),(1,9,'visionare pdf file');

--
-- Table structure for table `ab_downloads`
--

CREATE TABLE `ab_downloads` (
  `download_id` int(11) NOT NULL AUTO_INCREMENT,
  `filename` varchar(128) COLLATE utf8_bin NOT NULL DEFAULT '',
  `mask` varchar(128) COLLATE utf8_bin NOT NULL DEFAULT '',
  `remaining` int(11) NOT NULL DEFAULT '0',
  `date_added` datetime NOT NULL DEFAULT '0000-00-00 00:00:00',
  PRIMARY KEY (`download_id`)
) ENGINE=MyISAM AUTO_INCREMENT=2 DEFAULT CHARSET=utf8 COLLATE=utf8_bin;

--
-- Dumping data for table `ab_downloads`
--

INSERT INTO `ab_downloads` (`download_id`, `filename`, `mask`, `remaining`, `date_added`) VALUES (1,'download/18/74/c.zip','Visionnaire.zip',150,'2012-03-15 06:43:16');

--
-- Table structure for table `ab_encryption_keys`
--

CREATE TABLE `ab_encryption_keys` (
  `key_id` int(3) NOT NULL AUTO_INCREMENT,
  `key_name` varchar(32) COLLATE utf8_bin NOT NULL DEFAULT '',
  `status` int(1) NOT NULL,
  `comment` text COLLATE utf8_bin NOT NULL,
  PRIMARY KEY (`key_id`),
  UNIQUE KEY `encryption_keys_key_name` (`key_name`)
) ENGINE=MyISAM DEFAULT CHARSET=utf8 COLLATE=utf8_bin;

--
-- Dumping data for table `ab_encryption_keys`
--


--
-- Table structure for table `ab_extension_dependencies`
--

CREATE TABLE `ab_extension_dependencies` (
  `extension_id` int(11) NOT NULL,
  `extension_parent_id` int(11) NOT NULL,
  PRIMARY KEY (`extension_id`,`extension_parent_id`)
) ENGINE=MyISAM DEFAULT CHARSET=utf8;

--
-- Dumping data for table `ab_extension_dependencies`
--


--
-- Table structure for table `ab_extensions`
--

CREATE TABLE `ab_extensions` (
  `extension_id` int(11) NOT NULL AUTO_INCREMENT,
  `type` varchar(32) COLLATE utf8_bin NOT NULL,
  `key` varchar(32) COLLATE utf8_bin NOT NULL,
  `category` varchar(32) COLLATE utf8_bin NOT NULL,
  `status` smallint(1) NOT NULL,
  `priority` smallint(1) NOT NULL DEFAULT '0',
  `version` varchar(32) COLLATE utf8_bin DEFAULT NULL,
  `license_key` varchar(32) COLLATE utf8_bin DEFAULT NULL,
  `date_installed` timestamp NOT NULL DEFAULT '0000-00-00 00:00:00',
  `update_date` timestamp NOT NULL DEFAULT CURRENT_TIMESTAMP ON UPDATE CURRENT_TIMESTAMP,
  `create_date` timestamp NOT NULL DEFAULT '0000-00-00 00:00:00',
  PRIMARY KEY (`extension_id`),
  UNIQUE KEY `extension_key` (`key`)
) ENGINE=MyISAM AUTO_INCREMENT=48 DEFAULT CHARSET=utf8 COLLATE=utf8_bin;

--
-- Dumping data for table `ab_extensions`
--

INSERT INTO `ab_extensions` (`extension_id`, `type`, `key`, `category`, `status`, `priority`, `version`, `license_key`, `date_installed`, `update_date`, `create_date`) VALUES (1,'payment','default_cod','payment',1,1,'1.0',NULL,'2014-01-25 12:13:53','2014-01-25 12:13:53','2014-01-25 12:13:53'),(2,'total','coupon','',1,1,'1.0',NULL,'2014-01-25 12:13:53','2014-01-25 12:13:53','2014-01-25 12:13:53'),(3,'total','shipping','shipping',1,1,'1.0',NULL,'2014-01-25 12:13:53','2014-01-25 12:13:53','2014-01-25 12:13:53'),(4,'total','low_order_fee','',0,1,'1.0',NULL,'2014-01-25 12:13:53','2014-01-25 12:13:53','2014-01-25 12:13:53'),(5,'total','handling','',0,1,'1.0',NULL,'2014-01-25 12:13:53','2014-01-25 12:13:53','2014-01-25 12:13:53'),(6,'total','sub_total','',1,1,'1.0',NULL,'2014-01-25 12:13:53','2014-01-25 12:13:53','2014-01-25 12:13:53'),(7,'total','tax','',1,1,'1.0',NULL,'2014-01-25 12:13:53','2014-01-25 12:13:53','2014-01-25 12:13:53'),(8,'total','total','',1,1,'1.0',NULL,'2014-01-25 12:13:53','2014-01-25 12:13:53','2014-01-25 12:13:53'),(9,'total','balance','',1,1,'1.0',NULL,'2014-01-25 12:13:53','2014-01-25 12:13:53','2014-01-25 12:13:53'),(10,'block','cart','',1,1,'1.0',NULL,'2014-01-25 12:13:53','2014-01-25 12:13:53','2014-01-25 12:13:53'),(11,'block','category','',1,1,'1.0',NULL,'2014-01-25 12:13:53','2014-01-25 12:13:53','2014-01-25 12:13:53'),(12,'block','content','',1,1,'1.0',NULL,'2014-01-25 12:13:53','2014-01-25 12:13:53','2014-01-25 12:13:53'),(13,'block','manufacturer','',1,1,'1.0',NULL,'2014-01-25 12:13:53','2014-01-25 12:13:53','2014-01-25 12:13:53'),(14,'block','bestseller','',1,1,'1.0',NULL,'2014-01-25 12:13:53','2014-01-25 12:13:53','2014-01-25 12:13:53'),(15,'block','latest','',1,1,'1.0',NULL,'2014-01-25 12:13:53','2014-01-25 12:13:53','2014-01-25 12:13:53'),(16,'block','featured','',1,1,'1.0',NULL,'2014-01-25 12:13:53','2014-01-25 12:13:53','2014-01-25 12:13:53'),(17,'shipping','default_flat_rate_shipping','shipping',1,1,'1.0',NULL,'2014-01-25 12:13:53','2014-01-25 12:13:53','2014-01-25 12:13:53'),(18,'extensions','banner_manager','extensions',1,1,'1.0',NULL,'2014-01-25 12:13:53','2014-01-25 12:13:53','2014-01-25 12:13:53'),(19,'payment','2checkout','payment',0,10,'1.0.1','','0000-00-00 00:00:00','2014-01-25 12:13:53','2014-01-25 12:13:53'),(20,'payment','default_alertpay','payment',0,10,'1.0.0','','0000-00-00 00:00:00','2014-01-25 12:13:53','2014-01-25 12:13:53'),(21,'payment','default_authorizenet_aim','payment',0,10,'1.0.0','','0000-00-00 00:00:00','2014-01-25 12:13:53','2014-01-25 12:13:53'),(22,'payment','default_banktransfer','payment',0,10,'1.0.0','','0000-00-00 00:00:00','2014-01-25 12:13:53','2014-01-25 12:13:53'),(23,'payment','default_cheque','payment',0,10,'1.0.0','','0000-00-00 00:00:00','2014-01-25 12:13:53','2014-01-25 12:13:53'),(24,'shipping','default_citylink','shipping',0,10,'1.0.0','','0000-00-00 00:00:00','2014-01-25 12:13:53','2014-01-25 12:13:53'),(25,'shipping','default_fedex','shipping',0,10,'1.0.0','','0000-00-00 00:00:00','2014-01-25 12:13:53','2014-01-25 12:13:53'),(26,'shipping','default_free_shipping','shipping',0,10,'1.0.0','','0000-00-00 00:00:00','2014-01-25 12:13:53','2014-01-25 12:13:53'),(27,'extensions','default_google_talk','storefront',0,10,'1.0.0','','0000-00-00 00:00:00','2014-01-25 12:13:53','2014-01-25 12:13:53'),(28,'payment','default_liqpay','payment',0,10,'1.0.0','','0000-00-00 00:00:00','2014-01-25 12:13:53','2014-01-25 12:13:53'),(29,'payment','default_moneybookers','payment',0,10,'1.0.0','','0000-00-00 00:00:00','2014-01-25 12:13:53','2014-01-25 12:13:53'),(30,'shipping','default_parcelforce_48','shipping',0,10,'1.0.0','','0000-00-00 00:00:00','2014-01-25 12:13:53','2014-01-25 12:13:53'),(31,'payment','default_paymate','payment',0,10,'1.0.0','','0000-00-00 00:00:00','2014-01-25 12:13:53','2014-01-25 12:13:53'),(32,'payment','default_paypoint','payment',0,10,'1.0.0','','0000-00-00 00:00:00','2014-01-25 12:13:53','2014-01-25 12:13:53'),(33,'shipping','default_per_item_shipping','shipping',0,10,'1.0.0','','0000-00-00 00:00:00','2014-01-25 12:13:53','2014-01-25 12:13:53'),(34,'payment','default_perpetual_payments','payment',0,10,'1.0.0','','0000-00-00 00:00:00','2014-01-25 12:13:53','2014-01-25 12:13:53'),(35,'payment','default_pp_pro','payment',0,10,'1.0.0','','0000-00-00 00:00:00','2014-01-25 12:13:53','2014-01-25 12:13:53'),(36,'payment','default_pp_pro_uk','payment',0,10,'1.0.0','','0000-00-00 00:00:00','2014-01-25 12:13:53','2014-01-25 12:13:53'),(37,'payment','default_pp_standart','payment',0,10,'1.0.1','','0000-00-00 00:00:00','2014-01-25 12:13:53','2014-01-25 12:13:53'),(38,'shipping','default_royal_mail','shipping',0,10,'1.0.0','','0000-00-00 00:00:00','2014-01-25 12:13:53','2014-01-25 12:13:53'),(39,'payment','default_sagepay','payment',0,10,'1.0.0','','0000-00-00 00:00:00','2014-01-25 12:13:53','2014-01-25 12:13:53'),(40,'payment','default_sagepay_direct','payment',0,10,'1.0.0','','0000-00-00 00:00:00','2014-01-25 12:13:53','2014-01-25 12:13:53'),(41,'payment','default_sagepay_us','payment',0,10,'1.0.0','','0000-00-00 00:00:00','2014-01-25 12:13:53','2014-01-25 12:13:53'),(42,'shipping','default_store_pickup','shipping',0,10,'1.0.0','','0000-00-00 00:00:00','2014-01-25 12:13:53','2014-01-25 12:13:53'),(43,'shipping','default_ups','shipping',0,10,'1.0.0','','0000-00-00 00:00:00','2014-01-25 12:13:53','2014-01-25 12:13:53'),(44,'shipping','default_usps','shipping',0,10,'1.0.0','','0000-00-00 00:00:00','2014-01-25 12:13:53','2014-01-25 12:13:53'),(45,'shipping','default_weight','shipping',0,10,'1.0.0','','0000-00-00 00:00:00','2014-01-25 12:13:53','2014-01-25 12:13:53'),(46,'payment','default_worldpay','payment',0,10,'1.0.0','','0000-00-00 00:00:00','2014-01-25 12:13:53','2014-01-25 12:13:53'),(47,'extensions','encryption_data_manager','utility',0,10,'1.0.0','','0000-00-00 00:00:00','2014-01-25 12:13:53','2014-01-25 12:13:53');

--
-- Table structure for table `ab_field_descriptions`
--

CREATE TABLE `ab_field_descriptions` (
  `field_id` int(11) NOT NULL DEFAULT '0',
  `name` varchar(255) NOT NULL COMMENT 'translatable',
  `description` varchar(255) NOT NULL DEFAULT '' COMMENT 'translatable',
  `language_id` int(11) NOT NULL,
  PRIMARY KEY (`field_id`,`language_id`)
) ENGINE=MyISAM DEFAULT CHARSET=utf8;

--
-- Dumping data for table `ab_field_descriptions`
--

INSERT INTO `ab_field_descriptions` (`field_id`, `name`, `description`, `language_id`) VALUES (11,'First name:','',1),(11,'Nombre de pila:','',9),(12,'Email:','',1),(12,'Email:','',9),(13,'Enquiry:','',1),(13,'Consulta:','',9),(14,'Enter the code in the box below:','',1),(14,'Introduzca el código en el cuadro a continuación:','',9);

--
-- Table structure for table `ab_field_values`
--

CREATE TABLE `ab_field_values` (
  `value_id` int(11) NOT NULL AUTO_INCREMENT,
  `field_id` int(11) NOT NULL DEFAULT '0',
  `value` text CHARACTER SET utf8 COLLATE utf8_bin NOT NULL COMMENT 'translatable',
  `language_id` int(11) NOT NULL,
  PRIMARY KEY (`value_id`)
) ENGINE=MyISAM DEFAULT CHARSET=utf8;

--
-- Dumping data for table `ab_field_values`
--


--
-- Table structure for table `ab_fields`
--

CREATE TABLE `ab_fields` (
  `field_id` int(11) NOT NULL AUTO_INCREMENT,
  `form_id` int(11) NOT NULL DEFAULT '0',
  `field_name` varchar(40) NOT NULL,
  `element_type` char(1) NOT NULL DEFAULT 'I',
  `sort_order` int(3) NOT NULL,
  `attributes` varchar(255) NOT NULL,
  `settings` text CHARACTER SET utf8 COLLATE utf8_bin NOT NULL,
  `required` char(1) NOT NULL DEFAULT 'N',
  `status` smallint(1) NOT NULL DEFAULT '0',
  PRIMARY KEY (`field_id`),
  KEY `field_id` (`field_id`,`form_id`,`status`)
) ENGINE=MyISAM AUTO_INCREMENT=15 DEFAULT CHARSET=utf8;

--
-- Dumping data for table `ab_fields`
--

INSERT INTO `ab_fields` (`field_id`, `form_id`, `field_name`, `element_type`, `sort_order`, `attributes`, `settings`, `required`, `status`) VALUES (11,2,'first_name','I',1,'','','Y',1),(12,2,'email','I',2,'','','Y',1),(13,2,'enquiry','T',3,'','','Y',1),(14,2,'captcha','K',4,'','','Y',1);

--
-- Table structure for table `ab_fields_group_descriptions`
--

CREATE TABLE `ab_fields_group_descriptions` (
  `group_id` int(11) NOT NULL DEFAULT '0',
  `name` varchar(255) NOT NULL COMMENT 'translatable',
  `description` varchar(255) NOT NULL DEFAULT '' COMMENT 'translatable',
  `language_id` int(11) NOT NULL,
  PRIMARY KEY (`group_id`,`language_id`)
) ENGINE=MyISAM DEFAULT CHARSET=utf8;

--
-- Dumping data for table `ab_fields_group_descriptions`
--


--
-- Table structure for table `ab_fields_groups`
--

CREATE TABLE `ab_fields_groups` (
  `field_id` int(11) NOT NULL,
  `group_id` int(11) NOT NULL,
  `sort_order` int(3) NOT NULL,
  PRIMARY KEY (`field_id`),
  KEY `field_id` (`field_id`,`group_id`)
) ENGINE=MyISAM DEFAULT CHARSET=utf8;

--
-- Dumping data for table `ab_fields_groups`
--


--
-- Table structure for table `ab_form_descriptions`
--

CREATE TABLE `ab_form_descriptions` (
  `form_id` int(11) NOT NULL DEFAULT '0',
  `language_id` int(11) NOT NULL,
  `description` varchar(255) NOT NULL DEFAULT '' COMMENT 'translatable',
  PRIMARY KEY (`form_id`,`language_id`)
) ENGINE=MyISAM DEFAULT CHARSET=utf8;

--
-- Dumping data for table `ab_form_descriptions`
--

INSERT INTO `ab_form_descriptions` (`form_id`, `language_id`, `description`) VALUES (2,1,'Contact Us Form'),(2,9,'Formulario de Contacto');

--
-- Table structure for table `ab_form_groups`
--

CREATE TABLE `ab_form_groups` (
  `group_id` int(11) NOT NULL AUTO_INCREMENT,
  `group_name` varchar(40) NOT NULL DEFAULT '',
  `form_id` int(11) NOT NULL DEFAULT '0',
  `sort_order` int(3) NOT NULL,
  `status` smallint(1) NOT NULL DEFAULT '0',
  PRIMARY KEY (`group_id`),
  KEY `group_id` (`group_id`,`form_id`)
) ENGINE=MyISAM DEFAULT CHARSET=utf8;

--
-- Dumping data for table `ab_form_groups`
--


--
-- Table structure for table `ab_forms`
--

CREATE TABLE `ab_forms` (
  `form_id` int(11) NOT NULL AUTO_INCREMENT,
  `form_name` varchar(40) NOT NULL DEFAULT '',
  `controller` varchar(100) NOT NULL DEFAULT '',
  `success_page` varchar(100) NOT NULL DEFAULT '',
  `status` smallint(1) NOT NULL DEFAULT '0',
  PRIMARY KEY (`form_id`),
  UNIQUE KEY `form_name` (`form_name`)
) ENGINE=MyISAM AUTO_INCREMENT=3 DEFAULT CHARSET=utf8;

--
-- Dumping data for table `ab_forms`
--

INSERT INTO `ab_forms` (`form_id`, `form_name`, `controller`, `success_page`, `status`) VALUES (2,'ContactUsFrm','content/contact','content/contact/success',1);

--
-- Table structure for table `ab_global_attributes`
--

CREATE TABLE `ab_global_attributes` (
  `attribute_id` int(11) NOT NULL AUTO_INCREMENT,
  `attribute_parent_id` int(11) NOT NULL DEFAULT '0',
  `attribute_group_id` int(11) DEFAULT NULL,
  `attribute_type_id` int(11) NOT NULL,
  `element_type` char(1) COLLATE utf8_bin NOT NULL DEFAULT 'I',
  `sort_order` int(3) NOT NULL DEFAULT '0',
  `required` smallint(1) NOT NULL DEFAULT '0',
  `settings` text COLLATE utf8_bin NOT NULL,
  `status` smallint(1) NOT NULL DEFAULT '0',
  `regexp_pattern` varchar(255) COLLATE utf8_bin DEFAULT NULL,
  PRIMARY KEY (`attribute_id`)
) ENGINE=MyISAM AUTO_INCREMENT=6 DEFAULT CHARSET=utf8 COLLATE=utf8_bin;

--
-- Dumping data for table `ab_global_attributes`
--

INSERT INTO `ab_global_attributes` (`attribute_id`, `attribute_parent_id`, `attribute_group_id`, `attribute_type_id`, `element_type`, `sort_order`, `required`, `settings`, `status`, `regexp_pattern`) VALUES (1,0,0,1,'S',1,1,'',1,NULL),(2,0,0,1,'C',0,0,'',1,NULL),(5,0,0,1,'G',1,1,'',1,NULL);

--
-- Table structure for table `ab_global_attributes_descriptions`
--

CREATE TABLE `ab_global_attributes_descriptions` (
  `attribute_id` int(11) NOT NULL,
  `language_id` int(11) NOT NULL,
  `name` varchar(64) COLLATE utf8_bin NOT NULL COMMENT 'translatable',
  `error_text` varchar(255) COLLATE utf8_bin NOT NULL COMMENT 'translatable',
  PRIMARY KEY (`attribute_id`,`language_id`)
) ENGINE=MyISAM DEFAULT CHARSET=utf8 COLLATE=utf8_bin;

--
-- Dumping data for table `ab_global_attributes_descriptions`
--

INSERT INTO `ab_global_attributes_descriptions` (`attribute_id`, `language_id`, `name`, `error_text`) VALUES (1,1,'Size',''),(1,9,'Tamaño',''),(2,1,'Gift Wrapping',''),(2,9,'Papel de Regalo',''),(5,1,'Fragrance Type',''),(5,9,'Fragancia Tipo','');

--
-- Table structure for table `ab_global_attributes_groups`
--

CREATE TABLE `ab_global_attributes_groups` (
  `attribute_group_id` int(11) NOT NULL AUTO_INCREMENT,
  `sort_order` int(3) NOT NULL DEFAULT '0',
  `status` smallint(1) NOT NULL DEFAULT '0',
  PRIMARY KEY (`attribute_group_id`)
) ENGINE=MyISAM DEFAULT CHARSET=utf8 COLLATE=utf8_bin;

--
-- Dumping data for table `ab_global_attributes_groups`
--


--
-- Table structure for table `ab_global_attributes_groups_descriptions`
--

CREATE TABLE `ab_global_attributes_groups_descriptions` (
  `attribute_group_id` int(11) NOT NULL,
  `language_id` int(11) NOT NULL,
  `name` varchar(64) COLLATE utf8_bin NOT NULL COMMENT 'translatable',
  PRIMARY KEY (`attribute_group_id`,`language_id`)
) ENGINE=MyISAM DEFAULT CHARSET=utf8 COLLATE=utf8_bin;

--
-- Dumping data for table `ab_global_attributes_groups_descriptions`
--


--
-- Table structure for table `ab_global_attributes_type_descriptions`
--

CREATE TABLE `ab_global_attributes_type_descriptions` (
  `attribute_type_id` int(11) NOT NULL,
  `language_id` int(11) NOT NULL,
  `type_name` varchar(64) COLLATE utf8_bin NOT NULL COMMENT 'translatable',
  `update_date` timestamp NOT NULL DEFAULT CURRENT_TIMESTAMP ON UPDATE CURRENT_TIMESTAMP,
  `create_date` timestamp NOT NULL DEFAULT '0000-00-00 00:00:00',
  PRIMARY KEY (`attribute_type_id`,`language_id`)
) ENGINE=MyISAM DEFAULT CHARSET=utf8 COLLATE=utf8_bin COMMENT='utf8_bin';

--
-- Dumping data for table `ab_global_attributes_type_descriptions`
--

INSERT INTO `ab_global_attributes_type_descriptions` (`attribute_type_id`, `language_id`, `type_name`, `update_date`, `create_date`) VALUES (1,1,'Product Option','2014-01-25 12:13:53','2014-01-25 12:13:53'),(1,2,'Opción del Producto','2014-01-25 12:13:53','2014-01-25 12:13:53');

--
-- Table structure for table `ab_global_attributes_types`
--

CREATE TABLE `ab_global_attributes_types` (
  `attribute_type_id` int(11) NOT NULL AUTO_INCREMENT,
  `type_key` varchar(64) COLLATE utf8_bin NOT NULL,
  `controller` varchar(100) COLLATE utf8_bin NOT NULL,
  `sort_order` int(3) NOT NULL DEFAULT '0',
  `status` smallint(1) NOT NULL DEFAULT '0',
  PRIMARY KEY (`attribute_type_id`)
) ENGINE=MyISAM AUTO_INCREMENT=2 DEFAULT CHARSET=utf8 COLLATE=utf8_bin;

--
-- Dumping data for table `ab_global_attributes_types`
--

INSERT INTO `ab_global_attributes_types` (`attribute_type_id`, `type_key`, `controller`, `sort_order`, `status`) VALUES (1,'product_option','responses/catalog/attribute/getProductOptionSubform',1,1);

--
-- Table structure for table `ab_global_attributes_value_descriptions`
--

CREATE TABLE `ab_global_attributes_value_descriptions` (
  `attribute_value_id` int(11) NOT NULL,
  `attribute_id` int(11) NOT NULL,
  `language_id` int(11) NOT NULL,
  `value` text COLLATE utf8_bin NOT NULL COMMENT 'translatable',
  PRIMARY KEY (`attribute_value_id`,`attribute_id`,`language_id`)
) ENGINE=MyISAM DEFAULT CHARSET=utf8 COLLATE=utf8_bin;

--
-- Dumping data for table `ab_global_attributes_value_descriptions`
--

INSERT INTO `ab_global_attributes_value_descriptions` (`attribute_value_id`, `attribute_id`, `language_id`, `value`) VALUES (53,1,1,'1 oz'),(53,1,9,'1 oz'),(52,1,1,'75ml'),(52,1,9,'75ml'),(51,1,1,'50ml'),(51,1,9,'50ml'),(50,1,1,'30ml'),(50,1,9,'30ml'),(49,1,1,'2.5 oz'),(49,1,9,'2.5 oz'),(48,1,1,'1.5 oz'),(48,1,9,'1.5 oz'),(47,1,1,'33.8 oz'),(47,1,9,'33.8 oz'),(46,1,1,'15.2 oz'),(46,1,9,'15.2 oz'),(45,1,1,'8.45 oz'),(45,1,9,'8.45 oz'),(32,2,1,''),(42,1,9,'1.7 oz'),(42,1,1,'1.7 oz'),(43,1,9,'3.4 oz'),(43,1,1,'3.4 oz'),(44,1,9,'100ml'),(44,1,1,'100ml'),(76,5,1,'Eau de Toilette'),(77,5,1,'Eau de Cologne'),(75,5,1,'Eau de Parfum'),(76,5,9,'Eau de Toilette'),(77,5,9,'Eau de Cologne'),(75,5,9,'Eau de Parfum');

--
-- Table structure for table `ab_global_attributes_values`
--

CREATE TABLE `ab_global_attributes_values` (
  `attribute_value_id` int(11) NOT NULL AUTO_INCREMENT,
  `attribute_id` int(11) NOT NULL,
  `sort_order` int(3) NOT NULL DEFAULT '0',
  PRIMARY KEY (`attribute_value_id`)
) ENGINE=MyISAM AUTO_INCREMENT=78 DEFAULT CHARSET=utf8 COLLATE=utf8_bin;

--
-- Dumping data for table `ab_global_attributes_values`
--

INSERT INTO `ab_global_attributes_values` (`attribute_value_id`, `attribute_id`, `sort_order`) VALUES (53,1,0),(52,1,0),(51,1,0),(50,1,0),(49,1,0),(48,1,0),(47,1,0),(46,1,0),(45,1,0),(32,2,0),(43,1,0),(44,1,0),(76,5,0),(77,5,0),(75,5,0);

--
-- Table structure for table `ab_language_definitions`
--

CREATE TABLE `ab_language_definitions` (
  `language_definition_id` int(11) NOT NULL AUTO_INCREMENT,
  `language_id` int(11) NOT NULL,
  `section` tinyint(1) NOT NULL DEFAULT '0' COMMENT '0-SF, 1-ADMIN',
  `block` varchar(160) NOT NULL,
  `language_key` varchar(170) CHARACTER SET utf8 COLLATE utf8_bin NOT NULL,
  `language_value` text NOT NULL COMMENT 'translatable',
  `update_date` timestamp NOT NULL DEFAULT CURRENT_TIMESTAMP ON UPDATE CURRENT_TIMESTAMP,
  `create_date` timestamp NOT NULL DEFAULT '0000-00-00 00:00:00',
  PRIMARY KEY (`language_definition_id`),
  UNIQUE KEY `lang_definition_index` (`section`,`block`,`language_id`,`language_key`)
) ENGINE=MyISAM AUTO_INCREMENT=4692 DEFAULT CHARSET=utf8;

--
-- Dumping data for table `ab_language_definitions`
--

INSERT INTO `ab_language_definitions` (`language_definition_id`, `language_id`, `section`, `block`, `language_key`, `language_value`, `update_date`, `create_date`) VALUES (1,1,1,'2checkout_2checkout','2checkout_name','2Checkout','2014-01-25 12:13:53','2014-01-25 12:13:53'),(2,1,1,'2checkout_2checkout','text_payment','Payment','2014-01-25 12:13:53','2014-01-25 12:13:53'),(3,1,1,'2checkout_2checkout','text_success','Success: You have modified 2Checkout account details!','2014-01-25 12:13:53','2014-01-25 12:13:53'),(4,1,1,'2checkout_2checkout','2checkout_note','\nWith this extension you can use 2Checkout payment system to accept payments from your customers.<br> \n<b>Sign up free today!  Use promo code ABANTECART2CO for a waiver of your application service fee (a savings of $10.99) and start selling online today! </b> Visit <a href=\"https://www.2checkout.com/signup/\">www.2checkout.com</a>, complete the application, and then enter the code into the promo code field to take advantage of this special offer today!\n<br> Once register login to get account credentials to configure this extension \n<br>Don\'t forget to setup INS URL here <a href=\"https://www.2checkout.com/va/notifications/\">https://www.2checkout.com/va/notifications/</a>.\n<br><br>Your INS URL is <h3>#storefront#rt=extension/2checkout/callback</h3>\n<br><br>Also setup Approved URL here <a href=\"https://www.2checkout.com/va/notifications/\">https://www.2checkout.com/va/acct/detail_company_info</a> and choose \"Header return\".\n<br><br>Your Approved URL  is <h3>#storefront#rt=checkout/success</h3>\n		 ','2014-01-25 12:13:53','2014-01-25 12:13:53'),(5,1,1,'2checkout_2checkout','2checkout_account','2Checkout Account ID:','2014-01-25 12:13:53','2014-01-25 12:13:53'),(6,1,1,'2checkout_2checkout','2checkout_secret','\n			Secret Word:<br /><span class=\"help\">The secret word to confirm transactions with (must be the same as defined on the merchat account configuration page.</span>','2014-01-25 12:13:53','2014-01-25 12:13:53'),(7,1,1,'2checkout_2checkout','2checkout_test','Test Mode:','2014-01-25 12:13:53','2014-01-25 12:13:53'),(8,1,1,'2checkout_2checkout','2checkout_test_1','Yes','2014-01-25 12:13:53','2014-01-25 12:13:53'),(9,1,1,'2checkout_2checkout','2checkout_test_0','No','2014-01-25 12:13:53','2014-01-25 12:13:53'),(10,1,1,'2checkout_2checkout','2checkout_order_status_id','Order Status:','2014-01-25 12:13:53','2014-01-25 12:13:53'),(11,1,1,'2checkout_2checkout','2checkout_location_id','Location:','2014-01-25 12:13:53','2014-01-25 12:13:53'),(12,1,1,'2checkout_2checkout','2checkout_location_id_0','All Locations','2014-01-25 12:13:53','2014-01-25 12:13:53'),(13,1,1,'2checkout_2checkout','2checkout_status','Status:','2014-01-25 12:13:53','2014-01-25 12:13:53'),(14,1,1,'2checkout_2checkout','2checkout_sort_order','Sort Order:<br /><span class=\"help\">Number to indicate display position of this payment in relation to over enabled payments </span>','2014-01-25 12:13:53','2014-01-25 12:13:53'),(15,1,1,'2checkout_2checkout','2checkout_autoselect','\n			Auto Select:<br /><span class=\"help\">You can set to skip payment selection page if there is only one payment option. This payment method will be selected automatically</span>','2014-01-25 12:13:53','2014-01-25 12:13:53'),(16,1,1,'2checkout_2checkout','error_permission','Warning: You do not have permission to modify payment 2Checkout!','2014-01-25 12:13:53','2014-01-25 12:13:53'),(17,1,1,'2checkout_2checkout','error_account','Account No. Required!','2014-01-25 12:13:53','2014-01-25 12:13:53'),(18,1,1,'2checkout_2checkout','error_secret','Secret Word Required!','2014-01-25 12:13:53','2014-01-25 12:13:53'),(19,1,1,'banner_manager_banner_manager','banner_manager_name','Banner Manager','2014-01-25 12:13:53','2014-01-25 12:13:53'),(20,1,1,'banner_manager_banner_manager','banner_manager_note','\n		To manage banners follow menu <b>Design -> Banner Mannger</b> after extension is enabled <br>\n		To see banner statistic follow <b>Reports -> Banner Statistic</b> after extension is enabled and banners created\n		','2014-01-25 12:13:53','2014-01-25 12:13:53'),(21,1,1,'banner_manager_banner_manager','banner_manager_list','Banner List','2014-01-25 12:13:53','2014-01-25 12:13:53'),(22,1,1,'banner_manager_banner_manager','banner_manager_name_stat','Banner Statistic','2014-01-25 12:13:53','2014-01-25 12:13:53'),(23,1,1,'banner_manager_banner_manager','banner_manager_status','Status','2014-01-25 12:13:53','2014-01-25 12:13:53'),(24,1,1,'banner_manager_banner_manager','banner_manager_sort_order','Sort Order','2014-01-25 12:13:53','2014-01-25 12:13:53'),(25,1,1,'banner_manager_banner_manager','column_banner_id',' Id ','2014-01-25 12:13:53','2014-01-25 12:13:53'),(26,1,1,'banner_manager_banner_manager','column_banner_name',' Name ','2014-01-25 12:13:53','2014-01-25 12:13:53'),(27,1,1,'banner_manager_banner_manager','column_banner_group',' Group ','2014-01-25 12:13:53','2014-01-25 12:13:53'),(28,1,1,'banner_manager_banner_manager','column_banner_type',' Type ','2014-01-25 12:13:53','2014-01-25 12:13:53'),(29,1,1,'banner_manager_banner_manager','column_status',' Status ','2014-01-25 12:13:53','2014-01-25 12:13:53'),(30,1,1,'banner_manager_banner_manager','column_update_date',' Update Date ','2014-01-25 12:13:53','2014-01-25 12:13:53'),(31,1,1,'banner_manager_banner_manager','column_clicked',' Clicks ','2014-01-25 12:13:53','2014-01-25 12:13:53'),(32,1,1,'banner_manager_banner_manager','column_viewed',' Viewed ','2014-01-25 12:13:53','2014-01-25 12:13:53'),(33,1,1,'banner_manager_banner_manager','column_percent',' Conversion ','2014-01-25 12:13:53','2014-01-25 12:13:53'),(34,1,1,'banner_manager_banner_manager','text_create',' Create New Banner ','2014-01-25 12:13:53','2014-01-25 12:13:53'),(35,1,1,'banner_manager_banner_manager','text_graphic_banner',' Graphic Banner ','2014-01-25 12:13:53','2014-01-25 12:13:53'),(36,1,1,'banner_manager_banner_manager','text_text_banner',' Text Banner ','2014-01-25 12:13:53','2014-01-25 12:13:53'),(37,1,1,'banner_manager_banner_manager','entry_banner_name',' Name: ','2014-01-25 12:13:53','2014-01-25 12:13:53'),(38,1,1,'banner_manager_banner_manager','entry_banner_group_name',' Banner Group Name: ','2014-01-25 12:13:53','2014-01-25 12:13:53'),(39,1,1,'banner_manager_banner_manager','entry_banner_description',' Description: ','2014-01-25 12:13:53','2014-01-25 12:13:53'),(40,1,1,'banner_manager_banner_manager','entry_banner_html',' Banner HTML-code: ','2014-01-25 12:13:53','2014-01-25 12:13:53'),(41,1,1,'banner_manager_banner_manager','entry_banner_meta',' Meta information: <span class=\"help\">SEO keywords etc</span> ','2014-01-25 12:13:53','2014-01-25 12:13:53'),(42,1,1,'banner_manager_banner_manager','entry_banner_url',' URL: ','2014-01-25 12:13:53','2014-01-25 12:13:53'),(43,1,1,'banner_manager_banner_manager','entry_banner_blank',' Open in New Window: ','2014-01-25 12:13:53','2014-01-25 12:13:53'),(44,1,1,'banner_manager_banner_manager','entry_banner_sort_order',' Sort Order in Group: ','2014-01-25 12:13:53','2014-01-25 12:13:53'),(45,1,1,'banner_manager_banner_manager','entry_banner_daterange',' Date Range of Activity: ','2014-01-25 12:13:53','2014-01-25 12:13:53'),(46,1,1,'banner_manager_banner_manager','entry_banner_rl',' Images: ','2014-01-25 12:13:53','2014-01-25 12:13:53'),(47,1,1,'banner_manager_banner_manager','text_add_new_group',' -- Add New Group -- ','2014-01-25 12:13:53','2014-01-25 12:13:53'),(48,1,1,'banner_manager_banner_manager','text_put_new_group',' Put New Group Name Here ','2014-01-25 12:13:53','2014-01-25 12:13:53'),(49,1,1,'banner_manager_banner_manager','error_empty',' Error: Please Fill All Required Fields of Form. ','2014-01-25 12:13:53','2014-01-25 12:13:53'),(50,1,1,'banner_manager_banner_manager','text_success',' Success : You have modified banner. ','2014-01-25 12:13:53','2014-01-25 12:13:53'),(51,1,1,'banner_manager_banner_manager','text_view_stat',' View Statistic ','2014-01-25 12:13:53','2014-01-25 12:13:53'),(52,1,1,'banner_manager_banner_manager','text_banner_block',' Banner Block ','2014-01-25 12:13:53','2014-01-25 12:13:53'),(53,1,1,'banner_manager_banner_manager','text_create_block',' Create Banner Block ','2014-01-25 12:13:53','2014-01-25 12:13:53'),(54,1,1,'banner_manager_banner_manager','text_banner',' Banner ','2014-01-25 12:13:53','2014-01-25 12:13:53'),(55,1,1,'banner_manager_banner_manager','entry_banners_selected',' Selected banners: ','2014-01-25 12:13:53','2014-01-25 12:13:53'),(56,1,1,'banner_manager_banner_manager','text_select_banners',' Select banners ','2014-01-25 12:13:53','2014-01-25 12:13:53'),(57,1,1,'banner_manager_banner_manager','text_hours',' hours ','2014-01-25 12:13:53','2014-01-25 12:13:53'),(58,1,1,'banner_manager_banner_manager','text_weeks',' week days ','2014-01-25 12:13:53','2014-01-25 12:13:53'),(59,1,1,'banner_manager_banner_manager','text_days',' days ','2014-01-25 12:13:53','2014-01-25 12:13:53'),(60,1,1,'banner_manager_banner_manager','text_months',' months ','2014-01-25 12:13:53','2014-01-25 12:13:53'),(61,1,1,'banner_manager_banner_manager','text_count',' count ','2014-01-25 12:13:53','2014-01-25 12:13:53'),(62,1,1,'default_alertpay_default_alertpay','default_alertpay_name','AlertPay','2014-01-25 12:13:53','2014-01-25 12:13:53'),(63,1,1,'default_alertpay_default_alertpay','text_payment','Payment','2014-01-25 12:13:53','2014-01-25 12:13:53'),(64,1,1,'default_alertpay_default_alertpay','text_success','Success: You have modified AlertPay account details!','2014-01-25 12:13:53','2014-01-25 12:13:53'),(65,1,1,'default_alertpay_default_alertpay','default_alertpay_merchant','Merchant ID:','2014-01-25 12:13:53','2014-01-25 12:13:53'),(66,1,1,'default_alertpay_default_alertpay','default_alertpay_security','Security Code:','2014-01-25 12:13:53','2014-01-25 12:13:53'),(67,1,1,'default_alertpay_default_alertpay','default_alertpay_callback','\n			Alert URL:<br /><span class=\"help\">This has to be set in the AlertPay control panel. You will also need to check the \"IPN Status\" to enabled.</span>','2014-01-25 12:13:53','2014-01-25 12:13:53'),(68,1,1,'default_alertpay_default_alertpay','default_alertpay_order_status_id','Order Status:','2014-01-25 12:13:53','2014-01-25 12:13:53'),(69,1,1,'default_alertpay_default_alertpay','default_alertpay_location_id_0','All Locations','2014-01-25 12:13:53','2014-01-25 12:13:53'),(70,1,1,'default_alertpay_default_alertpay','default_alertpay_location_id','Location:','2014-01-25 12:13:53','2014-01-25 12:13:53'),(71,1,1,'default_alertpay_default_alertpay','default_alertpay_status','Status:','2014-01-25 12:13:53','2014-01-25 12:13:53'),(72,1,1,'default_alertpay_default_alertpay','default_alertpay_sort_order','Sort Order:<br /><span class=\"help\">Number to indicate display position of this payment in relation to over enabled payments </span>','2014-01-25 12:13:53','2014-01-25 12:13:53'),(73,1,1,'default_alertpay_default_alertpay','default_alertpay_autoselect','Auto Select:<br /><span class=\"help\">You can set to skip payment selection page if there is only one payment option. This payment method will be selected automatically</span>','2014-01-25 12:13:53','2014-01-25 12:13:53'),(74,1,1,'default_alertpay_default_alertpay','error_permission','Warning: You do not have permission to modify payment AlertPay!','2014-01-25 12:13:53','2014-01-25 12:13:53'),(75,1,1,'default_alertpay_default_alertpay','error_merchant','Merchant ID Required!','2014-01-25 12:13:53','2014-01-25 12:13:53'),(76,1,1,'default_alertpay_default_alertpay','error_security','Security Code Required!','2014-01-25 12:13:53','2014-01-25 12:13:53'),(77,1,1,'default_authorizenet_aim_default_authorizenet_aim','default_authorizenet_aim_name','Authorize.Net (AIM)','2014-01-25 12:13:53','2014-01-25 12:13:53'),(78,1,1,'default_authorizenet_aim_default_authorizenet_aim','text_payment','Payment','2014-01-25 12:13:53','2014-01-25 12:13:53'),(79,1,1,'default_authorizenet_aim_default_authorizenet_aim','text_success','Success: You have modified Authorize.Net (AIM) account details!','2014-01-25 12:13:53','2014-01-25 12:13:53'),(80,1,1,'default_authorizenet_aim_default_authorizenet_aim','default_authorizenet_aim_mode_test','Test','2014-01-25 12:13:53','2014-01-25 12:13:53'),(81,1,1,'default_authorizenet_aim_default_authorizenet_aim','default_authorizenet_aim_mode_live','Live','2014-01-25 12:13:53','2014-01-25 12:13:53'),(82,1,1,'default_authorizenet_aim_default_authorizenet_aim','default_authorizenet_aim_method_authorization','Authorization','2014-01-25 12:13:53','2014-01-25 12:13:53'),(83,1,1,'default_authorizenet_aim_default_authorizenet_aim','default_authorizenet_aim_method_capture','Capture','2014-01-25 12:13:53','2014-01-25 12:13:53'),(84,1,1,'default_authorizenet_aim_default_authorizenet_aim','default_authorizenet_aim_login','Login ID:','2014-01-25 12:13:53','2014-01-25 12:13:53'),(85,1,1,'default_authorizenet_aim_default_authorizenet_aim','default_authorizenet_aim_key','Transaction Key:','2014-01-25 12:13:53','2014-01-25 12:13:53'),(86,1,1,'default_authorizenet_aim_default_authorizenet_aim','default_authorizenet_aim_hash','MD5 Hash:','2014-01-25 12:13:53','2014-01-25 12:13:53'),(87,1,1,'default_authorizenet_aim_default_authorizenet_aim','default_authorizenet_aim_server','Transaction Server:','2014-01-25 12:13:53','2014-01-25 12:13:53'),(88,1,1,'default_authorizenet_aim_default_authorizenet_aim','default_authorizenet_aim_mode','Transaction Mode:','2014-01-25 12:13:53','2014-01-25 12:13:53'),(89,1,1,'default_authorizenet_aim_default_authorizenet_aim','default_authorizenet_aim_method','Transaction Method:','2014-01-25 12:13:53','2014-01-25 12:13:53'),(90,1,1,'default_authorizenet_aim_default_authorizenet_aim','default_authorizenet_aim_order_status_id','Order Status:','2014-01-25 12:13:53','2014-01-25 12:13:53'),(91,1,1,'default_authorizenet_aim_default_authorizenet_aim','default_authorizenet_aim_location_id','Location:','2014-01-25 12:13:53','2014-01-25 12:13:53'),(92,1,1,'default_authorizenet_aim_default_authorizenet_aim','default_authorizenet_aim_location_id_0','All Locations','2014-01-25 12:13:53','2014-01-25 12:13:53'),(93,1,1,'default_authorizenet_aim_default_authorizenet_aim','default_authorizenet_aim_status','Status:','2014-01-25 12:13:53','2014-01-25 12:13:53'),(94,1,1,'default_authorizenet_aim_default_authorizenet_aim','default_authorizenet_aim_sort_order','Sort Order:<br /><span class=\"help\">Number to indicate display position of this payment in relation to over enabled payments </span>','2014-01-25 12:13:53','2014-01-25 12:13:53'),(95,1,1,'default_authorizenet_aim_default_authorizenet_aim','default_authorizenet_aim_autoselect','Auto Select:<br /><span class=\"help\">You can set to skip payment selection page if there is only one payment option. This payment method will be selected automatically</span>','2014-01-25 12:13:53','2014-01-25 12:13:53'),(96,1,1,'default_authorizenet_aim_default_authorizenet_aim','error_permission','Warning: You do not have permission to modify payment Authorize.Net (SIM)!','2014-01-25 12:13:53','2014-01-25 12:13:53'),(97,1,1,'default_authorizenet_aim_default_authorizenet_aim','error_login','Login ID Required!','2014-01-25 12:13:53','2014-01-25 12:13:53'),(98,1,1,'default_authorizenet_aim_default_authorizenet_aim','error_key','Transaction Key Required!','2014-01-25 12:13:53','2014-01-25 12:13:53'),(99,1,1,'default_authorizenet_aim_default_authorizenet_aim','error_hash','MD5 Hash Required!','2014-01-25 12:13:53','2014-01-25 12:13:53'),(100,1,1,'default_banktransfer_default_banktransfer','default_banktransfer_name','Bank Transfer','2014-01-25 12:13:53','2014-01-25 12:13:53'),(101,1,1,'default_banktransfer_default_banktransfer','default_banktransfer_status','Status:','2014-01-25 12:13:53','2014-01-25 12:13:53'),(102,1,1,'default_banktransfer_default_banktransfer','text_payment','Payment','2014-01-25 12:13:53','2014-01-25 12:13:53'),(103,1,1,'default_banktransfer_default_banktransfer','text_success','Success: You have modified bank transfer settings and details!','2014-01-25 12:13:53','2014-01-25 12:13:53'),(104,1,1,'default_banktransfer_default_banktransfer','default_banktransfer_instructions','Bank Transfer Instructions:<span class=\"help\">Instruction shown to customers to make bank or wire transfer into your bank account</span>','2014-01-25 12:13:53','2014-01-25 12:13:53'),(105,1,1,'default_banktransfer_default_banktransfer','default_banktransfer_order_min','Total Order limit:<span class=\"help\">Minimum order amount to be reached to allow this payment</span>','2014-01-25 12:13:53','2014-01-25 12:13:53'),(106,1,1,'default_banktransfer_default_banktransfer','default_banktransfer_order_status_id','Order Status:','2014-01-25 12:13:53','2014-01-25 12:13:53'),(107,1,1,'default_banktransfer_default_banktransfer','default_banktransfer_location_id','Location:','2014-01-25 12:13:53','2014-01-25 12:13:53'),(108,1,1,'default_banktransfer_default_banktransfer','default_banktransfer_location_id_0','All Locations','2014-01-25 12:13:53','2014-01-25 12:13:53'),(109,1,1,'default_banktransfer_default_banktransfer','default_banktransfer_sort_order','Sort Order:<br /><span class=\"help\">Number to indicate display position of this payment in relation to over enabled payments </span>','2014-01-25 12:13:53','2014-01-25 12:13:53'),(110,1,1,'default_banktransfer_default_banktransfer','default_banktransfer_autoselect','Auto Select:<br /><span class=\"help\">You can set to skip payment selection page if there is only one payment option. This payment method will be selected automatically</span>','2014-01-25 12:13:53','2014-01-25 12:13:53'),(111,1,1,'default_banktransfer_default_banktransfer','error_permission','Warning: You do not have permission to modify payment banktransfer!','2014-01-25 12:13:53','2014-01-25 12:13:53'),(112,1,1,'default_banktransfer_default_banktransfer','error_instructions','Bank Transfer Instructions are required!','2014-01-25 12:13:53','2014-01-25 12:13:53'),(113,1,1,'default_cheque_default_cheque','default_cheque_name','Cheque / Money Order','2014-01-25 12:13:53','2014-01-25 12:13:53'),(114,1,1,'default_cheque_default_cheque','default_cheque_status','Status:','2014-01-25 12:13:53','2014-01-25 12:13:53'),(115,1,1,'default_cheque_default_cheque','text_payment','Payment','2014-01-25 12:13:53','2014-01-25 12:13:53'),(116,1,1,'default_cheque_default_cheque','text_success','Success: You have modified cheque / money order account details!','2014-01-25 12:13:53','2014-01-25 12:13:53'),(117,1,1,'default_cheque_default_cheque','default_cheque_payable','Payable To:','2014-01-25 12:13:53','2014-01-25 12:13:53'),(118,1,1,'default_cheque_default_cheque','default_cheque_order_status_id','Order Status:','2014-01-25 12:13:53','2014-01-25 12:13:53'),(119,1,1,'default_cheque_default_cheque','default_cheque_location_id','Location:','2014-01-25 12:13:53','2014-01-25 12:13:53'),(120,1,1,'default_cheque_default_cheque','default_cheque_location_id_0','All Locations','2014-01-25 12:13:53','2014-01-25 12:13:53'),(121,1,1,'default_cheque_default_cheque','default_cheque_sort_order','Sort Order:<br /><span class=\"help\">Number to indicate display position of this payment in relation to over enabled payments </span>','2014-01-25 12:13:53','2014-01-25 12:13:53'),(122,1,1,'default_cheque_default_cheque','default_cheque_autoselect','Auto Select:<br /><span class=\"help\">You can set to skip payment selection page if there is only one payment option. This payment method will be selected automatically</span>','2014-01-25 12:13:53','2014-01-25 12:13:53'),(123,1,1,'default_cheque_default_cheque','error_permission','Warning: You do not have permission to modify payment cheque / money order!','2014-01-25 12:13:53','2014-01-25 12:13:53'),(124,1,1,'default_cheque_default_cheque','error_payable','Payable To Required!','2014-01-25 12:13:53','2014-01-25 12:13:53'),(125,1,1,'default_citylink_default_citylink','default_citylink_name','Citylink','2014-01-25 12:13:53','2014-01-25 12:13:53'),(126,1,1,'default_citylink_default_citylink','text_shipping','Shipping','2014-01-25 12:13:53','2014-01-25 12:13:53'),(127,1,1,'default_citylink_default_citylink','text_success','Success: You have modified Citylink shipping!','2014-01-25 12:13:53','2014-01-25 12:13:53'),(128,1,1,'default_citylink_default_citylink','default_citylink_rates','Citylink Rates:<br /><span class=\"help\">Enter values upto 5,2 decimal places. (12345.67) Example: .1:1,.25:1.27 - Weights less than or equal to 0.1Kg would cost &pound;1.00, Weights less than or equal to 0.25g but more than 0.1Kg will cost 1.27. Do not enter KG or symbols.</span>','2014-01-25 12:13:53','2014-01-25 12:13:53'),(129,1,1,'default_citylink_default_citylink','default_citylink_tax_class_id','Tax Class:','2014-01-25 12:13:53','2014-01-25 12:13:53'),(130,1,1,'default_citylink_default_citylink','default_citylink_tax_class_id_0','---None---','2014-01-25 12:13:53','2014-01-25 12:13:53'),(131,1,1,'default_citylink_default_citylink','default_citylink_location_id','Location:','2014-01-25 12:13:53','2014-01-25 12:13:53'),(132,1,1,'default_citylink_default_citylink','default_citylink_location_id_0','All Locations','2014-01-25 12:13:53','2014-01-25 12:13:53'),(133,1,1,'default_citylink_default_citylink','default_citylink_status','Status:','2014-01-25 12:13:53','2014-01-25 12:13:53'),(134,1,1,'default_citylink_default_citylink','default_citylink_sort_order','Sort Order:<br /><span class=\"help\">Number to indicate display position of this payment in relation to over enabled payments </span>','2014-01-25 12:13:53','2014-01-25 12:13:53'),(135,1,1,'default_citylink_default_citylink','default_citylink_autoselect','Auto Select:<br /><span class=\"help\">You can set to skip shipping selection page if there is only one shipping option. This shipping method will be selected automatically</span>','2014-01-25 12:13:53','2014-01-25 12:13:53'),(136,1,1,'default_citylink_default_citylink','default_citylink_accept_payments','Accept these payments:<br /><span class=\"help\">If only specific payment methods are needed for this shipping method, select them here. If nothing selected, all available payment methods will be shown</span>','2014-01-25 12:13:53','2014-01-25 12:13:53'),(137,1,1,'default_citylink_default_citylink','error_permission','Warning: You do not have permission to modify Citylink shipping!','2014-01-25 12:13:53','2014-01-25 12:13:53'),(138,1,1,'default_cod_default_cod','default_cod_name','Cash On Delivery','2014-01-25 12:13:53','2014-01-25 12:13:53'),(139,1,1,'default_cod_default_cod','text_payment','Payment','2014-01-25 12:13:53','2014-01-25 12:13:53'),(140,1,1,'default_cod_default_cod','text_success','Success: You have modified Cash On Delivery payment module!','2014-01-25 12:13:53','2014-01-25 12:13:53'),(141,1,1,'default_cod_default_cod','default_cod_order_status_id','Order Status:','2014-01-25 12:13:53','2014-01-25 12:13:53'),(142,1,1,'default_cod_default_cod','default_cod_location_id','Location:','2014-01-25 12:13:53','2014-01-25 12:13:53'),(143,1,1,'default_cod_default_cod','default_cod_location_id_0','All Locations','2014-01-25 12:13:53','2014-01-25 12:13:53'),(144,1,1,'default_cod_default_cod','default_cod_status','Status:','2014-01-25 12:13:53','2014-01-25 12:13:53'),(145,1,1,'default_cod_default_cod','default_cod_sort_order','Sort Order:<br /><span class=\"help\">Number to indicate display position of this payment in relation to over enabled payments </span>','2014-01-25 12:13:53','2014-01-25 12:13:53'),(146,1,1,'default_cod_default_cod','default_cod_autoselect','Auto Select:<br /><span class=\"help\">You can set to skip payment selection page if there is only one payment option. This payment method will be selected automatically</span>','2014-01-25 12:13:53','2014-01-25 12:13:53'),(147,1,1,'default_cod_default_cod','error_permission','Warning: You do not have permission to modify payment Cash On Delivery!','2014-01-25 12:13:53','2014-01-25 12:13:53'),(148,1,1,'default_fedex_default_fedex','default_fedex_name','FEDEX','2014-01-25 12:13:53','2014-01-25 12:13:53'),(149,1,1,'default_fedex_default_fedex','text_shipping','Shipping','2014-01-25 12:13:53','2014-01-25 12:13:53'),(150,1,1,'default_fedex_default_fedex','text_success','Success: You have modified shipping FEDEX!','2014-01-25 12:13:53','2014-01-25 12:13:53'),(151,1,1,'default_fedex_default_fedex','default_fedex_status','Status','2014-01-25 12:13:53','2014-01-25 12:13:53'),(152,1,1,'default_fedex_default_fedex','default_fedex_key','\n			Fedex Production Key:<br /><span class=\"help\">Enter the Fedex Production Key Assigned to You, Required. </span>','2014-01-25 12:13:53','2014-01-25 12:13:53'),(153,1,1,'default_fedex_default_fedex','default_fedex_password','Fedex Production Password:<br /><span class=\"help\"></span>','2014-01-25 12:13:53','2014-01-25 12:13:53'),(154,1,1,'default_fedex_default_fedex','default_fedex_account','\n			Account Number:<br /><span class=\"help\">Enter the fedex Account Number assigned to you, required.</span>','2014-01-25 12:13:53','2014-01-25 12:13:53'),(155,1,1,'default_fedex_default_fedex','default_fedex_meter','Fedex Meter Number:<br /><span class=\"help\">Enter FedEx Meter Number.</span>','2014-01-25 12:13:53','2014-01-25 12:13:53'),(156,1,1,'default_fedex_default_fedex','default_fedex_address','Address:<br /><span class=\"help\">Shipping from street address.</span>','2014-01-25 12:13:53','2014-01-25 12:13:53'),(157,1,1,'default_fedex_default_fedex','default_fedex_city','City:<br /><span class=\"help\">Shipping from city.</span>','2014-01-25 12:13:53','2014-01-25 12:13:53'),(158,1,1,'default_fedex_default_fedex','default_fedex_state','State:<br /><span class=\"help\">Shipping from state (two letters).</span>','2014-01-25 12:13:53','2014-01-25 12:13:53'),(159,1,1,'default_fedex_default_fedex','default_fedex_zip','Zip/postal code:<br /><span class=\"help\">Shipping from Zip-code.</span>','2014-01-25 12:13:53','2014-01-25 12:13:53'),(160,1,1,'default_fedex_default_fedex','default_fedex_country','Country:<br /><span class=\"help\">Shipping from country(two letters).</span>','2014-01-25 12:13:53','2014-01-25 12:13:53'),(161,1,1,'default_fedex_default_fedex','default_fedex_quote_type','\n			Quote Type:<br /><span class=\"help\">Quote for Residential or Commercial Delivery.</span>','2014-01-25 12:13:53','2014-01-25 12:13:53'),(162,1,1,'default_fedex_default_fedex','default_fedex_quote_type_residential','Residential','2014-01-25 12:13:53','2014-01-25 12:13:53'),(163,1,1,'default_fedex_default_fedex','default_fedex_quote_type_commercial','Commercial','2014-01-25 12:13:53','2014-01-25 12:13:53'),(164,1,1,'default_fedex_default_fedex','default_fedex_add_chrg','\n			Additional Charges:<br /><span class=\"help\">Additional charge applied to fedex quote.</span>','2014-01-25 12:13:53','2014-01-25 12:13:53'),(165,1,1,'default_fedex_default_fedex','default_fedex_default_fedex_us_01',' FEDEX First Overnight ','2014-01-25 12:13:53','2014-01-25 12:13:53'),(166,1,1,'default_fedex_default_fedex','default_fedex_default_fedex_us_02',' FEDEX Priority Overnight  ','2014-01-25 12:13:53','2014-01-25 12:13:53'),(167,1,1,'default_fedex_default_fedex','default_fedex_default_fedex_us_03',' FEDEX Standard Overnight  ','2014-01-25 12:13:53','2014-01-25 12:13:53'),(168,1,1,'default_fedex_default_fedex','default_fedex_default_fedex_us_04',' FEDEX 2nd Day ','2014-01-25 12:13:53','2014-01-25 12:13:53'),(169,1,1,'default_fedex_default_fedex','default_fedex_default_fedex_us_05',' FEDEX Express Saver  ','2014-01-25 12:13:53','2014-01-25 12:13:53'),(170,1,1,'default_fedex_default_fedex','default_fedex_default_fedex_us_06',' FEDEX Ground  ','2014-01-25 12:13:53','2014-01-25 12:13:53'),(171,1,1,'default_fedex_default_fedex','default_fedex_sort_order','Sort Order:','2014-01-25 12:13:53','2014-01-25 12:13:53'),(172,1,1,'default_fedex_default_fedex','default_fedex_autoselect','\n			Auto Select:<br /><span class=\"help\">You can set to skip shipping selection page if there is only one shipping option. This shipping method will be selected automatically</span>','2014-01-25 12:13:53','2014-01-25 12:13:53'),(173,1,1,'default_fedex_default_fedex','default_fedex_accept_payments','\n			Accept these payments:<br /><span class=\"help\">If only specific payment methods are needed for this shipping method, select them here. If nothing selected, all available payment methods will be shown</span>','2014-01-25 12:13:53','2014-01-25 12:13:53'),(174,1,1,'default_fedex_default_fedex','error_permission','Warning: You do not have permission to modify shipping FEDEX!','2014-01-25 12:13:53','2014-01-25 12:13:53'),(175,1,1,'default_fedex_default_fedex','error_account','Account ID Required!','2014-01-25 12:13:53','2014-01-25 12:13:53'),(176,1,1,'default_fedex_default_fedex','error_meter','Fedex Meter ID Required!','2014-01-25 12:13:53','2014-01-25 12:13:53'),(177,1,1,'default_fedex_default_fedex','default_fedex_note','To obtain your Meter Number and Authorization Key, you will need to follow these steps:</br>\n            Go to <a href=\"http://fedex.com/us/developer\" target=\"_blank\">http://fedex.com/us/developer</a><br>\n            Login in with FedEx username and password or click Register Now if they don\'t have one.<br>\n            Click \"Technical Resources\" (left side).<br>\n            Under that click \"FedEx web services for shipping.<br>\n            Click on \"Move To Production\" (right side).<br>\n            Scroll down to button and click \"Obtain Production Key\".<br>\n            On form choose \"No\" on question 1.<br>\n            Check the first box on question 2.<br>\n            Choose \"Corporate Developer\" on question 3.<br>\n            Accept agreement.<br>\n            Fill out the form (do not use dashes in the account number).<br>\n            Receive meter number and key instantly.  Your Production Password will be emailed to you once you complete the above steps.','2014-01-25 12:13:53','2014-01-25 12:13:53'),(178,1,1,'default_fedex_default_fedex','default_fedex_test','Test Mode:<br /><span class=\"help\">Use the live or testing gateway server?</span>','2014-01-25 12:13:53','2014-01-25 12:13:53'),(179,1,1,'default_fedex_default_fedex','default_fedex_test_1',' Yes ','2014-01-25 12:13:53','2014-01-25 12:13:53'),(180,1,1,'default_fedex_default_fedex','default_fedex_test_0',' No ','2014-01-25 12:13:53','2014-01-25 12:13:53'),(181,1,1,'default_flat_rate_shipping_default_flat_rate_shipping','default_flat_rate_shipping_name','Flat Rate','2014-01-25 12:13:53','2014-01-25 12:13:53'),(182,1,1,'default_flat_rate_shipping_default_flat_rate_shipping','text_shipping','Shipping','2014-01-25 12:13:53','2014-01-25 12:13:53'),(183,1,1,'default_flat_rate_shipping_default_flat_rate_shipping','text_success','Success: You have modified flat rate shipping!','2014-01-25 12:13:53','2014-01-25 12:13:53'),(184,1,1,'default_flat_rate_shipping_default_flat_rate_shipping','default_flat_rate_shipping_cost','Cost:','2014-01-25 12:13:53','2014-01-25 12:13:53'),(185,1,1,'default_flat_rate_shipping_default_flat_rate_shipping','default_flat_rate_shipping_tax_class_id','Tax Class:','2014-01-25 12:13:53','2014-01-25 12:13:53'),(186,1,1,'default_flat_rate_shipping_default_flat_rate_shipping','default_flat_rate_shipping_tax_class_id_0',' ---None---','2014-01-25 12:13:53','2014-01-25 12:13:53'),(187,1,1,'default_flat_rate_shipping_default_flat_rate_shipping','default_flat_rate_shipping_location_id','Location:','2014-01-25 12:13:53','2014-01-25 12:13:53'),(188,1,1,'default_flat_rate_shipping_default_flat_rate_shipping','default_flat_rate_shipping_location_id_0','All Locations','2014-01-25 12:13:53','2014-01-25 12:13:53'),(189,1,1,'default_flat_rate_shipping_default_flat_rate_shipping','default_flat_rate_shipping_status','Status:','2014-01-25 12:13:53','2014-01-25 12:13:53'),(190,1,1,'default_flat_rate_shipping_default_flat_rate_shipping','default_flat_rate_shipping_sort_order','Sort Order:','2014-01-25 12:13:53','2014-01-25 12:13:53'),(191,1,1,'default_flat_rate_shipping_default_flat_rate_shipping','default_flat_rate_shipping_autoselect','Auto Select:<br /><span class=\"help\">You can set to skip shipping selection page if there is only one shipping option. This shipping method will be selected automatically</span>','2014-01-25 12:13:53','2014-01-25 12:13:53'),(192,1,1,'default_flat_rate_shipping_default_flat_rate_shipping','default_flat_rate_shipping_accept_payments','Accept these payments:<br /><span class=\"help\">If only specific payment methods are needed for this shipping method, select them here. If nothing selected, all available payment methods will be shown</span>','2014-01-25 12:13:53','2014-01-25 12:13:53'),(193,1,1,'default_flat_rate_shipping_default_flat_rate_shipping','error_permission','Warning: You do not have permission to modify flat rate shipping!','2014-01-25 12:13:53','2014-01-25 12:13:53'),(194,1,1,'default_free_shipping_default_free_shipping','default_free_shipping_name','Free Shipping','2014-01-25 12:13:53','2014-01-25 12:13:53'),(195,1,1,'default_free_shipping_default_free_shipping','text_shipping','Shipping','2014-01-25 12:13:53','2014-01-25 12:13:53'),(196,1,1,'default_free_shipping_default_free_shipping','text_success','Success: You have modified free shipping!','2014-01-25 12:13:53','2014-01-25 12:13:53'),(197,1,1,'default_free_shipping_default_free_shipping','default_free_shipping_total','Total:<br /><span class=\"help\">Sub-Total amount needed before the free shipping module becomes available.</span>','2014-01-25 12:13:53','2014-01-25 12:13:53'),(198,1,1,'default_free_shipping_default_free_shipping','default_free_shipping_location_id','Location:','2014-01-25 12:13:53','2014-01-25 12:13:53'),(199,1,1,'default_free_shipping_default_free_shipping','default_free_shipping_location_id_0','All Locations','2014-01-25 12:13:53','2014-01-25 12:13:53'),(200,1,1,'default_free_shipping_default_free_shipping','default_free_shipping_status','Status:','2014-01-25 12:13:53','2014-01-25 12:13:53'),(201,1,1,'default_free_shipping_default_free_shipping','default_free_shipping_sort_order','Sort Order:','2014-01-25 12:13:53','2014-01-25 12:13:53'),(202,1,1,'default_free_shipping_default_free_shipping','default_free_shipping_autoselect','Auto Select:<br /><span class=\"help\">You can set to skip shipping selection page if there is only one shipping option. This shipping method will be selected automatically</span>','2014-01-25 12:13:53','2014-01-25 12:13:53'),(203,1,1,'default_free_shipping_default_free_shipping','default_free_shipping_accept_payments','Accept these payments:<br /><span class=\"help\">If only specific payment methods are needed for this shipping method, select them here. If nothing selected, all available payment methods will be shown</span>','2014-01-25 12:13:53','2014-01-25 12:13:53'),(204,1,1,'default_free_shipping_default_free_shipping','error_permission','Warning: You do not have permission to modify free shipping!','2014-01-25 12:13:53','2014-01-25 12:13:53'),(205,1,1,'default_google_talk_default_google_talk','default_google_talk_name','Google Hangout Chat','2014-01-25 12:13:53','2014-01-25 12:13:53'),(206,1,1,'default_google_talk_default_google_talk','default_google_talk_status','Status','2014-01-25 12:13:53','2014-01-25 12:13:53'),(207,1,1,'default_google_talk_default_google_talk','default_google_talk_status_0','Disabled','2014-01-25 12:13:53','2014-01-25 12:13:53'),(208,1,1,'default_google_talk_default_google_talk','default_google_talk_status_1','Enabled','2014-01-25 12:13:53','2014-01-25 12:13:53'),(209,1,1,'default_google_talk_default_google_talk','default_google_talk_code','Embed HTML-Code<span class=\"help\">Goto <a onclick=\"window.open(\'https://developers.google.com/+/hangouts/button\');\"><u>Create a Google Hangout chatback badge</u></a> and copy &amp; paste the generated code into the text box.</span>','2014-01-25 12:13:53','2014-01-25 12:13:53'),(210,1,1,'default_liqpay_default_liqpay','default_liqpay_name','LIQPAY','2014-01-25 12:13:53','2014-01-25 12:13:53'),(211,1,1,'default_liqpay_default_liqpay','text_payment','Payment','2014-01-25 12:13:53','2014-01-25 12:13:53'),(212,1,1,'default_liqpay_default_liqpay','text_success','Success: You have modified LIQPAY account details!','2014-01-25 12:13:53','2014-01-25 12:13:53'),(213,1,1,'default_liqpay_default_liqpay','text_pay','LIQPAY','2014-01-25 12:13:53','2014-01-25 12:13:53'),(214,1,1,'default_liqpay_default_liqpay','text_card','Credit Card','2014-01-25 12:13:53','2014-01-25 12:13:53'),(215,1,1,'default_liqpay_default_liqpay','default_liqpay_merchant','Merchant ID:','2014-01-25 12:13:53','2014-01-25 12:13:53'),(216,1,1,'default_liqpay_default_liqpay','default_liqpay_signature','Signature:','2014-01-25 12:13:53','2014-01-25 12:13:53'),(217,1,1,'default_liqpay_default_liqpay','default_liqpay_type','Type:','2014-01-25 12:13:53','2014-01-25 12:13:53'),(218,1,1,'default_liqpay_default_liqpay','default_liqpay_type_pay','Pay','2014-01-25 12:13:53','2014-01-25 12:13:53'),(219,1,1,'default_liqpay_default_liqpay','default_liqpay_type_card','Card','2014-01-25 12:13:53','2014-01-25 12:13:53'),(220,1,1,'default_liqpay_default_liqpay','default_liqpay_order_status_id','Order Status:','2014-01-25 12:13:53','2014-01-25 12:13:53'),(221,1,1,'default_liqpay_default_liqpay','default_liqpay_location_id_0','All Locations','2014-01-25 12:13:53','2014-01-25 12:13:53'),(222,1,1,'default_liqpay_default_liqpay','default_liqpay_location_id','Location:','2014-01-25 12:13:53','2014-01-25 12:13:53'),(223,1,1,'default_liqpay_default_liqpay','default_liqpay_status','Status:','2014-01-25 12:13:53','2014-01-25 12:13:53'),(224,1,1,'default_liqpay_default_liqpay','default_liqpay_sort_order','Sort Order:<br /><span class=\"help\">Number to indicate display position of this payment in relation to over enabled payments </span>','2014-01-25 12:13:53','2014-01-25 12:13:53'),(225,1,1,'default_liqpay_default_liqpay','default_liqpay_autoselect','Auto Select:<br /><span class=\"help\">You can set to skip payment selection page if there is only one payment option. This payment method will be selected automatically</span>','2014-01-25 12:13:53','2014-01-25 12:13:53'),(226,1,1,'default_liqpay_default_liqpay','error_permission','Warning: You do not have permission to modify payment LIQPAY!','2014-01-25 12:13:53','2014-01-25 12:13:53'),(227,1,1,'default_liqpay_default_liqpay','error_merchant','Merchant ID Required!','2014-01-25 12:13:53','2014-01-25 12:13:53'),(228,1,1,'default_liqpay_default_liqpay','error_signature','Signature Required!','2014-01-25 12:13:53','2014-01-25 12:13:53'),(229,1,1,'default_moneybookers_default_moneybookers','default_moneybookers_name','Moneybookers','2014-01-25 12:13:53','2014-01-25 12:13:53'),(230,1,1,'default_moneybookers_default_moneybookers','text_payment','Payment','2014-01-25 12:13:53','2014-01-25 12:13:53'),(231,1,1,'default_moneybookers_default_moneybookers','text_success','Success: You have modified the Moneybookers details.','2014-01-25 12:13:53','2014-01-25 12:13:53'),(232,1,1,'default_moneybookers_default_moneybookers','text_moneybookers','<a onclick=\"window.open(\'https://www.moneybookers.com/app/?rid=10111486\');\"><img src=\"extensions/default_moneybookers/admin/view/default/image/moneybookers.png\" alt=\"Moneybookers\" title=\"Moneybookers\" style=\"border: 1px solid #EEEEEE;\" /></a>','2014-01-25 12:13:53','2014-01-25 12:13:53'),(233,1,1,'default_moneybookers_default_moneybookers','default_moneybookers_email','E-Mail:','2014-01-25 12:13:53','2014-01-25 12:13:53'),(234,1,1,'default_moneybookers_default_moneybookers','default_moneybookers_order_status_id','Order Status:','2014-01-25 12:13:53','2014-01-25 12:13:53'),(235,1,1,'default_moneybookers_default_moneybookers','default_moneybookers_order_status_pending_id','Order Status Pending:','2014-01-25 12:13:53','2014-01-25 12:13:53'),(236,1,1,'default_moneybookers_default_moneybookers','default_moneybookers_order_status_canceled_id','Order Status Canceled:','2014-01-25 12:13:53','2014-01-25 12:13:53'),(237,1,1,'default_moneybookers_default_moneybookers','default_moneybookers_order_status_failed_id','Order Status Failed:','2014-01-25 12:13:53','2014-01-25 12:13:53'),(238,1,1,'default_moneybookers_default_moneybookers','default_moneybookers_order_status_chargeback_id','Order Status Chargeback:','2014-01-25 12:13:53','2014-01-25 12:13:53'),(239,1,1,'default_moneybookers_default_moneybookers','default_moneybookers_location_id','Location:','2014-01-25 12:13:53','2014-01-25 12:13:53'),(240,1,1,'default_moneybookers_default_moneybookers','default_moneybookers_location_id_0','All Locations','2014-01-25 12:13:53','2014-01-25 12:13:53'),(241,1,1,'default_moneybookers_default_moneybookers','default_moneybookers_status','Status:','2014-01-25 12:13:53','2014-01-25 12:13:53'),(242,1,1,'default_moneybookers_default_moneybookers','default_moneybookers_sort_order','Sort Order:<br /><span class=\"help\">Number to indicate display position of this payment in relation to over enabled payments </span>','2014-01-25 12:13:53','2014-01-25 12:13:53'),(243,1,1,'default_moneybookers_default_moneybookers','default_moneybookers_autoselect','Auto Select:<br /><span class=\"help\">You can set to skip payment selection page if there is only one payment option. This payment method will be selected automatically</span>','2014-01-25 12:13:53','2014-01-25 12:13:53'),(244,1,1,'default_moneybookers_default_moneybookers','error_permission','Warning: You do not have permission to modify Moneybookers!','2014-01-25 12:13:53','2014-01-25 12:13:53'),(245,1,1,'default_moneybookers_default_moneybookers','error_email','E-Mail Required!','2014-01-25 12:13:53','2014-01-25 12:13:53'),(246,1,1,'default_parcelforce_48_default_parcelforce_48','default_parcelforce_48_name','Parcelforce 48','2014-01-25 12:13:53','2014-01-25 12:13:53'),(247,1,1,'default_parcelforce_48_default_parcelforce_48','text_shipping','Shipping','2014-01-25 12:13:53','2014-01-25 12:13:53'),(248,1,1,'default_parcelforce_48_default_parcelforce_48','text_success','Success: You have modified Parcelforce 48 shipping!','2014-01-25 12:13:53','2014-01-25 12:13:53'),(249,1,1,'default_parcelforce_48_default_parcelforce_48','default_parcelforce_48_rate','Parcelforce 48 Rates:<br /><span class=\"help\">Enter values upto 5,2 decimal places. (12345.67) Example: .1:1,.25:1.27 - Weights less than or equal to 0.1Kg would cost 1.00, Weights less than or equal to 0.25g but more than 0.1Kg will cost 1.27. Do not enter KG or symbols.</span>','2014-01-25 12:13:53','2014-01-25 12:13:53'),(250,1,1,'default_parcelforce_48_default_parcelforce_48','default_parcelforce_48_display_weight','Display Delivery Weight:<br /><span class=\"help\">Do you want to display the shipping weight? (e.g. Delivery Weight : 2.7674 Kg\'s)</span>','2014-01-25 12:13:53','2014-01-25 12:13:53'),(251,1,1,'default_parcelforce_48_default_parcelforce_48','default_parcelforce_48_display_weight_1','Yes','2014-01-25 12:13:53','2014-01-25 12:13:53'),(252,1,1,'default_parcelforce_48_default_parcelforce_48','default_parcelforce_48_display_weight_0','No','2014-01-25 12:13:53','2014-01-25 12:13:53'),(253,1,1,'default_parcelforce_48_default_parcelforce_48','default_parcelforce_48_display_insurance','Display Insurance:<br /><span class=\"help\">Do you want to display the shipping insurance? (e.g. Insured upto 500)</span>','2014-01-25 12:13:53','2014-01-25 12:13:53'),(254,1,1,'default_parcelforce_48_default_parcelforce_48','default_parcelforce_48_display_insurance_1','Yes','2014-01-25 12:13:53','2014-01-25 12:13:53'),(255,1,1,'default_parcelforce_48_default_parcelforce_48','default_parcelforce_48_display_insurance_0','No','2014-01-25 12:13:53','2014-01-25 12:13:53'),(256,1,1,'default_parcelforce_48_default_parcelforce_48','default_parcelforce_48_display_time','Display Delivery Time:<br /><span class=\"help\">Do you want to display the shipping time? (e.g. Ships within 3 to 5 days)</span>','2014-01-25 12:13:53','2014-01-25 12:13:53'),(257,1,1,'default_parcelforce_48_default_parcelforce_48','default_parcelforce_48_display_time_1','Yes','2014-01-25 12:13:53','2014-01-25 12:13:53'),(258,1,1,'default_parcelforce_48_default_parcelforce_48','default_parcelforce_48_display_time_0','No','2014-01-25 12:13:53','2014-01-25 12:13:53'),(259,1,1,'default_parcelforce_48_default_parcelforce_48','default_parcelforce_48_compensation','Parcelforce48 Compensation Rates:<br /><span class=\"help\">Enter values upto 5,2 decimal places. (12345.67) Example: 34:0,100:1,250:2.25 - Insurance cover for cart values upto 34 would cost 0.00 extra, those values more than 100 and upto 250 will cost 2.25 extra. Do not enter currency symbols.</span>','2014-01-25 12:13:53','2014-01-25 12:13:53'),(260,1,1,'default_parcelforce_48_default_parcelforce_48','default_parcelforce_48_tax','Tax Class:','2014-01-25 12:13:53','2014-01-25 12:13:53'),(261,1,1,'default_parcelforce_48_default_parcelforce_48','default_parcelforce_48_tax_0','---None---','2014-01-25 12:13:53','2014-01-25 12:13:53'),(262,1,1,'default_parcelforce_48_default_parcelforce_48','default_parcelforce_48_location_id','Location:','2014-01-25 12:13:53','2014-01-25 12:13:53'),(263,1,1,'default_parcelforce_48_default_parcelforce_48','default_parcelforce_48_location_id_0','All Locations','2014-01-25 12:13:53','2014-01-25 12:13:53'),(264,1,1,'default_parcelforce_48_default_parcelforce_48','default_parcelforce_48_status','Status:','2014-01-25 12:13:53','2014-01-25 12:13:53'),(265,1,1,'default_parcelforce_48_default_parcelforce_48','default_parcelforce_48_sort_order','Sort Order:','2014-01-25 12:13:53','2014-01-25 12:13:53'),(266,1,1,'default_parcelforce_48_default_parcelforce_48','default_parcelforce_48_autoselect','Auto Select:<br /><span class=\"help\">You can set to skip shipping selection page if there is only one shipping option. This shipping method will be selected automatically</span>','2014-01-25 12:13:53','2014-01-25 12:13:53'),(267,1,1,'default_parcelforce_48_default_parcelforce_48','default_parcelforce_48_accept_payments','Accept these payments:<br /><span class=\"help\">If only specific payment methods are needed for this shipping method, select them here. If nothing selected, all available payment methods will be shown</span>','2014-01-25 12:13:53','2014-01-25 12:13:53'),(268,1,1,'default_parcelforce_48_default_parcelforce_48','error_permission','Warning: You do not have permission to modify Parcelforce 48 shipping!','2014-01-25 12:13:53','2014-01-25 12:13:53'),(269,1,1,'default_paymate_default_paymate','default_paymate_name','Paymate','2014-01-25 12:13:53','2014-01-25 12:13:53'),(270,1,1,'default_paymate_default_paymate','text_payment','Payment','2014-01-25 12:13:53','2014-01-25 12:13:53'),(271,1,1,'default_paymate_default_paymate','text_success','Success: You have modified Paymate account details!','2014-01-25 12:13:53','2014-01-25 12:13:53'),(272,1,1,'default_paymate_default_paymate','default_paymate_username','Paymate Username:','2014-01-25 12:13:53','2014-01-25 12:13:53'),(273,1,1,'default_paymate_default_paymate','default_paymate_order_status_id','Order Status:','2014-01-25 12:13:53','2014-01-25 12:13:53'),(274,1,1,'default_paymate_default_paymate','default_paymate_location_id','Location:','2014-01-25 12:13:53','2014-01-25 12:13:53'),(275,1,1,'default_paymate_default_paymate','default_paymate_location_id_0','All Locations','2014-01-25 12:13:53','2014-01-25 12:13:53'),(276,1,1,'default_paymate_default_paymate','default_paymate_status','Status:','2014-01-25 12:13:53','2014-01-25 12:13:53'),(277,1,1,'default_paymate_default_paymate','default_paymate_sort_order','Sort Order:<br /><span class=\"help\">Number to indicate display position of this payment in relation to over enabled payments </span>','2014-01-25 12:13:53','2014-01-25 12:13:53'),(278,1,1,'default_paymate_default_paymate','default_paymate_autoselect','Auto Select:<br /><span class=\"help\">You can set to skip payment selection page if there is only one payment option. This payment method will be selected automatically</span>','2014-01-25 12:13:53','2014-01-25 12:13:53'),(279,1,1,'default_paymate_default_paymate','error_permission','Warning: You do not have permission to modify payment Paymate!','2014-01-25 12:13:53','2014-01-25 12:13:53'),(280,1,1,'default_paymate_default_paymate','error_username','Paymate Username required!','2014-01-25 12:13:53','2014-01-25 12:13:53'),(281,1,1,'default_paypoint_default_paypoint','default_paypoint_name','PayPoint','2014-01-25 12:13:53','2014-01-25 12:13:53'),(282,1,1,'default_paypoint_default_paypoint','text_payment','Payment','2014-01-25 12:13:53','2014-01-25 12:13:53'),(283,1,1,'default_paypoint_default_paypoint','text_success','Success: You have modified PayPoint account details!','2014-01-25 12:13:53','2014-01-25 12:13:53'),(284,1,1,'default_paypoint_default_paypoint','text_paypoint','<a onclick=\"window.open(\'https://www.paypoint.net/partners/abantecart\');\"><img src=\"extension/default_paypoint/image/paypoint.png\" alt=\"PayPoint\" title=\"PayPoint\" style=\"border: 1px solid #EEEEEE;\" /></a>','2014-01-25 12:13:53','2014-01-25 12:13:53'),(285,1,1,'default_paypoint_default_paypoint','default_paypoint_test_live','Production','2014-01-25 12:13:53','2014-01-25 12:13:53'),(286,1,1,'default_paypoint_default_paypoint','default_paypoint_test_successful','Always Successful','2014-01-25 12:13:53','2014-01-25 12:13:53'),(287,1,1,'default_paypoint_default_paypoint','default_paypoint_test_fail','Always Fail','2014-01-25 12:13:53','2014-01-25 12:13:53'),(288,1,1,'default_paypoint_default_paypoint','default_paypoint_merchant','Merchant ID:','2014-01-25 12:13:53','2014-01-25 12:13:53'),(289,1,1,'default_paypoint_default_paypoint','default_paypoint_test','Test Mode:','2014-01-25 12:13:53','2014-01-25 12:13:53'),(290,1,1,'default_paypoint_default_paypoint','default_paypoint_order_status_id','Order Status:','2014-01-25 12:13:53','2014-01-25 12:13:53'),(291,1,1,'default_paypoint_default_paypoint','default_paypoint_location_id','Location:','2014-01-25 12:13:53','2014-01-25 12:13:53'),(292,1,1,'default_paypoint_default_paypoint','default_paypoint_location_id_0','All Locations','2014-01-25 12:13:53','2014-01-25 12:13:53'),(293,1,1,'default_paypoint_default_paypoint','default_paypoint_status','Status:','2014-01-25 12:13:53','2014-01-25 12:13:53'),(294,1,1,'default_paypoint_default_paypoint','default_paypoint_sort_order','Sort Order:<br /><span class=\"help\">Number to indicate display position of this payment in relation to over enabled payments </span>','2014-01-25 12:13:53','2014-01-25 12:13:53'),(295,1,1,'default_paypoint_default_paypoint','default_paypoint_autoselect','Auto Select:<br /><span class=\"help\">You can set to skip payment selection page if there is only one payment option. This payment method will be selected automatically</span>','2014-01-25 12:13:53','2014-01-25 12:13:53'),(296,1,1,'default_paypoint_default_paypoint','error_permission','Warning: You do not have permission to modify payment PayPoint!','2014-01-25 12:13:53','2014-01-25 12:13:53'),(297,1,1,'default_paypoint_default_paypoint','error_merchant','Merchant ID Required!','2014-01-25 12:13:53','2014-01-25 12:13:53'),(298,1,1,'default_per_item_shipping_default_per_item_shipping','default_per_item_shipping_name','Per Item','2014-01-25 12:13:53','2014-01-25 12:13:53'),(299,1,1,'default_per_item_shipping_default_per_item_shipping','text_shipping','Shipping','2014-01-25 12:13:53','2014-01-25 12:13:53'),(300,1,1,'default_per_item_shipping_default_per_item_shipping','text_success','Success: You have modified shipping per item rates!','2014-01-25 12:13:53','2014-01-25 12:13:53'),(301,1,1,'default_per_item_shipping_default_per_item_shipping','default_per_item_shipping_cost','Cost:','2014-01-25 12:13:53','2014-01-25 12:13:53'),(302,1,1,'default_per_item_shipping_default_per_item_shipping','default_per_item_shipping_tax','Tax Class:','2014-01-25 12:13:53','2014-01-25 12:13:53'),(303,1,1,'default_per_item_shipping_default_per_item_shipping','default_per_item_shipping_tax_0','---None---','2014-01-25 12:13:53','2014-01-25 12:13:53'),(304,1,1,'default_per_item_shipping_default_per_item_shipping','default_per_item_shipping_location_id','Location:','2014-01-25 12:13:53','2014-01-25 12:13:53'),(305,1,1,'default_per_item_shipping_default_per_item_shipping','default_per_item_shipping_location_id_0','All Locations','2014-01-25 12:13:53','2014-01-25 12:13:53'),(306,1,1,'default_per_item_shipping_default_per_item_shipping','default_per_item_shipping_status','Status:','2014-01-25 12:13:53','2014-01-25 12:13:53'),(307,1,1,'default_per_item_shipping_default_per_item_shipping','default_per_item_shipping_sort_order','Sort Order:','2014-01-25 12:13:53','2014-01-25 12:13:53'),(308,1,1,'default_per_item_shipping_default_per_item_shipping','default_per_item_shipping_autoselect','Auto Select:<br /><span class=\"help\">You can set to skip shipping selection page if there is only one shipping option. This shipping method will be selected automatically</span>','2014-01-25 12:13:53','2014-01-25 12:13:53'),(309,1,1,'default_per_item_shipping_default_per_item_shipping','default_per_item_shipping_accept_payments','Accept these payments:<br /><span class=\"help\">If only specific payment methods are needed for this shipping method, select them here. If nothing selected, all available payment methods will be shown</span>','2014-01-25 12:13:53','2014-01-25 12:13:53'),(310,1,1,'default_per_item_shipping_default_per_item_shipping','error_permission','Warning: You do not have permission to modify shipping per item rates!','2014-01-25 12:13:53','2014-01-25 12:13:53'),(311,1,1,'default_perpetual_payments_default_perpetual_payments','default_perpetual_payments_name','Perpetual Payments','2014-01-25 12:13:53','2014-01-25 12:13:53'),(312,1,1,'default_perpetual_payments_default_perpetual_payments','text_payment','Payment','2014-01-25 12:13:53','2014-01-25 12:13:53'),(313,1,1,'default_perpetual_payments_default_perpetual_payments','text_success','Success: You have modified Perpetual Payments account details!','2014-01-25 12:13:53','2014-01-25 12:13:53'),(314,1,1,'default_perpetual_payments_default_perpetual_payments','default_perpetual_payments_auth_id','Authorization ID:','2014-01-25 12:13:53','2014-01-25 12:13:53'),(315,1,1,'default_perpetual_payments_default_perpetual_payments','default_perpetual_payments_auth_pass','Authorization Password:','2014-01-25 12:13:53','2014-01-25 12:13:53'),(316,1,1,'default_perpetual_payments_default_perpetual_payments','default_perpetual_payments_test','Test Mode:<span class=\"help\">Use this module in Test (YES) or Production mode (NO)?</span>','2014-01-25 12:13:53','2014-01-25 12:13:53'),(317,1,1,'default_perpetual_payments_default_perpetual_payments','default_perpetual_payments_test_1','Yes','2014-01-25 12:13:53','2014-01-25 12:13:53'),(318,1,1,'default_perpetual_payments_default_perpetual_payments','default_perpetual_payments_test_0','No','2014-01-25 12:13:53','2014-01-25 12:13:53'),(319,1,1,'default_perpetual_payments_default_perpetual_payments','default_perpetual_payments_order_status_id','Order Status:','2014-01-25 12:13:53','2014-01-25 12:13:53'),(320,1,1,'default_perpetual_payments_default_perpetual_payments','default_perpetual_payments_location_id','Location:','2014-01-25 12:13:53','2014-01-25 12:13:53'),(321,1,1,'default_perpetual_payments_default_perpetual_payments','default_perpetual_payments_location_id_0','All Locations','2014-01-25 12:13:53','2014-01-25 12:13:53'),(322,1,1,'default_perpetual_payments_default_perpetual_payments','default_perpetual_payments_status','Status:','2014-01-25 12:13:53','2014-01-25 12:13:53'),(323,1,1,'default_perpetual_payments_default_perpetual_payments','default_perpetual_payments_sort_order','Sort Order:<br /><span class=\"help\">Number to indicate display position of this payment in relation to over enabled payments </span>','2014-01-25 12:13:53','2014-01-25 12:13:53'),(324,1,1,'default_perpetual_payments_default_perpetual_payments','default_perpetual_payments_autoselect','Auto Select:<br /><span class=\"help\">You can set to skip payment selection page if there is only one payment option. This payment method will be selected automatically</span>','2014-01-25 12:13:53','2014-01-25 12:13:53'),(325,1,1,'default_perpetual_payments_default_perpetual_payments','error_permission','Warning: You do not have permission to modify payment Perpetual Payments!','2014-01-25 12:13:53','2014-01-25 12:13:53'),(326,1,1,'default_perpetual_payments_default_perpetual_payments','error_auth_id','Authorization ID Required!','2014-01-25 12:13:53','2014-01-25 12:13:53'),(327,1,1,'default_perpetual_payments_default_perpetual_payments','error_auth_pass','Authorization Password Required!','2014-01-25 12:13:53','2014-01-25 12:13:53'),(328,1,1,'default_pp_pro_default_pp_pro','default_pp_pro_name','PayPal Payments Pro','2014-01-25 12:13:53','2014-01-25 12:13:53'),(329,1,1,'default_pp_pro_default_pp_pro','default_pp_pro_status',' Status ','2014-01-25 12:13:53','2014-01-25 12:13:53'),(330,1,1,'default_pp_pro_default_pp_pro','text_payment','Payment','2014-01-25 12:13:53','2014-01-25 12:13:53'),(331,1,1,'default_pp_pro_default_pp_pro','text_success','Success: You have modified PayPal Payments Pro Checkout account details!','2014-01-25 12:13:53','2014-01-25 12:13:53'),(332,1,1,'default_pp_pro_default_pp_pro','text_default_pp_pro','<a onclick=\"window.open(\'https://www.paypal.com/webapps/mpp/paypal-payments-pro\');\"><img src=\"admin/view/default/image/payment/paypal.png\" alt=\"PayPal Payments Pro\" title=\"PayPal Payments Pro\" style=\"border: 1px solid #EEEEEE;\" /></a>','2014-01-25 12:13:53','2014-01-25 12:13:53'),(333,1,1,'default_pp_pro_default_pp_pro','text_authorization','Authorization','2014-01-25 12:13:53','2014-01-25 12:13:53'),(334,1,1,'default_pp_pro_default_pp_pro','text_sale','Sale','2014-01-25 12:13:53','2014-01-25 12:13:53'),(335,1,1,'default_pp_pro_default_pp_pro','default_pp_pro_username','API Username:','2014-01-25 12:13:53','2014-01-25 12:13:53'),(336,1,1,'default_pp_pro_default_pp_pro','default_pp_pro_password','API Password:','2014-01-25 12:13:53','2014-01-25 12:13:53'),(337,1,1,'default_pp_pro_default_pp_pro','default_pp_pro_signature','API Signature:','2014-01-25 12:13:53','2014-01-25 12:13:53'),(338,1,1,'default_pp_pro_default_pp_pro','default_pp_pro_test','Sandbox (Test) Mode:<br /><span class=\"help\">Use the live or testing (sandbox) gateway server to process transactions?</span>','2014-01-25 12:13:53','2014-01-25 12:13:53'),(339,1,1,'default_pp_pro_default_pp_pro','default_pp_pro_test_1',' Yes ','2014-01-25 12:13:53','2014-01-25 12:13:53'),(340,1,1,'default_pp_pro_default_pp_pro','default_pp_pro_test_0',' No ','2014-01-25 12:13:53','2014-01-25 12:13:53'),(341,1,1,'default_pp_pro_default_pp_pro','default_pp_pro_transaction','Transaction Method:<br /><span class=\"help\">PayPal transaction to run at customer\'s checkout before order status is set. Authorization only or capture.</span>','2014-01-25 12:13:53','2014-01-25 12:13:53'),(342,1,1,'default_pp_pro_default_pp_pro','default_pp_pro_transaction_0',' Authorization ','2014-01-25 12:13:53','2014-01-25 12:13:53'),(343,1,1,'default_pp_pro_default_pp_pro','default_pp_pro_transaction_1',' Sale ','2014-01-25 12:13:53','2014-01-25 12:13:53'),(344,1,1,'default_pp_pro_default_pp_pro','default_pp_pro_creditcard_types','Accepted Credit Card Types:<br /><span class=\"help\">Check with PayPal what credit cards your can accept for your country and select from the list.</span>','2014-01-25 12:13:53','2014-01-25 12:13:53'),(345,1,1,'default_pp_pro_default_pp_pro','default_pp_pro_order_status_id','Order Status:<br /><span class=\"help\">Order status to be set after customer\'s order finished based on set Transaction Method</span>','2014-01-25 12:13:53','2014-01-25 12:13:53'),(346,1,1,'default_pp_pro_default_pp_pro','default_pp_pro_location_id','Location:<br /><span class=\"help\">Restrict to allow only selected locations to use this payment method.</span>','2014-01-25 12:13:53','2014-01-25 12:13:53'),(347,1,1,'default_pp_pro_default_pp_pro','default_pp_pro_location_id_0','All Locations','2014-01-25 12:13:53','2014-01-25 12:13:53'),(348,1,1,'default_pp_pro_default_pp_pro','default_pp_pro_sort_order','Sort Order:<br /><span class=\"help\">Number to indicate display position of this payment in relation to over enabled payments </span>','2014-01-25 12:13:53','2014-01-25 12:13:53'),(349,1,1,'default_pp_pro_default_pp_pro','default_pp_pro_autoselect','Auto Select:<br /><span class=\"help\">You can set to skip payment selection page if there is only one payment option. This payment method will be selected automatically</span>','2014-01-25 12:13:53','2014-01-25 12:13:53'),(350,1,1,'default_pp_pro_default_pp_pro','error_permission','\n			Warning: You do not have permission to modify payment PayPal Payments Pro Checkout!','2014-01-25 12:13:53','2014-01-25 12:13:53'),(351,1,1,'default_pp_pro_default_pp_pro','error_username','API Username Required!','2014-01-25 12:13:53','2014-01-25 12:13:53'),(352,1,1,'default_pp_pro_default_pp_pro','error_password','API Password Required!','2014-01-25 12:13:53','2014-01-25 12:13:53'),(353,1,1,'default_pp_pro_default_pp_pro','error_signature','API Signature Required!','2014-01-25 12:13:53','2014-01-25 12:13:53'),(354,1,1,'default_pp_pro_default_pp_pro','text_signup_account_note','<b>Don\'t have a PayPal account?</b> To use PayPal Payments Pro, you need a PayPal Business Account. Once you\'re signed up, enter the required information below to start accepting payments.','2014-01-25 12:13:53','2014-01-25 12:13:53'),(355,1,1,'default_pp_pro_default_pp_pro','button_signup','Sign Up Now','2014-01-25 12:13:53','2014-01-25 12:13:53'),(356,1,1,'default_pp_pro_default_pp_pro','text_api_credentials','API Credentials','2014-01-25 12:13:53','2014-01-25 12:13:53'),(357,1,1,'default_pp_pro_default_pp_pro','text_api_credentials_sandbox','API Sandbox Credentials','2014-01-25 12:13:53','2014-01-25 12:13:53'),(358,1,1,'default_pp_pro_default_pp_pro','text_api_credentials_note','To process transactions, please provide your PayPal API credentials.','2014-01-25 12:13:53','2014-01-25 12:13:53'),(359,1,1,'default_pp_pro_default_pp_pro','button_get_api_credentials','Get Your API Credentials','2014-01-25 12:13:53','2014-01-25 12:13:53'),(360,1,1,'default_pp_pro_default_pp_pro','text_optional_settings','Optional Settings','2014-01-25 12:13:53','2014-01-25 12:13:53'),(361,1,1,'default_pp_pro_default_pp_pro','text_test_connection','Test Your Connection:<span class=\"help\">You can test if API credentials that you\'ve entered are correct.</span>','2014-01-25 12:13:53','2014-01-25 12:13:53'),(362,1,1,'default_pp_pro_default_pp_pro','text_test','Test','2014-01-25 12:13:53','2014-01-25 12:13:53'),(363,1,1,'default_pp_pro_default_pp_pro','text_connection_success','Connection is successful and API Credentials are configured correctly.','2014-01-25 12:13:53','2014-01-25 12:13:53'),(364,1,1,'default_pp_pro_default_pp_pro','error_turn_extension_on','Error! Please check if extension is turned ON.','2014-01-25 12:13:53','2014-01-25 12:13:53'),(365,1,1,'default_pp_pro_default_pp_pro','default_pp_pro_order_status_id_1','Pending','2014-01-25 12:13:53','2014-01-25 12:13:53'),(366,1,1,'default_pp_pro_default_pp_pro','default_pp_pro_order_status_id_2','Processing','2014-01-25 12:13:53','2014-01-25 12:13:53'),(367,1,1,'default_pp_pro_default_pp_pro','default_pp_pro_order_status_id_5','Complete','2014-01-25 12:13:53','2014-01-25 12:13:53'),(368,1,1,'default_pp_pro_default_pp_pro','text_api_credentials_note_sandbox','To test transactions, please provide your Sandbox PayPal API credentials.','2014-01-25 12:13:53','2014-01-25 12:13:53'),(369,1,1,'default_pp_pro_default_pp_pro','button_get_api_credentials_sandbox','Get Your Sandbox API Credentials','2014-01-25 12:13:53','2014-01-25 12:13:53'),(370,1,1,'default_pp_pro_default_pp_pro','text_capture_funds','Capture Funds:','2014-01-25 12:13:53','2014-01-25 12:13:53'),(371,1,1,'default_pp_pro_default_pp_pro','text_capture','Capture','2014-01-25 12:13:53','2014-01-25 12:13:53'),(372,1,1,'default_pp_pro_default_pp_pro','text_do_paypal_refund','Do PayPal Refund:<span class=\"help\">You can enter amount that needs to be refunded.</span>','2014-01-25 12:13:53','2014-01-25 12:13:53'),(373,1,1,'default_pp_pro_default_pp_pro','text_refund','Refund','2014-01-25 12:13:53','2014-01-25 12:13:53'),(374,1,1,'default_pp_pro_default_pp_pro','text_capture_success','Success! Funds have been captured successfully.','2014-01-25 12:13:53','2014-01-25 12:13:53'),(375,1,1,'default_pp_pro_default_pp_pro','error_no_payment_method_data','Error! There is no payment method data for this order.','2014-01-25 12:13:53','2014-01-25 12:13:53'),(376,1,1,'default_pp_pro_default_pp_pro','error_empty_amount','Error! Amount is wrong.','2014-01-25 12:13:53','2014-01-25 12:13:53'),(377,1,1,'default_pp_pro_default_pp_pro','error_no_order_id','Error! There is no order ID.','2014-01-25 12:13:53','2014-01-25 12:13:53'),(378,1,1,'default_pp_pro_default_pp_pro','error_amount_exceeded','Error! Amount limit exceeded.','2014-01-25 12:13:53','2014-01-25 12:13:53'),(379,1,1,'default_pp_pro_default_pp_pro','error_service_unavailable','Service is unavailable at the moment, please try again later.','2014-01-25 12:13:53','2014-01-25 12:13:53'),(380,1,1,'default_pp_pro_default_pp_pro','text_refund_success','Success! Order has been refunded successfully.','2014-01-25 12:13:53','2014-01-25 12:13:53'),(381,1,1,'default_pp_pro_default_pp_pro','paypal_refund_title','PayPal Refund','2014-01-25 12:13:53','2014-01-25 12:13:53'),(382,1,1,'default_pp_pro_default_pp_pro','text_payment_status','Payment Status:','2014-01-25 12:13:53','2014-01-25 12:13:53'),(383,1,1,'default_pp_pro_default_pp_pro','text_already_refunded','Already Refunded:','2014-01-25 12:13:53','2014-01-25 12:13:53'),(384,1,1,'default_pp_pro_default_pp_pro','text_already_captured','Already Captured:','2014-01-25 12:13:53','2014-01-25 12:13:53'),(385,1,1,'default_pp_pro_default_pp_pro','error_wrong_amount','Error! Amount must be greater than zero.','2014-01-25 12:13:53','2014-01-25 12:13:53'),(386,1,1,'default_pp_pro_default_pp_pro','text_reason','Reason:','2014-01-25 12:13:53','2014-01-25 12:13:53'),(387,1,1,'default_pp_pro_default_pp_pro','text_pending_authorization','Pending (Reason: authorization)','2014-01-25 12:13:53','2014-01-25 12:13:53'),(388,1,1,'default_pp_pro_default_pp_pro','text_partially_refunded','Partially Refunded','2014-01-25 12:13:53','2014-01-25 12:13:53'),(389,1,1,'default_pp_pro_default_pp_pro','text_refunded','Refunded','2014-01-25 12:13:53','2014-01-25 12:13:53'),(390,1,1,'default_pp_pro_default_pp_pro','text_completed','Completed','2014-01-25 12:13:53','2014-01-25 12:13:53'),(391,1,1,'default_pp_pro_default_pp_pro','text_processing','Processing','2014-01-25 12:13:53','2014-01-25 12:13:53'),(392,1,1,'default_pp_pro_uk_default_pp_pro_uk','default_pp_pro_uk_name','PayPal Website Payment Pro (UK)','2014-01-25 12:13:53','2014-01-25 12:13:53'),(393,1,1,'default_pp_pro_uk_default_pp_pro_uk','text_payment','Payment','2014-01-25 12:13:53','2014-01-25 12:13:53'),(394,1,1,'default_pp_pro_uk_default_pp_pro_uk','text_success','Success: You have modified PayPal Direct (UK) account details!','2014-01-25 12:13:53','2014-01-25 12:13:53'),(395,1,1,'default_pp_pro_uk_default_pp_pro_uk','text_pp_pro_uk','\n			<a onclick=\"window.open(\'https://www.paypal.com/uk/mrb/pal=W9TBB5DTD6QJW\');\"><img src=\"admin/view/default/image/payment/paypal.png\" alt=\"PayPal Website Payment Pro (UK)\" title=\"PayPal Website Payment Pro (UK)\" style=\"border: 1px solid #EEEEEE;\" /></a>','2014-01-25 12:13:53','2014-01-25 12:13:53'),(396,1,1,'default_pp_pro_uk_default_pp_pro_uk','text_authorization','Authorization','2014-01-25 12:13:53','2014-01-25 12:13:53'),(397,1,1,'default_pp_pro_uk_default_pp_pro_uk','text_sale','Sale','2014-01-25 12:13:53','2014-01-25 12:13:53'),(398,1,1,'default_pp_pro_uk_default_pp_pro_uk','default_pp_pro_uk_vendor','\n			Vendor:<br /><span class=\"help\">Your merchant login ID that you created when you registered for the Website Payments Pro account.</span>','2014-01-25 12:13:53','2014-01-25 12:13:53'),(399,1,1,'default_pp_pro_uk_default_pp_pro_uk','default_pp_pro_uk_user','\n			User:<br /><span class=\"help\">If you set up one or more additional users on the account, this value is the ID of the user authorised to process transactions. If, however, you have not set up additional users on the account, USER has the same value as VENDOR.</span>','2014-01-25 12:13:53','2014-01-25 12:13:53'),(400,1,1,'default_pp_pro_uk_default_pp_pro_uk','default_pp_pro_uk_password','\n			Password:<br /><span class=\"help\">The 6 to 32 character password that you defined while registering for the account.</span>','2014-01-25 12:13:53','2014-01-25 12:13:53'),(401,1,1,'default_pp_pro_uk_default_pp_pro_uk','default_pp_pro_uk_partner','\n			Partner:<br /><span class=\"help\">The ID provided to you by the authorised PayPal Reseller who registered you for the Payflow SDK. If you purchased your account directly from PayPal, use PayPalUK.</span>','2014-01-25 12:13:53','2014-01-25 12:13:53'),(402,1,1,'default_pp_pro_uk_default_pp_pro_uk','default_pp_pro_uk_test','Sandbox (Test) Mode:<br /><span class=\"help\">Use the live or testing (sandbox) gateway server to process transactions?</span>','2014-01-25 12:13:53','2014-01-25 12:13:53'),(403,1,1,'default_pp_pro_uk_default_pp_pro_uk','default_pp_pro_uk_test_1',' Yes ','2014-01-25 12:13:53','2014-01-25 12:13:53'),(404,1,1,'default_pp_pro_uk_default_pp_pro_uk','default_pp_pro_uk_test_0',' No ','2014-01-25 12:13:53','2014-01-25 12:13:53'),(405,1,1,'default_pp_pro_uk_default_pp_pro_uk','default_pp_pro_uk_transaction','Transaction Method:<br /><span class=\"help\">PayPal transaction to run at customer\'s checkout before order status is set. Authorization only or capture.</span>','2014-01-25 12:13:53','2014-01-25 12:13:53'),(406,1,1,'default_pp_pro_uk_default_pp_pro_uk','default_pp_pro_uk_transaction_0',' Authorization ','2014-01-25 12:13:53','2014-01-25 12:13:53'),(407,1,1,'default_pp_pro_uk_default_pp_pro_uk','default_pp_pro_uk_transaction_1',' Sale ','2014-01-25 12:13:53','2014-01-25 12:13:53'),(408,1,1,'default_pp_pro_uk_default_pp_pro_uk','default_pp_pro_uk_order_status_id','Order Status:<br /><span class=\"help\">Order status to be set after customer\'s order finished based on set Transaction Method</span>','2014-01-25 12:13:53','2014-01-25 12:13:53'),(409,1,1,'default_pp_pro_uk_default_pp_pro_uk','default_pp_pro_uk_location_id','Location:<br /><span class=\"help\">Restrict to allow only selected locations to use this payment method.</span>','2014-01-25 12:13:53','2014-01-25 12:13:53'),(410,1,1,'default_pp_pro_uk_default_pp_pro_uk','default_pp_pro_uk_location_id_0','All Locations','2014-01-25 12:13:53','2014-01-25 12:13:53'),(411,1,1,'default_pp_pro_uk_default_pp_pro_uk','default_pp_pro_uk_status','Status:','2014-01-25 12:13:53','2014-01-25 12:13:53'),(412,1,1,'default_pp_pro_uk_default_pp_pro_uk','default_pp_pro_uk_sort_order','Sort Order:<br /><span class=\"help\">Number to indicate display position of this payment in relation to over enabled payments </span>','2014-01-25 12:13:53','2014-01-25 12:13:53'),(413,1,1,'default_pp_pro_uk_default_pp_pro_uk','default_pp_pro_uk_autoselect','Auto Select:<br /><span class=\"help\">You can set to skip payment selection page if there is only one payment option. This payment method will be selected automatically</span>','2014-01-25 12:13:53','2014-01-25 12:13:53'),(414,1,1,'default_pp_pro_uk_default_pp_pro_uk','error_permission','\n			Warning: You do not have permission to modify payment PayPal Website Payment Pro (UK)!','2014-01-25 12:13:53','2014-01-25 12:13:53'),(415,1,1,'default_pp_pro_uk_default_pp_pro_uk','error_vendor','Vendor Required!','2014-01-25 12:13:53','2014-01-25 12:13:53'),(416,1,1,'default_pp_pro_uk_default_pp_pro_uk','error_user','User Required!','2014-01-25 12:13:53','2014-01-25 12:13:53'),(417,1,1,'default_pp_pro_uk_default_pp_pro_uk','error_password','Password Required!','2014-01-25 12:13:53','2014-01-25 12:13:53'),(418,1,1,'default_pp_pro_uk_default_pp_pro_uk','error_partner','Partner Required!','2014-01-25 12:13:53','2014-01-25 12:13:53'),(419,1,1,'default_pp_pro_uk_default_pp_pro_uk','text_signup_account_note','Don\'t have a PayPal account? To use PayPal Payments Pro, you need a PayPal Business Account. Once you\'re signed up, enter the required information below to start accepting payments.','2014-01-25 12:13:53','2014-01-25 12:13:53'),(420,1,1,'default_pp_pro_uk_default_pp_pro_uk','button_signup','Sign Up Now','2014-01-25 12:13:53','2014-01-25 12:13:53'),(421,1,1,'default_pp_pro_uk_default_pp_pro_uk','text_info_note','You created this information when you signed up for PayPal Website Payments Pro(UK). Enter it here to connect your account and allow payments. (Note: This is also your login information for <a href=\"https://manager.paypal.com/\" target=\"_blank\">PayPal Manager</a>.)','2014-01-25 12:13:53','2014-01-25 12:13:53'),(422,1,1,'default_pp_pro_uk_default_pp_pro_uk','default_pp_pro_uk_order_status_id_1','Pending','2014-01-25 12:13:53','2014-01-25 12:13:53'),(423,1,1,'default_pp_pro_uk_default_pp_pro_uk','default_pp_pro_uk_order_status_id_2','Processing','2014-01-25 12:13:53','2014-01-25 12:13:53'),(424,1,1,'default_pp_pro_uk_default_pp_pro_uk','default_pp_pro_uk_order_status_id_5','Complete','2014-01-25 12:13:53','2014-01-25 12:13:53'),(425,1,1,'default_pp_standart_default_pp_standart','default_pp_standart_name','PayPal','2014-01-25 12:13:53','2014-01-25 12:13:53'),(426,1,1,'default_pp_standart_default_pp_standart','default_pp_standart_status','Status:','2014-01-25 12:13:53','2014-01-25 12:13:53'),(427,1,1,'default_pp_standart_default_pp_standart','text_success','Success: You have modified PayPal account details!','2014-01-25 12:13:53','2014-01-25 12:13:53'),(428,1,1,'default_pp_standart_default_pp_standart','text_pp_standard','<a onclick=\"window.open(\'https://www.paypal.com/uk/mrb/pal=W9TBB5DTD6QJW\');\"><img src=\"admin/view/default/image/payment/paypal.png\" alt=\"PayPal\" title=\"PayPal\" style=\"border: 1px solid #EEEEEE;\" /></a>','2014-01-25 12:13:53','2014-01-25 12:13:53'),(429,1,1,'default_pp_standart_default_pp_standart','default_pp_standart_email','Your PayPal Email Address:','2014-01-25 12:13:53','2014-01-25 12:13:53'),(430,1,1,'default_pp_standart_default_pp_standart','default_pp_standart_test','Sandbox (Test) Mode:<br /><span class=\"help\">Use the live or testing (sandbox) gateway server to process transactions?</span>','2014-01-25 12:13:53','2014-01-25 12:13:53'),(431,1,1,'default_pp_standart_default_pp_standart','default_pp_standart_test_1',' Yes ','2014-01-25 12:13:53','2014-01-25 12:13:53'),(432,1,1,'default_pp_standart_default_pp_standart','default_pp_standart_test_0',' No ','2014-01-25 12:13:53','2014-01-25 12:13:53'),(433,1,1,'default_pp_standart_default_pp_standart','default_pp_standart_transaction','Transaction Method:<br /><span class=\"help\">PayPal transaction to run at customer\'s checkout before order status is set. Authorization only or capture.</span>','2014-01-25 12:13:53','2014-01-25 12:13:53'),(434,1,1,'default_pp_standart_default_pp_standart','default_pp_standart_transaction_0',' Authorization ','2014-01-25 12:13:53','2014-01-25 12:13:53'),(435,1,1,'default_pp_standart_default_pp_standart','default_pp_standart_transaction_1',' Sale ','2014-01-25 12:13:53','2014-01-25 12:13:53'),(436,1,1,'default_pp_standart_default_pp_standart','default_pp_standart_order_status_id','Order Status:<br /><span class=\"help\">Order status to be set after customer\'s order finished based on set Transaction Method</span>','2014-01-25 12:13:53','2014-01-25 12:13:53'),(437,1,1,'default_pp_standart_default_pp_standart','default_pp_standart_location_id','Location:<br /><span class=\"help\">Restrict to allow only selected locations to use this payment method.</span>','2014-01-25 12:13:53','2014-01-25 12:13:53'),(438,1,1,'default_pp_standart_default_pp_standart','default_pp_standart_location_id_0','All Locations','2014-01-25 12:13:53','2014-01-25 12:13:53'),(439,1,1,'default_pp_standart_default_pp_standart','default_pp_standart_sort_order','Sort Order:<br /><span class=\"help\">Number to indicate display position of this payment in relation to over enabled payments </span>','2014-01-25 12:13:53','2014-01-25 12:13:53'),(440,1,1,'default_pp_standart_default_pp_standart','default_pp_standart_autoselect','Auto Select:<br /><span class=\"help\">You can set to skip payment selection page if there is only one payment option. This payment method will be selected automatically</span>','2014-01-25 12:13:53','2014-01-25 12:13:53'),(441,1,1,'default_pp_standart_default_pp_standart','button_signup','Sign Up Now','2014-01-25 12:13:53','2014-01-25 12:13:53'),(442,1,1,'default_pp_standart_default_pp_standart','text_confirm_email','Re-enter Your PayPal Email Address:','2014-01-25 12:13:53','2014-01-25 12:13:53'),(443,1,1,'default_pp_standart_default_pp_standart','text_signup_account_note','<b>Don\'t have a PayPal account?</b> To use PayPal Payments Standard, you need a PayPal Business Account. Once you\'re signed up, enter your PayPal email address below to start accepting payments.','2014-01-25 12:13:53','2014-01-25 12:13:53'),(444,1,1,'default_pp_standart_default_pp_standart','text_customize_checkout_page','Customize Checkout Page','2014-01-25 12:13:53','2014-01-25 12:13:53'),(445,1,1,'default_pp_standart_default_pp_standart','text_custom_logo_preview','Company Logo Preview','2014-01-25 12:13:53','2014-01-25 12:13:53'),(446,1,1,'default_pp_standart_default_pp_standart','default_pp_standart_logoimg','Add Company Logo:<span class=\"help\">Enter local path or URL to your company logo file. The logo may be a JPG, PNG, or GIF up to 190 pixels wide by 60 pixels high. This logo will appear as the header of your PayPal checkout page. </span>','2014-01-25 12:13:53','2014-01-25 12:13:53'),(447,1,1,'default_pp_standart_default_pp_standart','default_pp_standart_cartbordercolor','Enter a Background Color HEX-Code:<span class=\"help\">It\'s recommended that the background color represent your brand. This color that\'s in your logo or that complements logo colors. Alternatively, neutral colors like black, white or gray will also create a professional look.<br> For ex. #FFF00F</span>','2014-01-25 12:13:53','2014-01-25 12:13:53'),(448,1,1,'default_pp_standart_default_pp_standart','error_confirm_email','PayPal email addresses do not match.','2014-01-25 12:13:53','2014-01-25 12:13:53'),(449,1,1,'default_pp_standart_default_pp_standart','text_paypal_email_note','To start accepting payments, enter your PayPal email address. In order for you to receive payments, this email address must be the same one you use when signing into your PayPal account.','2014-01-25 12:13:53','2014-01-25 12:13:53'),(450,1,1,'default_pp_standart_default_pp_standart','heading_required_settings','Required to accept payment','2014-01-25 12:13:53','2014-01-25 12:13:53'),(451,1,1,'default_pp_standart_default_pp_standart','heading_optional_settings','Optional Settings','2014-01-25 12:13:53','2014-01-25 12:13:53'),(452,1,1,'default_pp_standart_default_pp_standart','default_pp_standart_order_status_id_1','Pending','2014-01-25 12:13:53','2014-01-25 12:13:53'),(453,1,1,'default_pp_standart_default_pp_standart','default_pp_standart_order_status_id_2','Processing','2014-01-25 12:13:53','2014-01-25 12:13:53'),(454,1,1,'default_pp_standart_default_pp_standart','default_pp_standart_order_status_id_5','Complete','2014-01-25 12:13:53','2014-01-25 12:13:53'),(455,1,1,'default_royal_mail_default_royal_mail','default_royal_mail_name','Royal Mail','2014-01-25 12:13:53','2014-01-25 12:13:53'),(456,1,1,'default_royal_mail_default_royal_mail','text_shipping','Shipping','2014-01-25 12:13:53','2014-01-25 12:13:53'),(457,1,1,'default_royal_mail_default_royal_mail','text_success','Success: You have modified Royal Mail shipping!','2014-01-25 12:13:53','2014-01-25 12:13:53'),(458,1,1,'default_royal_mail_default_royal_mail','default_royal_mail_1st_class_standard','First Class Standard Post (for GB only)','2014-01-25 12:13:53','2014-01-25 12:13:53'),(459,1,1,'default_royal_mail_default_royal_mail','default_royal_mail_1st_class_standard_rates','First Class Standard Post Rates (for GB only)','2014-01-25 12:13:53','2014-01-25 12:13:53'),(460,1,1,'default_royal_mail_default_royal_mail','default_royal_mail_1st_class_standard_compensation_rates','First Class Standard Post Compensation Rates (for GB only)','2014-01-25 12:13:53','2014-01-25 12:13:53'),(461,1,1,'default_royal_mail_default_royal_mail','default_royal_mail_1st_class_recorded','First Class Recorded Post (for GB only)','2014-01-25 12:13:53','2014-01-25 12:13:53'),(462,1,1,'default_royal_mail_default_royal_mail','default_royal_mail_1st_class_recorded_rates_gb','First Class Recorded Post Rates (for GB only)','2014-01-25 12:13:53','2014-01-25 12:13:53'),(463,1,1,'default_royal_mail_default_royal_mail','default_royal_mail_1st_class_recorded_compensation_rates_gb','First Class Recorded Post Compensation Rates (for GB only)','2014-01-25 12:13:53','2014-01-25 12:13:53'),(464,1,1,'default_royal_mail_default_royal_mail','default_royal_mail_2nd_class_standard','Second Class Standard Post','2014-01-25 12:13:53','2014-01-25 12:13:53'),(465,1,1,'default_royal_mail_default_royal_mail','default_royal_mail_2nd_class_standard_rates','Second Class Standard Post Rates (for GB only)','2014-01-25 12:13:53','2014-01-25 12:13:53'),(466,1,1,'default_royal_mail_default_royal_mail','default_royal_mail_2nd_class_recorded','Second Class Recorded Post','2014-01-25 12:13:53','2014-01-25 12:13:53'),(467,1,1,'default_royal_mail_default_royal_mail','default_royal_mail_2nd_class_recorded_rates_gb','Second Class Recorded Post Rates (for GB only)','2014-01-25 12:13:53','2014-01-25 12:13:53'),(468,1,1,'default_royal_mail_default_royal_mail','default_royal_mail_2nd_class_recorded_compensation_rates_gb','Second Class Recorded Post Compensation Rates (for GB only)','2014-01-25 12:13:53','2014-01-25 12:13:53'),(469,1,1,'default_royal_mail_default_royal_mail','default_royal_mail_standard_parcels','Standard Parcels','2014-01-25 12:13:53','2014-01-25 12:13:53'),(470,1,1,'default_royal_mail_default_royal_mail','default_royal_mail_standard_parcels_rates_gb','Standard Parcels Rates (for GB only)','2014-01-25 12:13:53','2014-01-25 12:13:53'),(471,1,1,'default_royal_mail_default_royal_mail','default_royal_mail_standard_parcels_compensation_rates_gb','Standard Parcels Compensation Rates (for GB only)','2014-01-25 12:13:53','2014-01-25 12:13:53'),(472,1,1,'default_royal_mail_default_royal_mail','default_royal_mail_airmail','Airmail','2014-01-25 12:13:53','2014-01-25 12:13:53'),(473,1,1,'default_royal_mail_default_royal_mail','default_royal_mail_airmail_countries','Airmail Country List','2014-01-25 12:13:53','2014-01-25 12:13:53'),(474,1,1,'default_royal_mail_default_royal_mail','default_royal_mail_airmail_in_countries_rates','Airmail Rates for Countries From List','2014-01-25 12:13:53','2014-01-25 12:13:53'),(475,1,1,'default_royal_mail_default_royal_mail','default_royal_mail_airmail_not_in_countries_rates','Airmail Rates for Other Countries','2014-01-25 12:13:53','2014-01-25 12:13:53'),(476,1,1,'default_royal_mail_default_royal_mail','default_royal_mail_international_signed','International Signed','2014-01-25 12:13:53','2014-01-25 12:13:53'),(477,1,1,'default_royal_mail_default_royal_mail','default_royal_mail_international_signed_countries','International Signed Country List','2014-01-25 12:13:53','2014-01-25 12:13:53'),(478,1,1,'default_royal_mail_default_royal_mail','default_royal_mail_international_signed_in_countries_rates','International Signed Rates for Countries From List','2014-01-25 12:13:53','2014-01-25 12:13:53'),(479,1,1,'default_royal_mail_default_royal_mail','default_royal_mail_international_signed_in_countries_c_rates','International Signed Compensation Rates for Countries From List','2014-01-25 12:13:53','2014-01-25 12:13:53'),(480,1,1,'default_royal_mail_default_royal_mail','default_royal_mail_international_signed_not_in_countries_rates','International Signed Rates for Other Countries','2014-01-25 12:13:53','2014-01-25 12:13:53'),(481,1,1,'default_royal_mail_default_royal_mail','default_royal_mail_international_signed_not_in_countries_c_rates','International Signed Compensation Rates for Other Countries','2014-01-25 12:13:53','2014-01-25 12:13:53'),(482,1,1,'default_royal_mail_default_royal_mail','default_royal_mail_airsure','Airsure','2014-01-25 12:13:53','2014-01-25 12:13:53'),(483,1,1,'default_royal_mail_default_royal_mail','default_royal_mail_airsure_countries','Airsure 1st Country List','2014-01-25 12:13:53','2014-01-25 12:13:53'),(484,1,1,'default_royal_mail_default_royal_mail','default_royal_mail_airsure_in_countries_rates','Airsure 1st Country List Rates','2014-01-25 12:13:53','2014-01-25 12:13:53'),(485,1,1,'default_royal_mail_default_royal_mail','default_royal_mail_airsure_countries_2','Airsure 2nd Country List','2014-01-25 12:13:53','2014-01-25 12:13:53'),(486,1,1,'default_royal_mail_default_royal_mail','default_royal_mail_airsure_in_countries_2_rates','Airsure 2nd Country List Rates','2014-01-25 12:13:53','2014-01-25 12:13:53'),(487,1,1,'default_royal_mail_default_royal_mail','default_royal_mail_airsure_countries_3','Airsure 3d Country List','2014-01-25 12:13:53','2014-01-25 12:13:53'),(488,1,1,'default_royal_mail_default_royal_mail','default_royal_mail_airsure_in_countries_3_rates','Airsure 3d Country List Rates','2014-01-25 12:13:53','2014-01-25 12:13:53'),(489,1,1,'default_royal_mail_default_royal_mail','default_royal_mail_airsure_countries_4','Airsure 4th Country List','2014-01-25 12:13:53','2014-01-25 12:13:53'),(490,1,1,'default_royal_mail_default_royal_mail','default_royal_mail_airsure_in_countries_4_rates','Airsure 4th Country List Rates','2014-01-25 12:13:53','2014-01-25 12:13:53'),(491,1,1,'default_royal_mail_default_royal_mail','default_royal_mail_surface','Surface','2014-01-25 12:13:53','2014-01-25 12:13:53'),(492,1,1,'default_royal_mail_default_royal_mail','default_royal_mail_surface_rates','Surface Rates','2014-01-25 12:13:53','2014-01-25 12:13:53'),(493,1,1,'default_royal_mail_default_royal_mail','default_royal_mail_service','Services:','2014-01-25 12:13:53','2014-01-25 12:13:53'),(494,1,1,'default_royal_mail_default_royal_mail','default_royal_mail_display_weight','\n			Display Delivery Weight:<br /><span class=\"help\">Do you want to display the shipping weight? (e.g. Delivery Weight : 2.7674 Kg\'s)</span>','2014-01-25 12:13:53','2014-01-25 12:13:53'),(495,1,1,'default_royal_mail_default_royal_mail','default_royal_mail_display_insurance','\n			Display Insurance:<br /><span class=\"help\">Do you want to display the shipping insurance? (e.g. Insured upto &pound;500)</span>','2014-01-25 12:13:53','2014-01-25 12:13:53'),(496,1,1,'default_royal_mail_default_royal_mail','default_royal_mail_display_time','\n			Display Delivery Time:<br /><span class=\"help\">Do you want to display the shipping time? (e.g. Ships within 3 to 5 days)</span>','2014-01-25 12:13:53','2014-01-25 12:13:53'),(497,1,1,'default_royal_mail_default_royal_mail','default_royal_mail_weight_class','Weight Class:','2014-01-25 12:13:53','2014-01-25 12:13:53'),(498,1,1,'default_royal_mail_default_royal_mail','default_royal_mail_tax','Tax Class:','2014-01-25 12:13:53','2014-01-25 12:13:53'),(499,1,1,'default_royal_mail_default_royal_mail','default_royal_mail_tax_0','---None---','2014-01-25 12:13:53','2014-01-25 12:13:53'),(500,1,1,'default_royal_mail_default_royal_mail','default_royal_mail_location_id','Location:','2014-01-25 12:13:53','2014-01-25 12:13:53'),(501,1,1,'default_royal_mail_default_royal_mail','default_royal_mail_location_id_0','All Locations','2014-01-25 12:13:53','2014-01-25 12:13:53'),(502,1,1,'default_royal_mail_default_royal_mail','default_royal_mail_status','Status:','2014-01-25 12:13:53','2014-01-25 12:13:53'),(503,1,1,'default_royal_mail_default_royal_mail','default_royal_mail_sort_order','Sort Order:','2014-01-25 12:13:53','2014-01-25 12:13:53'),(504,1,1,'default_royal_mail_default_royal_mail','default_royal_mail_autoselect','\n			Auto Select:<br /><span class=\"help\">You can set to skip shipping selection page if there is only one shipping option. This shipping method will be selected automatically</span>','2014-01-25 12:13:53','2014-01-25 12:13:53'),(505,1,1,'default_royal_mail_default_royal_mail','default_royal_mail_accept_payments','\n			Accept these payments:<br /><span class=\"help\">If only specific payment methods are needed for this shipping method, select them here. If nothing selected, all available payment methods will be shown</span>','2014-01-25 12:13:53','2014-01-25 12:13:53'),(506,1,1,'default_royal_mail_default_royal_mail','error_permission','Warning: You do not have permission to modify Royal Mail shipping!','2014-01-25 12:13:53','2014-01-25 12:13:53'),(507,1,1,'default_sagepay_default_sagepay','default_sagepay_name','SagePay','2014-01-25 12:13:53','2014-01-25 12:13:53'),(508,1,1,'default_sagepay_default_sagepay','text_payment','Payment','2014-01-25 12:13:53','2014-01-25 12:13:53'),(509,1,1,'default_sagepay_default_sagepay','text_success','Success: You have modified SagePay account details!','2014-01-25 12:13:53','2014-01-25 12:13:53'),(510,1,1,'default_sagepay_default_sagepay','text_sagepay','<a onclick=\"window.open(\'https://support.sagepay.com/apply/default.aspx?PartnerID=E511AF91-E4A0-42DE-80B0-09C981A3FB61\');\"><img src=\"admin/view/default/image/payment/sagepay.png\" alt=\"SagePay\" title=\"SagePay\" style=\"border: 1px solid #EEEEEE;\" /></a>','2014-01-25 12:13:53','2014-01-25 12:13:53'),(511,1,1,'default_sagepay_default_sagepay','text_sim','Simulator','2014-01-25 12:13:53','2014-01-25 12:13:53'),(512,1,1,'default_sagepay_default_sagepay','text_test','Test','2014-01-25 12:13:53','2014-01-25 12:13:53'),(513,1,1,'default_sagepay_default_sagepay','text_live','Live','2014-01-25 12:13:53','2014-01-25 12:13:53'),(514,1,1,'default_sagepay_default_sagepay','text_defered','Defered','2014-01-25 12:13:53','2014-01-25 12:13:53'),(515,1,1,'default_sagepay_default_sagepay','text_authenticate','Authenticate','2014-01-25 12:13:53','2014-01-25 12:13:53'),(516,1,1,'default_sagepay_default_sagepay','default_sagepay_vendor','Vendor:','2014-01-25 12:13:53','2014-01-25 12:13:53'),(517,1,1,'default_sagepay_default_sagepay','default_sagepay_password','Password:','2014-01-25 12:13:53','2014-01-25 12:13:53'),(518,1,1,'default_sagepay_default_sagepay','default_sagepay_test','Test Mode:','2014-01-25 12:13:53','2014-01-25 12:13:53'),(519,1,1,'default_sagepay_default_sagepay','default_sagepay_test_sim','Simulator','2014-01-25 12:13:53','2014-01-25 12:13:53'),(520,1,1,'default_sagepay_default_sagepay','default_sagepay_test_test','Test','2014-01-25 12:13:53','2014-01-25 12:13:53'),(521,1,1,'default_sagepay_default_sagepay','default_sagepay_test_live','Live','2014-01-25 12:13:53','2014-01-25 12:13:53'),(522,1,1,'default_sagepay_default_sagepay','default_sagepay_transaction','Transaction Method:','2014-01-25 12:13:53','2014-01-25 12:13:53'),(523,1,1,'default_sagepay_default_sagepay','default_sagepay_transaction_AUTHENTICATE','Authenticate','2014-01-25 12:13:53','2014-01-25 12:13:53'),(524,1,1,'default_sagepay_default_sagepay','default_sagepay_transaction_PAYMENT','Payment','2014-01-25 12:13:53','2014-01-25 12:13:53'),(525,1,1,'default_sagepay_default_sagepay','default_sagepay_transaction_DEFERRED','Deferred','2014-01-25 12:13:53','2014-01-25 12:13:53'),(526,1,1,'default_sagepay_default_sagepay','default_sagepay_order_status_id','Order Status:','2014-01-25 12:13:53','2014-01-25 12:13:53'),(527,1,1,'default_sagepay_default_sagepay','default_sagepay_location_id','Location:','2014-01-25 12:13:53','2014-01-25 12:13:53'),(528,1,1,'default_sagepay_default_sagepay','default_sagepay_location_id_0','All Locations','2014-01-25 12:13:53','2014-01-25 12:13:53'),(529,1,1,'default_sagepay_default_sagepay','default_sagepay_status','Status:','2014-01-25 12:13:53','2014-01-25 12:13:53'),(530,1,1,'default_sagepay_default_sagepay','default_sagepay_sort_order','Sort Order:<br /><span class=\"help\">Number to indicate display position of this payment in relation to over enabled payments </span>','2014-01-25 12:13:53','2014-01-25 12:13:53'),(531,1,1,'default_sagepay_default_sagepay','default_sagepay_autoselect','Auto Select:<br /><span class=\"help\">You can set to skip payment selection page if there is only one payment option. This payment method will be selected automatically</span>','2014-01-25 12:13:53','2014-01-25 12:13:53'),(532,1,1,'default_sagepay_default_sagepay','error_permission','Warning: You do not have permission to modify payment SagePay!','2014-01-25 12:13:53','2014-01-25 12:13:53'),(533,1,1,'default_sagepay_default_sagepay','error_vendor','Vendor ID Required!','2014-01-25 12:13:53','2014-01-25 12:13:53'),(534,1,1,'default_sagepay_default_sagepay','error_password','Password Required!','2014-01-25 12:13:53','2014-01-25 12:13:53'),(535,1,1,'default_sagepay_direct_default_sagepay_direct','default_sagepay_direct_name','SagePay Direct','2014-01-25 12:13:53','2014-01-25 12:13:53'),(536,1,1,'default_sagepay_direct_default_sagepay_direct','text_payment','Payment','2014-01-25 12:13:53','2014-01-25 12:13:53'),(537,1,1,'default_sagepay_direct_default_sagepay_direct','text_success','Success: You have modified SagePay account details!','2014-01-25 12:13:53','2014-01-25 12:13:53'),(538,1,1,'default_sagepay_direct_default_sagepay_direct','text_sagepay','<a onclick=\"window.open(\'https://support.sagepay.com/apply/default.aspx?PartnerID=E511AF91-E4A0-42DE-80B0-09C981A3FB61\');\"><img src=\"view/default/image/payment/sagepay.png\" alt=\"SagePay\" title=\"SagePay\" style=\"border: 1px solid #EEEEEE;\" /></a>','2014-01-25 12:13:53','2014-01-25 12:13:53'),(539,1,1,'default_sagepay_direct_default_sagepay_direct','text_sim','Simulator','2014-01-25 12:13:53','2014-01-25 12:13:53'),(540,1,1,'default_sagepay_direct_default_sagepay_direct','text_test','Test','2014-01-25 12:13:53','2014-01-25 12:13:53'),(541,1,1,'default_sagepay_direct_default_sagepay_direct','text_live','Live','2014-01-25 12:13:53','2014-01-25 12:13:53'),(542,1,1,'default_sagepay_direct_default_sagepay_direct','text_defered','Defered','2014-01-25 12:13:53','2014-01-25 12:13:53'),(543,1,1,'default_sagepay_direct_default_sagepay_direct','text_authenticate','Authenticate','2014-01-25 12:13:53','2014-01-25 12:13:53'),(544,1,1,'default_sagepay_direct_default_sagepay_direct','default_sagepay_direct_vendor','Vendor:','2014-01-25 12:13:53','2014-01-25 12:13:53'),(545,1,1,'default_sagepay_direct_default_sagepay_direct','default_sagepay_direct_test','Test Mode:','2014-01-25 12:13:53','2014-01-25 12:13:53'),(546,1,1,'default_sagepay_direct_default_sagepay_direct','default_sagepay_direct_test_sim','Simulator','2014-01-25 12:13:53','2014-01-25 12:13:53'),(547,1,1,'default_sagepay_direct_default_sagepay_direct','default_sagepay_direct_test_test','Test','2014-01-25 12:13:53','2014-01-25 12:13:53'),(548,1,1,'default_sagepay_direct_default_sagepay_direct','default_sagepay_direct_test_live','Live','2014-01-25 12:13:53','2014-01-25 12:13:53'),(549,1,1,'default_sagepay_direct_default_sagepay_direct','default_sagepay_direct_transaction','Transaction Method:','2014-01-25 12:13:53','2014-01-25 12:13:53'),(550,1,1,'default_sagepay_direct_default_sagepay_direct','default_sagepay_direct_transaction_AUTHENTICATE','Authenticate','2014-01-25 12:13:53','2014-01-25 12:13:53'),(551,1,1,'default_sagepay_direct_default_sagepay_direct','default_sagepay_direct_transaction_PAYMENT','Payment','2014-01-25 12:13:53','2014-01-25 12:13:53'),(552,1,1,'default_sagepay_direct_default_sagepay_direct','default_sagepay_direct_transaction_DEFERRED','Deferred','2014-01-25 12:13:53','2014-01-25 12:13:53'),(553,1,1,'default_sagepay_direct_default_sagepay_direct','default_sagepay_direct_order_status_id','Order Status:','2014-01-25 12:13:53','2014-01-25 12:13:53'),(554,1,1,'default_sagepay_direct_default_sagepay_direct','default_sagepay_direct_location_id','Location:','2014-01-25 12:13:53','2014-01-25 12:13:53'),(555,1,1,'default_sagepay_direct_default_sagepay_direct','default_sagepay_direct_location_id_0','All Locations','2014-01-25 12:13:53','2014-01-25 12:13:53'),(556,1,1,'default_sagepay_direct_default_sagepay_direct','default_sagepay_direct_status','Status:','2014-01-25 12:13:53','2014-01-25 12:13:53'),(557,1,1,'default_sagepay_direct_default_sagepay_direct','default_sagepay_direct_sort_order','Sort Order:<br /><span class=\"help\">Number to indicate display position of this payment in relation to over enabled payments </span>','2014-01-25 12:13:53','2014-01-25 12:13:53'),(558,1,1,'default_sagepay_direct_default_sagepay_direct','default_sagepay_direct_autoselect','Auto Select:<br /><span class=\"help\">You can set to skip payment selection page if there is only one payment option. This payment method will be selected automatically</span>','2014-01-25 12:13:53','2014-01-25 12:13:53'),(559,1,1,'default_sagepay_direct_default_sagepay_direct','error_permission','Warning: You do not have permission to modify payment SagePay!','2014-01-25 12:13:53','2014-01-25 12:13:53'),(560,1,1,'default_sagepay_direct_default_sagepay_direct','error_vendor','Vendor ID Required!','2014-01-25 12:13:53','2014-01-25 12:13:53'),(561,1,1,'default_sagepay_us_default_sagepay_us','default_sagepay_us_name','SagePay (US)','2014-01-25 12:13:53','2014-01-25 12:13:53'),(562,1,1,'default_sagepay_us_default_sagepay_us','text_payment','Payment','2014-01-25 12:13:53','2014-01-25 12:13:53'),(563,1,1,'default_sagepay_us_default_sagepay_us','text_success','Success: You have modified SagePay account details!','2014-01-25 12:13:53','2014-01-25 12:13:53'),(564,1,1,'default_sagepay_us_default_sagepay_us','default_sagepay_us_merchant_id','Merchant ID:','2014-01-25 12:13:53','2014-01-25 12:13:53'),(565,1,1,'default_sagepay_us_default_sagepay_us','default_sagepay_us_merchant_key','Merchant Key:','2014-01-25 12:13:53','2014-01-25 12:13:53'),(566,1,1,'default_sagepay_us_default_sagepay_us','default_sagepay_us_order_status_id','Order Status:','2014-01-25 12:13:53','2014-01-25 12:13:53'),(567,1,1,'default_sagepay_us_default_sagepay_us','default_sagepay_us_location_id','Location:','2014-01-25 12:13:53','2014-01-25 12:13:53'),(568,1,1,'default_sagepay_us_default_sagepay_us','default_sagepay_us_location_id_0','All Locations','2014-01-25 12:13:53','2014-01-25 12:13:53'),(569,1,1,'default_sagepay_us_default_sagepay_us','default_sagepay_us_status','Status:','2014-01-25 12:13:53','2014-01-25 12:13:53'),(570,1,1,'default_sagepay_us_default_sagepay_us','default_sagepay_us_sort_order','Sort Order:','2014-01-25 12:13:53','2014-01-25 12:13:53'),(571,1,1,'default_sagepay_us_default_sagepay_us','default_sagepay_us_autoselect','Auto Select:<br /><span class=\"help\">You can set to skip payment selection page if there is only one payment option. This payment method will be selected automatically</span>','2014-01-25 12:13:53','2014-01-25 12:13:53'),(572,1,1,'default_sagepay_us_default_sagepay_us','error_permission','Warning: You do not have permission to modify payment SagePay!','2014-01-25 12:13:53','2014-01-25 12:13:53'),(573,1,1,'default_sagepay_us_default_sagepay_us','error_merchant_id','Merchant ID Required!','2014-01-25 12:13:53','2014-01-25 12:13:53'),(574,1,1,'default_sagepay_us_default_sagepay_us','error_merchant_key','Merchant Key Required!','2014-01-25 12:13:53','2014-01-25 12:13:53'),(575,1,1,'default_store_pickup_default_store_pickup','default_store_pickup_name','Pickup From Store','2014-01-25 12:13:53','2014-01-25 12:13:53'),(576,1,1,'default_store_pickup_default_store_pickup','text_shipping','Shipping','2014-01-25 12:13:53','2014-01-25 12:13:53'),(577,1,1,'default_store_pickup_default_store_pickup','text_success','Success: You have modified pickup from store!','2014-01-25 12:13:53','2014-01-25 12:13:53'),(578,1,1,'default_store_pickup_default_store_pickup','default_store_pickup_location_id','Location:','2014-01-25 12:13:53','2014-01-25 12:13:53'),(579,1,1,'default_store_pickup_default_store_pickup','default_store_pickup_location_id_0','All Locations','2014-01-25 12:13:53','2014-01-25 12:13:53'),(580,1,1,'default_store_pickup_default_store_pickup','default_store_pickup_status','Status:','2014-01-25 12:13:53','2014-01-25 12:13:53'),(581,1,1,'default_store_pickup_default_store_pickup','default_store_pickup_sort_order','Sort Order:','2014-01-25 12:13:53','2014-01-25 12:13:53'),(582,1,1,'default_store_pickup_default_store_pickup','default_store_pickup_autoselect','Auto Select:<br /><span class=\"help\">You can set to skip shipping selection page if there is only one shipping option. This shipping method will be selected automatically</span>','2014-01-25 12:13:53','2014-01-25 12:13:53'),(583,1,1,'default_store_pickup_default_store_pickup','default_store_pickup_accept_payments','Accept these payments:<br /><span class=\"help\">If only specific payment methods are needed for this shipping method, select them here. If nothing selected, all available payment methods will be shown</span>','2014-01-25 12:13:53','2014-01-25 12:13:53'),(584,1,1,'default_store_pickup_default_store_pickup','error_permission','Warning: You do not have permission to modify pickup from store!','2014-01-25 12:13:53','2014-01-25 12:13:53'),(585,1,1,'default_ups_default_ups','default_ups_name','UPS','2014-01-25 12:13:53','2014-01-25 12:13:53'),(586,1,1,'default_ups_default_ups','default_ups_status','Status:','2014-01-25 12:13:53','2014-01-25 12:13:53'),(587,1,1,'default_ups_default_ups','heading_title','UPS','2014-01-25 12:13:53','2014-01-25 12:13:53'),(588,1,1,'default_ups_default_ups','text_additional_settings',' Additional Settings','2014-01-25 12:13:53','2014-01-25 12:13:53'),(589,1,1,'default_ups_default_ups','text_shipping','Shipping','2014-01-25 12:13:53','2014-01-25 12:13:53'),(590,1,1,'default_ups_default_ups','text_success','Success: You have modified UPS shipping!','2014-01-25 12:13:53','2014-01-25 12:13:53'),(591,1,1,'default_ups_default_ups','text_regular_daily_pickup','Regular Daily Pickup','2014-01-25 12:13:53','2014-01-25 12:13:53'),(592,1,1,'default_ups_default_ups','text_daily_pickup','Daily Pickup','2014-01-25 12:13:53','2014-01-25 12:13:53'),(593,1,1,'default_ups_default_ups','text_customer_counter','Customer Counter','2014-01-25 12:13:53','2014-01-25 12:13:53'),(594,1,1,'default_ups_default_ups','text_one_time_pickup','One Time Pickup','2014-01-25 12:13:53','2014-01-25 12:13:53'),(595,1,1,'default_ups_default_ups','text_on_call_air_pickup','On Call Air Pickup','2014-01-25 12:13:53','2014-01-25 12:13:53'),(596,1,1,'default_ups_default_ups','text_letter_center','Letter Center','2014-01-25 12:13:53','2014-01-25 12:13:53'),(597,1,1,'default_ups_default_ups','text_air_service_center','Air Service Center','2014-01-25 12:13:53','2014-01-25 12:13:53'),(598,1,1,'default_ups_default_ups','text_suggested_retail_rates','Suggested Retail Rates (UPS Store)','2014-01-25 12:13:53','2014-01-25 12:13:53'),(599,1,1,'default_ups_default_ups','text_package','Package','2014-01-25 12:13:53','2014-01-25 12:13:53'),(600,1,1,'default_ups_default_ups','text_default_ups_letter','UPS Letter','2014-01-25 12:13:53','2014-01-25 12:13:53'),(601,1,1,'default_ups_default_ups','text_default_ups_tube','UPS Tube','2014-01-25 12:13:53','2014-01-25 12:13:53'),(602,1,1,'default_ups_default_ups','text_default_ups_pak','UPS Pak','2014-01-25 12:13:53','2014-01-25 12:13:53'),(603,1,1,'default_ups_default_ups','text_default_ups_express_box','UPS Express Box','2014-01-25 12:13:53','2014-01-25 12:13:53'),(604,1,1,'default_ups_default_ups','text_default_ups_25kg_box','UPS 25kg box','2014-01-25 12:13:53','2014-01-25 12:13:53'),(605,1,1,'default_ups_default_ups','text_default_ups_10kg_box','UPS 10kg box','2014-01-25 12:13:53','2014-01-25 12:13:53'),(606,1,1,'default_ups_default_ups','default_ups_autoselect','Auto Select:<br /><span class=\"help\">You can set to skip shipping selection page if there is only one shipping option. This shipping method will be selected automatically</span>','2014-01-25 12:13:53','2014-01-25 12:13:53'),(607,1,1,'default_ups_default_ups','default_ups_accept_payments','Accept these payments:<br /><span class=\"help\">If only specific payment methods are needed for this shipping method, select them here. If nothing selected, all available payment methods will be shown</span>','2014-01-25 12:13:53','2014-01-25 12:13:53'),(608,1,1,'default_ups_default_ups','text_us','US Origin','2014-01-25 12:13:53','2014-01-25 12:13:53'),(609,1,1,'default_ups_default_ups','text_ca','Canada Origin','2014-01-25 12:13:53','2014-01-25 12:13:53'),(610,1,1,'default_ups_default_ups','text_eu','European Union Origin','2014-01-25 12:13:53','2014-01-25 12:13:53'),(611,1,1,'default_ups_default_ups','text_pr','Puerto Rico Origin','2014-01-25 12:13:53','2014-01-25 12:13:53'),(612,1,1,'default_ups_default_ups','text_mx','Mexico Origin','2014-01-25 12:13:53','2014-01-25 12:13:53'),(613,1,1,'default_ups_default_ups','text_other','All Other Origins','2014-01-25 12:13:53','2014-01-25 12:13:53'),(614,1,1,'default_ups_default_ups','text_test','Test','2014-01-25 12:13:53','2014-01-25 12:13:53'),(615,1,1,'default_ups_default_ups','text_production','Production','2014-01-25 12:13:53','2014-01-25 12:13:53'),(616,1,1,'default_ups_default_ups','text_residential','Residential','2014-01-25 12:13:53','2014-01-25 12:13:53'),(617,1,1,'default_ups_default_ups','text_commercial','Commercial','2014-01-25 12:13:53','2014-01-25 12:13:53'),(618,1,1,'default_ups_default_ups','text_next_day_air','UPS Next Day Air','2014-01-25 12:13:53','2014-01-25 12:13:53'),(619,1,1,'default_ups_default_ups','text_2nd_day_air','UPS Second Day Air','2014-01-25 12:13:53','2014-01-25 12:13:53'),(620,1,1,'default_ups_default_ups','text_ground','UPS Ground','2014-01-25 12:13:53','2014-01-25 12:13:53'),(621,1,1,'default_ups_default_ups','text_3_day_select','UPS Three-Day Select','2014-01-25 12:13:53','2014-01-25 12:13:53'),(622,1,1,'default_ups_default_ups','text_next_day_air_saver','UPS Next Day Air Saver','2014-01-25 12:13:53','2014-01-25 12:13:53'),(623,1,1,'default_ups_default_ups','text_next_day_air_early_am','UPS Next Day Air Early A.M.','2014-01-25 12:13:53','2014-01-25 12:13:53'),(624,1,1,'default_ups_default_ups','text_2nd_day_air_am','UPS Second Day Air A.M.','2014-01-25 12:13:53','2014-01-25 12:13:53'),(625,1,1,'default_ups_default_ups','text_saver','UPS Saver','2014-01-25 12:13:53','2014-01-25 12:13:53'),(626,1,1,'default_ups_default_ups','text_worldwide_express','UPS Worldwide Express','2014-01-25 12:13:53','2014-01-25 12:13:53'),(627,1,1,'default_ups_default_ups','text_worldwide_expedited','UPS Worldwide Expedited','2014-01-25 12:13:53','2014-01-25 12:13:53'),(628,1,1,'default_ups_default_ups','text_standard','UPS Standard','2014-01-25 12:13:53','2014-01-25 12:13:53'),(629,1,1,'default_ups_default_ups','text_worldwide_express_plus','UPS Worldwide Express Plus','2014-01-25 12:13:53','2014-01-25 12:13:53'),(630,1,1,'default_ups_default_ups','text_express','UPS Express','2014-01-25 12:13:53','2014-01-25 12:13:53'),(631,1,1,'default_ups_default_ups','text_expedited','UPS Expedited','2014-01-25 12:13:53','2014-01-25 12:13:53'),(632,1,1,'default_ups_default_ups','text_express_early_am','UPS Express Early A.M.','2014-01-25 12:13:53','2014-01-25 12:13:53'),(633,1,1,'default_ups_default_ups','text_express_plus','UPS Express Plus','2014-01-25 12:13:53','2014-01-25 12:13:53'),(634,1,1,'default_ups_default_ups','text_today_standard','UPS Today Standard','2014-01-25 12:13:53','2014-01-25 12:13:53'),(635,1,1,'default_ups_default_ups','text_today_dedicated_courier','UPS Today Dedicated Courier','2014-01-25 12:13:53','2014-01-25 12:13:53'),(636,1,1,'default_ups_default_ups','text_today_intercity','UPS Today Intercity','2014-01-25 12:13:53','2014-01-25 12:13:53'),(637,1,1,'default_ups_default_ups','text_today_express','UPS Today Express','2014-01-25 12:13:53','2014-01-25 12:13:53'),(638,1,1,'default_ups_default_ups','text_today_express_saver','UPS Today Express Saver','2014-01-25 12:13:53','2014-01-25 12:13:53'),(639,1,1,'default_ups_default_ups','entry_key','Access Key:<span class=\"help\">Enter the XML rates access key assigned to you by UPS.</span>','2014-01-25 12:13:53','2014-01-25 12:13:53'),(640,1,1,'default_ups_default_ups','entry_username','Username:<span class=\"help\">Enter your UPS Services account username.</span>','2014-01-25 12:13:53','2014-01-25 12:13:53'),(641,1,1,'default_ups_default_ups','entry_password','Password:<span class=\"help\">Enter your UPS Services account password.</span>','2014-01-25 12:13:53','2014-01-25 12:13:53'),(642,1,1,'default_ups_default_ups','entry_pickup','Pickup Method:<span class=\"help\">How do you give packages to UPS (only used when origin is US)?</span>','2014-01-25 12:13:53','2014-01-25 12:13:53'),(643,1,1,'default_ups_default_ups','entry_packaging','Packaging Type:<span class=\"help\">What kind of packaging do you use?</span>','2014-01-25 12:13:53','2014-01-25 12:13:53'),(644,1,1,'default_ups_default_ups','entry_classification','Customer Classification Code:<span class=\"help\">01 - If you are billing to a UPS account and have a daily UPS pickup, 03 - If you do not have a UPS account or you are billing to a UPS account but do not have a daily pickup, 04 - If you are shipping from a retail outlet (only used when origin is US)</span>','2014-01-25 12:13:53','2014-01-25 12:13:53'),(645,1,1,'default_ups_default_ups','entry_origin','Shipping Origin Code:<span class=\"help\">What origin point should be used (this setting affects only what UPS product names are shown to the user)</span>','2014-01-25 12:13:53','2014-01-25 12:13:53'),(646,1,1,'default_ups_default_ups','entry_city','Origin City:<span class=\"help\">Enter the name of the origin city.</span>','2014-01-25 12:13:53','2014-01-25 12:13:53'),(647,1,1,'default_ups_default_ups','entry_state','Origin State/Province:<span class=\"help\">Enter the two-letter code for your origin state/province.</span>','2014-01-25 12:13:53','2014-01-25 12:13:53'),(648,1,1,'default_ups_default_ups','entry_country','Origin Country:<span class=\"help\">Enter the two-letter code for your origin country.</span>','2014-01-25 12:13:53','2014-01-25 12:13:53'),(649,1,1,'default_ups_default_ups','entry_postcode','Origin Zip/Postal Code:<span class=\"help\">Enter your origin zip/postalcode.</span>','2014-01-25 12:13:53','2014-01-25 12:13:53'),(650,1,1,'default_ups_default_ups','entry_test','Test Mode:<span class=\"help\">Use this module in Test (YES) or Production mode (NO)?</span>','2014-01-25 12:13:53','2014-01-25 12:13:53'),(651,1,1,'default_ups_default_ups','entry_quote_type','Quote Type:<span class=\"help\">Quote for Residential or Commercial Delivery.</span>','2014-01-25 12:13:53','2014-01-25 12:13:53'),(652,1,1,'default_ups_default_ups','entry_service','Services:<span class=\"help\">Select the UPS services to be offered.</span>','2014-01-25 12:13:53','2014-01-25 12:13:53'),(653,1,1,'default_ups_default_ups','entry_display_weight','Display Delivery Weight:<br /><span class=\"help\">Do you want to display the shipping weight? (e.g. Delivery Weight : 2.7674 Kg\'s)</span>','2014-01-25 12:13:53','2014-01-25 12:13:53'),(654,1,1,'default_ups_default_ups','entry_weight_code','\n			Weight Code:<br /><span class=\"help\">Allowed kgs or lbs. Make sure you match the weight class with the UPS accepted weight code.</span>','2014-01-25 12:13:53','2014-01-25 12:13:53'),(655,1,1,'default_ups_default_ups','entry_weight_class','Weight Class:<span class=\"help\">Set to kilograms or pounds.</span>','2014-01-25 12:13:53','2014-01-25 12:13:53'),(656,1,1,'default_ups_default_ups','entry_length_class','Length Class:<span class=\"help\">inches or centimeters</span>','2014-01-25 12:13:53','2014-01-25 12:13:53'),(657,1,1,'default_ups_default_ups','entry_dimensions','Dimensions (L x W x H):<span class=\"help\">This is assumed to be your average packing box size. Individual item dimensions are not supported at this time so you must enter average dimensions like 5x5x5.</span>','2014-01-25 12:13:53','2014-01-25 12:13:53'),(658,1,1,'default_ups_default_ups','entry_tax','Tax Class:','2014-01-25 12:13:53','2014-01-25 12:13:53'),(659,1,1,'default_ups_default_ups','entry_location','Location:','2014-01-25 12:13:53','2014-01-25 12:13:53'),(660,1,1,'default_ups_default_ups','entry_sort_order','Sort Order:','2014-01-25 12:13:53','2014-01-25 12:13:53'),(661,1,1,'default_ups_default_ups','error_permission','Warning: You do not have permission to modify UPS (US) shipping!','2014-01-25 12:13:53','2014-01-25 12:13:53'),(662,1,1,'default_ups_default_ups','error_key','Access Key Required!','2014-01-25 12:13:53','2014-01-25 12:13:53'),(663,1,1,'default_ups_default_ups','error_username','Username Required!','2014-01-25 12:13:53','2014-01-25 12:13:53'),(664,1,1,'default_ups_default_ups','error_password','Password Required!','2014-01-25 12:13:53','2014-01-25 12:13:53'),(665,1,1,'default_ups_default_ups','error_city','Origin City!','2014-01-25 12:13:53','2014-01-25 12:13:53'),(666,1,1,'default_ups_default_ups','error_state','Origin State/Province Required!','2014-01-25 12:13:53','2014-01-25 12:13:53'),(667,1,1,'default_ups_default_ups','error_country','Origin Country Required!','2014-01-25 12:13:53','2014-01-25 12:13:53'),(668,1,1,'default_usps_default_usps','default_usps_name','United States Postal Service','2014-01-25 12:13:53','2014-01-25 12:13:53'),(669,1,1,'default_usps_default_usps','default_usps_status','Status:','2014-01-25 12:13:53','2014-01-25 12:13:53'),(670,1,1,'default_usps_default_usps','text_shipping',' Shipping','2014-01-25 12:13:53','2014-01-25 12:13:53'),(671,1,1,'default_usps_default_usps','text_additional_settings','USPS Settings','2014-01-25 12:13:53','2014-01-25 12:13:53'),(672,1,1,'default_usps_default_usps','text_success','Success: You have modified United States Postal Service!','2014-01-25 12:13:53','2014-01-25 12:13:53'),(673,1,1,'default_usps_default_usps','text_domestic_0','First-Class','2014-01-25 12:13:53','2014-01-25 12:13:53'),(674,1,1,'default_usps_default_usps','text_domestic_1','Priority Mail','2014-01-25 12:13:53','2014-01-25 12:13:53'),(675,1,1,'default_usps_default_usps','text_domestic_2','Express Mail Hold for Pickup','2014-01-25 12:13:53','2014-01-25 12:13:53'),(676,1,1,'default_usps_default_usps','text_domestic_3','Express Mail PO to Addressee','2014-01-25 12:13:53','2014-01-25 12:13:53'),(677,1,1,'default_usps_default_usps','text_domestic_4','Parcel Post','2014-01-25 12:13:53','2014-01-25 12:13:53'),(678,1,1,'default_usps_default_usps','text_domestic_5','Bound Printed Matter','2014-01-25 12:13:53','2014-01-25 12:13:53'),(679,1,1,'default_usps_default_usps','text_domestic_6','Media Mail','2014-01-25 12:13:53','2014-01-25 12:13:53'),(680,1,1,'default_usps_default_usps','text_domestic_7','Library','2014-01-25 12:13:53','2014-01-25 12:13:53'),(681,1,1,'default_usps_default_usps','text_domestic_12','First-Class Postcard Stamped','2014-01-25 12:13:53','2014-01-25 12:13:53'),(682,1,1,'default_usps_default_usps','text_domestic_13','Express Mail Flat-Rate Envelope','2014-01-25 12:13:53','2014-01-25 12:13:53'),(683,1,1,'default_usps_default_usps','text_domestic_16','Priority Mail Flat-Rate Envelope','2014-01-25 12:13:53','2014-01-25 12:13:53'),(684,1,1,'default_usps_default_usps','text_domestic_17','Priority Mail Regular Flat-Rate Box','2014-01-25 12:13:53','2014-01-25 12:13:53'),(685,1,1,'default_usps_default_usps','text_domestic_18','Priority Mail Keys and IDs','2014-01-25 12:13:53','2014-01-25 12:13:53'),(686,1,1,'default_usps_default_usps','text_domestic_19','First-Class Keys and IDs','2014-01-25 12:13:53','2014-01-25 12:13:53'),(687,1,1,'default_usps_default_usps','text_domestic_22','Priority Mail Flat-Rate Large Box','2014-01-25 12:13:53','2014-01-25 12:13:53'),(688,1,1,'default_usps_default_usps','text_domestic_23','Express Mail Sunday/Holiday','2014-01-25 12:13:53','2014-01-25 12:13:53'),(689,1,1,'default_usps_default_usps','text_domestic_25','Express Mail Flat-Rate Envelope Sunday/Holiday','2014-01-25 12:13:53','2014-01-25 12:13:53'),(690,1,1,'default_usps_default_usps','text_domestic_27','Express Mail Flat-Rate Envelope Hold For Pickup','2014-01-25 12:13:53','2014-01-25 12:13:53'),(691,1,1,'default_usps_default_usps','text_domestic_28','Priority Mail Small Flat-Rate Box','2014-01-25 12:13:53','2014-01-25 12:13:53'),(692,1,1,'default_usps_default_usps','text_international_1','Express Mail International','2014-01-25 12:13:53','2014-01-25 12:13:53'),(693,1,1,'default_usps_default_usps','text_international_2','Priority Mail International','2014-01-25 12:13:53','2014-01-25 12:13:53'),(694,1,1,'default_usps_default_usps','text_international_4','Global Express Guaranteed (Document and Non-document)','2014-01-25 12:13:53','2014-01-25 12:13:53'),(695,1,1,'default_usps_default_usps','text_international_5','Global Express Guaranteed Document used','2014-01-25 12:13:53','2014-01-25 12:13:53'),(696,1,1,'default_usps_default_usps','text_international_6','Global Express Guaranteed Non-Document Rectangular shape','2014-01-25 12:13:53','2014-01-25 12:13:53'),(697,1,1,'default_usps_default_usps','text_international_7','Global Express Guaranteed Non-Document Non-Rectangular','2014-01-25 12:13:53','2014-01-25 12:13:53'),(698,1,1,'default_usps_default_usps','text_international_8','Priority Mail Flat Rate Envelope','2014-01-25 12:13:53','2014-01-25 12:13:53'),(699,1,1,'default_usps_default_usps','text_international_9','Priority Mail Flat Rate Box','2014-01-25 12:13:53','2014-01-25 12:13:53'),(700,1,1,'default_usps_default_usps','text_international_10','Express Mail International Flat Rate Envelope','2014-01-25 12:13:53','2014-01-25 12:13:53'),(701,1,1,'default_usps_default_usps','text_international_11','Priority Mail Large Flat Rate Box','2014-01-25 12:13:53','2014-01-25 12:13:53'),(702,1,1,'default_usps_default_usps','text_international_12','Global Express Guaranteed Envelope','2014-01-25 12:13:53','2014-01-25 12:13:53'),(703,1,1,'default_usps_default_usps','text_international_13','First Class Mail International Letters','2014-01-25 12:13:53','2014-01-25 12:13:53'),(704,1,1,'default_usps_default_usps','text_international_14','First Class Mail International Flats','2014-01-25 12:13:53','2014-01-25 12:13:53'),(705,1,1,'default_usps_default_usps','text_international_15','First Class Mail International Parcels','2014-01-25 12:13:53','2014-01-25 12:13:53'),(706,1,1,'default_usps_default_usps','text_international_16','Priority Mail Small Flat Rate Box','2014-01-25 12:13:53','2014-01-25 12:13:53'),(707,1,1,'default_usps_default_usps','text_international_21','Postcards','2014-01-25 12:13:53','2014-01-25 12:13:53'),(708,1,1,'default_usps_default_usps','text_regular','Regular','2014-01-25 12:13:53','2014-01-25 12:13:53'),(709,1,1,'default_usps_default_usps','text_large','Large','2014-01-25 12:13:53','2014-01-25 12:13:53'),(710,1,1,'default_usps_default_usps','text_oversize','Oversize','2014-01-25 12:13:53','2014-01-25 12:13:53'),(711,1,1,'default_usps_default_usps','text_rectangular','Rectangular','2014-01-25 12:13:53','2014-01-25 12:13:53'),(712,1,1,'default_usps_default_usps','text_non_rectangular','Non Rectangular','2014-01-25 12:13:53','2014-01-25 12:13:53'),(713,1,1,'default_usps_default_usps','text_variable','Variable','2014-01-25 12:13:53','2014-01-25 12:13:53'),(714,1,1,'default_usps_default_usps','entry_user_id','User ID:','2014-01-25 12:13:53','2014-01-25 12:13:53'),(715,1,1,'default_usps_default_usps','entry_password','Password:','2014-01-25 12:13:53','2014-01-25 12:13:53'),(716,1,1,'default_usps_default_usps','entry_postcode','Zip Code:','2014-01-25 12:13:53','2014-01-25 12:13:53'),(717,1,1,'default_usps_default_usps','entry_domestic','Domestic Services:','2014-01-25 12:13:53','2014-01-25 12:13:53'),(718,1,1,'default_usps_default_usps','entry_international','International Services:','2014-01-25 12:13:53','2014-01-25 12:13:53'),(719,1,1,'default_usps_default_usps','entry_size','Size:','2014-01-25 12:13:53','2014-01-25 12:13:53'),(720,1,1,'default_usps_default_usps','entry_container','Container:','2014-01-25 12:13:53','2014-01-25 12:13:53'),(721,1,1,'default_usps_default_usps','entry_machinable','Machinable:','2014-01-25 12:13:53','2014-01-25 12:13:53'),(722,1,1,'default_usps_default_usps','entry_dimension','Dimensions (L x W x H):','2014-01-25 12:13:53','2014-01-25 12:13:53'),(723,1,1,'default_usps_default_usps','entry_length','Dimensions Length:','2014-01-25 12:13:53','2014-01-25 12:13:53'),(724,1,1,'default_usps_default_usps','entry_width','Dimensions Width:','2014-01-25 12:13:53','2014-01-25 12:13:53'),(725,1,1,'default_usps_default_usps','entry_height','Dimensions Height:','2014-01-25 12:13:53','2014-01-25 12:13:53'),(726,1,1,'default_usps_default_usps','entry_girth','Girth:','2014-01-25 12:13:53','2014-01-25 12:13:53'),(727,1,1,'default_usps_default_usps','entry_display_time','Display Delivery Time:<br /><span class=\"help\">Do you want to display the shipping time? (e.g. Ships within 3 to 5 days)</span>','2014-01-25 12:13:53','2014-01-25 12:13:53'),(728,1,1,'default_usps_default_usps','entry_display_weight','Display Delivery Weight:<br /><span class=\"help\">Do you want to display the shipping weight? (e.g. Delivery Weight : 2.7674 Kg\'s)</span>','2014-01-25 12:13:53','2014-01-25 12:13:53'),(729,1,1,'default_usps_default_usps','entry_weight_class','Weight Class:<br /><span class=\"help\">Set to pounds.</span>','2014-01-25 12:13:53','2014-01-25 12:13:53'),(730,1,1,'default_usps_default_usps','entry_length_class','Length Class:<br /><span class=\"help\"></span>','2014-01-25 12:13:53','2014-01-25 12:13:53'),(731,1,1,'default_usps_default_usps','entry_tax','Tax Class:','2014-01-25 12:13:53','2014-01-25 12:13:53'),(732,1,1,'default_usps_default_usps','entry_location','Location:','2014-01-25 12:13:53','2014-01-25 12:13:53'),(733,1,1,'default_usps_default_usps','entry_sort_order','Sort Order:','2014-01-25 12:13:53','2014-01-25 12:13:53'),(734,1,1,'default_usps_default_usps','error_permission','Warning: You do not have permission to modify United States Postal Service!','2014-01-25 12:13:53','2014-01-25 12:13:53'),(735,1,1,'default_usps_default_usps','error_user_id','User ID Required!','2014-01-25 12:13:53','2014-01-25 12:13:53'),(736,1,1,'default_usps_default_usps','error_postcode','Zip Code Required!','2014-01-25 12:13:53','2014-01-25 12:13:53'),(737,1,1,'default_weight_default_weight','default_weight_name','Weight Based Shipping','2014-01-25 12:13:53','2014-01-25 12:13:53'),(738,1,1,'default_weight_default_weight','text_shipping','Shipping','2014-01-25 12:13:53','2014-01-25 12:13:53'),(739,1,1,'default_weight_default_weight','text_additional_settings',' Additional Settings ','2014-01-25 12:13:53','2014-01-25 12:13:53'),(740,1,1,'default_weight_default_weight','text_success','Success: You have modified weight based shipping!','2014-01-25 12:13:53','2014-01-25 12:13:53'),(741,1,1,'default_weight_default_weight','entry_rate','Rates:<br /><span class=\"help\">Example: 5:10.00,7:12.00 Weight:Cost,Weight:Cost, etc..</span>','2014-01-25 12:13:53','2014-01-25 12:13:53'),(742,1,1,'default_weight_default_weight','entry_status','Status:','2014-01-25 12:13:53','2014-01-25 12:13:53'),(743,1,1,'default_weight_default_weight','entry_tax','Tax Class:','2014-01-25 12:13:53','2014-01-25 12:13:53'),(744,1,1,'default_weight_default_weight','entry_location','Location:','2014-01-25 12:13:53','2014-01-25 12:13:53'),(745,1,1,'default_weight_default_weight','default_weight_status','Status:','2014-01-25 12:13:53','2014-01-25 12:13:53'),(746,1,1,'default_weight_default_weight','entry_sort_order','Sort Order:','2014-01-25 12:13:53','2014-01-25 12:13:53'),(747,1,1,'default_weight_default_weight','default_weight_autoselect','Auto Select:<br /><span class=\"help\">You can set to skip shipping selection page if there is only one shipping option. This shipping method will be selected automatically</span>','2014-01-25 12:13:53','2014-01-25 12:13:53'),(748,1,1,'default_weight_default_weight','default_weight_accept_payments','Accept these payments:<br /><span class=\"help\">If only specific payment methods are needed for this shipping method, select them here. If nothing selected, all available payment methods will be shown</span>','2014-01-25 12:13:53','2014-01-25 12:13:53'),(749,1,1,'default_weight_default_weight','error_permission','Warning: You do not have permission to modify weight based shipping!','2014-01-25 12:13:53','2014-01-25 12:13:53'),(750,1,1,'default_worldpay_default_worldpay','default_worldpay_name','WorldPay','2014-01-25 12:13:53','2014-01-25 12:13:53'),(751,1,1,'default_worldpay_default_worldpay','text_payment','Payment','2014-01-25 12:13:53','2014-01-25 12:13:53'),(752,1,1,'default_worldpay_default_worldpay','text_success','Success: You have modified WorldPay account details!','2014-01-25 12:13:53','2014-01-25 12:13:53'),(753,1,1,'default_worldpay_default_worldpay','text_successful','On - Always Successful','2014-01-25 12:13:53','2014-01-25 12:13:53'),(754,1,1,'default_worldpay_default_worldpay','text_declined','On - Always Declined','2014-01-25 12:13:53','2014-01-25 12:13:53'),(755,1,1,'default_worldpay_default_worldpay','text_off','Off','2014-01-25 12:13:53','2014-01-25 12:13:53'),(756,1,1,'default_worldpay_default_worldpay','default_worldpay_merchant','Merchant ID:','2014-01-25 12:13:53','2014-01-25 12:13:53'),(757,1,1,'default_worldpay_default_worldpay','default_worldpay_password','Payment Response password:<br /><span class=\"help\">This has to be set in the WordPay control panel.</span>','2014-01-25 12:13:53','2014-01-25 12:13:53'),(758,1,1,'default_worldpay_default_worldpay','default_worldpay_test','Test Mode:','2014-01-25 12:13:53','2014-01-25 12:13:53'),(759,1,1,'default_worldpay_default_worldpay','default_worldpay_test_0','Off','2014-01-25 12:13:53','2014-01-25 12:13:53'),(760,1,1,'default_worldpay_default_worldpay','default_worldpay_test_100','On - Always Successful','2014-01-25 12:13:53','2014-01-25 12:13:53'),(761,1,1,'default_worldpay_default_worldpay','default_worldpay_test_101','On - Always Declined','2014-01-25 12:13:53','2014-01-25 12:13:53'),(762,1,1,'default_worldpay_default_worldpay','default_worldpay_order_status_id','Order Status:','2014-01-25 12:13:53','2014-01-25 12:13:53'),(763,1,1,'default_worldpay_default_worldpay','default_worldpay_location_id','Location:','2014-01-25 12:13:53','2014-01-25 12:13:53'),(764,1,1,'default_worldpay_default_worldpay','default_worldpay_location_id_0','All Locations','2014-01-25 12:13:53','2014-01-25 12:13:53'),(765,1,1,'default_worldpay_default_worldpay','default_worldpay_status','Status:','2014-01-25 12:13:53','2014-01-25 12:13:53'),(766,1,1,'default_worldpay_default_worldpay','default_worldpay_sort_order','Sort Order:','2014-01-25 12:13:53','2014-01-25 12:13:53'),(767,1,1,'default_worldpay_default_worldpay','default_worldpay_autoselect','Auto Select:<br /><span class=\"help\">You can set to skip payment selection page if there is only one payment option. This payment method will be selected automatically</span>','2014-01-25 12:13:53','2014-01-25 12:13:53'),(768,1,1,'default_worldpay_default_worldpay','error_permission','Warning: You do not have permission to modify payment WorldPay!','2014-01-25 12:13:53','2014-01-25 12:13:53'),(769,1,1,'default_worldpay_default_worldpay','error_merchant','Merchant ID Required!','2014-01-25 12:13:53','2014-01-25 12:13:53'),(770,1,1,'default_worldpay_default_worldpay','error_password','Password Required!','2014-01-25 12:13:53','2014-01-25 12:13:53'),(771,1,1,'encryption_data_manager_encryption_data_manager','encryption_data_manager_name','Encryption Data Manager','2014-01-25 12:13:53','2014-01-25 12:13:53'),(772,1,1,'encryption_data_manager_encryption_data_manager','text_extensions','Extensions','2014-01-25 12:13:53','2014-01-25 12:13:53'),(773,1,1,'encryption_data_manager_encryption_data_manager','text_additional_settings',' Encryption Data Tools ','2014-01-25 12:13:53','2014-01-25 12:13:53'),(774,1,1,'encryption_data_manager_encryption_data_manager','entry_status','Status:','2014-01-25 12:13:53','2014-01-25 12:13:53'),(775,1,1,'encryption_data_manager_encryption_data_manager','encryption_data_manager_status','Status:','2014-01-25 12:13:53','2014-01-25 12:13:53'),(776,1,1,'encryption_data_manager_encryption_data_manager','entry_sort_order','Sort Order:','2014-01-25 12:13:53','2014-01-25 12:13:53'),(777,1,1,'encryption_data_manager_encryption_data_manager','button_generate_keys','Generate Key Pair','2014-01-25 12:13:53','2014-01-25 12:13:53'),(778,1,1,'encryption_data_manager_encryption_data_manager','button_encrypt_data','Encrypt Data','2014-01-25 12:13:53','2014-01-25 12:13:53'),(779,1,1,'encryption_data_manager_encryption_data_manager','error_permission','Warning: You do not have permission to modify weight based shipping!','2014-01-25 12:13:53','2014-01-25 12:13:53'),(780,1,1,'encryption_data_manager_encryption_data_manager','error_duplicate_key','Error: Selected key name pair already exists!','2014-01-25 12:13:53','2014-01-25 12:13:53'),(781,1,1,'encryption_data_manager_encryption_data_manager','encryption_data_manager_note','\n		  <b>This extension requires ADVANCED configuration and attention</b><br/> \n		  <b>Once enabled and data encrypted, there is NO undo and extension can not be disabled! </b><br/> \n		  This extension helps managing encryption keys creation and data migration from open to encrypted tables (initial migration)<br/> \n		  <b>PLEASE NOTE:</b> you need to have <b>PHP 5.3</b> or grater with SSL Encryption  <b>ENABLED</b>\n          <br/>\n          <br/>To enable data encryption please read help instructions (Help button above)','2014-01-25 12:13:53','2014-01-25 12:13:53'),(782,1,1,'encryption_data_manager_encryption_data_manager','error_openssl_disabled','Warning: OpenSSL for PHP is not available or not activated. You can not use encryption or this extension! <br> Check HELP for this extension for more details.','2014-01-25 12:13:53','2014-01-25 12:13:53'),(783,1,1,'encryption_data_manager_encryption_data_manager','error_data_encryption_disabled','Warning: Data Encryption is not enabled on your AbanteCart. You can not encrypt/decrypt data using this extension! <br> Check HELP for this extension for more details.','2014-01-25 12:13:53','2014-01-25 12:13:53'),(784,1,1,'encryption_data_manager_encryption_data_manager','key_gen_section_name','Generate Key Pair','2014-01-25 12:13:53','2014-01-25 12:13:53'),(785,1,1,'encryption_data_manager_encryption_data_manager','data_encryption','Encrypt Data','2014-01-25 12:13:53','2014-01-25 12:13:53'),(786,1,1,'encryption_data_manager_encryption_data_manager','error_required_data_missing','Missing required data field(s). Please check provided vaules','2014-01-25 12:13:53','2014-01-25 12:13:53'),(787,1,1,'encryption_data_manager_encryption_data_manager','entry_key_name','Unique key pair name:<br /><span class=\"help\">Name should not contain any spaces or special characters. Keeps it short and simple.</span>','2014-01-25 12:13:53','2014-01-25 12:13:53'),(788,1,1,'encryption_data_manager_encryption_data_manager','entry_key_length','Key length (bits):<br /><span class=\"help\">Specify key encryption bit length. Larger number represent stronger encryption, but can slower performance (Range 256 - 8192 )</span>','2014-01-25 12:13:53','2014-01-25 12:13:53'),(789,1,1,'encryption_data_manager_encryption_data_manager','entry_private_key_type','Ecncryption type:<br /><span class=\"help\">This is an encryption algorithm. Use default RSA if you are not advanced user.</span>','2014-01-25 12:13:53','2014-01-25 12:13:53'),(790,1,1,'encryption_data_manager_encryption_data_manager','entry_encrypt_key','Enable password based key:<br /><span class=\"help\">If enable, addtional passphrase will be required to decrypt text with use of private key. NOTE. This is not currently supported in data encryption.</span>','2014-01-25 12:13:53','2014-01-25 12:13:53'),(791,1,1,'encryption_data_manager_encryption_data_manager','entry_passphrase','Passphrase or key password:<br /><span class=\"help\">Remember the passphrase or key(s) will be useless and data might be lost</span>','2014-01-25 12:13:53','2014-01-25 12:13:53'),(792,1,1,'encryption_data_manager_encryption_data_manager','text_success_key_get','<b>Key pair has been created. See keys below and keep them safe.</b> <br/><br/> %s <br/><br/> %s ','2014-01-25 12:13:53','2014-01-25 12:13:53'),(793,1,1,'encryption_data_manager_encryption_data_manager','error_generating_keys_failed','Key pair generation failed. Check your settings and check error log.','2014-01-25 12:13:53','2014-01-25 12:13:53'),(794,1,1,'encryption_data_manager_encryption_data_manager','entry_enc_key','Key pair name:<br /><span class=\"help\">Select key to be used for encryption. IMPORTANT: Remember key that you used</span>','2014-01-25 12:13:53','2014-01-25 12:13:53'),(795,1,1,'encryption_data_manager_encryption_data_manager','entry_enc_tables','Table(s) to encrypt:<br /><span class=\"help\">Shown table(s) will be encryted with the key selected. Data can only be opened with this key</span>','2014-01-25 12:13:53','2014-01-25 12:13:53'),(796,1,1,'encryption_data_manager_encryption_data_manager','entry_enc_test_mode','Test Mode:<br /><span class=\"help\">Check first that all is OK to be encrepted.</span>','2014-01-25 12:13:53','2014-01-25 12:13:53'),(797,1,1,'encryption_data_manager_encryption_data_manager','entry_enc_remove_original','Remove source data:<br /><span class=\"help\">Remove source un-encrepted data records after encryption is complete</span>','2014-01-25 12:13:53','2014-01-25 12:13:53'),(798,1,1,'encryption_data_manager_encryption_data_manager','text_success_encrypting','<b>Data has been encrypted. <br />  See details:</b> <br/><br/> %s <br /><br /> <b>If you want this key to be used for new data encryption, add following line to file system/config.php : define(\'DATA_ENCRYPTION_KEYPAIR\', \'%s\'); </b> ','2014-01-25 12:13:53','2014-01-25 12:13:53'),(799,1,1,'encryption_data_manager_encryption_data_manager','text_encryption_test','<b>Data encryption test result</b> Check error log for any possible errors! <br/><br/> %s ','2014-01-25 12:13:53','2014-01-25 12:13:53'),(800,1,1,'encryption_data_manager_encryption_data_manager','error_encrypting','Data encryption failed. Check your settings and check error log.','2014-01-25 12:13:53','2014-01-25 12:13:53'),(801,1,1,'encryption_data_manager_encryption_data_manager','post_encrypting_notice','<b>Important notes! After encryption is completed data will be copied to mirror tables with data encrypted in them. \n    		<br />Follow instructions to add configuration to system/config.php for AbanteCart to switch read/write operations to encrypted tables. </b><br /> Add following line to configuration file: define(\'DATA_ENCRYPTION_KEYPAIR\', \'your_key_name\'); <br> This will be default key for read/write operations ','2014-01-25 12:13:53','2014-01-25 12:13:53'),(802,1,1,'encryption_data_manager_encryption_data_manager','encryption_usage','Encryption Usage','2014-01-25 12:13:53','2014-01-25 12:13:53'),(803,1,1,'encryption_data_manager_encryption_data_manager','text_unencrepted_records','Un-encrypted data records','2014-01-25 12:13:53','2014-01-25 12:13:53'),(804,1,1,'encryption_data_manager_encryption_data_manager','warn_encrypt_open_data','Use \'Encrypt Data\' Tab for initial encryption','2014-01-25 12:13:53','2014-01-25 12:13:53'),(805,1,1,'encryption_data_manager_encryption_data_manager','text_encrepted_records','Encrypted data records','2014-01-25 12:13:53','2014-01-25 12:13:53'),(806,1,1,'encryption_data_manager_encryption_data_manager','text_usage_heading_key_id','Key ID','2014-01-25 12:13:53','2014-01-25 12:13:53'),(807,1,1,'encryption_data_manager_encryption_data_manager','text_usage_heading_key_name','Key Name','2014-01-25 12:13:53','2014-01-25 12:13:53'),(808,1,1,'encryption_data_manager_encryption_data_manager','text_usage_heading_key_tables','Encrypted Tables Usage','2014-01-25 12:13:53','2014-01-25 12:13:53'),(809,1,1,'encryption_data_manager_encryption_data_manager','text_usage_heading_key_rotate','Rotate (change) Encryption to new key','2014-01-25 12:13:53','2014-01-25 12:13:53'),(810,1,1,'encryption_data_manager_encryption_data_manager','text_usage_records','record(s)','2014-01-25 12:13:53','2014-01-25 12:13:53'),(811,1,1,'catalog_attribute','heading_title','Global Attributes','2014-01-25 12:13:53','2014-01-25 12:13:53'),(812,1,1,'catalog_attribute','text_attribute','Global Attribute','2014-01-25 12:13:53','2014-01-25 12:13:53'),(813,1,1,'catalog_attribute','text_success','Success: You have modified attributes!','2014-01-25 12:13:53','2014-01-25 12:13:53'),(814,1,1,'catalog_attribute','text_select_type','- Select Type -','2014-01-25 12:13:53','2014-01-25 12:13:53'),(815,1,1,'catalog_attribute','text_select_parent','- Select Parent -','2014-01-25 12:13:53','2014-01-25 12:13:53'),(816,1,1,'catalog_attribute','column_name','Name','2014-01-25 12:13:53','2014-01-25 12:13:53'),(817,1,1,'catalog_attribute','column_type','Type','2014-01-25 12:13:53','2014-01-25 12:13:53'),(818,1,1,'catalog_attribute','column_sort_order','Sort Order','2014-01-25 12:13:53','2014-01-25 12:13:53'),(819,1,1,'catalog_attribute','column_status','Status','2014-01-25 12:13:53','2014-01-25 12:13:53'),(820,1,1,'catalog_attribute','column_action','Action','2014-01-25 12:13:53','2014-01-25 12:13:53'),(821,1,1,'catalog_attribute','entry_name','Name:','2014-01-25 12:13:53','2014-01-25 12:13:53'),(822,1,1,'catalog_attribute','entry_attribute_parent','Attribute Parent:','2014-01-25 12:13:53','2014-01-25 12:13:53'),(823,1,1,'catalog_attribute','entry_attribute_group','Attribute Group:','2014-01-25 12:13:53','2014-01-25 12:13:53'),(824,1,1,'catalog_attribute','entry_attribute_type','Attribute Type:','2014-01-25 12:13:53','2014-01-25 12:13:53'),(825,1,1,'catalog_attribute','entry_element_type','Element Type:','2014-01-25 12:13:53','2014-01-25 12:13:53'),(826,1,1,'catalog_attribute','entry_element_values','Element Values:','2014-01-25 12:13:53','2014-01-25 12:13:53'),(827,1,1,'catalog_attribute','entry_sort_order','Sort Order:','2014-01-25 12:13:53','2014-01-25 12:13:53'),(828,1,1,'catalog_attribute','entry_required','Required:','2014-01-25 12:13:53','2014-01-25 12:13:53'),(829,1,1,'catalog_attribute','entry_status','Status:','2014-01-25 12:13:53','2014-01-25 12:13:53'),(830,1,1,'catalog_attribute','entry_children_attributes','Children Attributes:','2014-01-25 12:13:53','2014-01-25 12:13:53'),(831,1,1,'catalog_attribute','error_permission','Warning: You do not have permission to modify global attributes!','2014-01-25 12:13:53','2014-01-25 12:13:53'),(832,1,1,'catalog_attribute','error_name','Group Name must be between 2 and 32 characters!','2014-01-25 12:13:53','2014-01-25 12:13:53'),(833,1,1,'catalog_attribute','error_required','This field is required!','2014-01-25 12:13:53','2014-01-25 12:13:53'),(834,1,1,'catalog_attribute','text_parent_note','If this is a parent attribute with children attributes, it can only be of type SelectBox, MultiSelect Box, Checkbox and Checkbox group.<br>Children values combination will be shown as one set.','2014-01-25 12:13:53','2014-01-25 12:13:53'),(835,1,1,'catalog_attribute','entry_allowed_extensions','Allowed File Extensions (txt, jpg …)','2014-01-25 12:13:53','2014-01-25 12:13:53'),(836,1,1,'catalog_attribute','entry_min_size','Min file size (Kb)','2014-01-25 12:13:53','2014-01-25 12:13:53'),(837,1,1,'catalog_attribute','entry_max_size','Max file size (Kb)','2014-01-25 12:13:53','2014-01-25 12:13:53'),(838,1,1,'catalog_attribute','entry_upload_dir','Upload directory name','2014-01-25 12:13:53','2014-01-25 12:13:53'),(839,1,1,'catalog_attribute','entry_regexp_pattern','Regular Expression Pattern for Validation of Values:','2014-01-25 12:13:53','2014-01-25 12:13:53'),(840,1,1,'catalog_attribute','entry_error_text','Error Message of invalid Value:','2014-01-25 12:13:53','2014-01-25 12:13:53'),(841,1,1,'catalog_attribute','error_attribute_name','Attribute Name must be between 2 and 64 characters!','2014-01-25 12:13:53','2014-01-25 12:13:53'),(842,1,1,'catalog_attribute','error_error_text','Error text about invalid attribute value must be between 2 and 255 characters!','2014-01-25 12:13:53','2014-01-25 12:13:53'),(843,1,1,'catalog_attribute','error_regexp_pattern','Regular Expression Pattern is invalid!','2014-01-25 12:13:53','2014-01-25 12:13:53'),(844,1,1,'catalog_attribute_groups','heading_title','Global Attribute Groups','2014-01-25 12:13:53','2014-01-25 12:13:53'),(845,1,1,'catalog_attribute_groups','text_group','Attribute Group','2014-01-25 12:13:53','2014-01-25 12:13:53'),(846,1,1,'catalog_attribute_groups','text_success','Success: You have modified groups!','2014-01-25 12:13:53','2014-01-25 12:13:53'),(847,1,1,'catalog_attribute_groups','column_name','Group Name','2014-01-25 12:13:53','2014-01-25 12:13:53'),(848,1,1,'catalog_attribute_groups','column_sort_order','Sort Order','2014-01-25 12:13:53','2014-01-25 12:13:53'),(849,1,1,'catalog_attribute_groups','column_status','Status','2014-01-25 12:13:53','2014-01-25 12:13:53'),(850,1,1,'catalog_attribute_groups','column_action','Action','2014-01-25 12:13:53','2014-01-25 12:13:53'),(851,1,1,'catalog_attribute_groups','entry_name','Group Name:','2014-01-25 12:13:53','2014-01-25 12:13:53'),(852,1,1,'catalog_attribute_groups','entry_sort_order','Group Sort Order:','2014-01-25 12:13:53','2014-01-25 12:13:53'),(853,1,1,'catalog_attribute_groups','entry_status','Group Status:','2014-01-25 12:13:53','2014-01-25 12:13:53'),(854,1,1,'catalog_attribute_groups','error_permission','Warning: You do not have permission to modify attribute groups!','2014-01-25 12:13:53','2014-01-25 12:13:53'),(855,1,1,'catalog_attribute_groups','error_name','Group Name must be between 2 and 32 characters!','2014-01-25 12:13:53','2014-01-25 12:13:53'),(856,1,1,'catalog_category','heading_title','Categories','2014-01-25 12:13:53','2014-01-25 12:13:53'),(857,1,1,'catalog_category','text_category','Category','2014-01-25 12:13:53','2014-01-25 12:13:53'),(858,1,1,'catalog_category','text_success','Success: You have modified categories!','2014-01-25 12:13:53','2014-01-25 12:13:53'),(859,1,1,'catalog_category','text_default','Default','2014-01-25 12:13:53','2014-01-25 12:13:53'),(860,1,1,'catalog_category','text_image_manager','Image Manager','2014-01-25 12:13:53','2014-01-25 12:13:53'),(861,1,1,'catalog_category','update_title','Update Category','2014-01-25 12:13:53','2014-01-25 12:13:53'),(862,1,1,'catalog_category','column_image','Image','2014-01-25 12:13:53','2014-01-25 12:13:53'),(863,1,1,'catalog_category','column_name','Category Name','2014-01-25 12:13:53','2014-01-25 12:13:53'),(864,1,1,'catalog_category','column_sort_order','Sort Order','2014-01-25 12:13:53','2014-01-25 12:13:53'),(865,1,1,'catalog_category','column_status','Status','2014-01-25 12:13:53','2014-01-25 12:13:53'),(866,1,1,'catalog_category','column_products','Products count','2014-01-25 12:13:53','2014-01-25 12:13:53'),(867,1,1,'catalog_category','column_subcategories','Subcategories count','2014-01-25 12:13:53','2014-01-25 12:13:53'),(868,1,1,'catalog_category','entry_name','Category Name:','2014-01-25 12:13:53','2014-01-25 12:13:53'),(869,1,1,'catalog_category','entry_meta_keywords','Meta Tag Keywords:','2014-01-25 12:13:53','2014-01-25 12:13:53'),(870,1,1,'catalog_category','entry_meta_description','Meta Tag Description:','2014-01-25 12:13:53','2014-01-25 12:13:53'),(871,1,1,'catalog_category','entry_description','Description:','2014-01-25 12:13:53','2014-01-25 12:13:53'),(872,1,1,'catalog_category','entry_status','Category Status:','2014-01-25 12:13:53','2014-01-25 12:13:53'),(873,1,1,'catalog_category','entry_category','Parent Category:','2014-01-25 12:13:53','2014-01-25 12:13:53'),(874,1,1,'catalog_category','entry_store','Stores:','2014-01-25 12:13:53','2014-01-25 12:13:53'),(875,1,1,'catalog_category','entry_keyword','SEO Keyword:','2014-01-25 12:13:53','2014-01-25 12:13:53'),(876,1,1,'catalog_category','entry_image','Image:','2014-01-25 12:13:53','2014-01-25 12:13:53'),(877,1,1,'catalog_category','entry_sort_order','Sort Order:','2014-01-25 12:13:53','2014-01-25 12:13:53'),(878,1,1,'catalog_category','error_permission','Warning: You do not have permission to modify categories!','2014-01-25 12:13:53','2014-01-25 12:13:53'),(879,1,1,'catalog_category','error_name','Category Name must be between 2 and 32 characters!','2014-01-25 12:13:53','2014-01-25 12:13:53'),(880,1,1,'catalog_category','error_required_data','Required Data has not been entered. Check for field errors!','2014-01-25 12:13:53','2014-01-25 12:13:53'),(881,1,1,'catalog_category','text_select_all','- All Categories -','2014-01-25 12:13:53','2014-01-25 12:13:53'),(882,1,1,'catalog_category','text_select_parent','- Select Parent -','2014-01-25 12:13:53','2014-01-25 12:13:53'),(883,1,1,'catalog_category','text_success_layout','Success: You have modified category page layout.','2014-01-25 12:13:53','2014-01-25 12:13:53'),(884,1,1,'catalog_category','tab_layout',' Layout ','2014-01-25 12:13:53','2014-01-25 12:13:53'),(885,1,1,'catalog_category','tab_image','Images','2014-01-25 12:13:53','2014-01-25 12:13:53'),(886,1,1,'catalog_download','heading_title','Downloads','2014-01-25 12:13:53','2014-01-25 12:13:53'),(887,1,1,'catalog_download','text_download','Download','2014-01-25 12:13:53','2014-01-25 12:13:53'),(888,1,1,'catalog_download','insert_title','Insert Download','2014-01-25 12:13:53','2014-01-25 12:13:53'),(889,1,1,'catalog_download','update_title','Update Download','2014-01-25 12:13:53','2014-01-25 12:13:53'),(890,1,1,'catalog_download','text_success','Success: You have modified downloads!','2014-01-25 12:13:53','2014-01-25 12:13:53'),(891,1,1,'catalog_download','column_name','Download Name','2014-01-25 12:13:53','2014-01-25 12:13:53'),(892,1,1,'catalog_download','column_remaining','Total Downloads Allowed','2014-01-25 12:13:53','2014-01-25 12:13:53'),(893,1,1,'catalog_download','column_action','Action','2014-01-25 12:13:53','2014-01-25 12:13:53'),(894,1,1,'catalog_download','entry_name','Download Name:','2014-01-25 12:13:53','2014-01-25 12:13:53'),(895,1,1,'catalog_download','entry_filename','Filename:','2014-01-25 12:13:53','2014-01-25 12:13:53'),(896,1,1,'catalog_download','entry_remaining','Total Downloads Allowed:','2014-01-25 12:13:53','2014-01-25 12:13:53'),(897,1,1,'catalog_download','entry_update','Push to Previous Customers:<br /><span class=\"help\">Check this to update previously purchased versions as well.</span>','2014-01-25 12:13:53','2014-01-25 12:13:53'),(898,1,1,'catalog_download','error_permission','Warning: You do not have permission to modify downloads!','2014-01-25 12:13:53','2014-01-25 12:13:53'),(899,1,1,'catalog_download','error_name','Name must be between 2 and 64 characters!','2014-01-25 12:13:53','2014-01-25 12:13:53'),(900,1,1,'catalog_download','error_file','Please set the file for download.','2014-01-25 12:13:53','2014-01-25 12:13:53'),(901,1,1,'catalog_download','error_product','Warning: This download cannot be deleted as it is currently assigned to %s products!','2014-01-25 12:13:53','2014-01-25 12:13:53'),(902,1,1,'catalog_manufacturer','heading_title','Manufacturers or Brands','2014-01-25 12:13:53','2014-01-25 12:13:53'),(903,1,1,'catalog_manufacturer','text_manufacturer','Manufacturer or Brand','2014-01-25 12:13:53','2014-01-25 12:13:53'),(904,1,1,'catalog_manufacturer','text_success','Success: You have modified manufacturers!','2014-01-25 12:13:53','2014-01-25 12:13:53'),(905,1,1,'catalog_manufacturer','text_default','Default','2014-01-25 12:13:53','2014-01-25 12:13:53'),(906,1,1,'catalog_manufacturer','text_image_manager','Image Manager','2014-01-25 12:13:53','2014-01-25 12:13:53'),(907,1,1,'catalog_manufacturer','column_name','Manufacturer Name','2014-01-25 12:13:53','2014-01-25 12:13:53'),(908,1,1,'catalog_manufacturer','column_sort_order','Sort Order','2014-01-25 12:13:53','2014-01-25 12:13:53'),(909,1,1,'catalog_manufacturer','column_action','Action','2014-01-25 12:13:53','2014-01-25 12:13:53'),(910,1,1,'catalog_manufacturer','entry_name','Manufacturer Name:','2014-01-25 12:13:53','2014-01-25 12:13:53'),(911,1,1,'catalog_manufacturer','entry_store','Stores:','2014-01-25 12:13:53','2014-01-25 12:13:53'),(912,1,1,'catalog_manufacturer','entry_keyword','SEO Keyword:','2014-01-25 12:13:53','2014-01-25 12:13:53'),(913,1,1,'catalog_manufacturer','entry_edit','Edit','2014-01-25 12:13:53','2014-01-25 12:13:53'),(914,1,1,'catalog_manufacturer','entry_layout',' Layout ','2014-01-25 12:13:53','2014-01-25 12:13:53'),(915,1,1,'catalog_manufacturer','entry_image','Image:','2014-01-25 12:13:53','2014-01-25 12:13:53'),(916,1,1,'catalog_manufacturer','entry_sort_order','Sort Order:','2014-01-25 12:13:53','2014-01-25 12:13:53'),(917,1,1,'catalog_manufacturer','error_manufacturer_not_found','Error: Manufacturer not found!','2014-01-25 12:13:53','2014-01-25 12:13:53'),(918,1,1,'catalog_manufacturer','error_permission','Warning: You do not have permission to modify manufacturers!','2014-01-25 12:13:53','2014-01-25 12:13:53'),(919,1,1,'catalog_manufacturer','error_name','Manufacturer Name must be between 2 and 64 characters!','2014-01-25 12:13:53','2014-01-25 12:13:53'),(920,1,1,'catalog_manufacturer','error_product','Warning: This manufacturer cannot be deleted as it is currently assigned to %s products!','2014-01-25 12:13:53','2014-01-25 12:13:53'),(921,1,1,'catalog_manufacturer','text_success_layout','Success: You have modified category page layout.','2014-01-25 12:13:53','2014-01-25 12:13:53'),(922,1,1,'catalog_product','heading_title','Products','2014-01-25 12:13:53','2014-01-25 12:13:53'),(923,1,1,'catalog_product','text_product','Product','2014-01-25 12:13:53','2014-01-25 12:13:53'),(924,1,1,'catalog_product','tab_media','Media','2014-01-25 12:13:53','2014-01-25 12:13:53'),(925,1,1,'catalog_product','tab_shipping','Shipping','2014-01-25 12:13:53','2014-01-25 12:13:53'),(926,1,1,'catalog_product','tab_relations','Relations','2014-01-25 12:13:53','2014-01-25 12:13:53'),(927,1,1,'catalog_product','tab_promotions','Promotions','2014-01-25 12:13:53','2014-01-25 12:13:53'),(928,1,1,'catalog_product','tab_extensions','Extensions','2014-01-25 12:13:53','2014-01-25 12:13:53'),(929,1,1,'catalog_product','tab_layout','Page Layout','2014-01-25 12:13:53','2014-01-25 12:13:53'),(930,1,1,'catalog_product','text_success','Success: You have modified products!','2014-01-25 12:13:53','2014-01-25 12:13:53'),(931,1,1,'catalog_product','text_success_copy','Success: You have successfully clone product <b>%s</b>!','2014-01-25 12:13:53','2014-01-25 12:13:53'),(932,1,1,'catalog_product','text_plus','+','2014-01-25 12:13:53','2014-01-25 12:13:53'),(933,1,1,'catalog_product','text_minus','-','2014-01-25 12:13:53','2014-01-25 12:13:53'),(934,1,1,'catalog_product','text_default','Default','2014-01-25 12:13:53','2014-01-25 12:13:53'),(935,1,1,'catalog_product','text_product_summary','Product Summary','2014-01-25 12:13:53','2014-01-25 12:13:53'),(936,1,1,'catalog_product','text_image_manager','Image Manager','2014-01-25 12:13:53','2014-01-25 12:13:53'),(937,1,1,'catalog_product','text_option','Option','2014-01-25 12:13:53','2014-01-25 12:13:53'),(938,1,1,'catalog_product','text_option_value','Option Value','2014-01-25 12:13:53','2014-01-25 12:13:53'),(939,1,1,'catalog_product','column_name','Product Name','2014-01-25 12:13:53','2014-01-25 12:13:53'),(940,1,1,'catalog_product','column_model','Model','2014-01-25 12:13:53','2014-01-25 12:13:53'),(941,1,1,'catalog_product','column_image','Image','2014-01-25 12:13:53','2014-01-25 12:13:53'),(942,1,1,'catalog_product','column_quantity','Quantity','2014-01-25 12:13:53','2014-01-25 12:13:53'),(943,1,1,'catalog_product','column_status','Status','2014-01-25 12:13:53','2014-01-25 12:13:53'),(944,1,1,'catalog_product','column_price','Price','2014-01-25 12:13:53','2014-01-25 12:13:53'),(945,1,1,'catalog_product','column_action','Action','2014-01-25 12:13:53','2014-01-25 12:13:53'),(946,1,1,'catalog_product','entry_featured','Featured Product:','2014-01-25 12:13:53','2014-01-25 12:13:53'),(947,1,1,'catalog_product','entry_name','Product Name:','2014-01-25 12:13:53','2014-01-25 12:13:53'),(948,1,1,'catalog_product','entry_meta_keywords','Meta Tag Keywords:','2014-01-25 12:13:53','2014-01-25 12:13:53'),(949,1,1,'catalog_product','entry_meta_description','Meta Tag Description:','2014-01-25 12:13:53','2014-01-25 12:13:53'),(950,1,1,'catalog_product','entry_description','Description:','2014-01-25 12:13:53','2014-01-25 12:13:53'),(951,1,1,'catalog_product','entry_store','Stores:','2014-01-25 12:13:53','2014-01-25 12:13:53'),(952,1,1,'catalog_product','entry_keyword','SEO Keyword:<br/><span class=\"help\">SEO key that will show in URL for this product. You can generate key from product name</span>','2014-01-25 12:13:53','2014-01-25 12:13:53'),(953,1,1,'catalog_product','entry_model','Model:','2014-01-25 12:13:53','2014-01-25 12:13:53'),(954,1,1,'catalog_product','entry_sku','SKU:','2014-01-25 12:13:53','2014-01-25 12:13:53'),(955,1,1,'catalog_product','entry_location','Misc Location:','2014-01-25 12:13:53','2014-01-25 12:13:53'),(956,1,1,'catalog_product','entry_manufacturer','Manufacturer:','2014-01-25 12:13:53','2014-01-25 12:13:53'),(957,1,1,'catalog_product','entry_shipping','Requires Shipping:','2014-01-25 12:13:53','2014-01-25 12:13:53'),(958,1,1,'catalog_product','entry_ship_individually','Ship Product Individually:<br/><span class=\"help\">Product will be shipped in a separate package and additional shipping cost will be added to the order with multiple items</span>','2014-01-25 12:13:53','2014-01-25 12:13:53'),(959,1,1,'catalog_product','entry_shipping_price','Fixed Shipping Price:<br/><span class=\"help\">Master setting with fixed shipping price for this product.</span>','2014-01-25 12:13:53','2014-01-25 12:13:53'),(960,1,1,'catalog_product','entry_free_shipping','Free Shipping:<br/><span class=\"help\">Master setting to enable free shipping for this product.</span>','2014-01-25 12:13:53','2014-01-25 12:13:53'),(961,1,1,'catalog_product','entry_date_available','Date Available:','2014-01-25 12:13:53','2014-01-25 12:13:53'),(962,1,1,'catalog_product','entry_option_quantity','Quantity:','2014-01-25 12:13:53','2014-01-25 12:13:53'),(963,1,1,'catalog_product','entry_quantity','Quantity:<br/><span class=\"help\">Connected to Track Stock setting</span>','2014-01-25 12:13:53','2014-01-25 12:13:53'),(964,1,1,'catalog_product','entry_minimum','Minimum Quantity:<br/><span class=\"help\">Force a minimum ordered amount</span>','2014-01-25 12:13:53','2014-01-25 12:13:53'),(965,1,1,'catalog_product','entry_maximum','Maximum Quantity:<br/><span class=\"help\">Set a limit on quantaty that can be selected per each order. 0 = no limit</span>','2014-01-25 12:13:53','2014-01-25 12:13:53'),(966,1,1,'catalog_product','entry_stock_status','\n			Out Of Stock Status:<br/><span class=\"help\">Status shown when a product is out of stock</span>','2014-01-25 12:13:53','2014-01-25 12:13:53'),(967,1,1,'catalog_product','entry_status','Status:','2014-01-25 12:13:53','2014-01-25 12:13:53'),(968,1,1,'catalog_product','entry_tax_class','Tax Class:','2014-01-25 12:13:53','2014-01-25 12:13:53'),(969,1,1,'catalog_product','entry_cost','Cost:<br/><span class=\"help\">The wholesale cost used for profit reporting</span>','2014-01-25 12:13:53','2014-01-25 12:13:53'),(970,1,1,'catalog_product','entry_price','Price:','2014-01-25 12:13:53','2014-01-25 12:13:53'),(971,1,1,'catalog_product','entry_track_option_stock','Track Stock:','2014-01-25 12:13:53','2014-01-25 12:13:53'),(972,1,1,'catalog_product','entry_subtract','Track Stock:<br/><span class=\"help\">Set YES if need to track stock quantity for this product. If options are used check subtract setting for each option value</span>','2014-01-25 12:13:53','2014-01-25 12:13:53'),(973,1,1,'catalog_product','entry_weight_class','Weight Class:','2014-01-25 12:13:53','2014-01-25 12:13:53'),(974,1,1,'catalog_product','entry_weight','Weight:','2014-01-25 12:13:53','2014-01-25 12:13:53'),(975,1,1,'catalog_product','entry_length_class','Length Class:','2014-01-25 12:13:53','2014-01-25 12:13:53'),(976,1,1,'catalog_product','entry_length','Length:','2014-01-25 12:13:53','2014-01-25 12:13:53'),(977,1,1,'catalog_product','entry_width','Width:','2014-01-25 12:13:53','2014-01-25 12:13:53'),(978,1,1,'catalog_product','entry_height','Height:','2014-01-25 12:13:53','2014-01-25 12:13:53'),(979,1,1,'catalog_product','entry_dimension','Dimensions (L x W x H):','2014-01-25 12:13:53','2014-01-25 12:13:53'),(980,1,1,'catalog_product','entry_image','Image:<br /><span class=\"help\">Click image to change it.</span>','2014-01-25 12:13:53','2014-01-25 12:13:53'),(981,1,1,'catalog_product','entry_customer_group','Customer Group:','2014-01-25 12:13:53','2014-01-25 12:13:53'),(982,1,1,'catalog_product','entry_date_start','Date Start:','2014-01-25 12:13:53','2014-01-25 12:13:53'),(983,1,1,'catalog_product','entry_date_end','Date End:','2014-01-25 12:13:53','2014-01-25 12:13:53'),(984,1,1,'catalog_product','entry_priority','Priority:','2014-01-25 12:13:53','2014-01-25 12:13:53'),(985,1,1,'catalog_product','entry_option','Option:','2014-01-25 12:13:53','2014-01-25 12:13:53'),(986,1,1,'catalog_product','entry_option_name','Option Name:','2014-01-25 12:13:53','2014-01-25 12:13:53'),(987,1,1,'catalog_product','entry_option_value','Option Value:','2014-01-25 12:13:53','2014-01-25 12:13:53'),(988,1,1,'catalog_product','entry_sort_order','Sort Order:','2014-01-25 12:13:53','2014-01-25 12:13:53'),(989,1,1,'catalog_product','entry_prefix','Prefix:','2014-01-25 12:13:53','2014-01-25 12:13:53'),(990,1,1,'catalog_product','entry_option_prefix','Modify Price By:','2014-01-25 12:13:53','2014-01-25 12:13:53'),(991,1,1,'catalog_product','entry_option_price','Price Modifier:','2014-01-25 12:13:53','2014-01-25 12:13:53'),(992,1,1,'catalog_product','entry_category','Categories:','2014-01-25 12:13:53','2014-01-25 12:13:53'),(993,1,1,'catalog_product','entry_download','Downloads:','2014-01-25 12:13:53','2014-01-25 12:13:53'),(994,1,1,'catalog_product','entry_related','Related Products:','2014-01-25 12:13:53','2014-01-25 12:13:53'),(995,1,1,'catalog_product','entry_tags','Product Tags:<br /><span class=\"help\">comma separated</span>','2014-01-25 12:13:53','2014-01-25 12:13:53'),(996,1,1,'catalog_product','error_permission','Warning: You do not have permission to modify products!','2014-01-25 12:13:53','2014-01-25 12:13:53'),(997,1,1,'catalog_product','error_name','Product Name must be greater than 3 and less than 255 characters!','2014-01-25 12:13:53','2014-01-25 12:13:53'),(998,1,1,'catalog_product','error_model','Product Model must be less than 64 characters! Remomended 5-25 characters','2014-01-25 12:13:53','2014-01-25 12:13:53'),(999,1,1,'catalog_product','error_required_data','Required Data has not been entered. Check for field errors!','2014-01-25 12:13:53','2014-01-25 12:13:53'),(1000,1,1,'catalog_product','error_product_not_found','Error: Product not found!','2014-01-25 12:13:53','2014-01-25 12:13:53'),(1001,1,1,'catalog_product','filter_product','Search for product','2014-01-25 12:13:53','2014-01-25 12:13:53'),(1002,1,1,'catalog_product','filter_any_word','Any of these words','2014-01-25 12:13:53','2014-01-25 12:13:53'),(1003,1,1,'catalog_product','filter_all_words','All of these words','2014-01-25 12:13:53','2014-01-25 12:13:53'),(1004,1,1,'catalog_product','filter_exact_match','The exact phrase','2014-01-25 12:13:53','2014-01-25 12:13:53'),(1005,1,1,'catalog_product','filter_all_categories','- All Categories -','2014-01-25 12:13:53','2014-01-25 12:13:53'),(1006,1,1,'catalog_product','filter_price_max','max','2014-01-25 12:13:53','2014-01-25 12:13:53'),(1007,1,1,'catalog_product','text_view','view','2014-01-25 12:13:53','2014-01-25 12:13:53'),(1008,1,1,'catalog_product','text_delete','delete','2014-01-25 12:13:53','2014-01-25 12:13:53'),(1009,1,1,'catalog_product','text_choose_action','Choose action','2014-01-25 12:13:53','2014-01-25 12:13:53'),(1010,1,1,'catalog_product','text_clone_selected','Clone selected','2014-01-25 12:13:53','2014-01-25 12:13:53'),(1011,1,1,'catalog_product','text_export_selected','Export selected','2014-01-25 12:13:53','2014-01-25 12:13:53'),(1012,1,1,'catalog_product','text_delete_selected','Delete selected','2014-01-25 12:13:53','2014-01-25 12:13:53'),(1013,1,1,'catalog_product','text_edit_selected','Edit selected','2014-01-25 12:13:53','2014-01-25 12:13:53'),(1014,1,1,'catalog_product','text_clone','Clone','2014-01-25 12:13:53','2014-01-25 12:13:53'),(1015,1,1,'catalog_product','text_export','Export','2014-01-25 12:13:53','2014-01-25 12:13:53'),(1016,1,1,'catalog_product','text_select_category','- Select Category -','2014-01-25 12:13:53','2014-01-25 12:13:53'),(1017,1,1,'catalog_product','text_option_name','Option Name','2014-01-25 12:13:53','2014-01-25 12:13:53'),(1018,1,1,'catalog_product','text_group_option','Group Option','2014-01-25 12:13:53','2014-01-25 12:13:53'),(1019,1,1,'catalog_product','text_option_type','Option Type','2014-01-25 12:13:53','2014-01-25 12:13:53'),(1020,1,1,'catalog_product','text_option_values','Option Values','2014-01-25 12:13:53','2014-01-25 12:13:53'),(1021,1,1,'catalog_product','text_no_option_values','No Option Values','2014-01-25 12:13:53','2014-01-25 12:13:53'),(1022,1,1,'catalog_product','text_edit_option_values','Edit Option Value','2014-01-25 12:13:53','2014-01-25 12:13:53'),(1023,1,1,'catalog_product','text_save_option_values','Save Option Value','2014-01-25 12:13:53','2014-01-25 12:13:53'),(1024,1,1,'catalog_product','button_remove_option','Remove Option','2014-01-25 12:13:53','2014-01-25 12:13:53'),(1025,1,1,'catalog_product','text_option_removed','Option Removed','2014-01-25 12:13:53','2014-01-25 12:13:53'),(1026,1,1,'catalog_product','entry_weight_type','Weight Type','2014-01-25 12:13:53','2014-01-25 12:13:53'),(1027,1,1,'catalog_product','text_product_pagination','Product(s) {start} to {end} of {total}','2014-01-25 12:13:53','2014-01-25 12:13:53'),(1028,1,1,'catalog_product','entry_product_id','Product ID','2014-01-25 12:13:53','2014-01-25 12:13:53'),(1029,1,1,'catalog_product','error_product_load','Warning: No product with such ID!','2014-01-25 12:13:53','2014-01-25 12:13:53'),(1030,1,1,'catalog_product','error_attribute_not_selected','Please select option to add!','2014-01-25 12:13:53','2014-01-25 12:13:53'),(1031,1,1,'catalog_product','error_date','\"Date End\" can not be less than \"Date Start\"!','2014-01-25 12:13:53','2014-01-25 12:13:53'),(1032,1,1,'catalog_product','error_required','This field is required!','2014-01-25 12:13:53','2014-01-25 12:13:53'),(1033,1,1,'catalog_product','error_option_in_group','Option cannot be added to product as it is already a part of group option!','2014-01-25 12:13:53','2014-01-25 12:13:53'),(1034,1,1,'catalog_product','text_success_layout','Success: You have modified category page layout.','2014-01-25 12:13:53','2014-01-25 12:13:53'),(1035,1,1,'catalog_product','text_success_option','Success: You have modified product option.','2014-01-25 12:13:53','2014-01-25 12:13:53'),(1036,1,1,'catalog_product','text_add_new_option','- Add New Option -','2014-01-25 12:13:53','2014-01-25 12:13:53'),(1037,1,1,'catalog_product','entry_required','Required:','2014-01-25 12:13:53','2014-01-25 12:13:53'),(1038,1,1,'catalog_product','entry_element_type','Element Type:','2014-01-25 12:13:53','2014-01-25 12:13:53'),(1039,1,1,'catalog_product','entry_element_values','Element Values:','2014-01-25 12:13:53','2014-01-25 12:13:53'),(1040,1,1,'catalog_product','text_expand','+ expand','2014-01-25 12:13:53','2014-01-25 12:13:53'),(1041,1,1,'catalog_product','text_hide','- hide','2014-01-25 12:13:53','2014-01-25 12:13:53'),(1042,1,1,'catalog_product','entry_option_placeholder','Placeholder:','2014-01-25 12:13:53','2014-01-25 12:13:53'),(1043,1,1,'catalog_product','entry_regexp_pattern','Regular Expression Pattern:','2014-01-25 12:13:53','2014-01-25 12:13:53'),(1044,1,1,'catalog_product','entry_error_text','Error Message about invalid Value:','2014-01-25 12:13:53','2014-01-25 12:13:53'),(1045,1,1,'catalog_product','text_product_condition','Product Condition:','2014-01-25 12:13:53','2014-01-25 12:13:53'),(1046,1,1,'catalog_product','text_product_available','Available','2014-01-25 12:13:53','2014-01-25 12:13:53'),(1047,1,1,'catalog_product','text_product_disabled','Disabled','2014-01-25 12:13:53','2014-01-25 12:13:53'),(1048,1,1,'catalog_product','text_product_unavailable','Unavailable','2014-01-25 12:13:53','2014-01-25 12:13:53'),(1049,1,1,'catalog_product','text_product_out_of_stock','Out of Stock','2014-01-25 12:13:53','2014-01-25 12:13:53'),(1050,1,1,'catalog_product','text_product_option_out_of_stock','Product Option(s) Out of Stock','2014-01-25 12:13:53','2014-01-25 12:13:53'),(1051,1,1,'catalog_review','heading_title','Reviews','2014-01-25 12:13:53','2014-01-25 12:13:53'),(1052,1,1,'catalog_review','text_review','Review','2014-01-25 12:13:53','2014-01-25 12:13:53'),(1053,1,1,'catalog_review','insert_title','Insert Review','2014-01-25 12:13:53','2014-01-25 12:13:53'),(1054,1,1,'catalog_review','update_title','Update Review','2014-01-25 12:13:53','2014-01-25 12:13:53'),(1055,1,1,'catalog_review','text_success','Success: You have modified reviews!','2014-01-25 12:13:53','2014-01-25 12:13:53'),(1056,1,1,'catalog_review','column_product','Product','2014-01-25 12:13:53','2014-01-25 12:13:53'),(1057,1,1,'catalog_review','column_author','Author','2014-01-25 12:13:53','2014-01-25 12:13:53'),(1058,1,1,'catalog_review','column_rating','Rating','2014-01-25 12:13:53','2014-01-25 12:13:53'),(1059,1,1,'catalog_review','column_status','Status','2014-01-25 12:13:53','2014-01-25 12:13:53'),(1060,1,1,'catalog_review','column_date_added','Date Added','2014-01-25 12:13:53','2014-01-25 12:13:53'),(1061,1,1,'catalog_review','column_action','Action','2014-01-25 12:13:53','2014-01-25 12:13:53'),(1062,1,1,'catalog_review','entry_product','Product:','2014-01-25 12:13:53','2014-01-25 12:13:53'),(1063,1,1,'catalog_review','entry_author','Author:','2014-01-25 12:13:53','2014-01-25 12:13:53'),(1064,1,1,'catalog_review','entry_rating','Rating:','2014-01-25 12:13:53','2014-01-25 12:13:53'),(1065,1,1,'catalog_review','entry_status','Status:','2014-01-25 12:13:53','2014-01-25 12:13:53'),(1066,1,1,'catalog_review','entry_text','Text:','2014-01-25 12:13:53','2014-01-25 12:13:53'),(1067,1,1,'catalog_review','entry_good','Good','2014-01-25 12:13:53','2014-01-25 12:13:53'),(1068,1,1,'catalog_review','entry_bad','Bad','2014-01-25 12:13:53','2014-01-25 12:13:53'),(1069,1,1,'catalog_review','error_permission','Warning: You do not have permission to modify reviews!','2014-01-25 12:13:53','2014-01-25 12:13:53'),(1070,1,1,'catalog_review','error_product','Product required!','2014-01-25 12:13:53','2014-01-25 12:13:53'),(1071,1,1,'catalog_review','error_author','Author must be between 2 and 64 characters!','2014-01-25 12:13:53','2014-01-25 12:13:53'),(1072,1,1,'catalog_review','error_text','Review Text must be between 25 and 1000 characters!','2014-01-25 12:13:53','2014-01-25 12:13:53'),(1073,1,1,'catalog_review','error_rating','Review rating required!','2014-01-25 12:13:53','2014-01-25 12:13:53'),(1074,1,1,'catalog_review','text_select_product','- Select Product -','2014-01-25 12:13:53','2014-01-25 12:13:53'),(1075,1,1,'common_ant','notification','Attention!','2014-01-25 12:13:53','2014-01-25 12:13:53'),(1076,1,1,'common_ant','warning','Warning!','2014-01-25 12:13:53','2014-01-25 12:13:53'),(1077,1,1,'common_filemanager','heading_title','Image Manager','2014-01-25 12:13:53','2014-01-25 12:13:53'),(1078,1,1,'common_filemanager','text_uploaded','Success: Your file has been uploaded!','2014-01-25 12:13:53','2014-01-25 12:13:53'),(1079,1,1,'common_filemanager','text_file_delete','File has been deleted!','2014-01-25 12:13:53','2014-01-25 12:13:53'),(1080,1,1,'common_filemanager','text_create','Success: Directory created!','2014-01-25 12:13:53','2014-01-25 12:13:53'),(1081,1,1,'common_filemanager','text_delete','Success: Your file or directory has been deleted!','2014-01-25 12:13:53','2014-01-25 12:13:53'),(1082,1,1,'common_filemanager','text_move','Success: Your file or directory has been moved!','2014-01-25 12:13:53','2014-01-25 12:13:53'),(1083,1,1,'common_filemanager','text_copy','Success: Your file or directory has been copied!','2014-01-25 12:13:53','2014-01-25 12:13:53'),(1084,1,1,'common_filemanager','text_rename','Success: Your file or directory has been renamed!','2014-01-25 12:13:53','2014-01-25 12:13:53'),(1085,1,1,'common_filemanager','entry_folder','New Folder:','2014-01-25 12:13:53','2014-01-25 12:13:53'),(1086,1,1,'common_filemanager','entry_move','Move:','2014-01-25 12:13:53','2014-01-25 12:13:53'),(1087,1,1,'common_filemanager','entry_copy','Name:','2014-01-25 12:13:53','2014-01-25 12:13:53'),(1088,1,1,'common_filemanager','entry_rename','Name:','2014-01-25 12:13:53','2014-01-25 12:13:53'),(1089,1,1,'common_filemanager','error_select','Warning: Please select a directory or file!','2014-01-25 12:13:53','2014-01-25 12:13:53'),(1090,1,1,'common_filemanager','error_file','Warning: Please select a file!','2014-01-25 12:13:53','2014-01-25 12:13:53'),(1091,1,1,'common_filemanager','error_directory','Warning: Please select a directory!','2014-01-25 12:13:53','2014-01-25 12:13:53'),(1092,1,1,'common_filemanager','error_default','Warning: Can not alter your default directory!','2014-01-25 12:13:53','2014-01-25 12:13:53'),(1093,1,1,'common_filemanager','error_delete','Warning: You can not delete this directory!','2014-01-25 12:13:53','2014-01-25 12:13:53'),(1094,1,1,'common_filemanager','error_filename','Warning: Filename must be a between 3 and 255!','2014-01-25 12:13:53','2014-01-25 12:13:53'),(1095,1,1,'common_filemanager','error_missing','Warning: File or directory does not exist!','2014-01-25 12:13:53','2014-01-25 12:13:53'),(1096,1,1,'common_filemanager','error_exists','Warning: A file or directory with the same name already exists!','2014-01-25 12:13:53','2014-01-25 12:13:53'),(1097,1,1,'common_filemanager','error_name','Warning: Please enter a new name!','2014-01-25 12:13:53','2014-01-25 12:13:53'),(1098,1,1,'common_filemanager','error_move','Warning: Move to directory does not exists!','2014-01-25 12:13:53','2014-01-25 12:13:53'),(1099,1,1,'common_filemanager','error_copy','Warning: Can not copy this file or directory!','2014-01-25 12:13:53','2014-01-25 12:13:53'),(1100,1,1,'common_filemanager','error_rename','Warning: Can not rename this directory!','2014-01-25 12:13:53','2014-01-25 12:13:53'),(1101,1,1,'common_filemanager','error_file_type','Warning: Incorrect file type!','2014-01-25 12:13:53','2014-01-25 12:13:53'),(1102,1,1,'common_filemanager','error_file_size','Warning: File to big please keep below 300kb and no more than 1000px height or width!','2014-01-25 12:13:53','2014-01-25 12:13:53'),(1103,1,1,'common_filemanager','error_uploaded','Warning: File could not be uploaded for an unknown reason!','2014-01-25 12:13:53','2014-01-25 12:13:53'),(1104,1,1,'common_filemanager','error_permission','Warning: Permission Denied!','2014-01-25 12:13:53','2014-01-25 12:13:53'),(1105,1,1,'common_filemanager','button_folder','New Folder','2014-01-25 12:13:53','2014-01-25 12:13:53'),(1106,1,1,'common_filemanager','button_delete','Delete','2014-01-25 12:13:53','2014-01-25 12:13:53'),(1107,1,1,'common_filemanager','button_move','Move','2014-01-25 12:13:53','2014-01-25 12:13:53'),(1108,1,1,'common_filemanager','button_copy','Copy','2014-01-25 12:13:53','2014-01-25 12:13:53'),(1109,1,1,'common_filemanager','button_rename','Rename','2014-01-25 12:13:53','2014-01-25 12:13:53'),(1110,1,1,'common_filemanager','button_upload','Upload','2014-01-25 12:13:53','2014-01-25 12:13:53'),(1111,1,1,'common_filemanager','button_refresh','Refresh','2014-01-25 12:13:53','2014-01-25 12:13:53'),(1112,1,1,'common_footer','text_footer_left',' AbanteCart is a trade mark of Belavier Commerce LLC<br /> Copyright (c) %s Belavier Commerce LLC ','2014-01-25 12:13:53','2014-01-25 12:13:53'),(1113,1,1,'common_footer','text_footer','<a href=\"http://www.abantecart.com\" target=\"_blank\">AbanteCart</a> &copy; 2009 - %s All Rights Reserved. Version ','2014-01-25 12:13:53','2014-01-25 12:13:53'),(1114,1,1,'common_forgot_password','heading_title','Forgot Password?','2014-01-25 12:13:53','2014-01-25 12:13:53'),(1115,1,1,'common_forgot_password','text_heading','Forgot Password?','2014-01-25 12:13:53','2014-01-25 12:13:53'),(1116,1,1,'common_forgot_password','text_heading_reset','Reset Password','2014-01-25 12:13:53','2014-01-25 12:13:53'),(1117,1,1,'common_forgot_password','text_forgot','Please enter your username and email.','2014-01-25 12:13:53','2014-01-25 12:13:53'),(1118,1,1,'common_forgot_password','text_login','back to login page','2014-01-25 12:13:53','2014-01-25 12:13:53'),(1119,1,1,'common_forgot_password','text_instructions','Email with instructions on how to reset password sent to your email','2014-01-25 12:13:53','2014-01-25 12:13:53'),(1120,1,1,'common_forgot_password','text_instructions_reset','Your password has been reset. New password sent to your email','2014-01-25 12:13:53','2014-01-25 12:13:53'),(1121,1,1,'common_forgot_password','reset_email_subject','%s - Password Reset Request ','2014-01-25 12:13:53','2014-01-25 12:13:53'),(1122,1,1,'common_forgot_password','reset_email_body_html','Password reset was requested for user with this email. Please click on link below to proceed.\n<br/>\n<br/><a href=\"%s\">%s</a>\n<br/>\n<br/>Link is valid for one day.\n<br/>\n<br/>If you do not send request - just ignore this email.','2014-01-25 12:13:53','2014-01-25 12:13:53'),(1123,1,1,'common_forgot_password','reset_email_body_text','Password reset was requested for user with this email. Please click on link below to proceed.\n\n<a href=\"%s\">%s</a>\n\nPlease note: Link is valid for one day.\n\nIf you do not send request - just ignore this email.','2014-01-25 12:13:53','2014-01-25 12:13:53'),(1124,1,1,'common_forgot_password','new_password_email_body','Your new password: %s','2014-01-25 12:13:53','2014-01-25 12:13:53'),(1125,1,1,'common_forgot_password','entry_username','Username:','2014-01-25 12:13:53','2014-01-25 12:13:53'),(1126,1,1,'common_forgot_password','entry_email','Email:','2014-01-25 12:13:53','2014-01-25 12:13:53'),(1127,1,1,'common_forgot_password','entry_captcha','Enter the code:','2014-01-25 12:13:53','2014-01-25 12:13:53'),(1128,1,1,'common_forgot_password','button_reset_password','Reset Password','2014-01-25 12:13:53','2014-01-25 12:13:53'),(1129,1,1,'common_forgot_password','error_match','No match for Username and Email.','2014-01-25 12:13:53','2014-01-25 12:13:53'),(1130,1,1,'common_forgot_password','error_hash','Reset Password Hash is not valid .','2014-01-25 12:13:53','2014-01-25 12:13:53'),(1131,1,1,'common_forgot_password','error_username','Username cannot be empty','2014-01-25 12:13:53','2014-01-25 12:13:53'),(1132,1,1,'common_forgot_password','error_email','E-Mail Address does not appear to be valid!','2014-01-25 12:13:53','2014-01-25 12:13:53'),(1133,1,1,'common_forgot_password','error_captcha','Verification code does not match the image!','2014-01-25 12:13:53','2014-01-25 12:13:53'),(1134,1,1,'common_header','heading_title','Administration','2014-01-25 12:13:53','2014-01-25 12:13:53'),(1135,1,1,'common_header','text_backup','Backup / Restore','2014-01-25 12:13:53','2014-01-25 12:13:53'),(1136,1,1,'common_header','text_welcome','Welcome, <b>%s</b>','2014-01-25 12:13:53','2014-01-25 12:13:53'),(1137,1,1,'common_header','text_last_login','Last login: %s','2014-01-25 12:13:53','2014-01-25 12:13:53'),(1138,1,1,'common_header','text_edit_details','Edit Profile Details','2014-01-25 12:13:53','2014-01-25 12:13:53'),(1139,1,1,'common_header','text_catalog','Catalog','2014-01-25 12:13:53','2014-01-25 12:13:53'),(1140,1,1,'common_header','text_category','Categories','2014-01-25 12:13:53','2014-01-25 12:13:53'),(1141,1,1,'common_header','text_confirm','Confirm?','2014-01-25 12:13:53','2014-01-25 12:13:53'),(1142,1,1,'common_header','text_country','Countries','2014-01-25 12:13:53','2014-01-25 12:13:53'),(1143,1,1,'common_header','text_coupon','Coupons','2014-01-25 12:13:53','2014-01-25 12:13:53'),(1144,1,1,'common_header','text_currency','Currencies','2014-01-25 12:13:53','2014-01-25 12:13:53'),(1145,1,1,'common_header','text_customer','Customers','2014-01-25 12:13:53','2014-01-25 12:13:53'),(1146,1,1,'common_header','text_customer_group','Customer Groups','2014-01-25 12:13:53','2014-01-25 12:13:53'),(1147,1,1,'common_header','text_dashboard','Dashboard','2014-01-25 12:13:53','2014-01-25 12:13:53'),(1148,1,1,'common_header','text_download','Downloads','2014-01-25 12:13:53','2014-01-25 12:13:53'),(1149,1,1,'common_header','text_error_log','Error Logs','2014-01-25 12:13:53','2014-01-25 12:13:53'),(1150,1,1,'common_header','text_extension','Extensions','2014-01-25 12:13:53','2014-01-25 12:13:53'),(1151,1,1,'common_header','text_extensions_short','Extensions','2014-01-25 12:13:53','2014-01-25 12:13:53'),(1152,1,1,'common_header','text_front','Storefront','2014-01-25 12:13:53','2014-01-25 12:13:53'),(1153,1,1,'common_header','text_location','Locations','2014-01-25 12:13:53','2014-01-25 12:13:53'),(1154,1,1,'common_header','text_help','Help','2014-01-25 12:13:53','2014-01-25 12:13:53'),(1155,1,1,'common_header','text_information','Information','2014-01-25 12:13:53','2014-01-25 12:13:53'),(1156,1,1,'common_header','text_language','Languages','2014-01-25 12:13:53','2014-01-25 12:13:53'),(1157,1,1,'common_header','text_language_definitions','Language Definitions','2014-01-25 12:13:53','2014-01-25 12:13:53'),(1158,1,1,'common_header','text_localisation','Localization','2014-01-25 12:13:53','2014-01-25 12:13:53'),(1159,1,1,'common_header','text_logged','You are logged in as <span>%s</span>','2014-01-25 12:13:53','2014-01-25 12:13:53'),(1160,1,1,'common_header','text_logout','Logout','2014-01-25 12:13:53','2014-01-25 12:13:53'),(1161,1,1,'common_header','text_contact','Mail','2014-01-25 12:13:53','2014-01-25 12:13:53'),(1162,1,1,'common_header','text_manufacturer','Manufacturers','2014-01-25 12:13:53','2014-01-25 12:13:53'),(1163,1,1,'common_header','text_order','Orders','2014-01-25 12:13:53','2014-01-25 12:13:53'),(1164,1,1,'common_header','text_order_status','Order Statuses','2014-01-25 12:13:53','2014-01-25 12:13:53'),(1165,1,1,'common_header','text_abantecart','Homepage','2014-01-25 12:13:53','2014-01-25 12:13:53'),(1166,1,1,'common_header','text_payment','Payments','2014-01-25 12:13:53','2014-01-25 12:13:53'),(1167,1,1,'common_header','text_product','Products','2014-01-25 12:13:53','2014-01-25 12:13:53'),(1168,1,1,'common_header','text_reports','Reports','2014-01-25 12:13:53','2014-01-25 12:13:53'),(1169,1,1,'common_header','text_report_purchased','Products Purchased','2014-01-25 12:13:53','2014-01-25 12:13:53'),(1170,1,1,'common_header','text_report_sale','Sales','2014-01-25 12:13:53','2014-01-25 12:13:53'),(1171,1,1,'common_header','text_report_viewed','Products Viewed','2014-01-25 12:13:53','2014-01-25 12:13:53'),(1172,1,1,'common_header','text_review','Reviews','2014-01-25 12:13:53','2014-01-25 12:13:53'),(1173,1,1,'common_header','text_sale','Sales','2014-01-25 12:13:53','2014-01-25 12:13:53'),(1174,1,1,'common_header','text_shipping','Shipping','2014-01-25 12:13:53','2014-01-25 12:13:53'),(1175,1,1,'common_header','text_setting','Settings','2014-01-25 12:13:53','2014-01-25 12:13:53'),(1176,1,1,'common_header','text_stock_status','Stock Statuses','2014-01-25 12:13:53','2014-01-25 12:13:53'),(1177,1,1,'common_header','text_support','Support Forum','2014-01-25 12:13:53','2014-01-25 12:13:53'),(1178,1,1,'common_header','text_system','System','2014-01-25 12:13:53','2014-01-25 12:13:53'),(1179,1,1,'common_header','text_tax_class','Tax Classes','2014-01-25 12:13:53','2014-01-25 12:13:53'),(1180,1,1,'common_header','text_total','Order Totals','2014-01-25 12:13:53','2014-01-25 12:13:53'),(1181,1,1,'common_header','text_user','Users','2014-01-25 12:13:53','2014-01-25 12:13:53'),(1182,1,1,'common_header','text_documentation','Documentation','2014-01-25 12:13:53','2014-01-25 12:13:53'),(1183,1,1,'common_header','text_users','Users','2014-01-25 12:13:53','2014-01-25 12:13:53'),(1184,1,1,'common_header','text_user_group','User Groups','2014-01-25 12:13:53','2014-01-25 12:13:53'),(1185,1,1,'common_header','text_weight_class','Weight Classes','2014-01-25 12:13:53','2014-01-25 12:13:53'),(1186,1,1,'common_header','text_length_class','Length Classes','2014-01-25 12:13:53','2014-01-25 12:13:53'),(1187,1,1,'common_header','text_zone','Zones','2014-01-25 12:13:53','2014-01-25 12:13:53'),(1188,1,1,'common_header','text_extensions','All Extensions','2014-01-25 12:13:53','2014-01-25 12:13:53'),(1189,1,1,'common_header','text_add_extension',' Install Extension ','2014-01-25 12:13:53','2014-01-25 12:13:53'),(1190,1,1,'common_header','text_extensions_store','Extensions Store','2014-01-25 12:13:53','2014-01-25 12:13:53'),(1191,1,1,'common_header','text_migrate','Migration Tool','2014-01-25 12:13:53','2014-01-25 12:13:53'),(1192,1,1,'common_header','text_updater','Updater','2014-01-25 12:13:53','2014-01-25 12:13:53'),(1193,1,1,'common_header','text_design','Design','2014-01-25 12:13:53','2014-01-25 12:13:53'),(1194,1,1,'common_header','text_templates','Templates','2014-01-25 12:13:53','2014-01-25 12:13:53'),(1195,1,1,'common_header','text_layout','Layouts','2014-01-25 12:13:53','2014-01-25 12:13:53'),(1196,1,1,'common_header','text_blocks','Blocks','2014-01-25 12:13:53','2014-01-25 12:13:53'),(1197,1,1,'common_header','text_menu','Menu','2014-01-25 12:13:53','2014-01-25 12:13:53'),(1198,1,1,'common_header','text_cache','Cache','2014-01-25 12:13:53','2014-01-25 12:13:53'),(1199,1,1,'common_header','text_messages','Messages','2014-01-25 12:13:53','2014-01-25 12:13:53'),(1200,1,1,'common_header','text_content','Content','2014-01-25 12:13:53','2014-01-25 12:13:53'),(1201,1,1,'common_header','text_datasets_manager','Datasets','2014-01-25 12:13:53','2014-01-25 12:13:53'),(1202,1,1,'common_header','text_install_upgrade_history',' Install/Upgrade History ','2014-01-25 12:13:53','2014-01-25 12:13:53'),(1203,1,1,'common_header','text_attribute','Global Attributes','2014-01-25 12:13:53','2014-01-25 12:13:53'),(1204,1,1,'common_header','text_attribute_groups','Global Attributes Groups','2014-01-25 12:13:53','2014-01-25 12:13:53'),(1205,1,1,'common_header','text_import_export','Import / Export','2014-01-25 12:13:53','2014-01-25 12:13:53'),(1206,1,1,'common_header','text_data','Data','2014-01-25 12:13:53','2014-01-25 12:13:53'),(1207,1,1,'common_header','text_logs','Logs','2014-01-25 12:13:53','2014-01-25 12:13:53'),(1208,1,1,'common_header','text_quick_edit_form','Quick Edit Form','2014-01-25 12:13:53','2014-01-25 12:13:53'),(1209,1,1,'common_header','text_all_matches','all matches','2014-01-25 12:13:53','2014-01-25 12:13:53'),(1210,1,1,'common_header','text_file_uploads','File Uploads','2014-01-25 12:13:53','2014-01-25 12:13:53'),(1211,1,1,'common_header','text_all_settings','All Settings','2014-01-25 12:13:53','2014-01-25 12:13:53'),(1212,1,1,'common_header','text_settings_details','Details','2014-01-25 12:13:53','2014-01-25 12:13:53'),(1213,1,1,'common_header','text_settings_general','General','2014-01-25 12:13:53','2014-01-25 12:13:53'),(1214,1,1,'common_header','text_settings_checkout','Checkout','2014-01-25 12:13:53','2014-01-25 12:13:53'),(1215,1,1,'common_header','text_settings_appearance','Appearance','2014-01-25 12:13:53','2014-01-25 12:13:53'),(1216,1,1,'common_header','text_settings_mail','Mail','2014-01-25 12:13:53','2014-01-25 12:13:53'),(1217,1,1,'common_header','text_settings_api','API','2014-01-25 12:13:53','2014-01-25 12:13:53'),(1218,1,1,'common_header','text_settings_system','System','2014-01-25 12:13:53','2014-01-25 12:13:53'),(1219,1,1,'common_header','text_settings_newstore','Create New Store','2014-01-25 12:13:53','2014-01-25 12:13:53'),(1220,1,1,'common_home','heading_title','Dashboard','2014-01-25 12:13:53','2014-01-25 12:13:53'),(1221,1,1,'common_home','text_overview','Overview','2014-01-25 12:13:53','2014-01-25 12:13:53'),(1222,1,1,'common_home','text_statistics','Statistics','2014-01-25 12:13:53','2014-01-25 12:13:53'),(1223,1,1,'common_home','text_latest_10_orders','Latest 10 Orders','2014-01-25 12:13:53','2014-01-25 12:13:53'),(1224,1,1,'common_home','text_total_sale','Total Sales:','2014-01-25 12:13:53','2014-01-25 12:13:53'),(1225,1,1,'common_home','text_total_sale_year','Total Sales This Year:','2014-01-25 12:13:53','2014-01-25 12:13:53'),(1226,1,1,'common_home','text_total_order','Total Orders:','2014-01-25 12:13:53','2014-01-25 12:13:53'),(1227,1,1,'common_home','text_total_customer','No. Of Customers:','2014-01-25 12:13:53','2014-01-25 12:13:53'),(1228,1,1,'common_home','text_total_customer_approval','Customers Waiting Approval:','2014-01-25 12:13:53','2014-01-25 12:13:53'),(1229,1,1,'common_home','text_total_product','No. Products:','2014-01-25 12:13:53','2014-01-25 12:13:53'),(1230,1,1,'common_home','text_total_review','No. Of Reviews:','2014-01-25 12:13:53','2014-01-25 12:13:53'),(1231,1,1,'common_home','text_total_review_approval','Reviews Waiting Aprroval:','2014-01-25 12:13:53','2014-01-25 12:13:53'),(1232,1,1,'common_home','text_day','Today','2014-01-25 12:13:53','2014-01-25 12:13:53'),(1233,1,1,'common_home','text_week','This Week','2014-01-25 12:13:53','2014-01-25 12:13:53'),(1234,1,1,'common_home','text_month','This Month','2014-01-25 12:13:53','2014-01-25 12:13:53'),(1235,1,1,'common_home','text_year','This Year','2014-01-25 12:13:53','2014-01-25 12:13:53'),(1236,1,1,'common_home','text_order','Total Orders','2014-01-25 12:13:53','2014-01-25 12:13:53'),(1237,1,1,'common_home','text_order_short','Total Orders','2014-01-25 12:13:53','2014-01-25 12:13:53'),(1238,1,1,'common_home','text_customer','Total Customers','2014-01-25 12:13:53','2014-01-25 12:13:53'),(1239,1,1,'common_home','column_order','Order ID','2014-01-25 12:13:53','2014-01-25 12:13:53'),(1240,1,1,'common_home','column_name','Customer Name','2014-01-25 12:13:53','2014-01-25 12:13:53'),(1241,1,1,'common_home','column_status','Status','2014-01-25 12:13:53','2014-01-25 12:13:53'),(1242,1,1,'common_home','column_date_added','Date Added','2014-01-25 12:13:53','2014-01-25 12:13:53'),(1243,1,1,'common_home','column_total','Total','2014-01-25 12:13:53','2014-01-25 12:13:53'),(1244,1,1,'common_home','column_firstname','First Name','2014-01-25 12:13:53','2014-01-25 12:13:53'),(1245,1,1,'common_home','column_lastname','Last Name','2014-01-25 12:13:53','2014-01-25 12:13:53'),(1246,1,1,'common_home','column_action','Action','2014-01-25 12:13:53','2014-01-25 12:13:53'),(1247,1,1,'common_home','entry_range','Select Range:','2014-01-25 12:13:53','2014-01-25 12:13:53'),(1248,1,1,'common_login','heading_title','Administration','2014-01-25 12:13:53','2014-01-25 12:13:53'),(1249,1,1,'common_login','text_heading','Administration','2014-01-25 12:13:53','2014-01-25 12:13:53'),(1250,1,1,'common_login','text_login','Please enter your login details.','2014-01-25 12:13:53','2014-01-25 12:13:53'),(1251,1,1,'common_login','entry_username','Username:','2014-01-25 12:13:53','2014-01-25 12:13:53'),(1252,1,1,'common_login','entry_password','Password:','2014-01-25 12:13:53','2014-01-25 12:13:53'),(1253,1,1,'common_login','entry_forgot_password','Forgot Password?','2014-01-25 12:13:53','2014-01-25 12:13:53'),(1254,1,1,'common_login','button_login','Login','2014-01-25 12:13:53','2014-01-25 12:13:53'),(1255,1,1,'common_login','error_login','No match for Username and/or Password.','2014-01-25 12:13:53','2014-01-25 12:13:53'),(1256,1,1,'common_login','error_token','Invalid token session. Please login again.','2014-01-25 12:13:53','2014-01-25 12:13:53'),(1257,1,1,'common_login','error_login_message','Failed login to admin attempt from IP:','2014-01-25 12:13:53','2014-01-25 12:13:53'),(1258,1,1,'common_login','error_login_message_text','Given user login: ','2014-01-25 12:13:53','2014-01-25 12:13:53'),(1259,1,1,'common_resource_library','heading_title','Resource Library','2014-01-25 12:13:53','2014-01-25 12:13:53'),(1260,1,1,'common_resource_library','view_title','View Object Resources','2014-01-25 12:13:53','2014-01-25 12:13:53'),(1261,1,1,'common_resource_library','confirm_title','Confirm resource(s) delete','2014-01-25 12:13:53','2014-01-25 12:13:53'),(1262,1,1,'common_resource_library','text_confirm','Are you sure you want to delete resource(s)?','2014-01-25 12:13:53','2014-01-25 12:13:53'),(1263,1,1,'common_resource_library','text_cant_delete_title','Resource(s) delete','2014-01-25 12:13:53','2014-01-25 12:13:53'),(1264,1,1,'common_resource_library','text_cant_delete','Cant delete resource(s) because one or more resources is linked to object','2014-01-25 12:13:53','2014-01-25 12:13:53'),(1265,1,1,'common_resource_library','text_edit_resource','Edit Resource','2014-01-25 12:13:53','2014-01-25 12:13:53'),(1266,1,1,'common_resource_library','text_resource_details','Resource Details','2014-01-25 12:13:53','2014-01-25 12:13:53'),(1267,1,1,'common_resource_library','text_mapped_to','Mapped To','2014-01-25 12:13:53','2014-01-25 12:13:53'),(1268,1,1,'common_resource_library','text_products','Products','2014-01-25 12:13:53','2014-01-25 12:13:53'),(1269,1,1,'common_resource_library','text_add_file','Add Resource File','2014-01-25 12:13:53','2014-01-25 12:13:53'),(1270,1,1,'common_resource_library','text_add_code','Add Image URL or Resource HTML','2014-01-25 12:13:53','2014-01-25 12:13:53'),(1271,1,1,'common_resource_library','text_add_files','Add files...','2014-01-25 12:13:53','2014-01-25 12:13:53'),(1272,1,1,'common_resource_library','text_upload_files','Upload files','2014-01-25 12:13:53','2014-01-25 12:13:53'),(1273,1,1,'common_resource_library','text_drag','or Drag them here to start upload','2014-01-25 12:13:53','2014-01-25 12:13:53'),(1274,1,1,'common_resource_library','text_start_upload','Start upload','2014-01-25 12:13:53','2014-01-25 12:13:53'),(1275,1,1,'common_resource_library','text_cancel_upload','Cancel upload','2014-01-25 12:13:53','2014-01-25 12:13:53'),(1276,1,1,'common_resource_library','text_start','Start','2014-01-25 12:13:53','2014-01-25 12:13:53'),(1277,1,1,'common_resource_library','text_cancel','Cancel','2014-01-25 12:13:53','2014-01-25 12:13:53'),(1278,1,1,'common_resource_library','text_save_sort_order','Save Sort Order','2014-01-25 12:13:53','2014-01-25 12:13:53'),(1279,1,1,'common_resource_library','text_error','Error','2014-01-25 12:13:53','2014-01-25 12:13:53'),(1280,1,1,'common_resource_library','text_delete_files','Delete files','2014-01-25 12:13:53','2014-01-25 12:13:53'),(1281,1,1,'common_resource_library','text_search','search','2014-01-25 12:13:53','2014-01-25 12:13:53'),(1282,1,1,'common_resource_library','text_type','Type','2014-01-25 12:13:53','2014-01-25 12:13:53'),(1283,1,1,'common_resource_library','text_language','Language','2014-01-25 12:13:53','2014-01-25 12:13:53'),(1284,1,1,'common_resource_library','text_resource_code','Image URL or Resource HTML','2014-01-25 12:13:53','2014-01-25 12:13:53'),(1285,1,1,'common_resource_library','text_name','Name','2014-01-25 12:13:53','2014-01-25 12:13:53'),(1286,1,1,'common_resource_library','text_title','Title','2014-01-25 12:13:53','2014-01-25 12:13:53'),(1287,1,1,'common_resource_library','text_description','Description','2014-01-25 12:13:53','2014-01-25 12:13:53'),(1288,1,1,'common_resource_library','text_uploaded','Success: Resource has been uploaded!','2014-01-25 12:13:53','2014-01-25 12:13:53'),(1289,1,1,'common_resource_library','text_add','Add','2014-01-25 12:13:53','2014-01-25 12:13:53'),(1290,1,1,'common_resource_library','text_edit','Edit','2014-01-25 12:13:53','2014-01-25 12:13:53'),(1291,1,1,'common_resource_library','text_map','Map to Object','2014-01-25 12:13:53','2014-01-25 12:13:53'),(1292,1,1,'common_resource_library','text_unmap','Unmap from Object','2014-01-25 12:13:53','2014-01-25 12:13:53'),(1293,1,1,'common_resource_library','text_file_delete','Resource has been deleted!','2014-01-25 12:13:53','2014-01-25 12:13:53'),(1294,1,1,'common_resource_library','text_delete','Success: Your Resource has been deleted!','2014-01-25 12:13:53','2014-01-25 12:13:53'),(1295,1,1,'common_resource_library','error_file_type','Warning: Incorrect file type!','2014-01-25 12:13:53','2014-01-25 12:13:53'),(1296,1,1,'common_resource_library','error_file_size','Warning: File to big please keep below 300kb and no more than 1000px height or width!','2014-01-25 12:13:53','2014-01-25 12:13:53'),(1297,1,1,'common_resource_library','error_maxFileSize','File is too big','2014-01-25 12:13:53','2014-01-25 12:13:53'),(1298,1,1,'common_resource_library','error_minFileSize','File is too small','2014-01-25 12:13:53','2014-01-25 12:13:53'),(1299,1,1,'common_resource_library','error_acceptFileTypes','Filetype not allowed','2014-01-25 12:13:53','2014-01-25 12:13:53'),(1300,1,1,'common_resource_library','error_maxNumberOfFiles','Max number of files exceeded','2014-01-25 12:13:53','2014-01-25 12:13:53'),(1301,1,1,'common_resource_library','error_uploadedBytes','Uploaded bytes exceed file size','2014-01-25 12:13:53','2014-01-25 12:13:53'),(1302,1,1,'common_resource_library','error_emptyResult','\n			Empty file upload result. Possibly file is corrupted or too big. File size limited to 16MB. If file size is less than limit please check php settings for upload_max_filesize & post_max_size  ','2014-01-25 12:13:53','2014-01-25 12:13:53'),(1303,1,1,'common_resource_library','error_1','File exceeds upload_max_filesize (php.ini directive)','2014-01-25 12:13:53','2014-01-25 12:13:53'),(1304,1,1,'common_resource_library','error_2','File exceeds MAX_FILE_SIZE (HTML form directive)','2014-01-25 12:13:53','2014-01-25 12:13:53'),(1305,1,1,'common_resource_library','error_3','File was only partially uploaded','2014-01-25 12:13:53','2014-01-25 12:13:53'),(1306,1,1,'common_resource_library','error_4','No File was uploaded','2014-01-25 12:13:53','2014-01-25 12:13:53'),(1307,1,1,'common_resource_library','error_5','Missing a temporary folder','2014-01-25 12:13:53','2014-01-25 12:13:53'),(1308,1,1,'common_resource_library','error_6','Failed to write file to disk','2014-01-25 12:13:53','2014-01-25 12:13:53'),(1309,1,1,'common_resource_library','error_7','File upload stopped by extension','2014-01-25 12:13:53','2014-01-25 12:13:53'),(1310,1,1,'common_resource_library','error_uploaded','Warning: File could not be uploaded for an unknown reason!','2014-01-25 12:13:53','2014-01-25 12:13:53'),(1311,1,1,'common_resource_library','error_no_type','Please select resource type','2014-01-25 12:13:53','2014-01-25 12:13:53'),(1312,1,1,'common_resource_library','error_required_data','Required Data has not been entered','2014-01-25 12:13:53','2014-01-25 12:13:53'),(1313,1,1,'common_resource_library','error_not_added','Resource not added. Please check error log for more info','2014-01-25 12:13:53','2014-01-25 12:13:53'),(1314,1,1,'common_resource_library','error_ajax','Load data error. Please check error log for more info','2014-01-25 12:13:53','2014-01-25 12:13:53'),(1315,1,1,'common_resource_library','error_permission','Warning: Permission Denied!','2014-01-25 12:13:53','2014-01-25 12:13:53'),(1316,1,1,'common_resource_library','button_delete','Delete','2014-01-25 12:13:53','2014-01-25 12:13:53'),(1317,1,1,'common_resource_library','button_add','Add Resource','2014-01-25 12:13:53','2014-01-25 12:13:53'),(1318,1,1,'common_resource_library','button_done','Done','2014-01-25 12:13:53','2014-01-25 12:13:53'),(1319,1,1,'common_resource_library','button_select','Select Resources','2014-01-25 12:13:53','2014-01-25 12:13:53'),(1320,1,1,'common_resource_library','text_with_selected','With selected:','2014-01-25 12:13:53','2014-01-25 12:13:53'),(1321,1,1,'common_resource_library','text_success','Resource successfully updated','2014-01-25 12:13:53','2014-01-25 12:13:53'),(1322,1,1,'common_resource_library','text_no_resources','No resources available','2014-01-25 12:13:53','2014-01-25 12:13:53'),(1323,1,1,'common_resource_library','text_preview','Preview/Download','2014-01-25 12:13:53','2014-01-25 12:13:53'),(1324,1,1,'common_resource_library','error_file size','Attention: Maximum size of file for upload is %s. You can increase this value in php.ini.','2014-01-25 12:13:53','2014-01-25 12:13:53'),(1325,1,1,'common_resource_library','text_product_option_value','Product options value','2014-01-25 12:13:53','2014-01-25 12:13:53'),(1326,1,1,'common_resource_library','text_categories','Categories','2014-01-25 12:13:53','2014-01-25 12:13:53'),(1327,1,1,'common_resource_library','text_manufacturers','Manufacturers','2014-01-25 12:13:53','2014-01-25 12:13:53'),(1328,1,1,'common_template_debug','text_block_id','Block ID:','2014-01-25 12:13:53','2014-01-25 12:13:53'),(1329,1,1,'common_template_debug','text_block_name','Name:','2014-01-25 12:13:53','2014-01-25 12:13:53'),(1330,1,1,'common_template_debug','text_block_controller','Controller:','2014-01-25 12:13:53','2014-01-25 12:13:53'),(1331,1,1,'common_template_debug','text_block_path','Path:','2014-01-25 12:13:53','2014-01-25 12:13:53'),(1332,1,1,'common_template_debug','text_block_template','Template:','2014-01-25 12:13:53','2014-01-25 12:13:53'),(1333,1,1,'common_template_debug','text_block_parent','Parent:','2014-01-25 12:13:53','2014-01-25 12:13:53'),(1334,1,1,'common_template_debug','text_parent_id','Parent ID:','2014-01-25 12:13:53','2014-01-25 12:13:53'),(1335,1,1,'common_template_debug','text_close','Close','2014-01-25 12:13:53','2014-01-25 12:13:53'),(1336,1,1,'common_template_debug','text_click','Click Me','2014-01-25 12:13:53','2014-01-25 12:13:53'),(1337,1,1,'design_blocks','heading_title','Blocks','2014-01-25 12:13:53','2014-01-25 12:13:53'),(1338,1,1,'design_blocks','text_delete','delete block','2014-01-25 12:13:53','2014-01-25 12:13:53'),(1339,1,1,'design_blocks','text_edit','edit block','2014-01-25 12:13:53','2014-01-25 12:13:53'),(1340,1,1,'design_blocks','text_create','Create block','2014-01-25 12:13:53','2014-01-25 12:13:53'),(1341,1,1,'design_blocks','text_success','Success: You have modified block!','2014-01-25 12:13:53','2014-01-25 12:13:53'),(1342,1,1,'design_blocks','column_block_id','ID','2014-01-25 12:13:53','2014-01-25 12:13:53'),(1343,1,1,'design_blocks','column_block_txt_id',' Unique Text ID ','2014-01-25 12:13:53','2014-01-25 12:13:53'),(1344,1,1,'design_blocks','column_block_name','Name','2014-01-25 12:13:53','2014-01-25 12:13:53'),(1345,1,1,'design_blocks','column_date_added','Date Added','2014-01-25 12:13:53','2014-01-25 12:13:53'),(1346,1,1,'design_blocks','column_block_type',' Type ','2014-01-25 12:13:53','2014-01-25 12:13:53'),(1347,1,1,'design_blocks','column_action',' Action ','2014-01-25 12:13:53','2014-01-25 12:13:53'),(1348,1,1,'design_blocks','column_sort_order',' Sort Order ','2014-01-25 12:13:53','2014-01-25 12:13:53'),(1349,1,1,'design_blocks','column_image',' Image ','2014-01-25 12:13:53','2014-01-25 12:13:53'),(1350,1,1,'design_blocks','entry_block_status',' Status ','2014-01-25 12:13:53','2014-01-25 12:13:53'),(1351,1,1,'design_blocks','entry_block_status_note',' Note: You need to add this block in the <a style=\"text-decoration: underline; font-weight: bold;\" href=\"#admin#rt=design/layout\">LAYOUT</a> on desired page to see it working ','2014-01-25 12:13:53','2014-01-25 12:13:53'),(1352,1,1,'design_blocks','entry_block_type',' Custom Block Type ','2014-01-25 12:13:53','2014-01-25 12:13:53'),(1353,1,1,'design_blocks','entry_block_name',' Custom Block Name ','2014-01-25 12:13:53','2014-01-25 12:13:53'),(1354,1,1,'design_blocks','entry_block_wrapper',' Use block wrapper (appearance) ','2014-01-25 12:13:53','2014-01-25 12:13:53'),(1355,1,1,'design_blocks','entry_block_framed',' Use block\'s frame ','2014-01-25 12:13:53','2014-01-25 12:13:53'),(1356,1,1,'design_blocks','entry_block_title',' Custom Block Title ','2014-01-25 12:13:53','2014-01-25 12:13:53'),(1357,1,1,'design_blocks','entry_block_description',' Custom Block description <p>Note: internal use only </p> ','2014-01-25 12:13:53','2014-01-25 12:13:53'),(1358,1,1,'design_blocks','entry_block_content',' Custom Block content ','2014-01-25 12:13:53','2014-01-25 12:13:53'),(1359,1,1,'design_blocks','entry_listing_datasource',' Listing Data Source ','2014-01-25 12:13:53','2014-01-25 12:13:53'),(1360,1,1,'design_blocks','text_delete_confirm',' Confirm to delete block? ','2014-01-25 12:13:53','2014-01-25 12:13:53'),(1361,1,1,'design_blocks','error_empty','Please Fill All Required Fields!','2014-01-25 12:13:53','2014-01-25 12:13:53'),(1362,1,1,'design_blocks','error_delete','Can\'t delete because this block is in use. Please visit Layout section. ','2014-01-25 12:13:53','2014-01-25 12:13:53'),(1363,1,1,'design_blocks','error_text_status','Can\'t change status because this block is not in use. Please visit Layout section. ','2014-01-25 12:13:53','2014-01-25 12:13:53'),(1364,1,1,'design_blocks','text_success_deleted','Success: You have deleted custom block!','2014-01-25 12:13:53','2014-01-25 12:13:53'),(1365,1,1,'design_blocks','entry_data_source','Data Source:','2014-01-25 12:13:53','2014-01-25 12:13:53'),(1366,1,1,'design_blocks','entry_limit','Limit:','2014-01-25 12:13:53','2014-01-25 12:13:53'),(1367,1,1,'design_blocks','text_listing_auto','Auto listing','2014-01-25 12:13:53','2014-01-25 12:13:53'),(1368,1,1,'design_blocks','text_listing_manual','Custom listing','2014-01-25 12:13:53','2014-01-25 12:13:53'),(1369,1,1,'design_blocks','text_select_listing','--- select data listing source ---','2014-01-25 12:13:53','2014-01-25 12:13:53'),(1370,1,1,'design_blocks','text_products_special','Special Offers','2014-01-25 12:13:53','2014-01-25 12:13:53'),(1371,1,1,'design_blocks','text_products_popular','Popular Products','2014-01-25 12:13:53','2014-01-25 12:13:53'),(1372,1,1,'design_blocks','text_categories','Categories','2014-01-25 12:13:53','2014-01-25 12:13:53'),(1373,1,1,'design_blocks','text_media','Media','2014-01-25 12:13:53','2014-01-25 12:13:53'),(1374,1,1,'design_blocks','entry_resource_type','Media Type:','2014-01-25 12:13:53','2014-01-25 12:13:53'),(1375,1,1,'design_blocks','text_custom_products','Custom Products','2014-01-25 12:13:53','2014-01-25 12:13:53'),(1376,1,1,'design_blocks','text_custom_categories','Custom Categories','2014-01-25 12:13:53','2014-01-25 12:13:53'),(1377,1,1,'design_blocks','text_custom_manufacturers','Custom Manufacturers','2014-01-25 12:13:53','2014-01-25 12:13:53'),(1378,1,1,'design_blocks','text_html_block','HTML','2014-01-25 12:13:53','2014-01-25 12:13:53'),(1379,1,1,'design_blocks','text_listing_block','Data Listing','2014-01-25 12:13:53','2014-01-25 12:13:53'),(1380,1,1,'design_blocks','text_selected',' Selected items: ','2014-01-25 12:13:53','2014-01-25 12:13:53'),(1381,1,1,'design_blocks','text_data_listed',' Data to be listed ','2014-01-25 12:13:53','2014-01-25 12:13:53'),(1382,1,1,'design_blocks','text_save_edit',' Add / Edit ','2014-01-25 12:13:53','2014-01-25 12:13:53'),(1383,1,1,'design_blocks','text_apply',' Apply selection ','2014-01-25 12:13:53','2014-01-25 12:13:53'),(1384,1,1,'design_blocks','text_block_id',' Block ID ','2014-01-25 12:13:53','2014-01-25 12:13:53'),(1385,1,1,'design_blocks','text_block_txt_id',' Block Text ID ','2014-01-25 12:13:53','2014-01-25 12:13:53'),(1386,1,1,'design_blocks','text_controller',' Controller ','2014-01-25 12:13:53','2014-01-25 12:13:53'),(1387,1,1,'design_blocks','text_templates',' Block Templates ','2014-01-25 12:13:53','2014-01-25 12:13:53'),(1388,1,1,'design_blocks','text_block_date_added',' Block Creation Date ','2014-01-25 12:13:53','2014-01-25 12:13:53'),(1389,1,1,'design_blocks','text_layouts',' Used in layouts ','2014-01-25 12:13:53','2014-01-25 12:13:53'),(1390,1,1,'design_content','heading_title','Content Manager','2014-01-25 12:13:53','2014-01-25 12:13:53'),(1391,1,1,'design_content','insert_title','Insert Content','2014-01-25 12:13:53','2014-01-25 12:13:53'),(1392,1,1,'design_content','update_title','Update Content','2014-01-25 12:13:53','2014-01-25 12:13:53'),(1393,1,1,'design_content','text_success','Success: You have modified content!','2014-01-25 12:13:53','2014-01-25 12:13:53'),(1394,1,1,'design_content','text_success_layout','Success: You have modified content page layout.','2014-01-25 12:13:53','2014-01-25 12:13:53'),(1395,1,1,'design_content','text_hidden','Hidden','2014-01-25 12:13:53','2014-01-25 12:13:53'),(1396,1,1,'design_content','text_default','Default','2014-01-25 12:13:53','2014-01-25 12:13:53'),(1397,1,1,'design_content','column_title','Content Title','2014-01-25 12:13:53','2014-01-25 12:13:53'),(1398,1,1,'design_content','column_parent','Parent Content','2014-01-25 12:13:53','2014-01-25 12:13:53'),(1399,1,1,'design_content','entry_parent','Parent Content Page','2014-01-25 12:13:53','2014-01-25 12:13:53'),(1400,1,1,'design_content','column_sort_order','Sort Order','2014-01-25 12:13:53','2014-01-25 12:13:53'),(1401,1,1,'design_content','column_status','Status','2014-01-25 12:13:53','2014-01-25 12:13:53'),(1402,1,1,'design_content','column_action','Action','2014-01-25 12:13:53','2014-01-25 12:13:53'),(1403,1,1,'design_content','entry_name','Content Name:','2014-01-25 12:13:53','2014-01-25 12:13:53'),(1404,1,1,'design_content','entry_title','Content Title:','2014-01-25 12:13:53','2014-01-25 12:13:53'),(1405,1,1,'design_content','entry_description','Description:','2014-01-25 12:13:53','2014-01-25 12:13:53'),(1406,1,1,'design_content','entry_content','Content:','2014-01-25 12:13:53','2014-01-25 12:13:53'),(1407,1,1,'design_content','entry_store','Stores:','2014-01-25 12:13:53','2014-01-25 12:13:53'),(1408,1,1,'design_content','entry_status','Status:','2014-01-25 12:13:53','2014-01-25 12:13:53'),(1409,1,1,'design_content','entry_keyword','SEO Keyword:','2014-01-25 12:13:53','2014-01-25 12:13:53'),(1410,1,1,'design_content','entry_sort_order','Sort Order:','2014-01-25 12:13:53','2014-01-25 12:13:53'),(1411,1,1,'design_content','error_permission','Warning: You do not have permission to modify content!','2014-01-25 12:13:53','2014-01-25 12:13:53'),(1412,1,1,'design_content','error_title','Content Title must be between 2 and 64 characters!','2014-01-25 12:13:53','2014-01-25 12:13:53'),(1413,1,1,'design_content','error_name','Content Name must be between 2 and 64 characters!','2014-01-25 12:13:53','2014-01-25 12:13:53'),(1414,1,1,'design_content','error_description','Description must be more than 1 characters!','2014-01-25 12:13:53','2014-01-25 12:13:53'),(1415,1,1,'design_content','error_content','Content must be more than 1 characters!','2014-01-25 12:13:53','2014-01-25 12:13:53'),(1416,1,1,'design_content','error_seo_url','SEO URL must be more than 1 characters!','2014-01-25 12:13:53','2014-01-25 12:13:53'),(1417,1,1,'design_content','error_account','Warning: This content cannot be deleted as it is currently assigned as the default store account terms!','2014-01-25 12:13:53','2014-01-25 12:13:53'),(1418,1,1,'design_content','error_checkout','Warning: This content cannot be deleted as it is currently assigned as the default store checkout terms!','2014-01-25 12:13:53','2014-01-25 12:13:53'),(1419,1,1,'design_content','error_required_data','Required Data has not been entered. Check for field errors!','2014-01-25 12:13:53','2014-01-25 12:13:53'),(1420,1,1,'design_content','text_top_level','Top Level','2014-01-25 12:13:53','2014-01-25 12:13:53'),(1421,1,1,'design_content','text_any','any','2014-01-25 12:13:53','2014-01-25 12:13:53'),(1422,1,1,'design_content','tab_form',' Edit ','2014-01-25 12:13:53','2014-01-25 12:13:53'),(1423,1,1,'design_content','tab_layout',' Layout ','2014-01-25 12:13:53','2014-01-25 12:13:53'),(1424,1,1,'design_layout','heading_title','Layout &amp; Blocks Manager','2014-01-25 12:13:53','2014-01-25 12:13:53'),(1425,1,1,'design_layout','text_select_template','Select template: ','2014-01-25 12:13:53','2014-01-25 12:13:53'),(1426,1,1,'design_layout','text_success','Success: You have modified layout &amp; blocks!','2014-01-25 12:13:53','2014-01-25 12:13:53'),(1427,1,1,'design_menu','heading_title','Menu','2014-01-25 12:13:53','2014-01-25 12:13:53'),(1428,1,1,'design_menu','text_success','Success: You have modified menu!','2014-01-25 12:13:53','2014-01-25 12:13:53'),(1429,1,1,'design_menu','entry_item_id','Unique ID','2014-01-25 12:13:53','2014-01-25 12:13:53'),(1430,1,1,'design_menu','entry_item_icon','Icon','2014-01-25 12:13:53','2014-01-25 12:13:53'),(1431,1,1,'design_menu','entry_item_text','Text','2014-01-25 12:13:53','2014-01-25 12:13:53'),(1432,1,1,'design_menu','entry_item_url','Link<br /><span class=\"help\">For external links add http:// or https:// in the beginning</span>','2014-01-25 12:13:53','2014-01-25 12:13:53'),(1433,1,1,'design_menu','entry_parent_id','Parent','2014-01-25 12:13:53','2014-01-25 12:13:53'),(1434,1,1,'design_menu','entry_sort_order','Sort Order','2014-01-25 12:13:53','2014-01-25 12:13:53'),(1435,1,1,'design_menu','entry_link_category','Link to Category','2014-01-25 12:13:53','2014-01-25 12:13:53'),(1436,1,1,'design_menu','entry_link_page','Link to Page','2014-01-25 12:13:53','2014-01-25 12:13:53'),(1437,1,1,'design_menu','text_link','Link','2014-01-25 12:13:53','2014-01-25 12:13:53'),(1438,1,1,'design_menu','text_select_parent_id','- Root Menu -','2014-01-25 12:13:53','2014-01-25 12:13:53'),(1439,1,1,'design_menu','error_empty','Field cannot be Empty!','2014-01-25 12:13:53','2014-01-25 12:13:53'),(1440,1,1,'design_menu','error_non_unique','Item ID not unique!','2014-01-25 12:13:53','2014-01-25 12:13:53'),(1441,1,1,'design_template','heading_title','Template Manager','2014-01-25 12:13:53','2014-01-25 12:13:53'),(1442,1,1,'design_template','text_success','Success: You have modified template!','2014-01-25 12:13:53','2014-01-25 12:13:53'),(1443,1,1,'english','code','en','2014-01-25 12:13:53','2014-01-25 12:13:53'),(1444,1,1,'english','direction','ltr','2014-01-25 12:13:53','2014-01-25 12:13:53'),(1445,1,1,'english','date_format_short','d/m/Y','2014-01-25 12:13:53','2014-01-25 12:13:53'),(1446,1,1,'english','date_format_long','l dS F Y','2014-01-25 12:13:53','2014-01-25 12:13:53'),(1447,1,1,'english','time_format','h:i:s A','2014-01-25 12:13:53','2014-01-25 12:13:53'),(1448,1,1,'english','decimal_point','.','2014-01-25 12:13:53','2014-01-25 12:13:53'),(1449,1,1,'english','thousand_point',',','2014-01-25 12:13:53','2014-01-25 12:13:53'),(1450,1,1,'english','text_yes','Yes','2014-01-25 12:13:53','2014-01-25 12:13:53'),(1451,1,1,'english','text_no','No','2014-01-25 12:13:53','2014-01-25 12:13:53'),(1452,1,1,'english','text_plus','+','2014-01-25 12:13:53','2014-01-25 12:13:53'),(1453,1,1,'english','text_minus','-','2014-01-25 12:13:53','2014-01-25 12:13:53'),(1454,1,1,'english','text_enabled','Enabled','2014-01-25 12:13:53','2014-01-25 12:13:53'),(1455,1,1,'english','text_disabled','Disabled','2014-01-25 12:13:53','2014-01-25 12:13:53'),(1456,1,1,'english','text_none',' --- None --- ','2014-01-25 12:13:53','2014-01-25 12:13:53'),(1457,1,1,'english','text_select',' --- Please Select --- ','2014-01-25 12:13:53','2014-01-25 12:13:53'),(1458,1,1,'english','text_select_all','Select All','2014-01-25 12:13:53','2014-01-25 12:13:53'),(1459,1,1,'english','text_unselect_all','Unselect All','2014-01-25 12:13:53','2014-01-25 12:13:53'),(1460,1,1,'english','text_all_zones','All Zones','2014-01-25 12:13:53','2014-01-25 12:13:53'),(1461,1,1,'english','text_default','(Default)','2014-01-25 12:13:53','2014-01-25 12:13:53'),(1462,1,1,'english','text_close','Close','2014-01-25 12:13:53','2014-01-25 12:13:53'),(1463,1,1,'english','text_pagination','Showing {start} to {end} of {total} ({pages} Pages)','2014-01-25 12:13:53','2014-01-25 12:13:53'),(1464,1,1,'english','text_per_page','Per Page','2014-01-25 12:13:53','2014-01-25 12:13:53'),(1465,1,1,'english','text_no_results','No results found!','2014-01-25 12:13:53','2014-01-25 12:13:53'),(1466,1,1,'english','text_separator',' &gt; ','2014-01-25 12:13:53','2014-01-25 12:13:53'),(1467,1,1,'english','text_edit','Edit ','2014-01-25 12:13:53','2014-01-25 12:13:53'),(1468,1,1,'english','text_view','View','2014-01-25 12:13:53','2014-01-25 12:13:53'),(1469,1,1,'english','text_home','Home','2014-01-25 12:13:53','2014-01-25 12:13:53'),(1470,1,1,'english','button_insert','Insert','2014-01-25 12:13:53','2014-01-25 12:13:53'),(1471,1,1,'english','button_delete','Delete','2014-01-25 12:13:53','2014-01-25 12:13:53'),(1472,1,1,'english','button_save','Save','2014-01-25 12:13:53','2014-01-25 12:13:53'),(1473,1,1,'english','button_cancel','Cancel','2014-01-25 12:13:53','2014-01-25 12:13:53'),(1474,1,1,'english','button_reset','Reset','2014-01-25 12:13:53','2014-01-25 12:13:53'),(1475,1,1,'english','button_clear','Clear Log','2014-01-25 12:13:53','2014-01-25 12:13:53'),(1476,1,1,'english','button_close','Close','2014-01-25 12:13:53','2014-01-25 12:13:53'),(1477,1,1,'english','button_upgrade','Upgrade','2014-01-25 12:13:53','2014-01-25 12:13:53'),(1478,1,1,'english','button_filter','Filter','2014-01-25 12:13:53','2014-01-25 12:13:53'),(1479,1,1,'english','button_send','Send','2014-01-25 12:13:53','2014-01-25 12:13:53'),(1480,1,1,'english','button_edit','Edit','2014-01-25 12:13:53','2014-01-25 12:13:53'),(1481,1,1,'english','button_copy','Copy','2014-01-25 12:13:53','2014-01-25 12:13:53'),(1482,1,1,'english','button_agree','Agree','2014-01-25 12:13:53','2014-01-25 12:13:53'),(1483,1,1,'english','button_back','Back','2014-01-25 12:13:53','2014-01-25 12:13:53'),(1484,1,1,'english','button_remove','Remove','2014-01-25 12:13:53','2014-01-25 12:13:53'),(1485,1,1,'english','button_backup','Backup','2014-01-25 12:13:53','2014-01-25 12:13:53'),(1486,1,1,'english','button_restore','Restore','2014-01-25 12:13:53','2014-01-25 12:13:53'),(1487,1,1,'english','button_invoice','Print Invoice','2014-01-25 12:13:53','2014-01-25 12:13:53'),(1488,1,1,'english','button_invoices','Print Invoices','2014-01-25 12:13:53','2014-01-25 12:13:53'),(1489,1,1,'english','button_add_option','Add Option','2014-01-25 12:13:53','2014-01-25 12:13:53'),(1490,1,1,'english','button_add_option_value','Add Option Value','2014-01-25 12:13:53','2014-01-25 12:13:53'),(1491,1,1,'english','button_add_discount','Add Discount','2014-01-25 12:13:53','2014-01-25 12:13:53'),(1492,1,1,'english','button_add_special','Add Special','2014-01-25 12:13:53','2014-01-25 12:13:53'),(1493,1,1,'english','button_add_image','Add Image','2014-01-25 12:13:53','2014-01-25 12:13:53'),(1494,1,1,'english','button_add_location_zone','Add Location Zone','2014-01-25 12:13:53','2014-01-25 12:13:53'),(1495,1,1,'english','button_add_rate','Add Tax Rate','2014-01-25 12:13:53','2014-01-25 12:13:53'),(1496,1,1,'english','button_add_history','Add Order History','2014-01-25 12:13:53','2014-01-25 12:13:53'),(1497,1,1,'english','button_actas','Act on behalf of','2014-01-25 12:13:53','2014-01-25 12:13:53'),(1498,1,1,'english','button_approve','Approve','2014-01-25 12:13:53','2014-01-25 12:13:53'),(1499,1,1,'english','button_generate','Generate','2014-01-25 12:13:53','2014-01-25 12:13:53'),(1500,1,1,'english','tab_admin','Admin','2014-01-25 12:13:53','2014-01-25 12:13:53'),(1501,1,1,'english','tab_data','Data','2014-01-25 12:13:53','2014-01-25 12:13:53'),(1502,1,1,'english','tab_discount','Discounts','2014-01-25 12:13:53','2014-01-25 12:13:53'),(1503,1,1,'english','tab_details','Details','2014-01-25 12:13:53','2014-01-25 12:13:53'),(1504,1,1,'english','tab_checkout','Checkout','2014-01-25 12:13:53','2014-01-25 12:13:53'),(1505,1,1,'english','tab_appearance','Appearance','2014-01-25 12:13:53','2014-01-25 12:13:53'),(1506,1,1,'english','tab_api','API','2014-01-25 12:13:53','2014-01-25 12:13:53'),(1507,1,1,'english','tab_general','General','2014-01-25 12:13:53','2014-01-25 12:13:53'),(1508,1,1,'english','tab_image','Additional Images','2014-01-25 12:13:53','2014-01-25 12:13:53'),(1509,1,1,'english','tab_option','Options','2014-01-25 12:13:53','2014-01-25 12:13:53'),(1510,1,1,'english','tab_system','System','2014-01-25 12:13:53','2014-01-25 12:13:53'),(1511,1,1,'english','tab_store','Store','2014-01-25 12:13:53','2014-01-25 12:13:53'),(1512,1,1,'english','tab_special','Specials','2014-01-25 12:13:53','2014-01-25 12:13:53'),(1513,1,1,'english','tab_local','Local','2014-01-25 12:13:53','2014-01-25 12:13:53'),(1514,1,1,'english','tab_mail','Mail','2014-01-25 12:13:53','2014-01-25 12:13:53'),(1515,1,1,'english','tab_order','Order Details','2014-01-25 12:13:53','2014-01-25 12:13:53'),(1516,1,1,'english','tab_history','Order History','2014-01-25 12:13:53','2014-01-25 12:13:53'),(1517,1,1,'english','tab_product','Products','2014-01-25 12:13:53','2014-01-25 12:13:53'),(1518,1,1,'english','tab_shipping','Shipping Address','2014-01-25 12:13:53','2014-01-25 12:13:53'),(1519,1,1,'english','tab_payment','Payment Address','2014-01-25 12:13:53','2014-01-25 12:13:53'),(1520,1,1,'english','entry_discount','Discount','2014-01-25 12:13:53','2014-01-25 12:13:53'),(1521,1,1,'english','entry_special','Special','2014-01-25 12:13:53','2014-01-25 12:13:53'),(1522,1,1,'english','error_upload_1','Warning: The uploaded file exceeds the upload_max_filesize directive in php.ini!','2014-01-25 12:13:53','2014-01-25 12:13:53'),(1523,1,1,'english','error_upload_2','\n			Warning: The uploaded file exceeds the MAX_FILE_SIZE directive that was specified in the HTML form!','2014-01-25 12:13:53','2014-01-25 12:13:53'),(1524,1,1,'english','error_upload_3','Warning: The uploaded file was only partially uploaded!','2014-01-25 12:13:53','2014-01-25 12:13:53'),(1525,1,1,'english','error_upload_4','Warning: No file was uploaded!','2014-01-25 12:13:53','2014-01-25 12:13:53'),(1526,1,1,'english','error_upload_6','Warning: Missing a temporary folder!','2014-01-25 12:13:53','2014-01-25 12:13:53'),(1527,1,1,'english','error_upload_7','Warning: Failed to write file to disk!','2014-01-25 12:13:53','2014-01-25 12:13:53'),(1528,1,1,'english','error_upload_8','Warning: File upload stopped by extension!','2014-01-25 12:13:53','2014-01-25 12:13:53'),(1529,1,1,'english','error_upload_999','Warning: No error code avaiable!','2014-01-25 12:13:53','2014-01-25 12:13:53'),(1530,1,1,'english','text_choose_action','choose action..','2014-01-25 12:13:53','2014-01-25 12:13:53'),(1531,1,1,'english','text_delete','Delete','2014-01-25 12:13:53','2014-01-25 12:13:53'),(1532,1,1,'english','text_delete_selected','delete selected','2014-01-25 12:13:53','2014-01-25 12:13:53'),(1533,1,1,'english','text_save_selected','save selected','2014-01-25 12:13:53','2014-01-25 12:13:53'),(1534,1,1,'english','text_save_all','save all','2014-01-25 12:13:53','2014-01-25 12:13:53'),(1535,1,1,'english','text_select_status','- Select Status -','2014-01-25 12:13:53','2014-01-25 12:13:53'),(1536,1,1,'english','text_confirm_password','confirm password','2014-01-25 12:13:53','2014-01-25 12:13:53'),(1537,1,1,'english','text_insert','Insert ','2014-01-25 12:13:53','2014-01-25 12:13:53'),(1538,1,1,'english','text_select_items','Please Select Items','2014-01-25 12:13:53','2014-01-25 12:13:53'),(1539,1,1,'english','button_go','GO','2014-01-25 12:13:53','2014-01-25 12:13:53'),(1540,1,1,'english','search_everywhere','Search Everywhere','2014-01-25 12:13:53','2014-01-25 12:13:53'),(1541,1,1,'english','column_action','Action','2014-01-25 12:13:53','2014-01-25 12:13:53'),(1542,1,1,'english','error_permission_access','Warning: You do not have permission to access %s!','2014-01-25 12:13:53','2014-01-25 12:13:53'),(1543,1,1,'english','error_permission_modify','Warning: You do not have permission to modify %s!','2014-01-25 12:13:53','2014-01-25 12:13:53'),(1544,1,1,'english','text_add','Add','2014-01-25 12:13:53','2014-01-25 12:13:53'),(1545,1,1,'english','text_add_block','Add Block','2014-01-25 12:13:53','2014-01-25 12:13:53'),(1546,1,1,'english','text_resource_library','Resource Library','2014-01-25 12:13:53','2014-01-25 12:13:53'),(1547,1,1,'english','text_add_media','Add Media','2014-01-25 12:13:53','2014-01-25 12:13:53'),(1548,1,1,'english','confirm_unmap_title','Confirm resource(s) Unmap','2014-01-25 12:13:53','2014-01-25 12:13:53'),(1549,1,1,'english','text_confirm_unmap','Are you sure you want to unmap resource(s)?','2014-01-25 12:13:53','2014-01-25 12:13:53'),(1550,1,1,'english','confirm_del_title','Confirm resource(s) Delete','2014-01-25 12:13:53','2014-01-25 12:13:53'),(1551,1,1,'english','text_confirm_del','Are you sure you want to delete resource(s)?','2014-01-25 12:13:53','2014-01-25 12:13:53'),(1552,1,1,'english','text_type_image','Images','2014-01-25 12:13:53','2014-01-25 12:13:53'),(1553,1,1,'english','text_type_audio','Audio','2014-01-25 12:13:53','2014-01-25 12:13:53'),(1554,1,1,'english','text_type_video','Video','2014-01-25 12:13:53','2014-01-25 12:13:53'),(1555,1,1,'english','text_type_pdf','PDF Document','2014-01-25 12:13:53','2014-01-25 12:13:53'),(1556,1,1,'english','text_type_archive','Archive','2014-01-25 12:13:53','2014-01-25 12:13:53'),(1557,1,1,'english','button_unmap','Unmap','2014-01-25 12:13:53','2014-01-25 12:13:53'),(1558,1,1,'english','button_select_resource','select','2014-01-25 12:13:53','2014-01-25 12:13:53'),(1559,1,1,'english','text_click_to_change','Click image to change it','2014-01-25 12:13:53','2014-01-25 12:13:53'),(1560,1,1,'english','text_select_from_list','Select from the list','2014-01-25 12:13:53','2014-01-25 12:13:53'),(1561,1,1,'english','text_count_selected','Count of selected items:','2014-01-25 12:13:53','2014-01-25 12:13:53'),(1562,1,1,'english','text_delete_confirm','Please, confirm delete','2014-01-25 12:13:53','2014-01-25 12:13:53'),(1563,1,1,'english','text_save_edit','Add/Edit','2014-01-25 12:13:53','2014-01-25 12:13:53'),(1564,1,1,'english','text_apply','Apply','2014-01-25 12:13:53','2014-01-25 12:13:53'),(1565,1,1,'english','text_on_top','back on top','2014-01-25 12:13:53','2014-01-25 12:13:53'),(1566,1,1,'english','text_all','All','2014-01-25 12:13:53','2014-01-25 12:13:53'),(1567,1,1,'english','text_create_new_block',' Create New Block ','2014-01-25 12:13:53','2014-01-25 12:13:53'),(1568,1,1,'english','button_unlink','Unlink','2014-01-25 12:13:53','2014-01-25 12:13:53'),(1569,1,1,'english','text_confirm_unlink','Are you sure you want to unlink resource?','2014-01-25 12:13:53','2014-01-25 12:13:53'),(1570,1,1,'english','confirm_unlink_title','Confirm resource Unlink','2014-01-25 12:13:53','2014-01-25 12:13:53'),(1571,1,1,'english','text_install_warning_subject','Security warning','2014-01-25 12:13:53','2014-01-25 12:13:53'),(1572,1,1,'english','text_install_warning','You still have install directory present in your AbanteCart installation directory. It is recommended you delete this directory.','2014-01-25 12:13:53','2014-01-25 12:13:53'),(1573,1,1,'english','text_select_store','Select Store','2014-01-25 12:13:53','2014-01-25 12:13:53'),(1574,1,1,'english','text_click_browse_file','Click to browse file','2014-01-25 12:13:53','2014-01-25 12:13:53'),(1575,1,1,'english','text_browse','Browse','2014-01-25 12:13:53','2014-01-25 12:13:53'),(1576,1,1,'english','text_or','or','2014-01-25 12:13:53','2014-01-25 12:13:53'),(1577,1,1,'english','error_seo_keyword','SEO keyword <a target=\"_blank\" href=\"%s\">\"%s\"</a> is already exists!','2014-01-25 12:13:53','2014-01-25 12:13:53'),(1578,1,1,'english','column_update_date','Update Date','2014-01-25 12:13:53','2014-01-25 12:13:53'),(1579,1,1,'english','text_automatic','Automatic','2014-01-25 12:13:53','2014-01-25 12:13:53'),(1580,1,1,'english','text_sort_order','Sort Order','2014-01-25 12:13:53','2014-01-25 12:13:53'),(1581,1,1,'error_error','heading_title','Application Error!','2014-01-25 12:13:53','2014-01-25 12:13:53'),(1582,1,1,'error_error','text_error','Please check error log for more information','2014-01-25 12:13:53','2014-01-25 12:13:53'),(1583,1,1,'error_login','heading_title','Login Error!','2014-01-25 12:13:53','2014-01-25 12:13:53'),(1584,1,1,'error_login','text_login','You are not logged in. You will be redirected to login page','2014-01-25 12:13:53','2014-01-25 12:13:53'),(1585,1,1,'error_not_found','heading_title','Page Not Found!','2014-01-25 12:13:53','2014-01-25 12:13:53'),(1586,1,1,'error_not_found','text_not_found','The page you are looking for could not be found! Please contact your administrator if the problem persists.','2014-01-25 12:13:53','2014-01-25 12:13:53'),(1587,1,1,'error_permission','heading_title','Permission Denied!','2014-01-25 12:13:53','2014-01-25 12:13:53'),(1588,1,1,'error_permission','text_permission','You do not have permission to access this page, please refer to your system administrator.','2014-01-25 12:13:53','2014-01-25 12:13:53'),(1589,1,1,'extension_extensions','heading_title','Extensions','2014-01-25 12:13:53','2014-01-25 12:13:53'),(1590,1,1,'extension_extensions','text_install','Install','2014-01-25 12:13:53','2014-01-25 12:13:53'),(1591,1,1,'extension_extensions','text_uninstall','Uninstall','2014-01-25 12:13:53','2014-01-25 12:13:53'),(1592,1,1,'extension_extensions','text_uninstall_delete','Uninstall/Delete','2014-01-25 12:13:53','2014-01-25 12:13:53'),(1593,1,1,'extension_extensions','text_uninstall_confirm','\n			 Please confirm you want to uninstall extension [ %extension% ]. All extension settings and related data might be deleted and lost. ','2014-01-25 12:13:53','2014-01-25 12:13:53'),(1594,1,1,'extension_extensions','text_delete','Delete','2014-01-25 12:13:53','2014-01-25 12:13:53'),(1595,1,1,'extension_extensions','text_enlarge','Click Image to Enlarge','2014-01-25 12:13:53','2014-01-25 12:13:53'),(1596,1,1,'extension_extensions','text_activate','Activate','2014-01-25 12:13:53','2014-01-25 12:13:53'),(1597,1,1,'extension_extensions','text_deactivate','Deactivate','2014-01-25 12:13:53','2014-01-25 12:13:53'),(1598,1,1,'extension_extensions','text_left','Left','2014-01-25 12:13:53','2014-01-25 12:13:53'),(1599,1,1,'extension_extensions','text_right','Right','2014-01-25 12:13:53','2014-01-25 12:13:53'),(1600,1,1,'extension_extensions','text_date_added','Added on','2014-01-25 12:13:53','2014-01-25 12:13:53'),(1601,1,1,'extension_extensions','column_icon','Icon','2014-01-25 12:13:53','2014-01-25 12:13:53'),(1602,1,1,'extension_extensions','column_id','Extension ID','2014-01-25 12:13:53','2014-01-25 12:13:53'),(1603,1,1,'extension_extensions','column_required','Required','2014-01-25 12:13:53','2014-01-25 12:13:53'),(1604,1,1,'extension_extensions','column_name','Extension Name','2014-01-25 12:13:53','2014-01-25 12:13:53'),(1605,1,1,'extension_extensions','column_position','Position','2014-01-25 12:13:53','2014-01-25 12:13:53'),(1606,1,1,'extension_extensions','column_update_date','Update Date','2014-01-25 12:13:53','2014-01-25 12:13:53'),(1607,1,1,'extension_extensions','column_category','Category','2014-01-25 12:13:53','2014-01-25 12:13:53'),(1608,1,1,'extension_extensions','column_status','Status','2014-01-25 12:13:53','2014-01-25 12:13:53'),(1609,1,1,'extension_extensions','column_sort_order','Sort Order','2014-01-25 12:13:53','2014-01-25 12:13:53'),(1610,1,1,'extension_extensions','column_action','Quick Actions','2014-01-25 12:13:53','2014-01-25 12:13:53'),(1611,1,1,'extension_extensions','error_permission','Warning: You do not have permission to modify extensions!','2014-01-25 12:13:53','2014-01-25 12:13:53'),(1612,1,1,'extension_extensions','error_required_field','Warning: Please fill required fields! ','2014-01-25 12:13:53','2014-01-25 12:13:53'),(1613,1,1,'extension_extensions','error_payment_uninstall','Warning: Disable extension before uninstall!','2014-01-25 12:13:53','2014-01-25 12:13:53'),(1614,1,1,'extension_extensions','error_uninstall','Warning: Uninstall extension before delete!','2014-01-25 12:13:53','2014-01-25 12:13:53'),(1615,1,1,'extension_extensions','text_success','Success: You have modified extension settings!','2014-01-25 12:13:53','2014-01-25 12:13:53'),(1616,1,1,'extension_extensions','text_restore_success','Success: You have restored default extension settings!','2014-01-25 12:13:53','2014-01-25 12:13:53'),(1617,1,1,'extension_extensions','text_extensions_store','Extensions Store','2014-01-25 12:13:53','2014-01-25 12:13:53'),(1618,1,1,'extension_extensions','text_required','Required','2014-01-25 12:13:53','2014-01-25 12:13:53'),(1619,1,1,'extension_extensions','text_optional','Optional','2014-01-25 12:13:53','2014-01-25 12:13:53'),(1620,1,1,'extension_extensions','text_add_new','Install Extension','2014-01-25 12:13:53','2014-01-25 12:13:53'),(1621,1,1,'extension_extensions','text_search','Search','2014-01-25 12:13:53','2014-01-25 12:13:53'),(1622,1,1,'extension_extensions','text_search_for_extension','Search for Extension','2014-01-25 12:13:53','2014-01-25 12:13:53'),(1623,1,1,'extension_extensions','text_missing_extension','\n			\"Extension %EXT%:  Source can not be located! Please delete it and visit extention provider to get complete source and intall it again  \"','2014-01-25 12:13:53','2014-01-25 12:13:53'),(1624,1,1,'extension_extensions','text_broken_extension','\n			\"Extension %EXT%:  Source probably broken! Can\'t find config.xml or main.php files. Please delete it and visit extention provider to get complete source and intall it again  \"','2014-01-25 12:13:53','2014-01-25 12:13:53'),(1625,1,1,'extension_extensions','text_extension_pagination','Extension(s) {start} to {end} of {total}','2014-01-25 12:13:53','2014-01-25 12:13:53'),(1626,1,1,'extension_extensions','text_per_page','per page','2014-01-25 12:13:53','2014-01-25 12:13:53'),(1627,1,1,'extension_extensions','text_error_in_ajax','Error in ajax call','2014-01-25 12:13:53','2014-01-25 12:13:53'),(1628,1,1,'extension_extensions','text_saved','Saved','2014-01-25 12:13:53','2014-01-25 12:13:53'),(1629,1,1,'extension_extensions','text_save','Save','2014-01-25 12:13:53','2014-01-25 12:13:53'),(1630,1,1,'extension_extensions','text_reset','Reset','2014-01-25 12:13:53','2014-01-25 12:13:53'),(1631,1,1,'extension_extensions','text_back','Back','2014-01-25 12:13:53','2014-01-25 12:13:53'),(1632,1,1,'extension_extensions','text_additional_settings','Additional settings','2014-01-25 12:13:53','2014-01-25 12:13:53'),(1633,1,1,'extension_extensions','text_reload','Reload','2014-01-25 12:13:53','2014-01-25 12:13:53'),(1634,1,1,'extension_extensions','text_version','Version','2014-01-25 12:13:53','2014-01-25 12:13:53'),(1635,1,1,'extension_extensions','text_installed_on','Installed on','2014-01-25 12:13:53','2014-01-25 12:13:53'),(1636,1,1,'extension_extensions','text_installed','Installed','2014-01-25 12:13:53','2014-01-25 12:13:53'),(1637,1,1,'extension_extensions','text_not_installed','Not Installed','2014-01-25 12:13:53','2014-01-25 12:13:53'),(1638,1,1,'extension_extensions','text_visit_repository','Please visit %extensions_store% extension repository</a> to download extension','2014-01-25 12:13:53','2014-01-25 12:13:53'),(1639,1,1,'extension_extensions','text_license','License','2014-01-25 12:13:53','2014-01-25 12:13:53'),(1640,1,1,'extension_extensions','text_dependency','Dependency','2014-01-25 12:13:53','2014-01-25 12:13:53'),(1641,1,1,'extension_extensions','text_configuration_settings','Configuration Settings','2014-01-25 12:13:53','2014-01-25 12:13:53'),(1642,1,1,'extension_extensions','text_upgrade','Upgrade','2014-01-25 12:13:53','2014-01-25 12:13:53'),(1643,1,1,'extension_extensions','text_help','Help','2014-01-25 12:13:53','2014-01-25 12:13:53'),(1644,1,1,'extension_extensions','text_dependencies','Dependencies','2014-01-25 12:13:53','2014-01-25 12:13:53'),(1645,1,1,'extension_extensions','text_update_it','New version (%NEWVERSION%) is available','2014-01-25 12:13:53','2014-01-25 12:13:53'),(1646,1,1,'extension_extensions','text_delete_confirm','Are you sure you want to delete extension?','2014-01-25 12:13:53','2014-01-25 12:13:53'),(1647,1,1,'extension_extensions','error_config_load','Error: Could not load config for <b>%s</b>!','2014-01-25 12:13:53','2014-01-25 12:13:53'),(1648,1,1,'extension_extensions','error_required_extension','<b>%s</b> extension cannot be installed: <b>%s</b> extension required','2014-01-25 12:13:53','2014-01-25 12:13:53'),(1649,1,1,'extension_extensions','error_required_phpmodule','<b>%s</b> extension cannot be installed: <b>%s</b> php module required','2014-01-25 12:13:53','2014-01-25 12:13:53'),(1650,1,1,'extension_extensions','button_restore_defaults','Restore Default Settings','2014-01-25 12:13:53','2014-01-25 12:13:53'),(1651,1,1,'extension_extensions','additional_settings_confirm','\n			To set additional settings of extension of another store you need to login into control panel on another domain name. Ok? ','2014-01-25 12:13:53','2014-01-25 12:13:53'),(1652,1,1,'extension_extensions','error_no_help_file','Sorry, there is no help file for this extension.','2014-01-25 12:13:53','2014-01-25 12:13:53'),(1653,1,1,'extension_extensions','text_more_help','More help','2014-01-25 12:13:53','2014-01-25 12:13:53'),(1654,1,1,'extension_extensions','entry_total_type','Type','2014-01-25 12:13:53','2014-01-25 12:13:53'),(1655,1,1,'extension_extensions','text_total','Total','2014-01-25 12:13:53','2014-01-25 12:13:53'),(1656,1,1,'extension_extensions','text_subtotal','Sub-total','2014-01-25 12:13:53','2014-01-25 12:13:53'),(1657,1,1,'extension_extensions','text_shipping','Shipping','2014-01-25 12:13:53','2014-01-25 12:13:53'),(1658,1,1,'extension_extensions','text_tax','Tax','2014-01-25 12:13:53','2014-01-25 12:13:53'),(1659,1,1,'extension_extensions','text_fee','Fee','2014-01-25 12:13:53','2014-01-25 12:13:53'),(1660,1,1,'extension_extensions','text_discount','Discount','2014-01-25 12:13:53','2014-01-25 12:13:53'),(1661,1,1,'extension_extensions','text_confirm_disable_dependants','\n			Extension %s have dependants are: <br>%s<br> It will be disabled automatically too.<br> Do you confirm?','2014-01-25 12:13:53','2014-01-25 12:13:53'),(1662,1,1,'extension_extensions','text_status','Status','2014-01-25 12:13:53','2014-01-25 12:13:53'),(1663,1,1,'extension_extensions','text_sort_order','Sort Order','2014-01-25 12:13:53','2014-01-25 12:13:53'),(1664,1,1,'extension_extensions','text_payment_minimum_total','Total Order Minimum:<span class=\"help\">Minimum order amount to be reached to allow this payment</span>','2014-01-25 12:13:53','2014-01-25 12:13:53'),(1665,1,1,'extension_extensions','text_payment_maximum_total','Total Order Maximum:<span class=\"help\">Maximum order amount to be reached to disallow this payment</span>','2014-01-25 12:13:53','2014-01-25 12:13:53'),(1666,1,1,'extension_extensions','text_payment_storefront_icon','Storefront Icon:<span class=\"help\">Payment Icon to be displayed at checkout payment selection</span>','2014-01-25 12:13:53','2014-01-25 12:13:53'),(1667,1,1,'extension_extensions','text_shipping_storefront_icon','Storefront Icon:<span class=\"help\">Shipping Icon to be displayed at checkout shipping selection</span>','2014-01-25 12:13:53','2014-01-25 12:13:53'),(1668,1,1,'extension_extensions','text_autoselect_payment','Auto Select:<br /><span class=\"help\">You can set to skip payment selection page if there is only one payment option. This payment method will be selected automatically</span>','2014-01-25 12:13:53','2014-01-25 12:13:53'),(1669,1,1,'extension_extensions','text_autoselect_shipping','Auto Select:<br /><span class=\"help\">You can set to skip shipping selection page if there is only one shipping option. This shipping method will be selected automatically</span>','2014-01-25 12:13:53','2014-01-25 12:13:53'),(1670,1,1,'extension_extensions','text_accept_payments_shipping','Accept these payments:<br /><span class=\"help\">If only specific payment methods are needed for this shipping method, select them here. If nothing selected, all available payment methods will be shown</span>','2014-01-25 12:13:53','2014-01-25 12:13:53'),(1671,1,1,'extension_extensions_store','heading_title','Extensions Store','2014-01-25 12:13:53','2014-01-25 12:13:53'),(1672,1,1,'extension_extensions_store','text_install','Install','2014-01-25 12:13:53','2014-01-25 12:13:53'),(1673,1,1,'extension_extensions_store','text_uninstall','Uninstall','2014-01-25 12:13:53','2014-01-25 12:13:53'),(1674,1,1,'extension_extensions_store','text_uninstall_delete','Uninstall/Delete','2014-01-25 12:13:53','2014-01-25 12:13:53'),(1675,1,1,'extension_extensions_store','text_uninstall_confirm',' Please confirm you want to uninstall extension [ %extension% ]. All extension settings and related data might be deleted and lost. ','2014-01-25 12:13:53','2014-01-25 12:13:53'),(1676,1,1,'extension_extensions_store','text_delete','Delete','2014-01-25 12:13:53','2014-01-25 12:13:53'),(1677,1,1,'extension_extensions_store','text_enlarge','Click Image to Enlarge','2014-01-25 12:13:53','2014-01-25 12:13:53'),(1678,1,1,'extension_extensions_store','text_activate','Activate','2014-01-25 12:13:53','2014-01-25 12:13:53'),(1679,1,1,'extension_extensions_store','text_deactivate','Deactivate','2014-01-25 12:13:53','2014-01-25 12:13:53'),(1680,1,1,'extension_extensions_store','text_left','Left','2014-01-25 12:13:53','2014-01-25 12:13:53'),(1681,1,1,'extension_extensions_store','text_right','Right','2014-01-25 12:13:53','2014-01-25 12:13:53'),(1682,1,1,'extension_extensions_store','text_date_added','Added on','2014-01-25 12:13:53','2014-01-25 12:13:53'),(1683,1,1,'extension_extensions_store','error_permission','Warning: You do not have permission to modify extensions!','2014-01-25 12:13:53','2014-01-25 12:13:53'),(1684,1,1,'extension_extensions_store','error_required_field','Warning: Please fill required fields! ','2014-01-25 12:13:53','2014-01-25 12:13:53'),(1685,1,1,'extension_extensions_store','error_payment_uninstall','Warning: Disable extension before uninstall!','2014-01-25 12:13:53','2014-01-25 12:13:53'),(1686,1,1,'extension_extensions_store','error_uninstall','Warning: Uninstall extension before delete!','2014-01-25 12:13:53','2014-01-25 12:13:53'),(1687,1,1,'extension_extensions_store','text_success','Success: You have modified extension settings!','2014-01-25 12:13:53','2014-01-25 12:13:53'),(1688,1,1,'extension_extensions_store','text_extensions_store','Extensions Store','2014-01-25 12:13:53','2014-01-25 12:13:53'),(1689,1,1,'extension_extensions_store','text_required','Required','2014-01-25 12:13:53','2014-01-25 12:13:53'),(1690,1,1,'extension_extensions_store','text_optional','Optional','2014-01-25 12:13:53','2014-01-25 12:13:53'),(1691,1,1,'extension_extensions_store','text_add_new','Install Extension','2014-01-25 12:13:53','2014-01-25 12:13:53'),(1692,1,1,'extension_extensions_store','error_connect','Sorry, Your Abantecart cannot connect with extension store. Please see System->Error logs for details.','2014-01-25 12:13:53','2014-01-25 12:13:53'),(1693,1,1,'extension_shipping','heading_title','Shipping','2014-01-25 12:13:53','2014-01-25 12:13:53'),(1694,1,1,'extension_shipping','text_install','Install','2014-01-25 12:13:53','2014-01-25 12:13:53'),(1695,1,1,'extension_shipping','text_uninstall','Uninstall','2014-01-25 12:13:53','2014-01-25 12:13:53'),(1696,1,1,'extension_shipping','column_name','Shipping Method','2014-01-25 12:13:53','2014-01-25 12:13:53'),(1697,1,1,'extension_shipping','column_status','Status','2014-01-25 12:13:53','2014-01-25 12:13:53'),(1698,1,1,'extension_shipping','column_sort_order','Sort Order','2014-01-25 12:13:53','2014-01-25 12:13:53'),(1699,1,1,'extension_shipping','column_action','Action','2014-01-25 12:13:53','2014-01-25 12:13:53'),(1700,1,1,'extension_total','heading_title','Order Totals','2014-01-25 12:13:53','2014-01-25 12:13:53'),(1701,1,1,'extension_total','text_install','Install','2014-01-25 12:13:53','2014-01-25 12:13:53'),(1702,1,1,'extension_total','text_uninstall','Uninstall','2014-01-25 12:13:53','2014-01-25 12:13:53'),(1703,1,1,'extension_total','column_name','Order Totals','2014-01-25 12:13:53','2014-01-25 12:13:53'),(1704,1,1,'extension_total','column_status','Status','2014-01-25 12:13:53','2014-01-25 12:13:53'),(1705,1,1,'extension_total','column_sort_order','Sort Order','2014-01-25 12:13:53','2014-01-25 12:13:53'),(1706,1,1,'extension_total','column_calculation_order','Calculation Order','2014-01-25 12:13:53','2014-01-25 12:13:53'),(1707,1,1,'extension_total','column_action','Action','2014-01-25 12:13:53','2014-01-25 12:13:53'),(1708,1,1,'localisation_country','heading_title','Countries','2014-01-25 12:13:53','2014-01-25 12:13:53'),(1709,1,1,'localisation_country','text_country','Country','2014-01-25 12:13:53','2014-01-25 12:13:53'),(1710,1,1,'localisation_country','text_success','Success: You have modified countries!','2014-01-25 12:13:53','2014-01-25 12:13:53'),(1711,1,1,'localisation_country','column_name','Country Name','2014-01-25 12:13:53','2014-01-25 12:13:53'),(1712,1,1,'localisation_country','column_iso_code_2','ISO Code (2)','2014-01-25 12:13:53','2014-01-25 12:13:53'),(1713,1,1,'localisation_country','column_iso_code_3','ISO Code (3)','2014-01-25 12:13:53','2014-01-25 12:13:53'),(1714,1,1,'localisation_country','column_action','Action','2014-01-25 12:13:53','2014-01-25 12:13:53'),(1715,1,1,'localisation_country','column_status','Status','2014-01-25 12:13:53','2014-01-25 12:13:53'),(1716,1,1,'localisation_country','entry_status','Country Status:','2014-01-25 12:13:53','2014-01-25 12:13:53'),(1717,1,1,'localisation_country','entry_name','Country Name:','2014-01-25 12:13:53','2014-01-25 12:13:53'),(1718,1,1,'localisation_country','entry_iso_code_2','ISO Code (2):','2014-01-25 12:13:53','2014-01-25 12:13:53'),(1719,1,1,'localisation_country','entry_iso_code_3','ISO Code (3):','2014-01-25 12:13:53','2014-01-25 12:13:53'),(1720,1,1,'localisation_country','entry_address_format','Address Format:<br /><span class=\"help\">\nFirst Name = {firstname}<br />\nLast Name = {lastname}<br />\nCompany = {company}<br />\nAddress 1 = {address_1}<br />\nAddress 2 = {address_2}<br />\nCity = {city}<br />\nPostcode = {postcode}<br />\nZone = {zone}<br />\nZone Code = {zone_code}<br />\nCountry = {country}</span>','2014-01-25 12:13:53','2014-01-25 12:13:53'),(1721,1,1,'localisation_country','error_permission','Warning: You do not have permission to modify countries!','2014-01-25 12:13:53','2014-01-25 12:13:53'),(1722,1,1,'localisation_country','error_name','Country Name must be between 2 and 128 characters!','2014-01-25 12:13:53','2014-01-25 12:13:53'),(1723,1,1,'localisation_country','error_default','Warning: This country cannot be deleted as it is currently assigned as the default store country!','2014-01-25 12:13:53','2014-01-25 12:13:53'),(1724,1,1,'localisation_country','error_store','Warning: This country cannot be deleted as it is currently assigned to %s stores!','2014-01-25 12:13:53','2014-01-25 12:13:53'),(1725,1,1,'localisation_country','error_address','Warning: This country cannot be deleted as it is currently assigned to %s address book entries!','2014-01-25 12:13:53','2014-01-25 12:13:53'),(1726,1,1,'localisation_country','error_zone','Warning: This country cannot be deleted as it is currently assigned to %s zones!','2014-01-25 12:13:53','2014-01-25 12:13:53'),(1727,1,1,'localisation_country','error_zone_to_location','Warning: This country cannot be deleted as it is currently assigned to %s zones to locations!','2014-01-25 12:13:53','2014-01-25 12:13:53'),(1728,1,1,'localisation_currency','heading_title','Currencies','2014-01-25 12:13:53','2014-01-25 12:13:53'),(1729,1,1,'localisation_currency','text_currency','Currency','2014-01-25 12:13:53','2014-01-25 12:13:53'),(1730,1,1,'localisation_currency','text_success','Success: You have modified currencies!','2014-01-25 12:13:53','2014-01-25 12:13:53'),(1731,1,1,'localisation_currency','column_title','Currency Title','2014-01-25 12:13:53','2014-01-25 12:13:53'),(1732,1,1,'localisation_currency','column_code','Code','2014-01-25 12:13:53','2014-01-25 12:13:53'),(1733,1,1,'localisation_currency','column_value','Value','2014-01-25 12:13:53','2014-01-25 12:13:53'),(1734,1,1,'localisation_currency','column_date_modified','Last Updated','2014-01-25 12:13:53','2014-01-25 12:13:53'),(1735,1,1,'localisation_currency','column_status','Status','2014-01-25 12:13:53','2014-01-25 12:13:53'),(1736,1,1,'localisation_currency','column_action','Action','2014-01-25 12:13:53','2014-01-25 12:13:53'),(1737,1,1,'localisation_currency','entry_title','Currency Title:','2014-01-25 12:13:53','2014-01-25 12:13:53'),(1738,1,1,'localisation_currency','entry_code','Code:<br /><span class=\"help\">Do not change if this is your default currency.</span>','2014-01-25 12:13:53','2014-01-25 12:13:53'),(1739,1,1,'localisation_currency','entry_value','Value:<br /><span class=\"help\">Set to 1.00000 if this is your default currency.</span>','2014-01-25 12:13:53','2014-01-25 12:13:53'),(1740,1,1,'localisation_currency','entry_symbol_left','Symbol Left:','2014-01-25 12:13:53','2014-01-25 12:13:53'),(1741,1,1,'localisation_currency','entry_symbol_right','Symbol Right:','2014-01-25 12:13:53','2014-01-25 12:13:53'),(1742,1,1,'localisation_currency','entry_decimal_place','Decimal Places:','2014-01-25 12:13:53','2014-01-25 12:13:53'),(1743,1,1,'localisation_currency','entry_status','Status:','2014-01-25 12:13:53','2014-01-25 12:13:53'),(1744,1,1,'localisation_currency','error_permission','Warning: You do not have permission to modify currencies!','2014-01-25 12:13:53','2014-01-25 12:13:53'),(1745,1,1,'localisation_currency','error_title','Currency Title must be between 2 and 32 characters!','2014-01-25 12:13:53','2014-01-25 12:13:53'),(1746,1,1,'localisation_currency','error_code','Currency Code must contain 3 characters!','2014-01-25 12:13:53','2014-01-25 12:13:53'),(1747,1,1,'localisation_currency','error_default','Warning: This currency cannot be deleted as it is currently assigned as the default store currency!','2014-01-25 12:13:53','2014-01-25 12:13:53'),(1748,1,1,'localisation_currency','error_store','Warning: This currency cannot be deleted as it is currently assigned to %s stores!','2014-01-25 12:13:53','2014-01-25 12:13:53'),(1749,1,1,'localisation_currency','error_order','Warning: This currency cannot be deleted as it is currently assigned to %s orders!','2014-01-25 12:13:53','2014-01-25 12:13:53'),(1750,1,1,'localisation_language','heading_title','Languages','2014-01-25 12:13:53','2014-01-25 12:13:53'),(1751,1,1,'localisation_language','text_language','Language','2014-01-25 12:13:53','2014-01-25 12:13:53'),(1752,1,1,'localisation_language','text_success','Success: You have modified languages!','2014-01-25 12:13:53','2014-01-25 12:13:53'),(1753,1,1,'localisation_language','column_name','Language Name','2014-01-25 12:13:53','2014-01-25 12:13:53'),(1754,1,1,'localisation_language','column_code','Code','2014-01-25 12:13:53','2014-01-25 12:13:53'),(1755,1,1,'localisation_language','column_sort_order','Sort Order','2014-01-25 12:13:53','2014-01-25 12:13:53'),(1756,1,1,'localisation_language','column_action','Action','2014-01-25 12:13:53','2014-01-25 12:13:53'),(1757,1,1,'localisation_language','entry_name','Language Name:','2014-01-25 12:13:53','2014-01-25 12:13:53'),(1758,1,1,'localisation_language','entry_code','Code:<br /><span class=\"help\">Do not change if this is your default language.</span>','2014-01-25 12:13:53','2014-01-25 12:13:53'),(1759,1,1,'localisation_language','entry_locale','Locale:','2014-01-25 12:13:53','2014-01-25 12:13:53'),(1760,1,1,'localisation_language','entry_image','Image:','2014-01-25 12:13:53','2014-01-25 12:13:53'),(1761,1,1,'localisation_language','entry_directory','Directory:','2014-01-25 12:13:53','2014-01-25 12:13:53'),(1762,1,1,'localisation_language','entry_filename','Filename:','2014-01-25 12:13:53','2014-01-25 12:13:53'),(1763,1,1,'localisation_language','entry_status','Status:','2014-01-25 12:13:53','2014-01-25 12:13:53'),(1764,1,1,'localisation_language','entry_sort_order','Sort Order:','2014-01-25 12:13:53','2014-01-25 12:13:53'),(1765,1,1,'localisation_language','error_permission','Warning: You do not have permission to modify languages!','2014-01-25 12:13:53','2014-01-25 12:13:53'),(1766,1,1,'localisation_language','error_name','Language Name must be between 2 and 32 characters!','2014-01-25 12:13:53','2014-01-25 12:13:53'),(1767,1,1,'localisation_language','error_code','Language Code must at least 2 characters!','2014-01-25 12:13:53','2014-01-25 12:13:53'),(1768,1,1,'localisation_language','error_locale','Locale required!','2014-01-25 12:13:53','2014-01-25 12:13:53'),(1769,1,1,'localisation_language','error_image','Image Filename must be between 2 and 64 characters!','2014-01-25 12:13:53','2014-01-25 12:13:53'),(1770,1,1,'localisation_language','error_directory','Directory required!','2014-01-25 12:13:53','2014-01-25 12:13:53'),(1771,1,1,'localisation_language','error_filename','Filename must be between 2 and 64 characters!','2014-01-25 12:13:53','2014-01-25 12:13:53'),(1772,1,1,'localisation_language','error_default','Warning: This language cannot be deleted as it is currently assigned as the default store language!','2014-01-25 12:13:53','2014-01-25 12:13:53'),(1773,1,1,'localisation_language','error_admin','Warning: This Language cannot be deleted as it is currently assigned as the administration language!','2014-01-25 12:13:53','2014-01-25 12:13:53'),(1774,1,1,'localisation_language','error_store','Warning: This language cannot be deleted as it is currently assigned to %s stores!','2014-01-25 12:13:53','2014-01-25 12:13:53'),(1775,1,1,'localisation_language','error_order','Warning: This language cannot be deleted as it is currently assigned to %s orders!','2014-01-25 12:13:53','2014-01-25 12:13:53'),(1776,1,1,'localisation_language','language_edit_title','Edit Language Details','2014-01-25 12:13:53','2014-01-25 12:13:53'),(1777,1,1,'localisation_language','load_language_title','Load missing language data','2014-01-25 12:13:53','2014-01-25 12:13:53'),(1778,1,1,'localisation_language','load_language_data_txt','Source Language: ','2014-01-25 12:13:53','2014-01-25 12:13:53'),(1779,1,1,'localisation_language','language_translate_method_txt','Text translation method: ','2014-01-25 12:13:53','2014-01-25 12:13:53'),(1780,1,1,'localisation_language','load_language_note','NOTE: This operation might take few minutes to run. Do NOT close browser, leave or refresh the page!  ','2014-01-25 12:13:53','2014-01-25 12:13:53'),(1781,1,1,'localisation_language','create_language_note','NOTE: We recommend creating language as an extension. Check existing language extensions. If you still want to create new language manually, you need to add language Flag to  admin/language/[Language Directory]/flag.png and  storefront/language/[Language Directory]flag.png\n    After language is created load missing language data to translate or copy text content from source language.  ','2014-01-25 12:13:53','2014-01-25 12:13:53'),(1782,1,1,'localisation_language','button_load_language','Load','2014-01-25 12:13:53','2014-01-25 12:13:53'),(1783,1,1,'localisation_language_definitions','heading_title','Language Definitions','2014-01-25 12:13:53','2014-01-25 12:13:53'),(1784,1,1,'localisation_language_definitions','text_definition','Language Definition','2014-01-25 12:13:53','2014-01-25 12:13:53'),(1785,1,1,'localisation_language_definitions','text_success','Success: You have modified languages!','2014-01-25 12:13:53','2014-01-25 12:13:53'),(1786,1,1,'localisation_language_definitions','column_language','Language','2014-01-25 12:13:53','2014-01-25 12:13:53'),(1787,1,1,'localisation_language_definitions','column_key','Key','2014-01-25 12:13:53','2014-01-25 12:13:53'),(1788,1,1,'localisation_language_definitions','column_translation','Translation','2014-01-25 12:13:53','2014-01-25 12:13:53'),(1789,1,1,'localisation_language_definitions','column_block','Block','2014-01-25 12:13:53','2014-01-25 12:13:53'),(1790,1,1,'localisation_language_definitions','column_update_date','Update date','2014-01-25 12:13:53','2014-01-25 12:13:53'),(1791,1,1,'localisation_language_definitions','column_action','Actions','2014-01-25 12:13:53','2014-01-25 12:13:53'),(1792,1,1,'localisation_language_definitions','entry_language_key','Key','2014-01-25 12:13:53','2014-01-25 12:13:53'),(1793,1,1,'localisation_language_definitions','entry_language_value','Value','2014-01-25 12:13:53','2014-01-25 12:13:53'),(1794,1,1,'localisation_language_definitions','entry_translation','Translation','2014-01-25 12:13:53','2014-01-25 12:13:53'),(1795,1,1,'localisation_language_definitions','entry_block','Block','2014-01-25 12:13:53','2014-01-25 12:13:53'),(1796,1,1,'localisation_language_definitions','entry_section','Section','2014-01-25 12:13:53','2014-01-25 12:13:53'),(1797,1,1,'localisation_language_definitions','text_admin','Admin','2014-01-25 12:13:53','2014-01-25 12:13:53'),(1798,1,1,'localisation_language_definitions','text_storefront','Storefront','2014-01-25 12:13:53','2014-01-25 12:13:53'),(1799,1,1,'localisation_language_definitions','error_language_key','Language key required!','2014-01-25 12:13:53','2014-01-25 12:13:53'),(1800,1,1,'localisation_language_definitions','error_language_value','Translation required!','2014-01-25 12:13:53','2014-01-25 12:13:53'),(1801,1,1,'localisation_language_definitions','error_block','Block required!','2014-01-25 12:13:53','2014-01-25 12:13:53'),(1802,1,1,'localisation_language_definitions','error_section','Section required!','2014-01-25 12:13:53','2014-01-25 12:13:53'),(1803,1,1,'localisation_language_definitions','text_all_section','All Sections','2014-01-25 12:13:53','2014-01-25 12:13:53'),(1804,1,1,'localisation_language_definitions','text_all_languages','All Languages','2014-01-25 12:13:53','2014-01-25 12:13:53'),(1805,1,1,'localisation_language_definitions','error_already exists','Error!<br>Language definition with key \"%s\" and block \"%s\" for %s section already exists!<br>Click <a target=\"_blank\" href=\"%s\">this link</a> to view','2014-01-25 12:13:53','2014-01-25 12:13:53'),(1806,1,1,'localisation_length_class','heading_title','Length Classess','2014-01-25 12:13:53','2014-01-25 12:13:53'),(1807,1,1,'localisation_length_class','text_class','Length Class','2014-01-25 12:13:53','2014-01-25 12:13:53'),(1808,1,1,'localisation_length_class','text_success','Success: You have modified length classes!','2014-01-25 12:13:53','2014-01-25 12:13:53'),(1809,1,1,'localisation_length_class','column_title','Length Title','2014-01-25 12:13:53','2014-01-25 12:13:53'),(1810,1,1,'localisation_length_class','column_unit','Length Unit','2014-01-25 12:13:53','2014-01-25 12:13:53'),(1811,1,1,'localisation_length_class','column_value','Value','2014-01-25 12:13:53','2014-01-25 12:13:53'),(1812,1,1,'localisation_length_class','column_action','Action','2014-01-25 12:13:53','2014-01-25 12:13:53'),(1813,1,1,'localisation_length_class','entry_title','Length Title:','2014-01-25 12:13:53','2014-01-25 12:13:53'),(1814,1,1,'localisation_length_class','entry_unit','Length Unit:','2014-01-25 12:13:53','2014-01-25 12:13:53'),(1815,1,1,'localisation_length_class','entry_value','Value:<br /><span class=\"help\">Set to 1.00000 if this is your default length.</span>','2014-01-25 12:13:53','2014-01-25 12:13:53'),(1816,1,1,'localisation_length_class','error_permission','Warning: You do not have permission to modify length classes!','2014-01-25 12:13:53','2014-01-25 12:13:53'),(1817,1,1,'localisation_length_class','error_title','Length Title must be between 2 and 32 characters!','2014-01-25 12:13:53','2014-01-25 12:13:53'),(1818,1,1,'localisation_length_class','error_unit','Length Unit must be between 1 and 4 characters!','2014-01-25 12:13:53','2014-01-25 12:13:53'),(1819,1,1,'localisation_length_class','error_default','Warning: This length class cannot be deleted as it is currently assigned as the default store length class!','2014-01-25 12:13:53','2014-01-25 12:13:53'),(1820,1,1,'localisation_length_class','error_product','Warning: This length class cannot be deleted as it is currently assigned to %s products!','2014-01-25 12:13:53','2014-01-25 12:13:53'),(1821,1,1,'localisation_location','heading_title','Locations','2014-01-25 12:13:53','2014-01-25 12:13:53'),(1822,1,1,'localisation_location','text_location','Location','2014-01-25 12:13:53','2014-01-25 12:13:53'),(1823,1,1,'localisation_location','text_location_zone','Location Zone','2014-01-25 12:13:53','2014-01-25 12:13:53'),(1824,1,1,'localisation_location','text_location_zones','Location Zones','2014-01-25 12:13:53','2014-01-25 12:13:53'),(1825,1,1,'localisation_location','text_success','Success: You have modified locations!','2014-01-25 12:13:53','2014-01-25 12:13:53'),(1826,1,1,'localisation_location','column_name','Location Name','2014-01-25 12:13:53','2014-01-25 12:13:53'),(1827,1,1,'localisation_location','column_description','Description','2014-01-25 12:13:53','2014-01-25 12:13:53'),(1828,1,1,'localisation_location','column_action','Action','2014-01-25 12:13:53','2014-01-25 12:13:53'),(1829,1,1,'localisation_location','tab_details','Details','2014-01-25 12:13:53','2014-01-25 12:13:53'),(1830,1,1,'localisation_location','tab_locations','Location Zones','2014-01-25 12:13:53','2014-01-25 12:13:53'),(1831,1,1,'localisation_location','entry_name','Location Name:','2014-01-25 12:13:53','2014-01-25 12:13:53'),(1832,1,1,'localisation_location','entry_description','Description:','2014-01-25 12:13:53','2014-01-25 12:13:53'),(1833,1,1,'localisation_location','entry_country','Country:','2014-01-25 12:13:53','2014-01-25 12:13:53'),(1834,1,1,'localisation_location','entry_zone','Zone(s):','2014-01-25 12:13:53','2014-01-25 12:13:53'),(1835,1,1,'localisation_location','error_permission','Warning: You do not have permission to modify locations!','2014-01-25 12:13:53','2014-01-25 12:13:53'),(1836,1,1,'localisation_location','error_name','Location Name must be between 2 and 32 characters!','2014-01-25 12:13:53','2014-01-25 12:13:53'),(1837,1,1,'localisation_location','error_description','Description Name must be between 2 and 255 characters!','2014-01-25 12:13:53','2014-01-25 12:13:53'),(1838,1,1,'localisation_location','error_tax_rate','Warning: This location cannot be deleted as it is currently assigned to one or more tax rates!','2014-01-25 12:13:53','2014-01-25 12:13:53'),(1839,1,1,'localisation_order_status','heading_title','Order Statuses','2014-01-25 12:13:53','2014-01-25 12:13:53'),(1840,1,1,'localisation_order_status','text_status','Order Status','2014-01-25 12:13:53','2014-01-25 12:13:53'),(1841,1,1,'localisation_order_status','text_success','Success: You have modified order statuses!','2014-01-25 12:13:53','2014-01-25 12:13:53'),(1842,1,1,'localisation_order_status','column_name','Order Status Name','2014-01-25 12:13:53','2014-01-25 12:13:53'),(1843,1,1,'localisation_order_status','column_action','Action','2014-01-25 12:13:53','2014-01-25 12:13:53'),(1844,1,1,'localisation_order_status','entry_name','Order Status Name:','2014-01-25 12:13:53','2014-01-25 12:13:53'),(1845,1,1,'localisation_order_status','error_permission','Warning: You do not have permission to modify order statues!','2014-01-25 12:13:53','2014-01-25 12:13:53'),(1846,1,1,'localisation_order_status','error_name','Order Status Name must be between 2 and 32 characters!','2014-01-25 12:13:53','2014-01-25 12:13:53'),(1847,1,1,'localisation_order_status','error_default','Warning: This order status cannot be deleted as it is currently assigned as the default store order status!','2014-01-25 12:13:53','2014-01-25 12:13:53'),(1848,1,1,'localisation_order_status','error_download','Warning: This order status cannot be deleted as it is currently assigned as the default download status!','2014-01-25 12:13:53','2014-01-25 12:13:53'),(1849,1,1,'localisation_order_status','error_store','Warning: This order status cannot be deleted as it is currently assigned to %s stores!','2014-01-25 12:13:53','2014-01-25 12:13:53'),(1850,1,1,'localisation_order_status','error_order','Warning: This order status cannot be deleted as it is currently assigned to %s orders!','2014-01-25 12:13:53','2014-01-25 12:13:53'),(1851,1,1,'localisation_order_status','error_nondeletable','Warning: This is important order status that is linked to payments. You can not delete this status.','2014-01-25 12:13:53','2014-01-25 12:13:53'),(1852,1,1,'localisation_stock_status','heading_title','Stock Statuses','2014-01-25 12:13:53','2014-01-25 12:13:53'),(1853,1,1,'localisation_stock_status','text_status','Stock Status','2014-01-25 12:13:53','2014-01-25 12:13:53'),(1854,1,1,'localisation_stock_status','text_success','Success: You have modified stock statuses!','2014-01-25 12:13:53','2014-01-25 12:13:53'),(1855,1,1,'localisation_stock_status','column_name','Stock Status Name','2014-01-25 12:13:53','2014-01-25 12:13:53'),(1856,1,1,'localisation_stock_status','column_action','Action','2014-01-25 12:13:53','2014-01-25 12:13:53'),(1857,1,1,'localisation_stock_status','entry_name','Stock Status Name:','2014-01-25 12:13:53','2014-01-25 12:13:53'),(1858,1,1,'localisation_stock_status','error_permission','Warning: You do not have permission to modify stock statues!','2014-01-25 12:13:53','2014-01-25 12:13:53'),(1859,1,1,'localisation_stock_status','error_name','Stock Status Name must be between 2 and 32 characters!','2014-01-25 12:13:53','2014-01-25 12:13:53'),(1860,1,1,'localisation_stock_status','error_product','Warning: This stock status cannot be deleted as it is currently assigned to %s products!','2014-01-25 12:13:53','2014-01-25 12:13:53'),(1861,1,1,'localisation_tax_class','heading_title','Tax Classes','2014-01-25 12:13:53','2014-01-25 12:13:53'),(1862,1,1,'localisation_tax_class','text_class','Tax Class','2014-01-25 12:13:53','2014-01-25 12:13:53'),(1863,1,1,'localisation_tax_class','text_rate','Tax Rate','2014-01-25 12:13:53','2014-01-25 12:13:53'),(1864,1,1,'localisation_tax_class','text_success','Success: You have modified tax classes!','2014-01-25 12:13:53','2014-01-25 12:13:53'),(1865,1,1,'localisation_tax_class','column_title','Tax Class Title','2014-01-25 12:13:53','2014-01-25 12:13:53'),(1866,1,1,'localisation_tax_class','column_action','Action','2014-01-25 12:13:53','2014-01-25 12:13:53'),(1867,1,1,'localisation_tax_class','tab_details','Details','2014-01-25 12:13:53','2014-01-25 12:13:53'),(1868,1,1,'localisation_tax_class','tab_rates','Rates','2014-01-25 12:13:53','2014-01-25 12:13:53'),(1869,1,1,'localisation_tax_class','entry_title','Tax Class Title:','2014-01-25 12:13:53','2014-01-25 12:13:53'),(1870,1,1,'localisation_tax_class','entry_description','Description:','2014-01-25 12:13:53','2014-01-25 12:13:53'),(1871,1,1,'localisation_tax_class','entry_location','Location:','2014-01-25 12:13:53','2014-01-25 12:13:53'),(1872,1,1,'localisation_tax_class','entry_zone','Location\'s zone:','2014-01-25 12:13:53','2014-01-25 12:13:53'),(1873,1,1,'localisation_tax_class','entry_priority','Priority:','2014-01-25 12:13:53','2014-01-25 12:13:53'),(1874,1,1,'localisation_tax_class','entry_rate','Tax Rate:','2014-01-25 12:13:53','2014-01-25 12:13:53'),(1875,1,1,'localisation_tax_class','error_permission','Warning: You do not have permission to modify tax classes!','2014-01-25 12:13:53','2014-01-25 12:13:53'),(1876,1,1,'localisation_tax_class','error_tax_title','Tax Class Title must be between 2 and 32 characters!','2014-01-25 12:13:53','2014-01-25 12:13:53'),(1877,1,1,'localisation_tax_class','error_rate','Tax Rate required!','2014-01-25 12:13:53','2014-01-25 12:13:53'),(1878,1,1,'localisation_tax_class','error_product','Warning: This tax class cannot be deleted as it is currently assigned to %s products!','2014-01-25 12:13:53','2014-01-25 12:13:53'),(1879,1,1,'localisation_tax_class','text_tax_all_zones','all location zones','2014-01-25 12:13:53','2014-01-25 12:13:53'),(1880,1,1,'localisation_tax_class','entry_tax_rate_threshold','Apply this tax only if, taxed amount (product, shipping, subtotal, etc.) is ... ','2014-01-25 12:13:53','2014-01-25 12:13:53'),(1881,1,1,'localisation_tax_class','text_absolute','Absolute','2014-01-25 12:13:53','2014-01-25 12:13:53'),(1882,1,1,'localisation_tax_class','text_percent','Percent','2014-01-25 12:13:53','2014-01-25 12:13:53'),(1883,1,1,'localisation_weight_class','heading_title','Weight Classes','2014-01-25 12:13:53','2014-01-25 12:13:53'),(1884,1,1,'localisation_weight_class','text_class','Weight Class','2014-01-25 12:13:53','2014-01-25 12:13:53'),(1885,1,1,'localisation_weight_class','text_success','Success: You have modified weight classes!','2014-01-25 12:13:53','2014-01-25 12:13:53'),(1886,1,1,'localisation_weight_class','column_title','Weight Title','2014-01-25 12:13:53','2014-01-25 12:13:53'),(1887,1,1,'localisation_weight_class','column_unit','Weight Unit','2014-01-25 12:13:53','2014-01-25 12:13:53'),(1888,1,1,'localisation_weight_class','column_value','Value','2014-01-25 12:13:53','2014-01-25 12:13:53'),(1889,1,1,'localisation_weight_class','column_action','Action','2014-01-25 12:13:53','2014-01-25 12:13:53'),(1890,1,1,'localisation_weight_class','entry_title','Weight Title:','2014-01-25 12:13:53','2014-01-25 12:13:53'),(1891,1,1,'localisation_weight_class','entry_unit','Weight Unit:','2014-01-25 12:13:53','2014-01-25 12:13:53'),(1892,1,1,'localisation_weight_class','entry_value','Value:<br /><span class=\"help\">Set to 1.00000 if this is your default weight.</span>','2014-01-25 12:13:53','2014-01-25 12:13:53'),(1893,1,1,'localisation_weight_class','error_permission','Warning: You do not have permission to modify weight classes!','2014-01-25 12:13:53','2014-01-25 12:13:53'),(1894,1,1,'localisation_weight_class','error_title','Weight Title must be between 2 and 32 characters!','2014-01-25 12:13:53','2014-01-25 12:13:53'),(1895,1,1,'localisation_weight_class','error_unit','Weight Unit must be between 1 and 4 characters!','2014-01-25 12:13:53','2014-01-25 12:13:53'),(1896,1,1,'localisation_weight_class','error_default','Warning: This weight class cannot be deleted as it is currently assigned as the default store weight class!','2014-01-25 12:13:53','2014-01-25 12:13:53'),(1897,1,1,'localisation_weight_class','error_product','Warning: This weight class cannot be deleted as it is currently assigned to %s products!','2014-01-25 12:13:53','2014-01-25 12:13:53'),(1898,1,1,'localisation_zone','heading_title','Zones','2014-01-25 12:13:53','2014-01-25 12:13:53'),(1899,1,1,'localisation_zone','text_zone','Zone','2014-01-25 12:13:53','2014-01-25 12:13:53'),(1900,1,1,'localisation_zone','text_success','Success: You have modified zones!','2014-01-25 12:13:53','2014-01-25 12:13:53'),(1901,1,1,'localisation_zone','column_name','Zone Name','2014-01-25 12:13:53','2014-01-25 12:13:53'),(1902,1,1,'localisation_zone','column_code','Zone Code','2014-01-25 12:13:53','2014-01-25 12:13:53'),(1903,1,1,'localisation_zone','column_country','Country','2014-01-25 12:13:53','2014-01-25 12:13:53'),(1904,1,1,'localisation_zone','column_action','Action','2014-01-25 12:13:53','2014-01-25 12:13:53'),(1905,1,1,'localisation_zone','column_status','Status','2014-01-25 12:13:53','2014-01-25 12:13:53'),(1906,1,1,'localisation_zone','entry_status','Zone Status:','2014-01-25 12:13:53','2014-01-25 12:13:53'),(1907,1,1,'localisation_zone','entry_name','Zone Name:','2014-01-25 12:13:53','2014-01-25 12:13:53'),(1908,1,1,'localisation_zone','entry_code','Zone Code:','2014-01-25 12:13:53','2014-01-25 12:13:53'),(1909,1,1,'localisation_zone','entry_country','Country:','2014-01-25 12:13:53','2014-01-25 12:13:53'),(1910,1,1,'localisation_zone','text_select_country','- Select Country -','2014-01-25 12:13:53','2014-01-25 12:13:53'),(1911,1,1,'localisation_zone','error_permission','Warning: You do not have permission to modify zones!','2014-01-25 12:13:53','2014-01-25 12:13:53'),(1912,1,1,'localisation_zone','error_name','Zone Name must be between 2 and 128 characters!','2014-01-25 12:13:53','2014-01-25 12:13:53'),(1913,1,1,'localisation_zone','error_default','Warning: This zone cannot be deleted as it is currently assigned as the default store zone!','2014-01-25 12:13:53','2014-01-25 12:13:53'),(1914,1,1,'localisation_zone','error_store','Warning: This zone cannot be deleted as it is currently assigned to %s stores!','2014-01-25 12:13:53','2014-01-25 12:13:53'),(1915,1,1,'localisation_zone','error_address','Warning: This zone cannot be deleted as it is currently assigned to %s address book entries!','2014-01-25 12:13:53','2014-01-25 12:13:53'),(1916,1,1,'localisation_zone','error_zone_to_location','Warning: This zone cannot be deleted as it is currently assigned to %s zones to locations!','2014-01-25 12:13:53','2014-01-25 12:13:53'),(1917,1,1,'mail_customer','text_subject','%s - Your Account has been activated!','2014-01-25 12:13:53','2014-01-25 12:13:53'),(1918,1,1,'mail_customer','text_welcome','Welcome and thank you for registering at %s!','2014-01-25 12:13:53','2014-01-25 12:13:53'),(1919,1,1,'mail_customer','text_login','Your account has now been created and you can log in by using your email address and password by visiting our website or at the following URL:','2014-01-25 12:13:53','2014-01-25 12:13:53'),(1920,1,1,'mail_customer','text_services','Upon logging in, you will be able to access other services including reviewing past orders, printing invoices and editing your account information.','2014-01-25 12:13:53','2014-01-25 12:13:53'),(1921,1,1,'mail_customer','text_thanks','Thanks,','2014-01-25 12:13:53','2014-01-25 12:13:53'),(1922,1,1,'mail_order','text_subject','%s - Order Update %s','2014-01-25 12:13:53','2014-01-25 12:13:53'),(1923,1,1,'mail_order','text_order','Order ID:','2014-01-25 12:13:53','2014-01-25 12:13:53'),(1924,1,1,'mail_order','text_date_added','Date Ordered:','2014-01-25 12:13:53','2014-01-25 12:13:53'),(1925,1,1,'mail_order','text_order_status','Your order has been updated to the following status:','2014-01-25 12:13:53','2014-01-25 12:13:53'),(1926,1,1,'mail_order','text_comment','The comments for your order are:','2014-01-25 12:13:53','2014-01-25 12:13:53'),(1927,1,1,'mail_order','text_invoice','To view your order click on the link below:','2014-01-25 12:13:53','2014-01-25 12:13:53'),(1928,1,1,'mail_order','text_footer','Please reply to this email if you have any questions.','2014-01-25 12:13:53','2014-01-25 12:13:53'),(1929,1,1,'report_purchased','heading_title','Products Purchased Report','2014-01-25 12:13:53','2014-01-25 12:13:53'),(1930,1,1,'report_purchased','column_name','Product Name','2014-01-25 12:13:53','2014-01-25 12:13:53'),(1931,1,1,'report_purchased','column_model','Model','2014-01-25 12:13:53','2014-01-25 12:13:53'),(1932,1,1,'report_purchased','column_quantity','Quantity','2014-01-25 12:13:53','2014-01-25 12:13:53'),(1933,1,1,'report_purchased','column_total','Total','2014-01-25 12:13:53','2014-01-25 12:13:53'),(1934,1,1,'report_sale','heading_title','Sales Report','2014-01-25 12:13:53','2014-01-25 12:13:53'),(1935,1,1,'report_sale','text_year','Years','2014-01-25 12:13:53','2014-01-25 12:13:53'),(1936,1,1,'report_sale','text_month','Months','2014-01-25 12:13:53','2014-01-25 12:13:53'),(1937,1,1,'report_sale','text_week','Weeks','2014-01-25 12:13:53','2014-01-25 12:13:53'),(1938,1,1,'report_sale','text_day','Days','2014-01-25 12:13:53','2014-01-25 12:13:53'),(1939,1,1,'report_sale','text_all_status','All Statuses','2014-01-25 12:13:53','2014-01-25 12:13:53'),(1940,1,1,'report_sale','column_date_start','Date Start','2014-01-25 12:13:53','2014-01-25 12:13:53'),(1941,1,1,'report_sale','column_date_end','Date End','2014-01-25 12:13:53','2014-01-25 12:13:53'),(1942,1,1,'report_sale','column_orders','No. Orders','2014-01-25 12:13:53','2014-01-25 12:13:53'),(1943,1,1,'report_sale','column_total','Total','2014-01-25 12:13:53','2014-01-25 12:13:53'),(1944,1,1,'report_sale','entry_status','Status:','2014-01-25 12:13:53','2014-01-25 12:13:53'),(1945,1,1,'report_sale','entry_date_start','Date Start:','2014-01-25 12:13:53','2014-01-25 12:13:53'),(1946,1,1,'report_sale','entry_date_end','Date End:','2014-01-25 12:13:53','2014-01-25 12:13:53'),(1947,1,1,'report_sale','entry_group','Group By:','2014-01-25 12:13:53','2014-01-25 12:13:53'),(1948,1,1,'report_viewed','heading_title','Products Viewed Report','2014-01-25 12:13:53','2014-01-25 12:13:53'),(1949,1,1,'report_viewed','text_success','Success: You have reset the product viewed report!','2014-01-25 12:13:53','2014-01-25 12:13:53'),(1950,1,1,'report_viewed','column_name','Product Name','2014-01-25 12:13:53','2014-01-25 12:13:53'),(1951,1,1,'report_viewed','column_model','Model','2014-01-25 12:13:53','2014-01-25 12:13:53'),(1952,1,1,'report_viewed','column_category','Category','2014-01-25 12:13:53','2014-01-25 12:13:53'),(1953,1,1,'report_viewed','column_viewed','Viewed','2014-01-25 12:13:53','2014-01-25 12:13:53'),(1954,1,1,'report_viewed','column_percent','Percent','2014-01-25 12:13:53','2014-01-25 12:13:53'),(1955,1,1,'sale_contact','heading_title','Mail','2014-01-25 12:13:53','2014-01-25 12:13:53'),(1956,1,1,'sale_contact','text_success','Your message has been successfully sent!','2014-01-25 12:13:53','2014-01-25 12:13:53'),(1957,1,1,'sale_contact','text_default','Default','2014-01-25 12:13:53','2014-01-25 12:13:53'),(1958,1,1,'sale_contact','text_custom_send','Custom Send','2014-01-25 12:13:53','2014-01-25 12:13:53'),(1959,1,1,'sale_contact','text_newsletter','All Newsletter Subscribers','2014-01-25 12:13:53','2014-01-25 12:13:53'),(1960,1,1,'sale_contact','text_customer','All Customers','2014-01-25 12:13:53','2014-01-25 12:13:53'),(1961,1,1,'sale_contact','text_search','Search','2014-01-25 12:13:53','2014-01-25 12:13:53'),(1962,1,1,'sale_contact','entry_store','From:','2014-01-25 12:13:53','2014-01-25 12:13:53'),(1963,1,1,'sale_contact','entry_product','To customers who have ordered Products:','2014-01-25 12:13:53','2014-01-25 12:13:53'),(1964,1,1,'sale_contact','entry_to','To:','2014-01-25 12:13:53','2014-01-25 12:13:53'),(1965,1,1,'sale_contact','entry_subject','Subject:','2014-01-25 12:13:53','2014-01-25 12:13:53'),(1966,1,1,'sale_contact','entry_message','Message:','2014-01-25 12:13:53','2014-01-25 12:13:53'),(1967,1,1,'sale_contact','error_permission','Warning: You do not have permission to send E-Mail\'s!','2014-01-25 12:13:53','2014-01-25 12:13:53'),(1968,1,1,'sale_contact','error_subject','E-Mail Subject required!','2014-01-25 12:13:53','2014-01-25 12:13:53'),(1969,1,1,'sale_contact','error_message','E-Mail Message required!','2014-01-25 12:13:53','2014-01-25 12:13:53'),(1970,1,1,'sale_contact','error_recipients','Recipients required!','2014-01-25 12:13:53','2014-01-25 12:13:53'),(1971,1,1,'sale_contact','error_not_sent','\'Error: Emails does not sent! Please see error log for details.\'','2014-01-25 12:13:53','2014-01-25 12:13:53'),(1972,1,1,'sale_contact','text_unsubscribe','This email was sent to %s, because your email preferences are set to receive newsletters. Click <a href=\"%s\">here to Unsubscribe</a>. ','2014-01-25 12:13:53','2014-01-25 12:13:53'),(1973,1,1,'sale_contact','text_total_to_be_sent','(Total to be sent to: %s )','2014-01-25 12:13:53','2014-01-25 12:13:53'),(1974,1,1,'sale_contact','text_search_placeholder','Search Customer','2014-01-25 12:13:53','2014-01-25 12:13:53'),(1975,1,1,'sale_contact','text_select_category','- Select Category -','2014-01-25 12:13:53','2014-01-25 12:13:53'),(1976,1,1,'sale_coupon','heading_title','Coupons','2014-01-25 12:13:53','2014-01-25 12:13:53'),(1977,1,1,'sale_coupon','text_coupon','Coupon','2014-01-25 12:13:53','2014-01-25 12:13:53'),(1978,1,1,'sale_coupon','text_success','Success: You have modified coupons!','2014-01-25 12:13:53','2014-01-25 12:13:53'),(1979,1,1,'sale_coupon','text_percent','Percentage','2014-01-25 12:13:53','2014-01-25 12:13:53'),(1980,1,1,'sale_coupon','text_amount','Fixed Amount','2014-01-25 12:13:53','2014-01-25 12:13:53'),(1981,1,1,'sale_coupon','column_name','Coupon Name','2014-01-25 12:13:53','2014-01-25 12:13:53'),(1982,1,1,'sale_coupon','column_code','Code','2014-01-25 12:13:53','2014-01-25 12:13:53'),(1983,1,1,'sale_coupon','column_discount','Discount','2014-01-25 12:13:53','2014-01-25 12:13:53'),(1984,1,1,'sale_coupon','column_date_start','Date Start','2014-01-25 12:13:53','2014-01-25 12:13:53'),(1985,1,1,'sale_coupon','column_date_end','Date End','2014-01-25 12:13:53','2014-01-25 12:13:53'),(1986,1,1,'sale_coupon','column_status','Status','2014-01-25 12:13:53','2014-01-25 12:13:53'),(1987,1,1,'sale_coupon','column_action','Action','2014-01-25 12:13:53','2014-01-25 12:13:53'),(1988,1,1,'sale_coupon','entry_name','Coupon Name:','2014-01-25 12:13:53','2014-01-25 12:13:53'),(1989,1,1,'sale_coupon','entry_description','Coupon Description:','2014-01-25 12:13:53','2014-01-25 12:13:53'),(1990,1,1,'sale_coupon','entry_code','Code:<br /><span class=\"help\">The code the customer enters to get the discount</span>','2014-01-25 12:13:53','2014-01-25 12:13:53'),(1991,1,1,'sale_coupon','entry_type','Type:<br /><span class=\"help\">Percentage or Fixed Amount</span>','2014-01-25 12:13:53','2014-01-25 12:13:53'),(1992,1,1,'sale_coupon','entry_discount','Discount:','2014-01-25 12:13:53','2014-01-25 12:13:53'),(1993,1,1,'sale_coupon','entry_logged','\n			Customer Login:<br /><span class=\"help\">Customer must be logged in to use the coupon.</span>','2014-01-25 12:13:53','2014-01-25 12:13:53'),(1994,1,1,'sale_coupon','entry_shipping','Free Shipping:','2014-01-25 12:13:53','2014-01-25 12:13:53'),(1995,1,1,'sale_coupon','entry_total','\n			Total Amount:<br /><span class=\"help\">The total amount that must reached before the coupon is valid.</span>','2014-01-25 12:13:53','2014-01-25 12:13:53'),(1996,1,1,'sale_coupon','entry_product','Selected Products:','2014-01-25 12:13:53','2014-01-25 12:13:53'),(1997,1,1,'sale_coupon','entry_date_start','Date Start:','2014-01-25 12:13:53','2014-01-25 12:13:53'),(1998,1,1,'sale_coupon','entry_date_end','Date End:','2014-01-25 12:13:53','2014-01-25 12:13:53'),(1999,1,1,'sale_coupon','entry_uses_total','\n			Uses Per Coupon:<br /><span class=\"help\">The maximum number of times the coupon can be used by any customer. Leave blank for unlimited</span>','2014-01-25 12:13:53','2014-01-25 12:13:53'),(2000,1,1,'sale_coupon','entry_uses_customer','\n			Uses Per Customer:<br /><span class=\"help\">The maximum number of times the coupon can be used by a single customer. Leave blank for unlimited</span>','2014-01-25 12:13:53','2014-01-25 12:13:53'),(2001,1,1,'sale_coupon','entry_status','Status:','2014-01-25 12:13:53','2014-01-25 12:13:53'),(2002,1,1,'sale_coupon','entry_total_coupon_usage','Total Coupon Usage:','2014-01-25 12:13:53','2014-01-25 12:13:53'),(2003,1,1,'sale_coupon','error_permission','Warning: You do not have permission to modify coupons!','2014-01-25 12:13:53','2014-01-25 12:13:53'),(2004,1,1,'sale_coupon','error_name','Coupon Name must be between 2 and 64 characters!','2014-01-25 12:13:53','2014-01-25 12:13:53'),(2005,1,1,'sale_coupon','error_description','Coupon Description must be between 2 characters!','2014-01-25 12:13:53','2014-01-25 12:13:53'),(2006,1,1,'sale_coupon','error_code','Code must be between 2 and 10 characters!','2014-01-25 12:13:53','2014-01-25 12:13:53'),(2007,1,1,'sale_coupon','error_date','Please set date range!','2014-01-25 12:13:53','2014-01-25 12:13:53'),(2008,1,1,'sale_customer','heading_title','Customers','2014-01-25 12:13:53','2014-01-25 12:13:53'),(2009,1,1,'sale_customer','text_customer','Customer','2014-01-25 12:13:53','2014-01-25 12:13:53'),(2010,1,1,'sale_customer','text_success','Success: You have modified customers!','2014-01-25 12:13:53','2014-01-25 12:13:53'),(2011,1,1,'sale_customer','text_approved','You have approved %s account!','2014-01-25 12:13:53','2014-01-25 12:13:53'),(2012,1,1,'sale_customer','tab_address','Address','2014-01-25 12:13:53','2014-01-25 12:13:53'),(2013,1,1,'sale_customer','button_add','Add','2014-01-25 12:13:53','2014-01-25 12:13:53'),(2014,1,1,'sale_customer','column_name','Customer Name','2014-01-25 12:13:53','2014-01-25 12:13:53'),(2015,1,1,'sale_customer','column_email','E-Mail','2014-01-25 12:13:53','2014-01-25 12:13:53'),(2016,1,1,'sale_customer','column_customer_group','Customer Group','2014-01-25 12:13:53','2014-01-25 12:13:53'),(2017,1,1,'sale_customer','column_group','Group','2014-01-25 12:13:53','2014-01-25 12:13:53'),(2018,1,1,'sale_customer','column_status','Status','2014-01-25 12:13:53','2014-01-25 12:13:53'),(2019,1,1,'sale_customer','column_approved','Approved','2014-01-25 12:13:53','2014-01-25 12:13:53'),(2020,1,1,'sale_customer','column_date_added','Date Added','2014-01-25 12:13:53','2014-01-25 12:13:53'),(2021,1,1,'sale_customer','column_action','Action','2014-01-25 12:13:53','2014-01-25 12:13:53'),(2022,1,1,'sale_customer','entry_loginname','Login Name:','2014-01-25 12:13:53','2014-01-25 12:13:53'),(2023,1,1,'sale_customer','entry_firstname','First Name:','2014-01-25 12:13:53','2014-01-25 12:13:53'),(2024,1,1,'sale_customer','entry_lastname','Last Name:','2014-01-25 12:13:53','2014-01-25 12:13:53'),(2025,1,1,'sale_customer','entry_email','E-Mail:','2014-01-25 12:13:53','2014-01-25 12:13:53'),(2026,1,1,'sale_customer','entry_telephone','Telephone:','2014-01-25 12:13:53','2014-01-25 12:13:53'),(2027,1,1,'sale_customer','entry_fax','Fax:','2014-01-25 12:13:53','2014-01-25 12:13:53'),(2028,1,1,'sale_customer','entry_newsletter','Newsletter:','2014-01-25 12:13:53','2014-01-25 12:13:53'),(2029,1,1,'sale_customer','entry_customer_group','Customer Group:','2014-01-25 12:13:53','2014-01-25 12:13:53'),(2030,1,1,'sale_customer','entry_status','Status:','2014-01-25 12:13:53','2014-01-25 12:13:53'),(2031,1,1,'sale_customer','entry_approved','Approved:','2014-01-25 12:13:53','2014-01-25 12:13:53'),(2032,1,1,'sale_customer','entry_password','Password:','2014-01-25 12:13:53','2014-01-25 12:13:53'),(2033,1,1,'sale_customer','entry_confirm','Confirm:','2014-01-25 12:13:53','2014-01-25 12:13:53'),(2034,1,1,'sale_customer','entry_company','Company:','2014-01-25 12:13:53','2014-01-25 12:13:53'),(2035,1,1,'sale_customer','entry_address_1','Address 1:','2014-01-25 12:13:53','2014-01-25 12:13:53'),(2036,1,1,'sale_customer','entry_address_2','Address 2:','2014-01-25 12:13:53','2014-01-25 12:13:53'),(2037,1,1,'sale_customer','entry_city','City:','2014-01-25 12:13:53','2014-01-25 12:13:53'),(2038,1,1,'sale_customer','entry_postcode','Postcode:','2014-01-25 12:13:53','2014-01-25 12:13:53'),(2039,1,1,'sale_customer','entry_country','Country:','2014-01-25 12:13:53','2014-01-25 12:13:53'),(2040,1,1,'sale_customer','entry_zone','Region / State:','2014-01-25 12:13:53','2014-01-25 12:13:53'),(2041,1,1,'sale_customer','error_permission','Warning: You do not have permission to modify customers!','2014-01-25 12:13:53','2014-01-25 12:13:53'),(2042,1,1,'sale_customer','error_loginname','Login name must be alphanumeric only and between 5 and 64 characters!','2014-01-25 12:13:53','2014-01-25 12:13:53'),(2043,1,1,'sale_customer','error_loginname_notunique','This login name is not available. Try different login name!','2014-01-25 12:13:53','2014-01-25 12:13:53'),(2044,1,1,'sale_customer','error_firstname','First Name must be between 1 and 32 characters!','2014-01-25 12:13:53','2014-01-25 12:13:53'),(2045,1,1,'sale_customer','error_lastname','Last Name must be between 1 and 32 characters!','2014-01-25 12:13:53','2014-01-25 12:13:53'),(2046,1,1,'sale_customer','error_email','E-Mail Address does not appear to be valid!','2014-01-25 12:13:53','2014-01-25 12:13:53'),(2047,1,1,'sale_customer','error_telephone','Telephone must be between 3 and 32 characters!','2014-01-25 12:13:53','2014-01-25 12:13:53'),(2048,1,1,'sale_customer','error_password','Password must be between 3 and 20 characters!','2014-01-25 12:13:53','2014-01-25 12:13:53'),(2049,1,1,'sale_customer','error_confirm','Password and password confirmation do not match!','2014-01-25 12:13:53','2014-01-25 12:13:53'),(2050,1,1,'sale_customer','error_address_firstname','First Name must be between 1 and 32 characters!','2014-01-25 12:13:53','2014-01-25 12:13:53'),(2051,1,1,'sale_customer','error_address_lastname','Last Name must be between 1 and 32 characters!','2014-01-25 12:13:53','2014-01-25 12:13:53'),(2052,1,1,'sale_customer','error_address_1','Address must be between 3 and 128 characters!','2014-01-25 12:13:53','2014-01-25 12:13:53'),(2053,1,1,'sale_customer','error_city','City must be between 3 and 128 characters!','2014-01-25 12:13:53','2014-01-25 12:13:53'),(2054,1,1,'sale_customer','error_country','Please select a country!','2014-01-25 12:13:53','2014-01-25 12:13:53'),(2055,1,1,'sale_customer','error_zone','Please select a region / state!','2014-01-25 12:13:53','2014-01-25 12:13:53'),(2056,1,1,'sale_customer','text_select_approved','- Select Approved -','2014-01-25 12:13:53','2014-01-25 12:13:53'),(2057,1,1,'sale_customer','text_select_group','- Select Group -','2014-01-25 12:13:53','2014-01-25 12:13:53'),(2058,1,1,'sale_customer','tab_customer_details','Customer details','2014-01-25 12:13:53','2014-01-25 12:13:53'),(2059,1,1,'sale_customer','tab_transactions','Transactions','2014-01-25 12:13:53','2014-01-25 12:13:53'),(2060,1,1,'sale_customer','heading_title_transactions','Customer\'s transactions','2014-01-25 12:13:53','2014-01-25 12:13:53'),(2061,1,1,'sale_customer','column_create_date','Date Created','2014-01-25 12:13:53','2014-01-25 12:13:53'),(2062,1,1,'sale_customer','column_created_by','Created By','2014-01-25 12:13:53','2014-01-25 12:13:53'),(2063,1,1,'sale_customer','column_debit','Debit','2014-01-25 12:13:53','2014-01-25 12:13:53'),(2064,1,1,'sale_customer','column_credit','Credit','2014-01-25 12:13:53','2014-01-25 12:13:53'),(2065,1,1,'sale_customer','column_transaction_type','Transaction Type','2014-01-25 12:13:53','2014-01-25 12:13:53'),(2066,1,1,'sale_customer','text_balance','Balance:','2014-01-25 12:13:53','2014-01-25 12:13:53'),(2067,1,1,'sale_customer','popup_title_info','Transaction information','2014-01-25 12:13:53','2014-01-25 12:13:53'),(2068,1,1,'sale_customer','popup_title_insert','Insert New Transaction','2014-01-25 12:13:53','2014-01-25 12:13:53'),(2069,1,1,'sale_customer','text_option_credit','Credit (increase balance)','2014-01-25 12:13:53','2014-01-25 12:13:53'),(2070,1,1,'sale_customer','text_option_debit','Debit (decrease balance)','2014-01-25 12:13:53','2014-01-25 12:13:53'),(2071,1,1,'sale_customer','text_transaction_type','Transaction Type: ','2014-01-25 12:13:53','2014-01-25 12:13:53'),(2072,1,1,'sale_customer','text_other_type','Other Custom Transaction Type: ','2014-01-25 12:13:53','2014-01-25 12:13:53'),(2073,1,1,'sale_customer','text_option_other_type','Other... ','2014-01-25 12:13:53','2014-01-25 12:13:53'),(2074,1,1,'sale_customer','text_transaction_description','Description (for customer):','2014-01-25 12:13:53','2014-01-25 12:13:53'),(2075,1,1,'sale_customer','text_transaction_comment','Comment (for internal use):','2014-01-25 12:13:53','2014-01-25 12:13:53'),(2076,1,1,'sale_customer','text_update_date','Update Date:','2014-01-25 12:13:53','2014-01-25 12:13:53'),(2077,1,1,'sale_customer','error_transaction_type','Error: Please fill transaction type form field.','2014-01-25 12:13:53','2014-01-25 12:13:53'),(2078,1,1,'sale_customer','error_empty_debit_credit','Error: Please fill debit or credit value for customer transaction.','2014-01-25 12:13:53','2014-01-25 12:13:53'),(2079,1,1,'sale_customer','text_transaction_success','Success: You have modified transaction!','2014-01-25 12:13:53','2014-01-25 12:13:53'),(2080,1,1,'sale_customer_group','heading_title','Customer Group','2014-01-25 12:13:53','2014-01-25 12:13:53'),(2081,1,1,'sale_customer_group','breadcrumb_title','Customer Groups','2014-01-25 12:13:53','2014-01-25 12:13:53'),(2082,1,1,'sale_customer_group','text_success','Success: You have modified customer groups!','2014-01-25 12:13:53','2014-01-25 12:13:53'),(2083,1,1,'sale_customer_group','column_name','Customer Group Name','2014-01-25 12:13:53','2014-01-25 12:13:53'),(2084,1,1,'sale_customer_group','column_action','Action','2014-01-25 12:13:53','2014-01-25 12:13:53'),(2085,1,1,'sale_customer_group','entry_name','Customer Group Name:','2014-01-25 12:13:53','2014-01-25 12:13:53'),(2086,1,1,'sale_customer_group','error_permission','Warning: You do not have permission to modify customer groups!','2014-01-25 12:13:53','2014-01-25 12:13:53'),(2087,1,1,'sale_customer_group','error_name','Customer Group Name must be between 2 and 64 characters!','2014-01-25 12:13:53','2014-01-25 12:13:53'),(2088,1,1,'sale_customer_group','error_default','Warning: This customer group cannot be deleted as it is currently assigned as the default store customer group!','2014-01-25 12:13:53','2014-01-25 12:13:53'),(2089,1,1,'sale_customer_group','error_store','Warning: This customer group cannot be deleted as it is currently assigned to %s stores!','2014-01-25 12:13:53','2014-01-25 12:13:53'),(2090,1,1,'sale_customer_group','error_customer','Warning: This customer group cannot be deleted as it is currently assigned to %s customers!','2014-01-25 12:13:53','2014-01-25 12:13:53'),(2091,1,1,'sale_order','heading_title','Orders','2014-01-25 12:13:53','2014-01-25 12:13:53'),(2092,1,1,'sale_order','edit_title_details','Edit Order Details','2014-01-25 12:13:53','2014-01-25 12:13:53'),(2093,1,1,'sale_order','edit_title_shipping','Edit Shipping Address','2014-01-25 12:13:53','2014-01-25 12:13:53'),(2094,1,1,'sale_order','edit_title_payment','Edit Payment Address','2014-01-25 12:13:53','2014-01-25 12:13:53'),(2095,1,1,'sale_order','text_success','Success: You have modified orders!','2014-01-25 12:13:53','2014-01-25 12:13:53'),(2096,1,1,'sale_order','text_invoice','Invoice','2014-01-25 12:13:53','2014-01-25 12:13:53'),(2097,1,1,'sale_order','text_order_id','Order ID:','2014-01-25 12:13:53','2014-01-25 12:13:53'),(2098,1,1,'sale_order','text_invoice_id','Invoice No.:','2014-01-25 12:13:53','2014-01-25 12:13:53'),(2099,1,1,'sale_order','text_date_added','Invoice Date:','2014-01-25 12:13:53','2014-01-25 12:13:53'),(2100,1,1,'sale_order','text_telephone','Telephone','2014-01-25 12:13:53','2014-01-25 12:13:53'),(2101,1,1,'sale_order','text_fax','Fax','2014-01-25 12:13:53','2014-01-25 12:13:53'),(2102,1,1,'sale_order','text_select_country','- Select Country -','2014-01-25 12:13:53','2014-01-25 12:13:53'),(2103,1,1,'sale_order','text_to','To','2014-01-25 12:13:53','2014-01-25 12:13:53'),(2104,1,1,'sale_order','text_ship_to','Ship To (if different address)','2014-01-25 12:13:53','2014-01-25 12:13:53'),(2105,1,1,'sale_order','text_missing_orders','Missing Orders','2014-01-25 12:13:53','2014-01-25 12:13:53'),(2106,1,1,'sale_order','text_wait','Please Wait!','2014-01-25 12:13:53','2014-01-25 12:13:53'),(2107,1,1,'sale_order','column_order','Order ID','2014-01-25 12:13:53','2014-01-25 12:13:53'),(2108,1,1,'sale_order','column_name','Customer Name','2014-01-25 12:13:53','2014-01-25 12:13:53'),(2109,1,1,'sale_order','column_status','Status','2014-01-25 12:13:53','2014-01-25 12:13:53'),(2110,1,1,'sale_order','column_date_added','Date Added','2014-01-25 12:13:53','2014-01-25 12:13:53'),(2111,1,1,'sale_order','column_total','Total','2014-01-25 12:13:53','2014-01-25 12:13:53'),(2112,1,1,'sale_order','column_product','Product','2014-01-25 12:13:53','2014-01-25 12:13:53'),(2113,1,1,'sale_order','column_model','Model','2014-01-25 12:13:53','2014-01-25 12:13:53'),(2114,1,1,'sale_order','column_quantity','Quantity','2014-01-25 12:13:53','2014-01-25 12:13:53'),(2115,1,1,'sale_order','column_price','Unit Price','2014-01-25 12:13:53','2014-01-25 12:13:53'),(2116,1,1,'sale_order','column_download','Download Name','2014-01-25 12:13:53','2014-01-25 12:13:53'),(2117,1,1,'sale_order','column_filename','Filename','2014-01-25 12:13:53','2014-01-25 12:13:53'),(2118,1,1,'sale_order','column_remaining','Remaining','2014-01-25 12:13:53','2014-01-25 12:13:53'),(2119,1,1,'sale_order','column_notify','Customer Notified','2014-01-25 12:13:53','2014-01-25 12:13:53'),(2120,1,1,'sale_order','column_comment','Customer\'s order comment','2014-01-25 12:13:53','2014-01-25 12:13:53'),(2121,1,1,'sale_order','column_action','Action','2014-01-25 12:13:53','2014-01-25 12:13:53'),(2122,1,1,'sale_order','entry_order_id','Order ID:','2014-01-25 12:13:53','2014-01-25 12:13:53'),(2123,1,1,'sale_order','entry_invoice_id','Invoice ID:','2014-01-25 12:13:53','2014-01-25 12:13:53'),(2124,1,1,'sale_order','entry_customer','Customer:','2014-01-25 12:13:53','2014-01-25 12:13:53'),(2125,1,1,'sale_order','entry_firstname','First Name:','2014-01-25 12:13:53','2014-01-25 12:13:53'),(2126,1,1,'sale_order','entry_lastname','Last Name:','2014-01-25 12:13:53','2014-01-25 12:13:53'),(2127,1,1,'sale_order','entry_customer_group','Customer Group:','2014-01-25 12:13:53','2014-01-25 12:13:53'),(2128,1,1,'sale_order','entry_email','E-Mail:','2014-01-25 12:13:53','2014-01-25 12:13:53'),(2129,1,1,'sale_order','entry_ip','IP Address:','2014-01-25 12:13:53','2014-01-25 12:13:53'),(2130,1,1,'sale_order','entry_telephone','Telephone:','2014-01-25 12:13:53','2014-01-25 12:13:53'),(2131,1,1,'sale_order','entry_fax','Fax:','2014-01-25 12:13:53','2014-01-25 12:13:53'),(2132,1,1,'sale_order','entry_store_name','Store Name:','2014-01-25 12:13:53','2014-01-25 12:13:53'),(2133,1,1,'sale_order','entry_store_url','Store Url:','2014-01-25 12:13:53','2014-01-25 12:13:53'),(2134,1,1,'sale_order','entry_date_added','Date Added:','2014-01-25 12:13:53','2014-01-25 12:13:53'),(2135,1,1,'sale_order','entry_shipping_method','Shipping Method:','2014-01-25 12:13:53','2014-01-25 12:13:53'),(2136,1,1,'sale_order','entry_payment_method','Payment Method:','2014-01-25 12:13:53','2014-01-25 12:13:53'),(2137,1,1,'sale_order','entry_total','Original Order Total:','2014-01-25 12:13:53','2014-01-25 12:13:53'),(2138,1,1,'sale_order','entry_order_status','Order Status:','2014-01-25 12:13:53','2014-01-25 12:13:53'),(2139,1,1,'sale_order','entry_comment','Comment:','2014-01-25 12:13:53','2014-01-25 12:13:53'),(2140,1,1,'sale_order','entry_company','Company:','2014-01-25 12:13:53','2014-01-25 12:13:53'),(2141,1,1,'sale_order','entry_address_1','Address 1:','2014-01-25 12:13:53','2014-01-25 12:13:53'),(2142,1,1,'sale_order','entry_address_2','Address 2:','2014-01-25 12:13:53','2014-01-25 12:13:53'),(2143,1,1,'sale_order','entry_postcode','ZIP/Post Code:','2014-01-25 12:13:53','2014-01-25 12:13:53'),(2144,1,1,'sale_order','entry_city','City:','2014-01-25 12:13:53','2014-01-25 12:13:53'),(2145,1,1,'sale_order','entry_zone','Region / State:','2014-01-25 12:13:53','2014-01-25 12:13:53'),(2146,1,1,'sale_order','entry_zone_code','Region / State Code:','2014-01-25 12:13:53','2014-01-25 12:13:53'),(2147,1,1,'sale_order','entry_country','Country:','2014-01-25 12:13:53','2014-01-25 12:13:53'),(2148,1,1,'sale_order','entry_status','Order Status:','2014-01-25 12:13:53','2014-01-25 12:13:53'),(2149,1,1,'sale_order','entry_notify','Notify Customer:','2014-01-25 12:13:53','2014-01-25 12:13:53'),(2150,1,1,'sale_order','entry_append','Append Comments:','2014-01-25 12:13:53','2014-01-25 12:13:53'),(2151,1,1,'sale_order','entry_add_product','Add Product(s):','2014-01-25 12:13:53','2014-01-25 12:13:53'),(2152,1,1,'sale_order','error_permission','Warning: You do not have permission to modify orders!','2014-01-25 12:13:53','2014-01-25 12:13:53'),(2153,1,1,'sale_order','error_order_load','Warning: No order with such ID!','2014-01-25 12:13:53','2014-01-25 12:13:53'),(2154,1,1,'sale_order','text_order_summary','Order Summary','2014-01-25 12:13:53','2014-01-25 12:13:53'),(2155,1,1,'sale_order','tab_details','Details','2014-01-25 12:13:53','2014-01-25 12:13:53'),(2156,1,1,'sale_order','tab_shipping','Shipping Address','2014-01-25 12:13:53','2014-01-25 12:13:53'),(2157,1,1,'sale_order','tab_payment','Payment Address','2014-01-25 12:13:53','2014-01-25 12:13:53'),(2158,1,1,'sale_order','tab_history','Status & Comments','2014-01-25 12:13:53','2014-01-25 12:13:53'),(2159,1,1,'setting_setting','heading_title','Settings','2014-01-25 12:13:53','2014-01-25 12:13:53'),(2160,1,1,'setting_setting','column_store_alias','Store','2014-01-25 12:13:53','2014-01-25 12:13:53'),(2161,1,1,'setting_setting','column_group','Group','2014-01-25 12:13:53','2014-01-25 12:13:53'),(2162,1,1,'setting_setting','column_key','Key','2014-01-25 12:13:53','2014-01-25 12:13:53'),(2163,1,1,'setting_setting','column_value','Value','2014-01-25 12:13:53','2014-01-25 12:13:53'),(2164,1,1,'setting_setting','text_success','Success: You have successfully saved your settings!','2014-01-25 12:13:53','2014-01-25 12:13:53'),(2165,1,1,'setting_setting','text_image_manager','Image Manager','2014-01-25 12:13:53','2014-01-25 12:13:53'),(2166,1,1,'setting_setting','text_select_group','- Select Group -','2014-01-25 12:13:53','2014-01-25 12:13:53'),(2167,1,1,'setting_setting','text_default','Default','2014-01-25 12:13:53','2014-01-25 12:13:53'),(2168,1,1,'setting_setting','text_edit_store_settings','Edit Settings:','2014-01-25 12:13:53','2014-01-25 12:13:53'),(2169,1,1,'setting_setting','text_edit_store','Edit Store','2014-01-25 12:13:53','2014-01-25 12:13:53'),(2170,1,1,'setting_setting','text_mail','Mail','2014-01-25 12:13:53','2014-01-25 12:13:53'),(2171,1,1,'setting_setting','text_smtp','SMTP','2014-01-25 12:13:53','2014-01-25 12:13:53'),(2172,1,1,'setting_setting','tab_all','All','2014-01-25 12:13:53','2014-01-25 12:13:53'),(2173,1,1,'setting_setting','entry_name','Store Name:','2014-01-25 12:13:53','2014-01-25 12:13:53'),(2174,1,1,'setting_setting','entry_url','\n			Store URL:<br /><span class=\"help\">Include the full URL to your store. Make sure to add \'/\' at the end. Example: http://www.yourdomain.com/path/</span>','2014-01-25 12:13:53','2014-01-25 12:13:53'),(2175,1,1,'setting_setting','entry_owner','Store Owner:','2014-01-25 12:13:53','2014-01-25 12:13:53'),(2176,1,1,'setting_setting','entry_address','Address:','2014-01-25 12:13:53','2014-01-25 12:13:53'),(2177,1,1,'setting_setting','entry_email','E-Mail:','2014-01-25 12:13:53','2014-01-25 12:13:53'),(2178,1,1,'setting_setting','entry_alert_emails','\n			Additional Alert E-Mails:<br /><span class=\"help\">Any additional emails you want to receive the alert email, in addition to the main store email. (comma separated)</span>','2014-01-25 12:13:53','2014-01-25 12:13:53'),(2179,1,1,'setting_setting','entry_telephone','Telephone:','2014-01-25 12:13:53','2014-01-25 12:13:53'),(2180,1,1,'setting_setting','entry_fax','Fax:','2014-01-25 12:13:53','2014-01-25 12:13:53'),(2181,1,1,'setting_setting','entry_title','Title:<br /><span class=\"help\">This is displayed in storefront browser title</span>','2014-01-25 12:13:53','2014-01-25 12:13:53'),(2182,1,1,'setting_setting','entry_meta_description','\n			Meta Tag Description:<br /><span class=\"help\">Storefront main page meta tag description</span>','2014-01-25 12:13:53','2014-01-25 12:13:53'),(2183,1,1,'setting_setting','entry_meta_keywords','\n			Meta Keywords:<br /><span class=\"help\">Storefront main page meta tag keywords (comma separated)</span>','2014-01-25 12:13:53','2014-01-25 12:13:53'),(2184,1,1,'setting_setting','entry_description','Welcome Message:','2014-01-25 12:13:53','2014-01-25 12:13:53'),(2185,1,1,'setting_setting','entry_template','\n			Template:<span class=\"help\">Storefront template. This can be main or extension template</span>','2014-01-25 12:13:53','2014-01-25 12:13:53'),(2186,1,1,'setting_setting','entry_admin_template','Control Panel Template:','2014-01-25 12:13:53','2014-01-25 12:13:53'),(2187,1,1,'setting_setting','entry_country','Country:','2014-01-25 12:13:53','2014-01-25 12:13:53'),(2188,1,1,'setting_setting','entry_zone','Region / State:','2014-01-25 12:13:53','2014-01-25 12:13:53'),(2189,1,1,'setting_setting','entry_language','Storefront Language:','2014-01-25 12:13:53','2014-01-25 12:13:53'),(2190,1,1,'setting_setting','entry_admin_language','Administration Language:','2014-01-25 12:13:53','2014-01-25 12:13:53'),(2191,1,1,'setting_setting','entry_currency','\n			Currency:<span class=\"help\">NOTE: Changing default currency does not convert all product prices</span>','2014-01-25 12:13:53','2014-01-25 12:13:53'),(2192,1,1,'setting_setting','entry_currency_auto','\n			Auto Update Currency:<br /><span class=\"help\">Set your store to automatically update currencies daily. Yahoo server is used.</span>','2014-01-25 12:13:53','2014-01-25 12:13:53'),(2193,1,1,'setting_setting','entry_weight_class','Weight Class:','2014-01-25 12:13:53','2014-01-25 12:13:53'),(2194,1,1,'setting_setting','entry_length_class','Length Class:','2014-01-25 12:13:53','2014-01-25 12:13:53'),(2195,1,1,'setting_setting','entry_auto_translate_status','\n			Autotranslate Status:<br /><span class=\"help\">This enabled translation of missing text definitions or language specific data if text values are missing for used language.</span>','2014-01-25 12:13:53','2014-01-25 12:13:53'),(2196,1,1,'setting_setting','entry_translate_src_lang_code','\n			Source language for translation:<br /><span class=\"help\">Select source language to be used for autotranslation.</span>','2014-01-25 12:13:53','2014-01-25 12:13:53'),(2197,1,1,'setting_setting','entry_translate_method','\n			Text Translation Method:<br /><span class=\"help\">Select method you want to use for translation. Default method is a straight copy of source language text</span>','2014-01-25 12:13:53','2014-01-25 12:13:53'),(2198,1,1,'setting_setting','entry_translate_override_existing','\n			Override if source language text was changed:<br /><span class=\"help\">If set, text in all languages will be replaced with new translation if source language text is edited. NOTE: Can cause many translations.</span>','2014-01-25 12:13:53','2014-01-25 12:13:53'),(2199,1,1,'setting_setting','entry_warn_lang_text_missing','\n			Warn for missing language text:<br /><span class=\"help\">Get warning message if missing language text is detected.</span>','2014-01-25 12:13:53','2014-01-25 12:13:53'),(2200,1,1,'setting_setting','entry_tax','Display Prices With Tax:','2014-01-25 12:13:53','2014-01-25 12:13:53'),(2201,1,1,'setting_setting','entry_tax_store','Default Store Tax Rate:','2014-01-25 12:13:53','2014-01-25 12:13:53'),(2202,1,1,'setting_setting','entry_tax_store_0','No Tax','2014-01-25 12:13:53','2014-01-25 12:13:53'),(2203,1,1,'setting_setting','entry_tax_store_1','Store Default Zone','2014-01-25 12:13:53','2014-01-25 12:13:53'),(2204,1,1,'setting_setting','entry_tax_customer','Use Customer Tax Address:','2014-01-25 12:13:53','2014-01-25 12:13:53'),(2205,1,1,'setting_setting','entry_tax_customer_0','Shipping Address','2014-01-25 12:13:53','2014-01-25 12:13:53'),(2206,1,1,'setting_setting','entry_tax_customer_1','Billing Address','2014-01-25 12:13:53','2014-01-25 12:13:53'),(2207,1,1,'setting_setting','entry_invoice','\n			Invoice Start No.:<br /><span class=\"help\">Set the starting number the invoices will begin from.</span>','2014-01-25 12:13:53','2014-01-25 12:13:53'),(2208,1,1,'setting_setting','entry_invoice_prefix','Invoice Prefix:<br /><span class=\"help\">Set the invoice prefix e.g. IN/001</span>','2014-01-25 12:13:53','2014-01-25 12:13:53'),(2209,1,1,'setting_setting','entry_customer_group','Customer Group:<br /><span class=\"help\">Default customer group.</span>','2014-01-25 12:13:53','2014-01-25 12:13:53'),(2210,1,1,'setting_setting','entry_customer_price','\n			Login Display Prices:<br /><span class=\"help\">Show prices even if customer is not logged in.</span>','2014-01-25 12:13:53','2014-01-25 12:13:53'),(2211,1,1,'setting_setting','entry_customer_approval','\n			Approve New Customers:<br /><span class=\"help\">Don\'t allow new customer to login until their account has been approved.</span>','2014-01-25 12:13:53','2014-01-25 12:13:53'),(2212,1,1,'setting_setting','entry_prevent_email_as_login','\n			Require Login Name:<br /><span class=\"help\">To improve security, require customers to create unique login name instead of using email address as login name. If set to ON, existing customers will be asked to create new login name at the first login. If OFF, login name is set as customer email address.</span>','2014-01-25 12:13:53','2014-01-25 12:13:53'),(2213,1,1,'setting_setting','entry_guest_checkout','\n			Guest Checkout:<br /><span class=\"help\">Allow customers to checkout without creating an account. This will not be available when a downloadable product is in the shopping cart.</span>','2014-01-25 12:13:53','2014-01-25 12:13:53'),(2214,1,1,'setting_setting','entry_account','\n			Account Terms:<br /><span class=\"help\">Forces people to agree to terms before an account can be created.</span>','2014-01-25 12:13:53','2014-01-25 12:13:53'),(2215,1,1,'setting_setting','entry_checkout','\n			Checkout Terms:<br /><span class=\"help\">Forces people to agree to terms before an a customer can checkout.</span>','2014-01-25 12:13:53','2014-01-25 12:13:53'),(2216,1,1,'setting_setting','entry_order_status','\n			Order Status:<br /><span class=\"help\">Set the default order status when an order is processed.</span>','2014-01-25 12:13:53','2014-01-25 12:13:53'),(2217,1,1,'setting_setting','entry_stock_display','\n			Display Stock:<br /><span class=\"help\">Display stock quantity on the product page.</span>','2014-01-25 12:13:53','2014-01-25 12:13:53'),(2218,1,1,'setting_setting','entry_nostock_autodisable','\n			No Stock Auto Disable:<br /><span class=\"help\">Disable your product or option value for view if stock drops to 0. Message notification will be send </span>','2014-01-25 12:13:53','2014-01-25 12:13:53'),(2219,1,1,'setting_setting','entry_stock_checkout','\n			Stock Checkout:<br /><span class=\"help\">Allow customers to still checkout if the products they are ordering are not in stock.</span>','2014-01-25 12:13:53','2014-01-25 12:13:53'),(2220,1,1,'setting_setting','entry_stock_status','\n			Stock Status:<br /><span class=\"help\">Default setting for out of stock status message for product. Used on product edit page.</span>','2014-01-25 12:13:53','2014-01-25 12:13:53'),(2221,1,1,'setting_setting','entry_logo','Store Logo:','2014-01-25 12:13:53','2014-01-25 12:13:53'),(2222,1,1,'setting_setting','entry_icon','\n			Icon:<br /><span class=\"help\">The icon can be a PNG or ICON type that is 16px x 16px.</span>','2014-01-25 12:13:53','2014-01-25 12:13:53'),(2223,1,1,'setting_setting','entry_width','Width:','2014-01-25 12:13:53','2014-01-25 12:13:53'),(2224,1,1,'setting_setting','entry_height','Height:','2014-01-25 12:13:53','2014-01-25 12:13:53'),(2225,1,1,'setting_setting','entry_image_thumb','Product Image Thumb Size:','2014-01-25 12:13:53','2014-01-25 12:13:53'),(2226,1,1,'setting_setting','entry_image_thumb_width','Product Image Thumb Width:','2014-01-25 12:13:53','2014-01-25 12:13:53'),(2227,1,1,'setting_setting','entry_image_thumb_height','Product Image Thumb Height:','2014-01-25 12:13:53','2014-01-25 12:13:53'),(2228,1,1,'setting_setting','entry_image_popup','Product Image Popup Size:','2014-01-25 12:13:53','2014-01-25 12:13:53'),(2229,1,1,'setting_setting','entry_image_popup_width','Large Window Preview Width:','2014-01-25 12:13:53','2014-01-25 12:13:53'),(2230,1,1,'setting_setting','entry_image_popup_height','Large Window Preview Height:','2014-01-25 12:13:53','2014-01-25 12:13:53'),(2231,1,1,'setting_setting','entry_image_category','Category List Size:','2014-01-25 12:13:53','2014-01-25 12:13:53'),(2232,1,1,'setting_setting','entry_image_category_width','Category List Width:','2014-01-25 12:13:53','2014-01-25 12:13:53'),(2233,1,1,'setting_setting','entry_image_category_height','Category List Height:','2014-01-25 12:13:53','2014-01-25 12:13:53'),(2234,1,1,'setting_setting','entry_image_product','Product List Size:','2014-01-25 12:13:53','2014-01-25 12:13:53'),(2235,1,1,'setting_setting','entry_image_product_height','Product List Height:','2014-01-25 12:13:53','2014-01-25 12:13:53'),(2236,1,1,'setting_setting','entry_image_product_width','Product List Width:','2014-01-25 12:13:53','2014-01-25 12:13:53'),(2237,1,1,'setting_setting','entry_image_additional','Additional Product Image Size:','2014-01-25 12:13:53','2014-01-25 12:13:53'),(2238,1,1,'setting_setting','entry_image_additional_width','Additional Product Image Width:','2014-01-25 12:13:53','2014-01-25 12:13:53'),(2239,1,1,'setting_setting','entry_image_additional_height','Additional Product Image Height:','2014-01-25 12:13:53','2014-01-25 12:13:53'),(2240,1,1,'setting_setting','entry_image_related','Related Product Image Size:','2014-01-25 12:13:53','2014-01-25 12:13:53'),(2241,1,1,'setting_setting','entry_image_related_width','Related Product Image Width:','2014-01-25 12:13:53','2014-01-25 12:13:53'),(2242,1,1,'setting_setting','entry_image_related_height','Related Product Image Height:','2014-01-25 12:13:53','2014-01-25 12:13:53'),(2243,1,1,'setting_setting','entry_image_cart','Cart Image Size:','2014-01-25 12:13:53','2014-01-25 12:13:53'),(2244,1,1,'setting_setting','entry_image_cart_width','Cart Image Width:','2014-01-25 12:13:53','2014-01-25 12:13:53'),(2245,1,1,'setting_setting','entry_image_cart_height','Cart Image Height:','2014-01-25 12:13:53','2014-01-25 12:13:53'),(2246,1,1,'setting_setting','entry_image_grid','Grid Image Size:','2014-01-25 12:13:53','2014-01-25 12:13:53'),(2247,1,1,'setting_setting','entry_image_grid_width','Grid Image Width:','2014-01-25 12:13:53','2014-01-25 12:13:53'),(2248,1,1,'setting_setting','entry_image_grid_height','Grid Image Height:','2014-01-25 12:13:53','2014-01-25 12:13:53'),(2249,1,1,'setting_setting','entry_alert_mail','\n			Alert Mail:<br /><span class=\"help\">Send a email to the store owner when a new order is created.</span>','2014-01-25 12:13:53','2014-01-25 12:13:53'),(2250,1,1,'setting_setting','entry_download','Allow Downloads:','2014-01-25 12:13:53','2014-01-25 12:13:53'),(2251,1,1,'setting_setting','entry_download_status','\n			Download Order Status:<br /><span class=\"help\">Set the order status the customers order must reach before they are allowed to access their downloadable products.</span>','2014-01-25 12:13:53','2014-01-25 12:13:53'),(2252,1,1,'setting_setting','entry_mail_protocol','\n			Mail Protocol:<span class=\"help\">Mail: Default server mail server will be used. Make sure it is configured and able to send email with PHP mail.','2014-01-25 12:13:53','2014-01-25 12:13:53'),(2253,1,1,'setting_setting','entry_mail_parameter','\n			Mail Parameters:<span class=\"help\">When using \'Mail\', additional mail parameters can be added here (e.g. \"-femail@storeaddress.com\".','2014-01-25 12:13:53','2014-01-25 12:13:53'),(2254,1,1,'setting_setting','entry_smtp_host','\n			SMTP Host:<br /><span class=\"help\">Use ssl://smtp.yourdomain.com for secure smtp connection','2014-01-25 12:13:53','2014-01-25 12:13:53'),(2255,1,1,'setting_setting','entry_smtp_username','SMTP Username:','2014-01-25 12:13:53','2014-01-25 12:13:53'),(2256,1,1,'setting_setting','entry_smtp_password','SMTP Password:','2014-01-25 12:13:53','2014-01-25 12:13:53'),(2257,1,1,'setting_setting','entry_smtp_port','SMTP Port:','2014-01-25 12:13:53','2014-01-25 12:13:53'),(2258,1,1,'setting_setting','entry_smtp_timeout','SMTP Timeout:','2014-01-25 12:13:53','2014-01-25 12:13:53'),(2259,1,1,'setting_setting','entry_ssl','\n			Use SSL:<br /><span class=\"help\">To use SSL check with your host if a SSL certificate is installed.</span>','2014-01-25 12:13:53','2014-01-25 12:13:53'),(2260,1,1,'setting_setting','entry_session_ttl','\n			Control Panel Session Expiration:<br /><span class=\"help\">This value controls time interval in minutes before you will be asked to login again due to no activity.</span>','2014-01-25 12:13:53','2014-01-25 12:13:53'),(2261,1,1,'setting_setting','entry_encryption','\n			Encryption Key:<br /><span class=\"help\">Please provide a secret key that will be used to encrypt private information when processing orders.</span>','2014-01-25 12:13:53','2014-01-25 12:13:53'),(2262,1,1,'setting_setting','entry_seo_url','\n			Use SEO URL\'s:<br /><span class=\"help\">To use SEO URL\'s apache module mod-rewrite must be installed and you need to rename the htaccess.txt to .htaccess.</span>','2014-01-25 12:13:53','2014-01-25 12:13:53'),(2263,1,1,'setting_setting','entry_compression','\n			Output Compression Level:<br /><span class=\"help\">GZIP for more efficient transfer to requesting clients. Compression level must be between 0 - 9</span>','2014-01-25 12:13:53','2014-01-25 12:13:53'),(2264,1,1,'setting_setting','entry_error_display','\n			Display Errors:<br /><span class=\"help\">Set to yes if you want to see the exceptions and errors</span>','2014-01-25 12:13:53','2014-01-25 12:13:53'),(2265,1,1,'setting_setting','entry_error_log','\n			Log Errors:<br /><span class=\"help\">Set to yes if you want to save the exceptions and errors to the log</span>','2014-01-25 12:13:53','2014-01-25 12:13:53'),(2266,1,1,'setting_setting','entry_enable_reviews','Enable Reviews:<br /><span class=\"help\"></span>','2014-01-25 12:13:53','2014-01-25 12:13:53'),(2267,1,1,'setting_setting','entry_cache_enable','\n			Cache enabled:<br /><span class=\"help\">Please be careful when disable caching. Cached pages will not be re-created and site might start loading slow. </span>','2014-01-25 12:13:53','2014-01-25 12:13:53'),(2268,1,1,'setting_setting','entry_storefront_api_status','Storefront API status:','2014-01-25 12:13:53','2014-01-25 12:13:53'),(2269,1,1,'setting_setting','entry_storefront_api_key','\n			Storefront API Key:<br /><span class=\"help\">Set this key to provide restricted (more secure) access to storefront API.</span>','2014-01-25 12:13:53','2014-01-25 12:13:53'),(2270,1,1,'setting_setting','entry_storefront_api_stock_check','\n			Storefront API Stock Access:<br /><span class=\"help\">Enable if you allow storefront API to check stock availability</span>','2014-01-25 12:13:53','2014-01-25 12:13:53'),(2271,1,1,'setting_setting','entry_admin_api_status','Admin API status:','2014-01-25 12:13:53','2014-01-25 12:13:53'),(2272,1,1,'setting_setting','entry_admin_api_key','\n			Admin API Key:<br /><span class=\"help\">Set this key to provide restricted (more secure) access to admin API.</span>','2014-01-25 12:13:53','2014-01-25 12:13:53'),(2273,1,1,'setting_setting','entry_admin_access_ip_list','\n			Admin API Access IPs:<br /><span class=\"help\">Provide list of IPs (comma separated) that will be allowed to access admin API. Other IPs will be blocked</span>','2014-01-25 12:13:53','2014-01-25 12:13:53'),(2274,1,1,'setting_setting','entry_upload_max_size','Resource Library Upload Max File Size, kB','2014-01-25 12:13:53','2014-01-25 12:13:53'),(2275,1,1,'setting_setting','entry_debug','\n			Show Debug Info:<br /><span class=\"help\">Set this ON if you want to see the execution details and show debug details.</span>','2014-01-25 12:13:53','2014-01-25 12:13:53'),(2276,1,1,'setting_setting','entry_debug_0','Off','2014-01-25 12:13:53','2014-01-25 12:13:53'),(2277,1,1,'setting_setting','entry_debug_1','Show','2014-01-25 12:13:53','2014-01-25 12:13:53'),(2278,1,1,'setting_setting','entry_debug_2','Log','2014-01-25 12:13:53','2014-01-25 12:13:53'),(2279,1,1,'setting_setting','entry_debug_level','\n			Debug Level:<br /><span class=\"help\">Select the depth of the details you need to see in the debug output.</span>','2014-01-25 12:13:53','2014-01-25 12:13:53'),(2280,1,1,'setting_setting','entry_debug_level_0','Level 0 - no logs , only exception errors ','2014-01-25 12:13:53','2014-01-25 12:13:53'),(2281,1,1,'setting_setting','entry_debug_level_1','Level 1 - errors and warnings','2014-01-25 12:13:53','2014-01-25 12:13:53'),(2282,1,1,'setting_setting','entry_debug_level_2','Level 2 - #1 + mysql site load, php file execution time and page elements load time ','2014-01-25 12:13:53','2014-01-25 12:13:53'),(2283,1,1,'setting_setting','entry_debug_level_3','Level 3 - #2 + basic logs and stack of execution','2014-01-25 12:13:53','2014-01-25 12:13:53'),(2284,1,1,'setting_setting','entry_debug_level_4','Level 4 - #3 + dump mysql statements ','2014-01-25 12:13:53','2014-01-25 12:13:53'),(2285,1,1,'setting_setting','entry_debug_level_5','Level 5 - #4 + intermediate variable ','2014-01-25 12:13:53','2014-01-25 12:13:53'),(2286,1,1,'setting_setting','entry_template_debug','\n			Template debug:<br /><span class=\"help\">Enable this setting if you need to check issues with template in storefront and control panel.</span>','2014-01-25 12:13:53','2014-01-25 12:13:53'),(2287,1,1,'setting_setting','entry_error_filename','\n			Error Log Filename:<br /><span class=\"help\">This is a file where errors are saved.</span>','2014-01-25 12:13:53','2014-01-25 12:13:53'),(2288,1,1,'setting_setting','entry_shipping_session','\n			Use Shipping Session:<br /><span class=\"help\">Saves shipping quotes to session to avoid re-quoting unnecessarily. Quotes will only be re-quoted if cart or address is changed.</span>','2014-01-25 12:13:53','2014-01-25 12:13:53'),(2289,1,1,'setting_setting','entry_catalog_limit','\n			Default Items per Page (Storefront):<br /><span class=\"help\">Sets how many storefront items are shown per page (products, categories, etc)</span>','2014-01-25 12:13:53','2014-01-25 12:13:53'),(2290,1,1,'setting_setting','entry_admin_limit','\n			Default Items per Page (Admin):<br /><span class=\"help\">Sets how many admin items are shown per page in listing grids (orders, customers, etc)</span>','2014-01-25 12:13:53','2014-01-25 12:13:53'),(2291,1,1,'setting_setting','entry_bestseller_limit','Number of Items In Bestseller Block ','2014-01-25 12:13:53','2014-01-25 12:13:53'),(2292,1,1,'setting_setting','entry_featured_limit','Number of Items In Featured Block ','2014-01-25 12:13:53','2014-01-25 12:13:53'),(2293,1,1,'setting_setting','entry_latest_limit','Number of Items In Latest Block ','2014-01-25 12:13:53','2014-01-25 12:13:53'),(2294,1,1,'setting_setting','entry_special_limit','Number of Items In Special Block ','2014-01-25 12:13:53','2014-01-25 12:13:53'),(2295,1,1,'setting_setting','entry_cart_weight','\n			Display Weight on Cart Page:<br /><span class=\"help\">Show the cart weight on the cart page</span>','2014-01-25 12:13:53','2014-01-25 12:13:53'),(2296,1,1,'setting_setting','entry_reviews','\n			Allow Reviews:<br /><span class=\"help\">Enable/Disable new review entry and display of existing reviews</span>','2014-01-25 12:13:53','2014-01-25 12:13:53'),(2297,1,1,'setting_setting','entry_maintenance','\n			Maintenance Mode:<br /><span class=\"help\">Prevents customers from browsing your store. They will instead see a maintenance message. If logged in as admin, you will see the store as normal.</span>','2014-01-25 12:13:53','2014-01-25 12:13:53'),(2298,1,1,'setting_setting','entry_help_links','\n			Help Links:<br /><span class=\"help\">If you want to see Help Icons and links to AbanteCart site. This will help you learn about features and how to use them. If you advanced user and do not want to see these help icons, you can disable.</span>','2014-01-25 12:13:53','2014-01-25 12:13:53'),(2299,1,1,'setting_setting','entry_show_tree_data','\n			Enable Tree Grid:<br /><span class=\"help\">Enables admin grids to show parent/children types in one grid listing. NOTE: Pagination and multi-actions are disabled for these grids</span>','2014-01-25 12:13:53','2014-01-25 12:13:53'),(2300,1,1,'setting_setting','entry_cart_ajax','\n			Same Page Add To Cart:<br /><span class=\"help\">This will enable AJAX add to cart feature. Product can be added to cart without redirecting to cart page</span>','2014-01-25 12:13:53','2014-01-25 12:13:53'),(2301,1,1,'setting_setting','entry_storefront_width','Storefront Site Width:<br /><span class=\"help\">Example: 100% or 1000px </span>','2014-01-25 12:13:53','2014-01-25 12:13:53'),(2302,1,1,'setting_setting','entry_admin_width','Admin Site Width:<br /><span class=\"help\">Example: 100% or 1000px </span>','2014-01-25 12:13:53','2014-01-25 12:13:53'),(2303,1,1,'setting_setting','entry_total_order_maximum','\n			Maximum order amount allowed:<br /><span class=\"help\">Prevent checkout with large order sub-total amounts. 0 = NO LIMIT</span>','2014-01-25 12:13:53','2014-01-25 12:13:53'),(2304,1,1,'setting_setting','entry_total_order_minimum','\n			Minimum order amount:<br /><span class=\"help\">Prevent checkout if order sub-total does not reach minimum amount set. 0 = NO MINIMUM</span>','2014-01-25 12:13:53','2014-01-25 12:13:53'),(2305,1,1,'setting_setting','button_add_store','New Store','2014-01-25 12:13:53','2014-01-25 12:13:53'),(2306,1,1,'setting_setting','error_permission','Warning: You do not have permission to modify settings!','2014-01-25 12:13:53','2014-01-25 12:13:53'),(2307,1,1,'setting_setting','error_loginname','Login name must be alphanumeric only and between 5 and 64 characters!','2014-01-25 12:13:53','2014-01-25 12:13:53'),(2308,1,1,'setting_setting','error_loginname_notunique','This login name is not available. Try different login name!','2014-01-25 12:13:53','2014-01-25 12:13:53'),(2309,1,1,'setting_setting','error_name','Store Name must be between 2 and 32 characters!','2014-01-25 12:13:53','2014-01-25 12:13:53'),(2310,1,1,'setting_setting','error_url','Store URL required!','2014-01-25 12:13:53','2014-01-25 12:13:53'),(2311,1,1,'setting_setting','error_title','Title must be between 2 and 32 characters!','2014-01-25 12:13:53','2014-01-25 12:13:53'),(2312,1,1,'setting_setting','error_owner','Store Owner must be between 2 and 64 characters!','2014-01-25 12:13:53','2014-01-25 12:13:53'),(2313,1,1,'setting_setting','error_address','Store Address must be between 10 and 256 characters!','2014-01-25 12:13:53','2014-01-25 12:13:53'),(2314,1,1,'setting_setting','error_email','E-Mail Address does not appear to be valid!','2014-01-25 12:13:53','2014-01-25 12:13:53'),(2315,1,1,'setting_setting','error_telephone','Telephone must be between 2 and 32 characters!','2014-01-25 12:13:53','2014-01-25 12:13:53'),(2316,1,1,'setting_setting','error_image_thumb','Product Image Thumb Size dimensions required!','2014-01-25 12:13:53','2014-01-25 12:13:53'),(2317,1,1,'setting_setting','error_image_popup','Product Image Popup Size dimensions required!','2014-01-25 12:13:53','2014-01-25 12:13:53'),(2318,1,1,'setting_setting','error_image_category','Category List Size dimensions required!','2014-01-25 12:13:53','2014-01-25 12:13:53'),(2319,1,1,'setting_setting','error_image_product','Product List Size dimensions required!','2014-01-25 12:13:53','2014-01-25 12:13:53'),(2320,1,1,'setting_setting','error_image_additional','Additional Product Image Size dimensions required!','2014-01-25 12:13:53','2014-01-25 12:13:53'),(2321,1,1,'setting_setting','error_image_related','Related Product Image Size dimensions required!','2014-01-25 12:13:53','2014-01-25 12:13:53'),(2322,1,1,'setting_setting','error_image_cart','Cart Image Size dimensions required!','2014-01-25 12:13:53','2014-01-25 12:13:53'),(2323,1,1,'setting_setting','error_image_grid','Grid Image Size dimensions required!','2014-01-25 12:13:53','2014-01-25 12:13:53'),(2324,1,1,'setting_setting','error_error_filename','Error Log Filename required!','2014-01-25 12:13:53','2014-01-25 12:13:53'),(2325,1,1,'setting_setting','error_required_data','Required Data has not been entered. Check for field errors!','2014-01-25 12:13:53','2014-01-25 12:13:53'),(2326,1,1,'setting_setting','error_uploaded_image','Uploaded file %s is not image or broken!','2014-01-25 12:13:53','2014-01-25 12:13:53'),(2327,1,1,'setting_setting','error_limit','Limit required!','2014-01-25 12:13:53','2014-01-25 12:13:53'),(2328,1,1,'setting_setting','text_front','Store Front','2014-01-25 12:13:53','2014-01-25 12:13:53'),(2329,1,1,'setting_setting','text_admin','Admin','2014-01-25 12:13:53','2014-01-25 12:13:53'),(2330,1,1,'setting_setting','error_mail','Please fill required fields for smtp-protocol!','2014-01-25 12:13:53','2014-01-25 12:13:53'),(2331,1,1,'setting_setting','text_sorting_sort_order_asc','Product\'s Sort Order Low &gt; High','2014-01-25 12:13:53','2014-01-25 12:13:53'),(2332,1,1,'setting_setting','text_sorting_name_asc','Name A - Z','2014-01-25 12:13:53','2014-01-25 12:13:53'),(2333,1,1,'setting_setting','text_sorting_name_desc','Name Z - A','2014-01-25 12:13:53','2014-01-25 12:13:53'),(2334,1,1,'setting_setting','text_sorting_price_asc','Price Low &gt; High','2014-01-25 12:13:53','2014-01-25 12:13:53'),(2335,1,1,'setting_setting','text_sorting_price_desc','Price High &gt; Low','2014-01-25 12:13:53','2014-01-25 12:13:53'),(2336,1,1,'setting_setting','text_sorting_rating_asc','Rating Lowest','2014-01-25 12:13:53','2014-01-25 12:13:53'),(2337,1,1,'setting_setting','text_sorting_rating_desc','Rating Highest','2014-01-25 12:13:53','2014-01-25 12:13:53'),(2338,1,1,'setting_setting','text_sorting_date_asc','Date Old &gt; New','2014-01-25 12:13:53','2014-01-25 12:13:53'),(2339,1,1,'setting_setting','text_sorting_date_desc','Date New &gt; Old','2014-01-25 12:13:53','2014-01-25 12:13:53'),(2340,1,1,'setting_setting','entry_product_default_sort_order','Sort Products as default by:','2014-01-25 12:13:53','2014-01-25 12:13:53'),(2341,1,1,'setting_setting','entry_zero_customer_balance','Show Zero Customer Balance:<br /><span class=\"help\">Note: Enable/disable display of balance message if customer account balance is 0</span>','2014-01-25 12:13:53','2014-01-25 12:13:53'),(2342,1,1,'setting_setting','entry_shipping_tax_estimate','Shipping and Tax Estimate:<br /><span class=\"help\">Allow customers to get quick shipping and tax estimate in the shopping cart. (HTML5 template)</span>','2014-01-25 12:13:53','2014-01-25 12:13:53'),(2343,1,1,'setting_setting','entry_coupon_on_cart_page','Coupon on shopping cart page:<br /><span class=\"help\">Allow customers to enter coupon code and see discount in the shopping cart. (HTML5 Template)</span>','2014-01-25 12:13:53','2014-01-25 12:13:53'),(2344,1,1,'setting_setting','entry_google_analytics','Google Analytics Account Number:<br /><span class=\"help\">Add your <a href=\"https://support.google.com/analytics/answer/1032385?hl=en&ref_topic=1008082\" target=\"_blank\">Google Analytics Account Number</a> to enable site activity tracking. This also enables ecommerce activity tracking. You must enable ecommerce tracking in google on the profile settings page for your website</span>','2014-01-25 12:13:53','2014-01-25 12:13:53'),(2345,1,1,'setting_setting','entry_ssl_url','Secure Store URL:<br /><span class=\"help\">Include the full SSL URL(HTTPS) to your store. Make sure to add \'/\' at the end. Example: https://www.yourdomain.com/path/</span>','2014-01-25 12:13:53','2014-01-25 12:13:53'),(2346,1,1,'setting_setting','error_ssl_url','Secure URL required!','2014-01-25 12:13:53','2014-01-25 12:13:53'),(2347,1,1,'setting_store','heading_title','Store Details','2014-01-25 12:13:53','2014-01-25 12:13:53'),(2348,1,1,'setting_store','text_success','Success: You have modified settings!','2014-01-25 12:13:53','2014-01-25 12:13:53'),(2349,1,1,'setting_store','text_image_manager','Image Manager','2014-01-25 12:13:53','2014-01-25 12:13:53'),(2350,1,1,'setting_store','text_default','Default','2014-01-25 12:13:53','2014-01-25 12:13:53'),(2351,1,1,'setting_store','text_edit_store','Edit Store:','2014-01-25 12:13:53','2014-01-25 12:13:53'),(2352,1,1,'setting_store','entry_name','Store Name:<br /><span class=\"help\">Copied to settings and shown on a storefront section.</span>','2014-01-25 12:13:53','2014-01-25 12:13:53'),(2353,1,1,'setting_store','entry_url','\n            Store URL:<br /><span class=\"help\">Include the full URL to your store. Make sure to add \'/\' at the end. Example: http://www.yourdomain.com/path/<br /><br />Don\'t use directories to create a new store. You should always point another domain or sub domain to your hosting.</span>','2014-01-25 12:13:53','2014-01-25 12:13:53'),(2354,1,1,'setting_store','entry_ssl','Use SSL:<br /><span class=\"help\">To use SSL check with your host if a SSL certificate is installed.</span>','2014-01-25 12:13:53','2014-01-25 12:13:53'),(2355,1,1,'setting_store','entry_title','Title:','2014-01-25 12:13:53','2014-01-25 12:13:53'),(2356,1,1,'setting_store','entry_meta_description','Meta Tag Description:','2014-01-25 12:13:53','2014-01-25 12:13:53'),(2357,1,1,'setting_store','entry_template','Template:','2014-01-25 12:13:53','2014-01-25 12:13:53'),(2358,1,1,'setting_store','entry_description','Welcome Message:','2014-01-25 12:13:53','2014-01-25 12:13:53'),(2359,1,1,'setting_store','entry_country','Country:','2014-01-25 12:13:53','2014-01-25 12:13:53'),(2360,1,1,'setting_store','entry_zone','Region / State:','2014-01-25 12:13:53','2014-01-25 12:13:53'),(2361,1,1,'setting_store','entry_language','Language:','2014-01-25 12:13:53','2014-01-25 12:13:53'),(2362,1,1,'setting_store','entry_status','\n            Store Status<br /><span class=\"help\">Store status in a storefront. Status OFF will direct to default store. Use Maintenance Mode setting to set temporary store maintenance message</span','2014-01-25 12:13:53','2014-01-25 12:13:53'),(2363,1,1,'setting_store','entry_alias','Name Alias<br /><span class=\"help\">Store Name Alias. If left blank, will be based on shortened name</span','2014-01-25 12:13:53','2014-01-25 12:13:53'),(2364,1,1,'setting_store','button_add_store','New Store','2014-01-25 12:13:53','2014-01-25 12:13:53'),(2365,1,1,'setting_store','button_delete_store','Delete Store','2014-01-25 12:13:53','2014-01-25 12:13:53'),(2366,1,1,'setting_store','button_edit_settings','Edit Settings','2014-01-25 12:13:53','2014-01-25 12:13:53'),(2367,1,1,'setting_store','error_permission','Warning: You do not have permission to modify stores!','2014-01-25 12:13:53','2014-01-25 12:13:53'),(2368,1,1,'setting_store','error_name','Store Name must be between 3 and 32 characters!','2014-01-25 12:13:53','2014-01-25 12:13:53'),(2369,1,1,'setting_store','error_url','Store URL required!','2014-01-25 12:13:53','2014-01-25 12:13:53'),(2370,1,1,'setting_store','error_title','Title must be between 3 and 32 characters!','2014-01-25 12:13:53','2014-01-25 12:13:53'),(2371,1,1,'setting_store','error_image_thumb','Product Image Thumb Size dimensions required!','2014-01-25 12:13:53','2014-01-25 12:13:53'),(2372,1,1,'setting_store','error_image_popup','Product Image Popup Size dimensions required!','2014-01-25 12:13:53','2014-01-25 12:13:53'),(2373,1,1,'setting_store','error_image_category','Category List Size dimensions required!','2014-01-25 12:13:53','2014-01-25 12:13:53'),(2374,1,1,'setting_store','error_image_product','Product List Size dimensions required!','2014-01-25 12:13:53','2014-01-25 12:13:53'),(2375,1,1,'setting_store','error_image_additional','Additional Product Image Size dimensions required!','2014-01-25 12:13:53','2014-01-25 12:13:53'),(2376,1,1,'setting_store','error_image_related','Related Product Image Size dimensions required!','2014-01-25 12:13:53','2014-01-25 12:13:53'),(2377,1,1,'setting_store','error_image_cart','Cart Image Size dimensions required!','2014-01-25 12:13:53','2014-01-25 12:13:53'),(2378,1,1,'setting_store','error_image_grid','Grid Image Size dimensions required!','2014-01-25 12:13:53','2014-01-25 12:13:53'),(2379,1,1,'setting_store','error_store','Warning: This Store cannot be deleted as it is currently assigned to %s orders!','2014-01-25 12:13:53','2014-01-25 12:13:53'),(2380,1,1,'setting_store','error_required_data','Required Data has not been entered. Check for field errors!','2014-01-25 12:13:53','2014-01-25 12:13:53'),(2381,1,1,'setting_store','error_limit','Limit required!','2014-01-25 12:13:53','2014-01-25 12:13:53'),(2382,1,1,'setting_store','entry_clone_store',' Copy Settings:<br/><span class=\"help\">You can select copy of all settings from some existing store</span> ','2014-01-25 12:13:53','2014-01-25 12:13:53'),(2383,1,1,'setting_store','entry_ssl_url','Secure Store URL:<br /><span class=\"help\">Include the full SSL URL(HTTPS) to your store. Make sure to add \'/\' at the end. Example: https://www.yourdomain.com/path/</span>','2014-01-25 12:13:53','2014-01-25 12:13:53'),(2384,1,1,'setting_store','error_ssl_url','Secure URL required!','2014-01-25 12:13:53','2014-01-25 12:13:53'),(2385,1,1,'tool_backup','heading_title','Backup / Restore / Load','2014-01-25 12:13:53','2014-01-25 12:13:53'),(2386,1,1,'tool_backup','text_backup','Download Backup','2014-01-25 12:13:53','2014-01-25 12:13:53'),(2387,1,1,'tool_backup','text_success_backup','Success: You have successfully created backup file!','2014-01-25 12:13:53','2014-01-25 12:13:53'),(2388,1,1,'tool_backup','text_success','Success: You have successfully imported your database!','2014-01-25 12:13:53','2014-01-25 12:13:53'),(2389,1,1,'tool_backup','text_success_xml','Success: You have successfully imported your xml!','2014-01-25 12:13:53','2014-01-25 12:13:53'),(2390,1,1,'tool_backup','entry_restore','Restore from sql or xml file:','2014-01-25 12:13:53','2014-01-25 12:13:53'),(2391,1,1,'tool_backup','entry_backup','Backup:','2014-01-25 12:13:53','2014-01-25 12:13:53'),(2392,1,1,'tool_backup','entry_loadxml','Load XML-file:','2014-01-25 12:13:53','2014-01-25 12:13:53'),(2393,1,1,'tool_backup','tab_backup','Backup','2014-01-25 12:13:53','2014-01-25 12:13:53'),(2394,1,1,'tool_backup','tab_restore','Restore','2014-01-25 12:13:53','2014-01-25 12:13:53'),(2395,1,1,'tool_backup','tab_loadxml','Layout and dataset load XML','2014-01-25 12:13:53','2014-01-25 12:13:53'),(2396,1,1,'tool_backup','error_permission','Warning: You do not have permission to modify backups!','2014-01-25 12:13:53','2014-01-25 12:13:53'),(2397,1,1,'tool_backup','error_empty','Warning: The file you uploaded was empty or had wrong file type!','2014-01-25 12:13:53','2014-01-25 12:13:53'),(2398,1,1,'tool_backup','error_upload','Warning: The file was not uploaded. Check post_max_size or file_upload directives of your php.ini file. ','2014-01-25 12:13:53','2014-01-25 12:13:53'),(2399,1,1,'tool_backup','error_xml','Warning: The file you uploaded does not loaded as XML! Please, see log-file for details','2014-01-25 12:13:53','2014-01-25 12:13:53'),(2400,1,1,'tool_backup','note_rl','Resource Library Files','2014-01-25 12:13:53','2014-01-25 12:13:53'),(2401,1,1,'tool_backup','note_config','Config.php file. Note: keep backup-archive securely. File will contain \"salt\" for encrypting.','2014-01-25 12:13:53','2014-01-25 12:13:53'),(2402,1,1,'tool_cache','heading_title','Cache Management','2014-01-25 12:13:53','2014-01-25 12:13:53'),(2403,1,1,'tool_cache','text_success','Success: You have successfully deleted the cache files!','2014-01-25 12:13:53','2014-01-25 12:13:53'),(2404,1,1,'tool_cache','text_configuration','Configuration','2014-01-25 12:13:53','2014-01-25 12:13:53'),(2405,1,1,'tool_cache','text_layouts_blocks','Layouts &amp; Blocks','2014-01-25 12:13:53','2014-01-25 12:13:53'),(2406,1,1,'tool_cache','text_translations','Translations','2014-01-25 12:13:53','2014-01-25 12:13:53'),(2407,1,1,'tool_cache','text_flexyforms','Flexy Forms','2014-01-25 12:13:53','2014-01-25 12:13:53'),(2408,1,1,'tool_cache','text_images','Images','2014-01-25 12:13:53','2014-01-25 12:13:53'),(2409,1,1,'tool_cache','text_products','Products','2014-01-25 12:13:53','2014-01-25 12:13:53'),(2410,1,1,'tool_cache','text_categories','Categories','2014-01-25 12:13:53','2014-01-25 12:13:53'),(2411,1,1,'tool_cache','text_manufacturers','Manufacturers','2014-01-25 12:13:53','2014-01-25 12:13:53'),(2412,1,1,'tool_cache','text_localisations','Localisations','2014-01-25 12:13:53','2014-01-25 12:13:53'),(2413,1,1,'tool_cache','text_error_log','Error Log','2014-01-25 12:13:53','2014-01-25 12:13:53'),(2414,1,1,'tool_cache','text_clear_cache','Clear Selected Cache','2014-01-25 12:13:53','2014-01-25 12:13:53'),(2415,1,1,'tool_cache','desc_configuration','System and store configurations','2014-01-25 12:13:53','2014-01-25 12:13:53'),(2416,1,1,'tool_cache','desc_layouts_blocks','Pages, page layouts, blocks','2014-01-25 12:13:53','2014-01-25 12:13:53'),(2417,1,1,'tool_cache','desc_translations','Language translation data','2014-01-25 12:13:53','2014-01-25 12:13:53'),(2418,1,1,'tool_cache','desc_flexyforms','Flexy forms data','2014-01-25 12:13:53','2014-01-25 12:13:53'),(2419,1,1,'tool_cache','desc_images','Image thumbnails','2014-01-25 12:13:53','2014-01-25 12:13:53'),(2420,1,1,'tool_cache','desc_products','Product data','2014-01-25 12:13:53','2014-01-25 12:13:53'),(2421,1,1,'tool_cache','desc_categories','Category data','2014-01-25 12:13:53','2014-01-25 12:13:53'),(2422,1,1,'tool_cache','desc_manufacturers','Manufacturer data','2014-01-25 12:13:53','2014-01-25 12:13:53'),(2423,1,1,'tool_cache','desc_localisations','Currency, Laguage, Country, Zone, Length, Weight, &amp; other','2014-01-25 12:13:53','2014-01-25 12:13:53'),(2424,1,1,'tool_cache','desc_error_log','Error Log','2014-01-25 12:13:53','2014-01-25 12:13:53'),(2425,1,1,'tool_cache','column_type','Cache Type','2014-01-25 12:13:53','2014-01-25 12:13:53'),(2426,1,1,'tool_cache','column_description','Description','2014-01-25 12:13:53','2014-01-25 12:13:53'),(2427,1,1,'tool_datasets_manager','heading_title','Datasets Manager','2014-01-25 12:13:53','2014-01-25 12:13:53'),(2428,1,1,'tool_datasets_manager','text_success','Success: You have modified message list!','2014-01-25 12:13:53','2014-01-25 12:13:53'),(2429,1,1,'tool_datasets_manager','column_id',' Id ','2014-01-25 12:13:53','2014-01-25 12:13:53'),(2430,1,1,'tool_datasets_manager','column_name',' Dataset Name ','2014-01-25 12:13:53','2014-01-25 12:13:53'),(2431,1,1,'tool_datasets_manager','column_key',' Dataset Key','2014-01-25 12:13:53','2014-01-25 12:13:53'),(2432,1,1,'tool_datasets_manager','column_action','Action','2014-01-25 12:13:53','2014-01-25 12:13:53'),(2433,1,1,'tool_datasets_manager','text_dataset_name',' Dataset Name','2014-01-25 12:13:53','2014-01-25 12:13:53'),(2434,1,1,'tool_datasets_manager','text_dataset_key',' Dataset Key','2014-01-25 12:13:53','2014-01-25 12:13:53'),(2435,1,1,'tool_datasets_manager','text_dataset_properties',' Dataset Properties','2014-01-25 12:13:53','2014-01-25 12:13:53'),(2436,1,1,'tool_datasets_manager','text_dataset_column_properties',' Dataset Column Properties','2014-01-25 12:13:53','2014-01-25 12:13:53'),(2437,1,1,'tool_datasets_manager','text_dataset_column_definition',' Dataset Columns','2014-01-25 12:13:53','2014-01-25 12:13:53'),(2438,1,1,'tool_datasets_manager','text_num_rows',' Dataset Row Count','2014-01-25 12:13:53','2014-01-25 12:13:53'),(2439,1,1,'tool_datasets_manager','text_popup_title',' Information About Dataset','2014-01-25 12:13:53','2014-01-25 12:13:53'),(2440,1,1,'tool_datasets_manager','text_confirm','Confirm?','2014-01-25 12:13:53','2014-01-25 12:13:53'),(2441,1,1,'tool_datasets_manager','text_date','Date','2014-01-25 12:13:53','2014-01-25 12:13:53'),(2442,1,1,'tool_datasets_manager','text_show','Show','2014-01-25 12:13:53','2014-01-25 12:13:53'),(2443,1,1,'tool_datasets_manager','text_repeats','Number of repetitions:','2014-01-25 12:13:53','2014-01-25 12:13:53'),(2444,1,1,'tool_error_log','heading_title','Error Log','2014-01-25 12:13:53','2014-01-25 12:13:53'),(2445,1,1,'tool_error_log','text_success','Success: You have successfully cleared your error log!','2014-01-25 12:13:53','2014-01-25 12:13:53'),(2446,1,1,'tool_error_log','text_file_tail','                                        Due to large size of the log file, only last 500Kb of data can be viewed in here.\n					To view complete log, get it from your server directly.\n					Path:       ','2014-01-25 12:13:53','2014-01-25 12:13:53'),(2447,1,1,'tool_files','heading_title','File Uploads','2014-01-25 12:13:53','2014-01-25 12:13:53'),(2448,1,1,'tool_files','column_date_added','Date Added','2014-01-25 12:13:53','2014-01-25 12:13:53'),(2449,1,1,'tool_files','column_path','File','2014-01-25 12:13:53','2014-01-25 12:13:53'),(2450,1,1,'tool_files','column_section','Section','2014-01-25 12:13:53','2014-01-25 12:13:53'),(2451,1,1,'tool_files','text_download','to download file','2014-01-25 12:13:53','2014-01-25 12:13:53'),(2452,1,1,'tool_global_search','heading_title','Global Search Results','2014-01-25 12:13:53','2014-01-25 12:13:53'),(2453,1,1,'tool_global_search','no_results_message','Sorry, but we have no results.','2014-01-25 12:13:53','2014-01-25 12:13:53'),(2454,1,1,'tool_global_search','error_permission','Warning: You do not have permission to search!','2014-01-25 12:13:53','2014-01-25 12:13:53'),(2455,1,1,'tool_global_search','text_orders','Orders','2014-01-25 12:13:53','2014-01-25 12:13:53'),(2456,1,1,'tool_global_search','text_customers','Customers','2014-01-25 12:13:53','2014-01-25 12:13:53'),(2457,1,1,'tool_global_search','text_downloads','Downloads','2014-01-25 12:13:53','2014-01-25 12:13:53'),(2458,1,1,'tool_global_search','text_product_categories','Product Categories','2014-01-25 12:13:53','2014-01-25 12:13:53'),(2459,1,1,'tool_global_search','text_products','Products','2014-01-25 12:13:53','2014-01-25 12:13:53'),(2460,1,1,'tool_global_search','text_reviews','Reviews','2014-01-25 12:13:53','2014-01-25 12:13:53'),(2461,1,1,'tool_global_search','text_manufacturers','Brands','2014-01-25 12:13:53','2014-01-25 12:13:53'),(2462,1,1,'tool_global_search','text_languages','Languages','2014-01-25 12:13:53','2014-01-25 12:13:53'),(2463,1,1,'tool_global_search','text_pages','Pages','2014-01-25 12:13:53','2014-01-25 12:13:53'),(2464,1,1,'tool_global_search','text_settings','Settings','2014-01-25 12:13:53','2014-01-25 12:13:53'),(2465,1,1,'tool_global_search','text_messages','Messages','2014-01-25 12:13:53','2014-01-25 12:13:53'),(2466,1,1,'tool_global_search','text_extensions','Extensions','2014-01-25 12:13:53','2014-01-25 12:13:53'),(2467,1,1,'tool_import_export','import_export_title','Import & Export','2014-01-25 12:13:53','2014-01-25 12:13:53'),(2468,1,1,'tool_import_export','tab_import','Import','2014-01-25 12:13:53','2014-01-25 12:13:53'),(2469,1,1,'tool_import_export','tab_export','Export','2014-01-25 12:13:53','2014-01-25 12:13:53'),(2470,1,1,'tool_import_export','text_tables','Tables','2014-01-25 12:13:53','2014-01-25 12:13:53'),(2471,1,1,'tool_import_export','text_options','Options','2014-01-25 12:13:53','2014-01-25 12:13:53'),(2472,1,1,'tool_import_export','text_file_format','File Format: ','2014-01-25 12:13:53','2014-01-25 12:13:53'),(2473,1,1,'tool_import_export','text_file_name','File Name: ','2014-01-25 12:13:53','2014-01-25 12:13:53'),(2474,1,1,'tool_import_export','text_load_file','Load File','2014-01-25 12:13:53','2014-01-25 12:13:53'),(2475,1,1,'tool_import_export','text_load','Load','2014-01-25 12:13:53','2014-01-25 12:13:53'),(2476,1,1,'tool_import_export','text_import_loaded','Total loaded: ','2014-01-25 12:13:53','2014-01-25 12:13:53'),(2477,1,1,'tool_import_export','text_file_field','File to import:<br><span class=\"help\">Supported formats for import files: XML, CSV, TXT</span>','2014-01-25 12:13:53','2014-01-25 12:13:53'),(2478,1,1,'tool_import_export','text_id_range_from','ID range from: ','2014-01-25 12:13:53','2014-01-25 12:13:53'),(2479,1,1,'tool_import_export','text_to','to: ','2014-01-25 12:13:53','2014-01-25 12:13:53'),(2480,1,1,'tool_import_export','text_csv_delimiter','CSV/TXT delimiter: ','2014-01-25 12:13:53','2014-01-25 12:13:53'),(2481,1,1,'tool_import_export','text_export_note_csv_delimiter','<span class=\"help\">All fields will be enclosed in double quotes.</span>','2014-01-25 12:13:53','2014-01-25 12:13:53'),(2482,1,1,'tool_import_export','text_import_note_csv_delimiter','<span class=\"help\">All fields must be enclosed in double quotes.</span>','2014-01-25 12:13:53','2014-01-25 12:13:53'),(2483,1,1,'tool_import_export','text_test_mode','Run in a test mode <br><span class=\"help\">It is recommended to run data import in a test mode first to see if any issues are present.</span>','2014-01-25 12:13:53','2014-01-25 12:13:53'),(2484,1,1,'tool_import_export','error_file_format','Wrong file format!','2014-01-25 12:13:53','2014-01-25 12:13:53'),(2485,1,1,'tool_import_export','error_xml_import','Error during import XML file!','2014-01-25 12:13:53','2014-01-25 12:13:53'),(2486,1,1,'tool_import_export','error_csv_import','Error during import CSV/TXT file! Please check fields delimiter.','2014-01-25 12:13:53','2014-01-25 12:13:53'),(2487,1,1,'tool_import_export','error_data_corrupted','Data is empty or corrupted.','2014-01-25 12:13:53','2014-01-25 12:13:53'),(2488,1,1,'tool_import_export','error_writable_backup','Backup directory needs to be writable for CSV/TXT export to work.','2014-01-25 12:13:53','2014-01-25 12:13:53'),(2489,1,1,'tool_import_export','text_updated','Updated: ','2014-01-25 12:13:53','2014-01-25 12:13:53'),(2490,1,1,'tool_import_export','text_created','Created: ','2014-01-25 12:13:53','2014-01-25 12:13:53'),(2491,1,1,'tool_import_export','text_errors','Errors: ','2014-01-25 12:13:53','2014-01-25 12:13:53'),(2492,1,1,'tool_import_export','text_show_details','Show details','2014-01-25 12:13:53','2014-01-25 12:13:53'),(2493,1,1,'tool_import_export','text_no_children','No child items','2014-01-25 12:13:53','2014-01-25 12:13:53'),(2494,1,1,'tool_import_export','text_some_errors','There are some errors.','2014-01-25 12:13:53','2014-01-25 12:13:53'),(2495,1,1,'tool_import_export','text_test_completed','Test run completed. Total SQL queries: ','2014-01-25 12:13:53','2014-01-25 12:13:53'),(2496,1,1,'tool_import_export','text_sort_by','Sort by: ','2014-01-25 12:13:53','2014-01-25 12:13:53'),(2497,1,1,'tool_install_upgrade_history','heading_title','install/Upgrade History','2014-01-25 12:13:53','2014-01-25 12:13:53'),(2498,1,1,'tool_install_upgrade_history','column_type',' Type','2014-01-25 12:13:53','2014-01-25 12:13:53'),(2499,1,1,'tool_install_upgrade_history','column_date_added',' Date Added','2014-01-25 12:13:53','2014-01-25 12:13:53'),(2500,1,1,'tool_install_upgrade_history','column_name',' Package Key ','2014-01-25 12:13:53','2014-01-25 12:13:53'),(2501,1,1,'tool_install_upgrade_history','column_version',' Version ','2014-01-25 12:13:53','2014-01-25 12:13:53'),(2502,1,1,'tool_install_upgrade_history','column_backup_date',' Backup Date','2014-01-25 12:13:53','2014-01-25 12:13:53'),(2503,1,1,'tool_install_upgrade_history','column_backup_file',' Backup File ','2014-01-25 12:13:53','2014-01-25 12:13:53'),(2504,1,1,'tool_install_upgrade_history','column_user',' User Name','2014-01-25 12:13:53','2014-01-25 12:13:53'),(2505,1,1,'tool_install_upgrade_history','text_download',' to download file','2014-01-25 12:13:53','2014-01-25 12:13:53'),(2506,1,1,'tool_message_manager','heading_title','Message Manager','2014-01-25 12:13:53','2014-01-25 12:13:53'),(2507,1,1,'tool_message_manager','text_success','Success: You have modified message list!','2014-01-25 12:13:53','2014-01-25 12:13:53'),(2508,1,1,'tool_message_manager','column_title','Message Title','2014-01-25 12:13:53','2014-01-25 12:13:53'),(2509,1,1,'tool_message_manager','column_create_date','Date','2014-01-25 12:13:53','2014-01-25 12:13:53'),(2510,1,1,'tool_message_manager','column_status','Status','2014-01-25 12:13:53','2014-01-25 12:13:53'),(2511,1,1,'tool_message_manager','column_action','Action','2014-01-25 12:13:53','2014-01-25 12:13:53'),(2512,1,1,'tool_message_manager','entry_error','Critical','2014-01-25 12:13:53','2014-01-25 12:13:53'),